-- Table structure for table `review_entity`
--

CREATE TABLE `review_entity` (
  `entity_id` smallint unsigned NOT NULL AUTO_INCREMENT COMMENT 'Review entity ID',
  `entity_code` varchar(32) NOT NULL COMMENT 'Review entity code',
  PRIMARY KEY (`entity_id`)
) ENGINE=InnoDB AUTO_INCREMENT=4 DEFAULT CHARSET=utf8mb3 COMMENT='Review entities';

--
-- Dumping data for table `review_entity`
--

INSERT INTO `review_entity` VALUES (1,'product'),(2,'customer'),(3,'category');

--
-- Table structure for table `review_entity_summary`
--

CREATE TABLE `review_entity_summary` (
  `primary_id` bigint NOT NULL AUTO_INCREMENT COMMENT 'Summary review entity ID',
  `entity_pk_value` bigint NOT NULL DEFAULT '0' COMMENT 'Product ID',
  `entity_type` smallint NOT NULL DEFAULT '0' COMMENT 'Entity type ID',
  `reviews_count` smallint NOT NULL DEFAULT '0' COMMENT 'Qty of reviews',
  `rating_summary` smallint NOT NULL DEFAULT '0' COMMENT 'Summarized rating',
  `store_id` smallint unsigned NOT NULL DEFAULT '0' COMMENT 'Store ID',
  PRIMARY KEY (`primary_id`),
  UNIQUE KEY `REVIEW_ENTITY_SUMMARY_ENTITY_PK_VALUE_STORE_ID_ENTITY_TYPE` (`entity_pk_value`,`store_id`,`entity_type`),
  KEY `REVIEW_ENTITY_SUMMARY_STORE_ID` (`store_id`),
  CONSTRAINT `REVIEW_ENTITY_SUMMARY_STORE_ID_STORE_STORE_ID` FOREIGN KEY (`store_id`) REFERENCES `store` (`store_id`) ON DELETE CASCADE
) ENGINE=InnoDB AUTO_INCREMENT=252 DEFAULT CHARSET=utf8mb3 COMMENT='Review aggregates';

--
-- Dumping data for table `review_entity_summary`
--

INSERT INTO `review_entity_summary` VALUES (1,1,1,2,50,0),(2,1,1,2,50,1),(3,6,1,3,67,0),(4,6,1,3,67,1),(5,3,1,3,67,0),(6,3,1,3,67,1),(7,2,1,2,90,0),(8,2,1,2,90,1),(9,4,1,3,67,0),(10,4,1,3,67,1),(11,5,1,2,70,0),(12,5,1,2,70,1),(13,37,1,3,87,0),(14,37,1,3,87,1),(15,40,1,3,73,0),(16,40,1,3,73,1),(17,38,1,3,47,0),(18,38,1,3,47,1),(19,36,1,2,80,0),(20,36,1,2,80,1),(21,39,1,4,65,0),(22,39,1,4,65,1),(23,270,1,2,90,0),(24,270,1,2,90,1),(25,286,1,2,90,0),(26,286,1,2,90,1),(27,414,1,3,53,0),(28,414,1,3,53,1),(29,302,1,3,93,0),(30,302,1,3,93,1),(31,398,1,3,80,0),(32,398,1,3,80,1),(33,318,1,2,50,0),(34,318,1,2,50,1),(35,334,1,3,67,0),(36,334,1,3,67,1),(37,350,1,2,70,0),(38,350,1,2,70,1),(39,366,1,2,70,0),(40,366,1,2,70,1),(41,737,1,3,47,0),(42,737,1,3,47,1),(43,750,1,3,47,0),(44,750,1,3,47,1),(45,763,1,2,70,0),(46,763,1,2,70,1),(47,776,1,3,87,0),(48,776,1,3,87,1),(49,789,1,3,73,0),(50,789,1,3,73,1),(51,558,1,3,80,0),(52,558,1,3,80,1),(53,574,1,2,90,0),(54,574,1,2,90,1),(55,526,1,2,60,0),(56,526,1,2,60,1),(57,446,1,3,67,0),(58,446,1,3,67,1),(59,462,1,3,80,0),(60,462,1,3,80,1),(61,542,1,2,70,0),(62,542,1,2,70,1),(63,606,1,3,67,0),(64,606,1,3,67,1),(65,622,1,4,65,0),(66,622,1,4,65,1),(67,478,1,3,73,0),(68,478,1,3,73,1),(69,590,1,3,60,0),(70,590,1,3,60,1),(71,494,1,3,80,0),(72,494,1,3,80,1),(73,510,1,3,53,0),(74,510,1,3,53,1),(75,893,1,3,80,0),(76,893,1,3,80,1),(77,911,1,3,73,0),(78,911,1,3,73,1),(79,924,1,3,60,0),(80,924,1,3,60,1),(81,937,1,3,73,0),(82,937,1,3,73,1),(83,950,1,2,70,0),(84,950,1,2,70,1),(85,963,1,3,87,0),(86,963,1,3,87,1),(87,976,1,2,60,0),(88,976,1,2,60,1),(89,989,1,3,67,0),(90,989,1,3,67,1),(91,638,1,4,55,0),(92,638,1,4,55,1),(93,654,1,3,80,0),(94,654,1,3,80,1),(95,670,1,3,53,0),(96,670,1,3,53,1),(97,676,1,4,70,0),(98,676,1,4,70,1),(99,7,1,3,80,0),(100,7,1,3,80,1),(101,20,1,3,67,0),(102,20,1,3,67,1),(103,18,1,2,60,0),(104,18,1,2,60,1),(105,23,1,3,60,0),(106,23,1,3,60,1),(107,17,1,3,93,0),(108,17,1,3,93,1),(109,19,1,3,87,0),(110,19,1,3,87,1),(111,15,1,1,60,0),(112,15,1,1,60,1),(113,16,1,2,100,0),(114,16,1,2,100,1),(115,8,1,3,67,0),(116,8,1,3,67,1),(117,9,1,2,70,0),(118,9,1,2,70,1),(119,12,1,2,90,0),(120,12,1,2,90,1),(121,14,1,3,67,0),(122,14,1,3,67,1),(123,10,1,2,80,0),(124,10,1,2,80,1),(125,11,1,3,73,0),(126,11,1,3,73,1),(127,13,1,3,60,0),(128,13,1,3,60,1),(129,42,1,3,67,0),(130,42,1,3,67,1),(131,44,1,2,70,0),(132,44,1,2,70,1),(133,43,1,3,53,0),(134,43,1,3,53,1),(135,41,1,2,80,0),(136,41,1,2,80,1),(137,1044,1,3,87,0),(138,1044,1,3,87,1),(139,1060,1,3,67,0),(140,1060,1,3,67,1),(141,1076,1,3,60,0),(142,1076,1,3,60,1),(143,1092,1,3,60,0),(144,1092,1,3,60,1),(145,1108,1,3,80,0),(146,1108,1,3,80,1),(147,1114,1,2,80,0),(148,1114,1,2,80,1),(149,1220,1,3,67,0),(150,1220,1,3,67,1),(151,1236,1,4,70,0),(152,1236,1,4,70,1),(153,1252,1,3,87,0),(154,1252,1,3,87,1),(155,1268,1,2,90,0),(156,1268,1,2,90,1),(157,1284,1,3,87,0),(158,1284,1,3,87,1),(159,1380,1,3,87,0),(160,1380,1,3,87,1),(161,1300,1,3,67,0),(162,1300,1,3,67,1),(163,1316,1,2,60,0),(164,1316,1,2,60,1),(165,1332,1,3,87,0),(166,1332,1,3,87,1),(167,1348,1,3,60,0),(168,1348,1,3,60,1),(169,1364,1,3,87,0),(170,1364,1,3,87,1),(171,1819,1,2,80,0),(172,1819,1,2,80,1),(173,1826,1,3,93,0),(174,1826,1,3,93,1),(175,1833,1,3,67,0),(176,1833,1,3,67,1),(177,1840,1,4,80,0),(178,1840,1,4,80,1),(179,1847,1,2,60,0),(180,1847,1,2,60,1),(181,1854,1,3,67,0),(182,1854,1,3,67,1),(183,1572,1,3,87,0),(184,1572,1,3,87,1),(185,1412,1,3,73,0),(186,1412,1,3,73,1),(187,1428,1,4,60,0),(188,1428,1,4,60,1),(189,1444,1,2,60,0),(190,1444,1,2,60,1),(191,1588,1,3,73,0),(192,1588,1,3,73,1),(193,1476,1,2,60,0),(194,1476,1,2,60,1),(195,1492,1,3,47,0),(196,1492,1,3,47,1),(197,1508,1,3,73,0),(198,1508,1,3,73,1),(199,1524,1,3,80,0),(200,1524,1,3,80,1),(201,1540,1,3,87,0),(202,1540,1,3,87,1),(203,1556,1,3,60,0),(204,1556,1,3,60,1),(205,1919,1,3,60,0),(206,1919,1,3,60,1),(207,1935,1,3,80,0),(208,1935,1,3,80,1),(209,1951,1,2,90,0),(210,1951,1,2,90,1),(211,1967,1,2,80,0),(212,1967,1,2,80,1),(213,1983,1,3,73,0),(214,1983,1,3,73,1),(215,1990,1,2,70,0),(216,1990,1,2,70,1),(217,1997,1,3,67,0),(218,1997,1,3,67,1),(219,2003,1,3,93,0),(220,2003,1,3,93,1),(221,2010,1,3,67,0),(222,2010,1,3,67,1),(223,2017,1,3,80,0),(224,2017,1,3,80,1),(225,2024,1,3,73,0),(226,2024,1,3,73,1),(227,2040,1,3,60,0),(228,2040,1,3,60,1),(229,1604,1,4,75,0),(230,1604,1,4,75,1),(231,1620,1,4,60,0),(232,1620,1,4,60,1),(233,1636,1,3,67,0),(234,1636,1,3,67,1),(235,1652,1,3,60,0),(236,1652,1,3,60,1),(237,1668,1,3,40,0),(238,1668,1,3,40,1),(239,1764,1,3,73,0),(240,1764,1,3,73,1),(241,1780,1,1,80,0),(242,1780,1,1,80,1),(243,1796,1,3,60,0),(244,1796,1,3,60,1),(245,1812,1,2,70,0),(246,1812,1,2,70,1),(247,1684,1,2,80,0),(248,1684,1,2,80,1),(249,1700,1,3,53,0),(250,1700,1,3,53,1),(251,1162,1,0,0,1);

--
-- Table structure for table `review_status`
--

CREATE TABLE `review_status` (
  `status_id` smallint unsigned NOT NULL AUTO_INCREMENT COMMENT 'Status ID',
  `status_code` varchar(32) NOT NULL COMMENT 'Status code',
  PRIMARY KEY (`status_id`)
) ENGINE=InnoDB AUTO_INCREMENT=4 DEFAULT CHARSET=utf8mb3 COMMENT='Review statuses';

--
-- Dumping data for table `review_status`
--

INSERT INTO `review_status` VALUES (1,'Approved'),(2,'Pending'),(3,'Not Approved');

--
-- Table structure for table `review_store`
--

CREATE TABLE `review_store` (
  `review_id` bigint unsigned NOT NULL COMMENT 'Review ID',
  `store_id` smallint unsigned NOT NULL COMMENT 'Store ID',
  PRIMARY KEY (`review_id`,`store_id`),
  KEY `REVIEW_STORE_STORE_ID` (`store_id`),
  CONSTRAINT `REVIEW_STORE_REVIEW_ID_REVIEW_REVIEW_ID` FOREIGN KEY (`review_id`) REFERENCES `review` (`review_id`) ON DELETE CASCADE,
  CONSTRAINT `REVIEW_STORE_STORE_ID_STORE_STORE_ID` FOREIGN KEY (`store_id`) REFERENCES `store` (`store_id`) ON DELETE CASCADE
) ENGINE=InnoDB DEFAULT CHARSET=utf8mb3 COMMENT='Review Store';

--
-- Dumping data for table `review_store`
--

INSERT INTO `review_store` VALUES (1,0),(2,0),(3,0),(4,0),(5,0),(6,0),(7,0),(8,0),(9,0),(10,0),(11,0),(12,0),(13,0),(14,0),(15,0),(16,0),(17,0),(18,0),(19,0),(20,0),(21,0),(22,0),(23,0),(24,0),(25,0),(26,0),(27,0),(28,0),(29,0),(30,0),(31,0),(32,0),(33,0),(34,0),(35,0),(36,0),(37,0),(38,0),(39,0),(40,0),(41,0),(42,0),(43,0),(44,0),(45,0),(46,0),(47,0),(48,0),(49,0),(50,0),(51,0),(52,0),(53,0),(54,0),(55,0),(56,0),(57,0),(58,0),(59,0),(60,0),(61,0),(62,0),(63,0),(64,0),(65,0),(66,0),(67,0),(68,0),(69,0),(70,0),(71,0),(72,0),(73,0),(74,0),(75,0),(76,0),(77,0),(78,0),(79,0),(80,0),(81,0),(82,0),(83,0),(84,0),(85,0),(86,0),(87,0),(88,0),(89,0),(90,0),(91,0),(92,0),(93,0),(94,0),(95,0),(96,0),(97,0),(98,0),(99,0),(100,0),(101,0),(102,0),(103,0),(104,0),(105,0),(106,0),(107,0),(108,0),(109,0),(110,0),(111,0),(112,0),(113,0),(114,0),(115,0),(116,0),(117,0),(118,0),(119,0),(120,0),(121,0),(122,0),(123,0),(124,0),(125,0),(126,0),(127,0),(128,0),(129,0),(130,0),(131,0),(132,0),(133,0),(134,0),(135,0),(136,0),(137,0),(138,0),(139,0),(140,0),(141,0),(142,0),(143,0),(144,0),(145,0),(146,0),(147,0),(148,0),(149,0),(150,0),(151,0),(152,0),(153,0),(154,0),(155,0),(156,0),(157,0),(158,0),(159,0),(160,0),(161,0),(162,0),(163,0),(164,0),(165,0),(166,0),(167,0),(168,0),(169,0),(170,0),(171,0),(172,0),(173,0),(174,0),(175,0),(176,0),(177,0),(178,0),(179,0),(180,0),(181,0),(182,0),(183,0),(184,0),(185,0),(186,0),(187,0),(188,0),(189,0),(190,0),(191,0),(192,0),(193,0),(194,0),(195,0),(196,0),(197,0),(198,0),(199,0),(200,0),(201,0),(202,0),(203,0),(204,0),(205,0),(206,0),(207,0),(208,0),(209,0),(210,0),(211,0),(212,0),(213,0),(214,0),(215,0),(216,0),(217,0),(218,0),(219,0),(220,0),(221,0),(222,0),(223,0),(224,0),(225,0),(226,0),(227,0),(228,0),(229,0),(230,0),(231,0),(232,0),(233,0),(234,0),(235,0),(236,0),(237,0),(238,0),(239,0),(240,0),(241,0),(242,0),(243,0),(244,0),(245,0),(246,0),(247,0),(248,0),(249,0),(250,0),(251,0),(252,0),(253,0),(254,0),(255,0),(256,0),(257,0),(258,0),(259,0),(260,0),(261,0),(262,0),(263,0),(264,0),(265,0),(266,0),(267,0),(268,0),(269,0),(270,0),(271,0),(272,0),(273,0),(274,0),(275,0),(276,0),(277,0),(278,0),(279,0),(280,0),(281,0),(282,0),(283,0),(284,0),(285,0),(286,0),(287,0),(288,0),(289,0),(290,0),(291,0),(292,0),(293,0),(294,0),(295,0),(296,0),(297,0),(298,0),(299,0),(300,0),(301,0),(302,0),(303,0),(304,0),(305,0),(306,0),(307,0),(308,0),(309,0),(310,0),(311,0),(312,0),(313,0),(314,0),(315,0),(316,0),(317,0),(318,0),(319,0),(320,0),(321,0),(322,0),(323,0),(324,0),(325,0),(326,0),(327,0),(328,0),(329,0),(330,0),(331,0),(332,0),(333,0),(334,0),(335,0),(336,0),(337,0),(338,0),(339,0),(340,0),(341,0),(342,0),(343,0),(344,0),(345,0),(346,0),(347,0),(1,1),(2,1),(3,1),(4,1),(5,1),(6,1),(7,1),(8,1),(9,1),(10,1),(11,1),(12,1),(13,1),(14,1),(15,1),(16,1),(17,1),(18,1),(19,1),(20,1),(21,1),(22,1),(23,1),(24,1),(25,1),(26,1),(27,1),(28,1),(29,1),(30,1),(31,1),(32,1),(33,1),(34,1),(35,1),(36,1),(37,1),(38,1),(39,1),(40,1),(41,1),(42,1),(43,1),(44,1),(45,1),(46,1),(47,1),(48,1),(49,1),(50,1),(51,1),(52,1),(53,1),(54,1),(55,1),(56,1),(57,1),(58,1),(59,1),(60,1),(61,1),(62,1),(63,1),(64,1),(65,1),(66,1),(67,1),(68,1),(69,1),(70,1),(71,1),(72,1),(73,1),(74,1),(75,1),(76,1),(77,1),(78,1),(79,1),(80,1),(81,1),(82,1),(83,1),(84,1),(85,1),(86,1),(87,1),(88,1),(89,1),(90,1),(91,1),(92,1),(93,1),(94,1),(95,1),(96,1),(97,1),(98,1),(99,1),(100,1),(101,1),(102,1),(103,1),(104,1),(105,1),(106,1),(107,1),(108,1),(109,1),(110,1),(111,1),(112,1),(113,1),(114,1),(115,1),(116,1),(117,1),(118,1),(119,1),(120,1),(121,1),(122,1),(123,1),(124,1),(125,1),(126,1),(127,1),(128,1),(129,1),(130,1),(131,1),(132,1),(133,1),(134,1),(135,1),(136,1),(137,1),(138,1),(139,1),(140,1),(141,1),(142,1),(143,1),(144,1),(145,1),(146,1),(147,1),(148,1),(149,1),(150,1),(151,1),(152,1),(153,1),(154,1),(155,1),(156,1),(157,1),(158,1),(159,1),(160,1),(161,1),(162,1),(163,1),(164,1),(165,1),(166,1),(167,1),(168,1),(169,1),(170,1),(171,1),(172,1),(173,1),(174,1),(175,1),(176,1),(177,1),(178,1),(179,1),(180,1),(181,1),(182,1),(183,1),(184,1),(185,1),(186,1),(187,1),(188,1),(189,1),(190,1),(191,1),(192,1),(193,1),(194,1),(195,1),(196,1),(197,1),(198,1),(199,1),(200,1),(201,1),(202,1),(203,1),(204,1),(205,1),(206,1),(207,1),(208,1),(209,1),(210,1),(211,1),(212,1),(213,1),(214,1),(215,1),(216,1),(217,1),(218,1),(219,1),(220,1),(221,1),(222,1),(223,1),(224,1),(225,1),(226,1),(227,1),(228,1),(229,1),(230,1),(231,1),(232,1),(233,1),(234,1),(235,1),(236,1),(237,1),(238,1),(239,1),(240,1),(241,1),(242,1),(243,1),(244,1),(245,1),(246,1),(247,1),(248,1),(249,1),(250,1),(251,1),(252,1),(253,1),(254,1),(255,1),(256,1),(257,1),(258,1),(259,1),(260,1),(261,1),(262,1),(263,1),(264,1),(265,1),(266,1),(267,1),(268,1),(269,1),(270,1),(271,1),(272,1),(273,1),(274,1),(275,1),(276,1),(277,1),(278,1),(279,1),(280,1),(281,1),(282,1),(283,1),(284,1),(285,1),(286,1),(287,1),(288,1),(289,1),(290,1),(291,1),(292,1),(293,1),(294,1),(295,1),(296,1),(297,1),(298,1),(299,1),(300,1),(301,1),(302,1),(303,1),(304,1),(305,1),(306,1),(307,1),(308,1),(309,1),(310,1),(311,1),(312,1),(313,1),(314,1),(315,1),(316,1),(317,1),(318,1),(319,1),(320,1),(321,1),(322,1),(323,1),(324,1),(325,1),(326,1),(327,1),(328,1),(329,1),(330,1),(331,1),(332,1),(333,1),(334,1),(335,1),(336,1),(337,1),(338,1),(339,1),(340,1),(341,1),(342,1),(343,1),(344,1),(345,1),(346,1),(347,1);

--
-- Table structure for table `sales_bestsellers_aggregated_daily`
--

CREATE TABLE `sales_bestsellers_aggregated_daily` (
  `id` int unsigned NOT NULL AUTO_INCREMENT COMMENT 'ID',
  `period` date DEFAULT NULL COMMENT 'Period',
  `store_id` smallint unsigned DEFAULT NULL COMMENT 'Store ID',
  `product_id` int unsigned DEFAULT NULL COMMENT 'Product ID',
  `product_name` varchar(255) DEFAULT NULL COMMENT 'Product Name',
  `product_price` decimal(12,4) NOT NULL DEFAULT '0.0000' COMMENT 'Product Price',
  `qty_ordered` decimal(12,4) NOT NULL DEFAULT '0.0000' COMMENT 'Qty Ordered',
  `rating_pos` smallint unsigned NOT NULL DEFAULT '0' COMMENT 'Rating Pos',
  PRIMARY KEY (`id`),
  UNIQUE KEY `SALES_BESTSELLERS_AGGREGATED_DAILY_PERIOD_STORE_ID_PRODUCT_ID` (`period`,`store_id`,`product_id`),
  KEY `SALES_BESTSELLERS_AGGREGATED_DAILY_STORE_ID` (`store_id`),
  KEY `SALES_BESTSELLERS_AGGREGATED_DAILY_PRODUCT_ID` (`product_id`),
  CONSTRAINT `SALES_BESTSELLERS_AGGREGATED_DAILY_STORE_ID_STORE_STORE_ID` FOREIGN KEY (`store_id`) REFERENCES `store` (`store_id`) ON DELETE CASCADE
) ENGINE=InnoDB DEFAULT CHARSET=utf8mb3 COMMENT='Sales Bestsellers Aggregated Daily';

--
-- Dumping data for table `sales_bestsellers_aggregated_daily`
--


--
-- Table structure for table `sales_bestsellers_aggregated_monthly`
--

CREATE TABLE `sales_bestsellers_aggregated_monthly` (
  `id` int unsigned NOT NULL AUTO_INCREMENT COMMENT 'ID',
  `period` date DEFAULT NULL COMMENT 'Period',
  `store_id` smallint unsigned DEFAULT NULL COMMENT 'Store ID',
  `product_id` int unsigned DEFAULT NULL COMMENT 'Product ID',
  `product_name` varchar(255) DEFAULT NULL COMMENT 'Product Name',
  `product_price` decimal(12,4) NOT NULL DEFAULT '0.0000' COMMENT 'Product Price',
  `qty_ordered` decimal(12,4) NOT NULL DEFAULT '0.0000' COMMENT 'Qty Ordered',
  `rating_pos` smallint unsigned NOT NULL DEFAULT '0' COMMENT 'Rating Pos',
  PRIMARY KEY (`id`),
  UNIQUE KEY `SALES_BESTSELLERS_AGGREGATED_MONTHLY_PERIOD_STORE_ID_PRODUCT_ID` (`period`,`store_id`,`product_id`),
  KEY `SALES_BESTSELLERS_AGGREGATED_MONTHLY_STORE_ID` (`store_id`),
  KEY `SALES_BESTSELLERS_AGGREGATED_MONTHLY_PRODUCT_ID` (`product_id`),
  CONSTRAINT `SALES_BESTSELLERS_AGGREGATED_MONTHLY_STORE_ID_STORE_STORE_ID` FOREIGN KEY (`store_id`) REFERENCES `store` (`store_id`) ON DELETE CASCADE
) ENGINE=InnoDB DEFAULT CHARSET=utf8mb3 COMMENT='Sales Bestsellers Aggregated Monthly';

--
-- Dumping data for table `sales_bestsellers_aggregated_monthly`
--


--
-- Table structure for table `sales_bestsellers_aggregated_yearly`
--

CREATE TABLE `sales_bestsellers_aggregated_yearly` (
  `id` int unsigned NOT NULL AUTO_INCREMENT COMMENT 'ID',
  `period` date DEFAULT NULL COMMENT 'Period',
  `store_id` smallint unsigned DEFAULT NULL COMMENT 'Store ID',
  `product_id` int unsigned DEFAULT NULL COMMENT 'Product ID',
  `product_name` varchar(255) DEFAULT NULL COMMENT 'Product Name',
  `product_price` decimal(12,4) NOT NULL DEFAULT '0.0000' COMMENT 'Product Price',
  `qty_ordered` decimal(12,4) NOT NULL DEFAULT '0.0000' COMMENT 'Qty Ordered',
  `rating_pos` smallint unsigned NOT NULL DEFAULT '0' COMMENT 'Rating Pos',
  PRIMARY KEY (`id`),
  UNIQUE KEY `SALES_BESTSELLERS_AGGREGATED_YEARLY_PERIOD_STORE_ID_PRODUCT_ID` (`period`,`store_id`,`product_id`),
  KEY `SALES_BESTSELLERS_AGGREGATED_YEARLY_STORE_ID` (`store_id`),
  KEY `SALES_BESTSELLERS_AGGREGATED_YEARLY_PRODUCT_ID` (`product_id`),
  CONSTRAINT `SALES_BESTSELLERS_AGGREGATED_YEARLY_STORE_ID_STORE_STORE_ID` FOREIGN KEY (`store_id`) REFERENCES `store` (`store_id`) ON DELETE CASCADE
) ENGINE=InnoDB DEFAULT CHARSET=utf8mb3 COMMENT='Sales Bestsellers Aggregated Yearly';

--
-- Dumping data for table `sales_bestsellers_aggregated_yearly`
--


--
-- Table structure for table `sales_creditmemo`
--

CREATE TABLE `sales_creditmemo` (
  `entity_id` int unsigned NOT NULL AUTO_INCREMENT COMMENT 'Entity ID',
  `store_id` smallint unsigned DEFAULT NULL COMMENT 'Store ID',
  `adjustment_positive` decimal(20,4) DEFAULT NULL COMMENT 'Adjustment Positive',
  `base_shipping_tax_amount` decimal(20,4) DEFAULT NULL COMMENT 'Base Shipping Tax Amount',
  `store_to_order_rate` decimal(20,4) DEFAULT NULL COMMENT 'Store To Order Rate',
  `base_discount_amount` decimal(20,4) DEFAULT NULL COMMENT 'Base Discount Amount',
  `base_to_order_rate` decimal(20,4) DEFAULT NULL COMMENT 'Base To Order Rate',
  `grand_total` decimal(20,4) DEFAULT NULL COMMENT 'Grand Total',
  `base_adjustment_negative` decimal(20,4) DEFAULT NULL COMMENT 'Base Adjustment Negative',
  `base_subtotal_incl_tax` decimal(20,4) DEFAULT NULL COMMENT 'Base Subtotal Incl Tax',
  `shipping_amount` decimal(20,4) DEFAULT NULL COMMENT 'Shipping Amount',
  `subtotal_incl_tax` decimal(20,4) DEFAULT NULL COMMENT 'Subtotal Incl Tax',
  `adjustment_negative` decimal(20,4) DEFAULT NULL COMMENT 'Adjustment Negative',
  `base_shipping_amount` decimal(20,4) DEFAULT NULL COMMENT 'Base Shipping Amount',
  `store_to_base_rate` decimal(20,4) DEFAULT NULL COMMENT 'Store To Base Rate',
  `base_to_global_rate` decimal(20,4) DEFAULT NULL COMMENT 'Base To Global Rate',
  `base_adjustment` decimal(20,4) DEFAULT NULL COMMENT 'Base Adjustment',
  `base_subtotal` decimal(20,4) DEFAULT NULL COMMENT 'Base Subtotal',
  `discount_amount` decimal(20,4) DEFAULT NULL COMMENT 'Discount Amount',
  `subtotal` decimal(20,4) DEFAULT NULL COMMENT 'Subtotal',
  `adjustment` decimal(20,4) DEFAULT NULL COMMENT 'Adjustment',
  `base_grand_total` decimal(20,4) DEFAULT NULL COMMENT 'Base Grand Total',
  `base_adjustment_positive` decimal(20,4) DEFAULT NULL COMMENT 'Base Adjustment Positive',
  `base_tax_amount` decimal(20,4) DEFAULT NULL COMMENT 'Base Tax Amount',
  `shipping_tax_amount` decimal(20,4) DEFAULT NULL COMMENT 'Shipping Tax Amount',
  `tax_amount` decimal(20,4) DEFAULT NULL COMMENT 'Tax Amount',
  `order_id` int unsigned NOT NULL COMMENT 'Order ID',
  `email_sent` smallint unsigned DEFAULT NULL COMMENT 'Email Sent',
  `send_email` smallint unsigned DEFAULT NULL COMMENT 'Send Email',
  `creditmemo_status` int DEFAULT NULL COMMENT 'Creditmemo Status',
  `state` int DEFAULT NULL COMMENT 'State',
  `shipping_address_id` int DEFAULT NULL COMMENT 'Shipping Address ID',
  `billing_address_id` int DEFAULT NULL COMMENT 'Billing Address ID',
  `invoice_id` int DEFAULT NULL COMMENT 'Invoice ID',
  `store_currency_code` varchar(3) DEFAULT NULL COMMENT 'Store Currency Code',
  `order_currency_code` varchar(3) DEFAULT NULL COMMENT 'Order Currency Code',
  `base_currency_code` varchar(3) DEFAULT NULL COMMENT 'Base Currency Code',
  `global_currency_code` varchar(3) DEFAULT NULL COMMENT 'Global Currency Code',
  `transaction_id` varchar(255) DEFAULT NULL COMMENT 'Transaction ID',
  `increment_id` varchar(50) DEFAULT NULL COMMENT 'Increment ID',
  `created_at` timestamp NOT NULL DEFAULT CURRENT_TIMESTAMP COMMENT 'Created At',
  `updated_at` timestamp NOT NULL DEFAULT CURRENT_TIMESTAMP ON UPDATE CURRENT_TIMESTAMP COMMENT 'Updated At',
  `discount_tax_compensation_amount` decimal(20,4) DEFAULT NULL COMMENT 'Discount Tax Compensation Amount',
  `base_discount_tax_compensation_amount` decimal(20,4) DEFAULT NULL COMMENT 'Base Discount Tax Compensation Amount',
  `shipping_discount_tax_compensation_amount` decimal(20,4) DEFAULT NULL COMMENT 'Shipping Discount Tax Compensation Amount',
  `base_shipping_discount_tax_compensation_amnt` decimal(20,4) DEFAULT NULL COMMENT 'Base Shipping Discount Tax Compensation Amount',
  `shipping_incl_tax` decimal(20,4) DEFAULT NULL COMMENT 'Shipping Incl Tax',
  `base_shipping_incl_tax` decimal(20,4) DEFAULT NULL COMMENT 'Base Shipping Incl Tax',
  `discount_description` varchar(255) DEFAULT NULL COMMENT 'Discount Description',
  `customer_note` text COMMENT 'Customer Note',
  `customer_note_notify` smallint unsigned DEFAULT NULL COMMENT 'Customer Note Notify',
  PRIMARY KEY (`entity_id`),
  UNIQUE KEY `SALES_CREDITMEMO_INCREMENT_ID_STORE_ID` (`increment_id`,`store_id`),
  KEY `SALES_CREDITMEMO_STORE_ID` (`store_id`),
  KEY `SALES_CREDITMEMO_ORDER_ID` (`order_id`),
  KEY `SALES_CREDITMEMO_CREDITMEMO_STATUS` (`creditmemo_status`),
  KEY `SALES_CREDITMEMO_STATE` (`state`),
  KEY `SALES_CREDITMEMO_CREATED_AT` (`created_at`),
  KEY `SALES_CREDITMEMO_UPDATED_AT` (`updated_at`),
  KEY `SALES_CREDITMEMO_SEND_EMAIL` (`send_email`),
  KEY `SALES_CREDITMEMO_EMAIL_SENT` (`email_sent`),
  CONSTRAINT `SALES_CREDITMEMO_ORDER_ID_SALES_ORDER_ENTITY_ID` FOREIGN KEY (`order_id`) REFERENCES `sales_order` (`entity_id`) ON DELETE CASCADE,
  CONSTRAINT `SALES_CREDITMEMO_STORE_ID_STORE_STORE_ID` FOREIGN KEY (`store_id`) REFERENCES `store` (`store_id`) ON DELETE SET NULL
) ENGINE=InnoDB AUTO_INCREMENT=2 DEFAULT CHARSET=utf8mb3 COMMENT='Sales Flat Creditmemo';

--
-- Dumping data for table `sales_creditmemo`
--

INSERT INTO `sales_creditmemo` VALUES (1,1,NULL,0.0000,0.0000,0.0000,1.0000,39.6400,NULL,34.6400,5.0000,34.6400,NULL,5.0000,0.0000,1.0000,0.0000,32.0000,0.0000,32.0000,0.0000,39.6400,NULL,2.6400,0.0000,2.6400,2,NULL,NULL,NULL,2,3,4,NULL,'USD','USD','USD','USD',NULL,'000000001','2024-02-29 10:29:51','2024-02-29 10:29:51',0.0000,0.0000,NULL,NULL,5.0000,5.0000,NULL,NULL,NULL);

--
-- Table structure for table `sales_creditmemo_comment`
--

CREATE TABLE `sales_creditmemo_comment` (
  `entity_id` int unsigned NOT NULL AUTO_INCREMENT COMMENT 'Entity ID',
  `parent_id` int unsigned NOT NULL COMMENT 'Parent ID',
  `is_customer_notified` int DEFAULT NULL COMMENT 'Is Customer Notified',
  `is_visible_on_front` smallint unsigned NOT NULL DEFAULT '0' COMMENT 'Is Visible On Front',
  `comment` text COMMENT 'Comment',
  `created_at` timestamp NOT NULL DEFAULT CURRENT_TIMESTAMP COMMENT 'Created At',
  PRIMARY KEY (`entity_id`),
  KEY `SALES_CREDITMEMO_COMMENT_CREATED_AT` (`created_at`),
  KEY `SALES_CREDITMEMO_COMMENT_PARENT_ID` (`parent_id`),
  CONSTRAINT `SALES_CREDITMEMO_COMMENT_PARENT_ID_SALES_CREDITMEMO_ENTITY_ID` FOREIGN KEY (`parent_id`) REFERENCES `sales_creditmemo` (`entity_id`) ON DELETE CASCADE
) ENGINE=InnoDB DEFAULT CHARSET=utf8mb3 COMMENT='Sales Flat Creditmemo Comment';

--
-- Dumping data for table `sales_creditmemo_comment`
--


--
-- Table structure for table `sales_creditmemo_grid`
--

CREATE TABLE `sales_creditmemo_grid` (
  `entity_id` int unsigned NOT NULL COMMENT 'Entity ID',
  `increment_id` varchar(50) DEFAULT NULL COMMENT 'Increment ID',
  `created_at` timestamp NULL DEFAULT NULL COMMENT 'Created At',
  `updated_at` timestamp NULL DEFAULT NULL COMMENT 'Updated At',
  `order_id` int unsigned NOT NULL COMMENT 'Order ID',
  `order_increment_id` varchar(50) DEFAULT NULL COMMENT 'Order Increment ID',
  `order_created_at` timestamp NULL DEFAULT NULL COMMENT 'Order Created At',
  `billing_name` varchar(255) DEFAULT NULL COMMENT 'Billing Name',
  `state` int DEFAULT NULL COMMENT 'Status',
  `base_grand_total` decimal(20,4) DEFAULT NULL COMMENT 'Base Grand Total',
  `order_status` varchar(32) DEFAULT NULL COMMENT 'Order Status',
  `store_id` smallint unsigned DEFAULT NULL COMMENT 'Store ID',
  `billing_address` varchar(255) DEFAULT NULL COMMENT 'Billing Address',
  `shipping_address` varchar(255) DEFAULT NULL COMMENT 'Shipping Address',
  `customer_name` varchar(128) NOT NULL COMMENT 'Customer Name',
  `customer_email` varchar(128) DEFAULT NULL COMMENT 'Customer Email',
  `customer_group_id` smallint DEFAULT NULL COMMENT 'Customer Group ID',
  `payment_method` varchar(32) DEFAULT NULL COMMENT 'Payment Method',
  `shipping_information` varchar(255) DEFAULT NULL COMMENT 'Shipping Method Name',
  `subtotal` decimal(20,4) DEFAULT NULL COMMENT 'Subtotal',
  `shipping_and_handling` decimal(20,4) DEFAULT NULL COMMENT 'Shipping and handling amount',
  `adjustment_positive` decimal(20,4) DEFAULT NULL COMMENT 'Adjustment Positive',
  `adjustment_negative` decimal(20,4) DEFAULT NULL COMMENT 'Adjustment Negative',
  `order_base_grand_total` decimal(20,4) DEFAULT NULL COMMENT 'Order Grand Total',
  PRIMARY KEY (`entity_id`),
  UNIQUE KEY `SALES_CREDITMEMO_GRID_INCREMENT_ID_STORE_ID` (`increment_id`,`store_id`),
  KEY `SALES_CREDITMEMO_GRID_ORDER_INCREMENT_ID` (`order_increment_id`),
  KEY `SALES_CREDITMEMO_GRID_CREATED_AT` (`created_at`),
  KEY `SALES_CREDITMEMO_GRID_UPDATED_AT` (`updated_at`),
  KEY `SALES_CREDITMEMO_GRID_ORDER_CREATED_AT` (`order_created_at`),
  KEY `SALES_CREDITMEMO_GRID_STATE` (`state`),
  KEY `SALES_CREDITMEMO_GRID_BILLING_NAME` (`billing_name`),
  KEY `SALES_CREDITMEMO_GRID_ORDER_STATUS` (`order_status`),
  KEY `SALES_CREDITMEMO_GRID_BASE_GRAND_TOTAL` (`base_grand_total`),
  KEY `SALES_CREDITMEMO_GRID_STORE_ID` (`store_id`),
  KEY `SALES_CREDITMEMO_GRID_ORDER_BASE_GRAND_TOTAL` (`order_base_grand_total`),
  KEY `SALES_CREDITMEMO_GRID_ORDER_ID` (`order_id`),
  FULLTEXT KEY `FTI_32B7BA885941A8254EE84AE650ABDC86` (`increment_id`,`order_increment_id`,`billing_name`,`billing_address`,`shipping_address`,`customer_name`,`customer_email`)
) ENGINE=InnoDB DEFAULT CHARSET=utf8mb3 COMMENT='Sales Flat Creditmemo Grid';

--
-- Dumping data for table `sales_creditmemo_grid`
--

INSERT INTO `sales_creditmemo_grid` VALUES (1,'000000001','2024-02-29 10:29:51','2024-02-29 10:29:51',2,'000000002','2024-02-29 10:29:51','Veronica Costello',2,39.6400,'closed',1,'6146 Honey Bluff Parkway,Calder,Michigan,49628-7978','6146 Honey Bluff Parkway,Calder,Michigan,49628-7978','Veronica Costello','roni_cost@example.com',1,'checkmo','Flat Rate - Fixed',32.0000,5.0000,NULL,NULL,39.6400);

--
-- Table structure for table `sales_creditmemo_item`
--

CREATE TABLE `sales_creditmemo_item` (
  `entity_id` int unsigned NOT NULL AUTO_INCREMENT COMMENT 'Entity ID',
  `parent_id` int unsigned NOT NULL COMMENT 'Parent ID',
  `base_price` decimal(12,4) DEFAULT NULL COMMENT 'Base Price',
  `tax_amount` decimal(12,4) DEFAULT NULL COMMENT 'Tax Amount',
  `base_row_total` decimal(12,4) DEFAULT NULL COMMENT 'Base Row Total',
  `discount_amount` decimal(12,4) DEFAULT NULL COMMENT 'Discount Amount',
  `row_total` decimal(12,4) DEFAULT NULL COMMENT 'Row Total',
  `base_discount_amount` decimal(12,4) DEFAULT NULL COMMENT 'Base Discount Amount',
  `price_incl_tax` decimal(12,4) DEFAULT NULL COMMENT 'Price Incl Tax',
  `base_tax_amount` decimal(12,4) DEFAULT NULL COMMENT 'Base Tax Amount',
  `base_price_incl_tax` decimal(12,4) DEFAULT NULL COMMENT 'Base Price Incl Tax',
  `qty` decimal(12,4) DEFAULT NULL COMMENT 'Qty',
  `base_cost` decimal(12,4) DEFAULT NULL COMMENT 'Base Cost',
  `price` decimal(12,4) DEFAULT NULL COMMENT 'Price',
  `base_row_total_incl_tax` decimal(12,4) DEFAULT NULL COMMENT 'Base Row Total Incl Tax',
  `row_total_incl_tax` decimal(12,4) DEFAULT NULL COMMENT 'Row Total Incl Tax',
  `product_id` int DEFAULT NULL COMMENT 'Product ID',
  `order_item_id` int DEFAULT NULL COMMENT 'Order Item ID',
  `additional_data` text COMMENT 'Additional Data',
  `description` text COMMENT 'Description',
  `sku` varchar(255) DEFAULT NULL COMMENT 'Sku',
  `name` varchar(255) DEFAULT NULL COMMENT 'Name',
  `discount_tax_compensation_amount` decimal(12,4) DEFAULT NULL COMMENT 'Discount Tax Compensation Amount',
  `base_discount_tax_compensation_amount` decimal(12,4) DEFAULT NULL COMMENT 'Base Discount Tax Compensation Amount',
  `tax_ratio` text COMMENT 'Ratio of tax in the creditmemo item over tax of the order item',
  `weee_tax_applied` text COMMENT 'Weee Tax Applied',
  `weee_tax_applied_amount` decimal(12,4) DEFAULT NULL COMMENT 'Weee Tax Applied Amount',
  `weee_tax_applied_row_amount` decimal(12,4) DEFAULT NULL COMMENT 'Weee Tax Applied Row Amount',
  `weee_tax_disposition` decimal(12,4) DEFAULT NULL COMMENT 'Weee Tax Disposition',
  `weee_tax_row_disposition` decimal(12,4) DEFAULT NULL COMMENT 'Weee Tax Row Disposition',
  `base_weee_tax_applied_amount` decimal(12,4) DEFAULT NULL COMMENT 'Base Weee Tax Applied Amount',
  `base_weee_tax_applied_row_amnt` decimal(12,4) DEFAULT NULL COMMENT 'Base Weee Tax Applied Row Amnt',
  `base_weee_tax_disposition` decimal(12,4) DEFAULT NULL COMMENT 'Base Weee Tax Disposition',
  `base_weee_tax_row_disposition` decimal(12,4) DEFAULT NULL COMMENT 'Base Weee Tax Row Disposition',
  PRIMARY KEY (`entity_id`),
  KEY `SALES_CREDITMEMO_ITEM_PARENT_ID` (`parent_id`),
  CONSTRAINT `SALES_CREDITMEMO_ITEM_PARENT_ID_SALES_CREDITMEMO_ENTITY_ID` FOREIGN KEY (`parent_id`) REFERENCES `sales_creditmemo` (`entity_id`) ON DELETE CASCADE
) ENGINE=InnoDB AUTO_INCREMENT=2 DEFAULT CHARSET=utf8mb3 COMMENT='Sales Flat Creditmemo Item';

--
-- Dumping data for table `sales_creditmemo_item`
--

INSERT INTO `sales_creditmemo_item` VALUES (1,1,32.0000,2.6400,32.0000,NULL,32.0000,NULL,34.6400,2.6400,34.6400,1.0000,NULL,32.0000,34.6400,34.6400,1492,2,NULL,NULL,'WS08-XS-Blue','Minerva LumaTech&trade; V-Tee',0.0000,0.0000,NULL,'[]',NULL,0.0000,NULL,0.0000,NULL,NULL,NULL,0.0000);

--
-- Table structure for table `sales_invoice`
--

CREATE TABLE `sales_invoice` (
  `entity_id` int unsigned NOT NULL AUTO_INCREMENT COMMENT 'Entity ID',
  `store_id` smallint unsigned DEFAULT NULL COMMENT 'Store ID',
  `base_grand_total` decimal(20,4) DEFAULT NULL COMMENT 'Base Grand Total',
  `shipping_tax_amount` decimal(20,4) DEFAULT NULL COMMENT 'Shipping Tax Amount',
  `tax_amount` decimal(20,4) DEFAULT NULL COMMENT 'Tax Amount',
  `base_tax_amount` decimal(20,4) DEFAULT NULL COMMENT 'Base Tax Amount',
  `store_to_order_rate` decimal(20,4) DEFAULT NULL COMMENT 'Store To Order Rate',
  `base_shipping_tax_amount` decimal(20,4) DEFAULT NULL COMMENT 'Base Shipping Tax Amount',
  `base_discount_amount` decimal(20,4) DEFAULT NULL COMMENT 'Base Discount Amount',
  `base_to_order_rate` decimal(20,4) DEFAULT NULL COMMENT 'Base To Order Rate',
  `grand_total` decimal(20,4) DEFAULT NULL COMMENT 'Grand Total',
  `shipping_amount` decimal(20,4) DEFAULT NULL COMMENT 'Shipping Amount',
  `subtotal_incl_tax` decimal(20,4) DEFAULT NULL COMMENT 'Subtotal Incl Tax',
  `base_subtotal_incl_tax` decimal(20,4) DEFAULT NULL COMMENT 'Base Subtotal Incl Tax',
  `store_to_base_rate` decimal(20,4) DEFAULT NULL COMMENT 'Store To Base Rate',
  `base_shipping_amount` decimal(20,4) DEFAULT NULL COMMENT 'Base Shipping Amount',
  `total_qty` decimal(12,4) DEFAULT NULL COMMENT 'Total Qty',
  `base_to_global_rate` decimal(20,4) DEFAULT NULL COMMENT 'Base To Global Rate',
  `subtotal` decimal(20,4) DEFAULT NULL COMMENT 'Subtotal',
  `base_subtotal` decimal(20,4) DEFAULT NULL COMMENT 'Base Subtotal',
  `discount_amount` decimal(20,4) DEFAULT NULL COMMENT 'Discount Amount',
  `billing_address_id` int DEFAULT NULL COMMENT 'Billing Address ID',
  `is_used_for_refund` smallint unsigned DEFAULT NULL COMMENT 'Is Used For Refund',
  `order_id` int unsigned NOT NULL COMMENT 'Order ID',
  `email_sent` smallint unsigned DEFAULT NULL COMMENT 'Email Sent',
  `send_email` smallint unsigned DEFAULT NULL COMMENT 'Send Email',
  `can_void_flag` smallint unsigned DEFAULT NULL COMMENT 'Can Void Flag',
  `state` int DEFAULT NULL COMMENT 'State',
  `shipping_address_id` int DEFAULT NULL COMMENT 'Shipping Address ID',
  `store_currency_code` varchar(3) DEFAULT NULL COMMENT 'Store Currency Code',
  `transaction_id` varchar(255) DEFAULT NULL COMMENT 'Transaction ID',
  `order_currency_code` varchar(3) DEFAULT NULL COMMENT 'Order Currency Code',
  `base_currency_code` varchar(3) DEFAULT NULL COMMENT 'Base Currency Code',
  `global_currency_code` varchar(3) DEFAULT NULL COMMENT 'Global Currency Code',
  `increment_id` varchar(50) DEFAULT NULL COMMENT 'Increment ID',
  `created_at` timestamp NOT NULL DEFAULT CURRENT_TIMESTAMP COMMENT 'Created At',
  `updated_at` timestamp NOT NULL DEFAULT CURRENT_TIMESTAMP ON UPDATE CURRENT_TIMESTAMP COMMENT 'Updated At',
  `discount_tax_compensation_amount` decimal(20,4) DEFAULT NULL COMMENT 'Discount Tax Compensation Amount',
  `base_discount_tax_compensation_amount` decimal(20,4) DEFAULT NULL COMMENT 'Base Discount Tax Compensation Amount',
  `shipping_discount_tax_compensation_amount` decimal(20,4) DEFAULT NULL COMMENT 'Shipping Discount Tax Compensation Amount',
  `base_shipping_discount_tax_compensation_amnt` decimal(20,4) DEFAULT NULL COMMENT 'Base Shipping Discount Tax Compensation Amount',
  `shipping_incl_tax` decimal(20,4) DEFAULT NULL COMMENT 'Shipping Incl Tax',
  `base_shipping_incl_tax` decimal(20,4) DEFAULT NULL COMMENT 'Base Shipping Incl Tax',
  `base_total_refunded` decimal(20,4) DEFAULT NULL COMMENT 'Base Total Refunded',
  `discount_description` varchar(255) DEFAULT NULL COMMENT 'Discount Description',
  `customer_note` text COMMENT 'Customer Note',
  `customer_note_notify` smallint unsigned DEFAULT NULL COMMENT 'Customer Note Notify',
  PRIMARY KEY (`entity_id`),
  UNIQUE KEY `SALES_INVOICE_INCREMENT_ID_STORE_ID` (`increment_id`,`store_id`),
  KEY `SALES_INVOICE_STORE_ID` (`store_id`),
  KEY `SALES_INVOICE_GRAND_TOTAL` (`grand_total`),
  KEY `SALES_INVOICE_ORDER_ID` (`order_id`),
  KEY `SALES_INVOICE_STATE` (`state`),
  KEY `SALES_INVOICE_CREATED_AT` (`created_at`),
  KEY `SALES_INVOICE_UPDATED_AT` (`updated_at`),
  KEY `SALES_INVOICE_SEND_EMAIL` (`send_email`),
  KEY `SALES_INVOICE_EMAIL_SENT` (`email_sent`),
  CONSTRAINT `SALES_INVOICE_ORDER_ID_SALES_ORDER_ENTITY_ID` FOREIGN KEY (`order_id`) REFERENCES `sales_order` (`entity_id`) ON DELETE CASCADE,
  CONSTRAINT `SALES_INVOICE_STORE_ID_STORE_STORE_ID` FOREIGN KEY (`store_id`) REFERENCES `store` (`store_id`) ON DELETE SET NULL
) ENGINE=InnoDB AUTO_INCREMENT=4 DEFAULT CHARSET=utf8mb3 COMMENT='Sales Flat Invoice';

--
-- Dumping data for table `sales_invoice`
--

INSERT INTO `sales_invoice` VALUES (1,1,36.3900,0.0000,2.3900,2.3900,0.0000,0.0000,0.0000,1.0000,36.3900,5.0000,31.3900,31.3900,0.0000,5.0000,1.0000,1.0000,29.0000,29.0000,0.0000,2,NULL,1,NULL,NULL,0,2,1,'USD',NULL,'USD','USD','USD','000000001','2024-02-29 10:29:50','2024-02-29 10:29:50',0.0000,0.0000,0.0000,0.0000,5.0000,5.0000,NULL,NULL,NULL,NULL),(2,1,39.6400,0.0000,2.6400,2.6400,0.0000,0.0000,0.0000,1.0000,39.6400,5.0000,34.6400,34.6400,0.0000,5.0000,1.0000,1.0000,32.0000,32.0000,0.0000,4,NULL,2,NULL,NULL,0,2,3,'USD',NULL,'USD','USD','USD','000000002','2024-02-29 10:29:51','2024-02-29 10:29:51',0.0000,0.0000,0.0000,0.0000,5.0000,5.0000,NULL,NULL,NULL,NULL),(3,1,29.0000,0.0000,0.0000,0.0000,0.0000,0.0000,0.0000,1.0000,29.0000,5.0000,24.0000,24.0000,0.0000,5.0000,1.0000,1.0000,24.0000,24.0000,0.0000,8,NULL,4,NULL,NULL,0,2,7,'USD',NULL,'USD','USD','USD','000000003','2024-03-05 04:47:05','2024-03-05 04:47:05',0.0000,0.0000,0.0000,0.0000,5.0000,5.0000,NULL,NULL,NULL,NULL);

--
-- Table structure for table `sales_invoice_comment`
--

CREATE TABLE `sales_invoice_comment` (
  `entity_id` int unsigned NOT NULL AUTO_INCREMENT COMMENT 'Entity ID',
  `parent_id` int unsigned NOT NULL COMMENT 'Parent ID',
  `is_customer_notified` smallint unsigned DEFAULT NULL COMMENT 'Is Customer Notified',
  `is_visible_on_front` smallint unsigned NOT NULL DEFAULT '0' COMMENT 'Is Visible On Front',
  `comment` text COMMENT 'Comment',
  `created_at` timestamp NOT NULL DEFAULT CURRENT_TIMESTAMP COMMENT 'Created At',
  PRIMARY KEY (`entity_id`),
  KEY `SALES_INVOICE_COMMENT_CREATED_AT` (`created_at`),
  KEY `SALES_INVOICE_COMMENT_PARENT_ID` (`parent_id`),
  CONSTRAINT `SALES_INVOICE_COMMENT_PARENT_ID_SALES_INVOICE_ENTITY_ID` FOREIGN KEY (`parent_id`) REFERENCES `sales_invoice` (`entity_id`) ON DELETE CASCADE
) ENGINE=InnoDB DEFAULT CHARSET=utf8mb3 COMMENT='Sales Flat Invoice Comment';

--
-- Dumping data for table `sales_invoice_comment`
--


--
-- Table structure for table `sales_invoice_grid`
--

CREATE TABLE `sales_invoice_grid` (
  `entity_id` int unsigned NOT NULL COMMENT 'Entity ID',
  `increment_id` varchar(50) DEFAULT NULL COMMENT 'Increment ID',
  `state` int DEFAULT NULL COMMENT 'State',
  `store_id` smallint unsigned DEFAULT NULL COMMENT 'Store ID',
  `store_name` varchar(255) DEFAULT NULL COMMENT 'Store Name',
  `order_id` int unsigned NOT NULL COMMENT 'Order ID',
  `order_increment_id` varchar(50) DEFAULT NULL COMMENT 'Order Increment ID',
  `order_created_at` timestamp NULL DEFAULT NULL COMMENT 'Order Created At',
  `customer_name` varchar(255) DEFAULT NULL COMMENT 'Customer Name',
  `customer_email` varchar(255) DEFAULT NULL COMMENT 'Customer Email',
  `customer_group_id` int DEFAULT NULL,
  `payment_method` varchar(128) DEFAULT NULL COMMENT 'Payment Method',
  `store_currency_code` varchar(3) DEFAULT NULL COMMENT 'Store Currency Code',
  `order_currency_code` varchar(3) DEFAULT NULL COMMENT 'Order Currency Code',
  `base_currency_code` varchar(3) DEFAULT NULL COMMENT 'Base Currency Code',
  `global_currency_code` varchar(3) DEFAULT NULL COMMENT 'Global Currency Code',
  `billing_name` varchar(255) DEFAULT NULL COMMENT 'Billing Name',
  `billing_address` varchar(255) DEFAULT NULL COMMENT 'Billing Address',
  `shipping_address` varchar(255) DEFAULT NULL COMMENT 'Shipping Address',
  `shipping_information` varchar(255) DEFAULT NULL COMMENT 'Shipping Method Name',
  `subtotal` decimal(20,4) DEFAULT NULL COMMENT 'Subtotal',
  `shipping_and_handling` decimal(20,4) DEFAULT NULL COMMENT 'Shipping and handling amount',
  `grand_total` decimal(20,4) DEFAULT NULL COMMENT 'Grand Total',
  `created_at` timestamp NULL DEFAULT NULL COMMENT 'Created At',
  `updated_at` timestamp NULL DEFAULT NULL COMMENT 'Updated At',
  `base_grand_total` decimal(20,4) DEFAULT NULL COMMENT 'Base Grand Total',
  PRIMARY KEY (`entity_id`),
  UNIQUE KEY `SALES_INVOICE_GRID_INCREMENT_ID_STORE_ID` (`increment_id`,`store_id`),
  KEY `SALES_INVOICE_GRID_STORE_ID` (`store_id`),
  KEY `SALES_INVOICE_GRID_GRAND_TOTAL` (`grand_total`),
  KEY `SALES_INVOICE_GRID_ORDER_ID` (`order_id`),
  KEY `SALES_INVOICE_GRID_STATE` (`state`),
  KEY `SALES_INVOICE_GRID_ORDER_INCREMENT_ID` (`order_increment_id`),
  KEY `SALES_INVOICE_GRID_CREATED_AT` (`created_at`),
  KEY `SALES_INVOICE_GRID_UPDATED_AT` (`updated_at`),
  KEY `SALES_INVOICE_GRID_ORDER_CREATED_AT` (`order_created_at`),
  KEY `SALES_INVOICE_GRID_BILLING_NAME` (`billing_name`),
  KEY `SALES_INVOICE_GRID_BASE_GRAND_TOTAL` (`base_grand_total`),
  FULLTEXT KEY `FTI_95D9C924DD6A8734EB8B5D01D60F90DE` (`increment_id`,`order_increment_id`,`billing_name`,`billing_address`,`shipping_address`,`customer_name`,`customer_email`)
) ENGINE=InnoDB DEFAULT CHARSET=utf8mb3 COMMENT='Sales Flat Invoice Grid';

--
-- Dumping data for table `sales_invoice_grid`
--

INSERT INTO `sales_invoice_grid` VALUES (1,'000000001',2,1,'Main Website\nMain Website Store\nDefault Store View',1,'000000001','2024-02-29 10:29:50','Veronica Costello','roni_cost@example.com',1,'checkmo','USD','USD','USD','USD','Veronica Costello','6146 Honey Bluff Parkway,Calder,Michigan,49628-7978','6146 Honey Bluff Parkway,Calder,Michigan,49628-7978','Flat Rate - Fixed',29.0000,5.0000,36.3900,'2024-02-29 10:29:50','2024-02-29 10:29:50',36.3900),(2,'000000002',2,1,'Main Website\nMain Website Store\nDefault Store View',2,'000000002','2024-02-29 10:29:51','Veronica Costello','roni_cost@example.com',1,'checkmo','USD','USD','USD','USD','Veronica Costello','6146 Honey Bluff Parkway,Calder,Michigan,49628-7978','6146 Honey Bluff Parkway,Calder,Michigan,49628-7978','Flat Rate - Fixed',32.0000,5.0000,39.6400,'2024-02-29 10:29:51','2024-02-29 10:29:51',39.6400),(3,'000000003',2,1,'Main Website\nMain Website Store\nDefault Store View',4,'000000004','2024-03-05 04:46:38','Amit kamboj','amit.kumar@yirontechnologies.com',1,'cashondelivery','USD','USD','USD','USD','Amit kamboj','Test,Test,WESTLANDS,33122','Test,Test,WESTLANDS,33122','Flat Rate - Fixed',24.0000,5.0000,29.0000,'2024-03-05 04:47:05','2024-03-05 04:47:05',29.0000);

--
-- Table structure for table `sales_invoice_item`
--

CREATE TABLE `sales_invoice_item` (
  `entity_id` int unsigned NOT NULL AUTO_INCREMENT COMMENT 'Entity ID',
  `parent_id` int unsigned NOT NULL COMMENT 'Parent ID',
  `base_price` decimal(12,4) DEFAULT NULL COMMENT 'Base Price',
  `tax_amount` decimal(12,4) DEFAULT NULL COMMENT 'Tax Amount',
  `base_row_total` decimal(20,4) DEFAULT NULL COMMENT 'Base Row Total',
  `discount_amount` decimal(12,4) DEFAULT NULL COMMENT 'Discount Amount',
  `row_total` decimal(20,4) DEFAULT NULL COMMENT 'Row Total',
  `base_discount_amount` decimal(12,4) DEFAULT NULL COMMENT 'Base Discount Amount',
  `price_incl_tax` decimal(12,4) DEFAULT NULL COMMENT 'Price Incl Tax',
  `base_tax_amount` decimal(12,4) DEFAULT NULL COMMENT 'Base Tax Amount',
  `base_price_incl_tax` decimal(12,4) DEFAULT NULL COMMENT 'Base Price Incl Tax',
  `qty` decimal(12,4) DEFAULT NULL COMMENT 'Qty',
  `base_cost` decimal(12,4) DEFAULT NULL COMMENT 'Base Cost',
  `price` decimal(12,4) DEFAULT NULL COMMENT 'Price',
  `base_row_total_incl_tax` decimal(12,4) DEFAULT NULL COMMENT 'Base Row Total Incl Tax',
  `row_total_incl_tax` decimal(12,4) DEFAULT NULL COMMENT 'Row Total Incl Tax',
  `product_id` int DEFAULT NULL COMMENT 'Product ID',
  `order_item_id` int DEFAULT NULL COMMENT 'Order Item ID',
  `additional_data` text COMMENT 'Additional Data',
  `description` text COMMENT 'Description',
  `sku` varchar(255) DEFAULT NULL COMMENT 'Sku',
  `name` varchar(255) DEFAULT NULL COMMENT 'Name',
  `discount_tax_compensation_amount` decimal(12,4) DEFAULT NULL COMMENT 'Discount Tax Compensation Amount',
  `base_discount_tax_compensation_amount` decimal(12,4) DEFAULT NULL COMMENT 'Base Discount Tax Compensation Amount',
  `tax_ratio` text COMMENT 'Ratio of tax invoiced over tax of the order item',
  `weee_tax_applied` text COMMENT 'Weee Tax Applied',
  `weee_tax_applied_amount` decimal(12,4) DEFAULT NULL COMMENT 'Weee Tax Applied Amount',
  `weee_tax_applied_row_amount` decimal(12,4) DEFAULT NULL COMMENT 'Weee Tax Applied Row Amount',
  `weee_tax_disposition` decimal(12,4) DEFAULT NULL COMMENT 'Weee Tax Disposition',
  `weee_tax_row_disposition` decimal(12,4) DEFAULT NULL COMMENT 'Weee Tax Row Disposition',
  `base_weee_tax_applied_amount` decimal(12,4) DEFAULT NULL COMMENT 'Base Weee Tax Applied Amount',
  `base_weee_tax_applied_row_amnt` decimal(12,4) DEFAULT NULL COMMENT 'Base Weee Tax Applied Row Amnt',
  `base_weee_tax_disposition` decimal(12,4) DEFAULT NULL COMMENT 'Base Weee Tax Disposition',
  `base_weee_tax_row_disposition` decimal(12,4) DEFAULT NULL COMMENT 'Base Weee Tax Row Disposition',
  PRIMARY KEY (`entity_id`),
  KEY `SALES_INVOICE_ITEM_PARENT_ID` (`parent_id`),
  CONSTRAINT `SALES_INVOICE_ITEM_PARENT_ID_SALES_INVOICE_ENTITY_ID` FOREIGN KEY (`parent_id`) REFERENCES `sales_invoice` (`entity_id`) ON DELETE CASCADE
) ENGINE=InnoDB AUTO_INCREMENT=5 DEFAULT CHARSET=utf8mb3 COMMENT='Sales Flat Invoice Item';

--
-- Dumping data for table `sales_invoice_item`
--

INSERT INTO `sales_invoice_item` VALUES (1,1,29.0000,2.3900,29.0000,NULL,29.0000,NULL,31.3900,2.3900,31.3900,1.0000,NULL,29.0000,31.3900,31.3900,1428,1,NULL,NULL,'WS03-XS-Red','Iris Workout Top',0.0000,0.0000,NULL,'[]',NULL,0.0000,NULL,0.0000,NULL,NULL,NULL,0.0000),(2,2,32.0000,2.6400,32.0000,NULL,32.0000,NULL,34.6400,2.6400,34.6400,1.0000,NULL,32.0000,34.6400,34.6400,1492,2,NULL,NULL,'WS08-XS-Blue','Minerva LumaTech&trade; V-Tee',0.0000,0.0000,NULL,'[]',NULL,0.0000,NULL,0.0000,NULL,NULL,NULL,0.0000),(3,3,24.0000,0.0000,24.0000,NULL,24.0000,NULL,24.0000,0.0000,24.0000,1.0000,NULL,24.0000,24.0000,24.0000,1997,5,NULL,NULL,'WSH07-28-Blue','Echo Fit Compression Short',0.0000,0.0000,NULL,'[]',NULL,0.0000,NULL,0.0000,NULL,NULL,NULL,0.0000),(4,3,0.0000,NULL,NULL,NULL,NULL,NULL,NULL,NULL,NULL,1.0000,NULL,0.0000,NULL,NULL,1992,6,NULL,NULL,'WSH07-28-Blue','Echo Fit Compression Short-28-Blue',NULL,NULL,NULL,NULL,NULL,NULL,NULL,NULL,NULL,NULL,NULL,NULL);

--
-- Table structure for table `sales_invoiced_aggregated`
--

CREATE TABLE `sales_invoiced_aggregated` (
  `id` int unsigned NOT NULL AUTO_INCREMENT COMMENT 'ID',
  `period` date DEFAULT NULL COMMENT 'Period',
  `store_id` smallint unsigned DEFAULT NULL COMMENT 'Store ID',
  `order_status` varchar(50) DEFAULT NULL COMMENT 'Order Status',
  `orders_count` int NOT NULL DEFAULT '0' COMMENT 'Orders Count',
  `orders_invoiced` decimal(12,4) DEFAULT NULL COMMENT 'Orders Invoiced',
  `invoiced` decimal(12,4) DEFAULT NULL COMMENT 'Invoiced',
  `invoiced_captured` decimal(12,4) DEFAULT NULL COMMENT 'Invoiced Captured',
  `invoiced_not_captured` decimal(12,4) DEFAULT NULL COMMENT 'Invoiced Not Captured',
  PRIMARY KEY (`id`),
  UNIQUE KEY `SALES_INVOICED_AGGREGATED_PERIOD_STORE_ID_ORDER_STATUS` (`period`,`store_id`,`order_status`),
  KEY `SALES_INVOICED_AGGREGATED_STORE_ID` (`store_id`),
  CONSTRAINT `SALES_INVOICED_AGGREGATED_STORE_ID_STORE_STORE_ID` FOREIGN KEY (`store_id`) REFERENCES `store` (`store_id`) ON DELETE SET NULL
) ENGINE=InnoDB DEFAULT CHARSET=utf8mb3 COMMENT='Sales Invoiced Aggregated';

--
-- Dumping data for table `sales_invoiced_aggregated`
--


--
-- Table structure for table `sales_invoiced_aggregated_order`
--

CREATE TABLE `sales_invoiced_aggregated_order` (
  `id` int unsigned NOT NULL AUTO_INCREMENT COMMENT 'ID',
  `period` date DEFAULT NULL COMMENT 'Period',
  `store_id` smallint unsigned DEFAULT NULL COMMENT 'Store ID',
  `order_status` varchar(50) NOT NULL COMMENT 'Order Status',
  `orders_count` int NOT NULL DEFAULT '0' COMMENT 'Orders Count',
  `orders_invoiced` decimal(12,4) DEFAULT NULL COMMENT 'Orders Invoiced',
  `invoiced` decimal(12,4) DEFAULT NULL COMMENT 'Invoiced',
  `invoiced_captured` decimal(12,4) DEFAULT NULL COMMENT 'Invoiced Captured',
  `invoiced_not_captured` decimal(12,4) DEFAULT NULL COMMENT 'Invoiced Not Captured',
  PRIMARY KEY (`id`),
  UNIQUE KEY `SALES_INVOICED_AGGREGATED_ORDER_PERIOD_STORE_ID_ORDER_STATUS` (`period`,`store_id`,`order_status`),
  KEY `SALES_INVOICED_AGGREGATED_ORDER_STORE_ID` (`store_id`),
  CONSTRAINT `SALES_INVOICED_AGGREGATED_ORDER_STORE_ID_STORE_STORE_ID` FOREIGN KEY (`store_id`) REFERENCES `store` (`store_id`) ON DELETE SET NULL
) ENGINE=InnoDB DEFAULT CHARSET=utf8mb3 COMMENT='Sales Invoiced Aggregated Order';

--
-- Dumping data for table `sales_invoiced_aggregated_order`
--


--
-- Table structure for table `sales_order_address`
--

CREATE TABLE `sales_order_address` (
  `entity_id` int unsigned NOT NULL AUTO_INCREMENT COMMENT 'Entity ID',
  `parent_id` int unsigned DEFAULT NULL COMMENT 'Parent ID',
  `customer_address_id` int DEFAULT NULL COMMENT 'Customer Address ID',
  `quote_address_id` int DEFAULT NULL COMMENT 'Quote Address ID',
  `region_id` int DEFAULT NULL COMMENT 'Region ID',
  `customer_id` int DEFAULT NULL COMMENT 'Customer ID',
  `fax` varchar(255) DEFAULT NULL COMMENT 'Fax',
  `region` varchar(255) DEFAULT NULL COMMENT 'Region',
  `postcode` varchar(255) DEFAULT NULL COMMENT 'Postcode',
  `lastname` varchar(255) DEFAULT NULL COMMENT 'Lastname',
  `street` varchar(255) DEFAULT NULL COMMENT 'Street',
  `city` varchar(255) DEFAULT NULL COMMENT 'City',
  `email` varchar(255) DEFAULT NULL COMMENT 'Email',
  `telephone` varchar(255) DEFAULT NULL COMMENT 'Phone Number',
  `country_id` varchar(2) DEFAULT NULL COMMENT 'Country ID',
  `firstname` varchar(255) DEFAULT NULL COMMENT 'Firstname',
  `address_type` varchar(255) DEFAULT NULL COMMENT 'Address Type',
  `prefix` varchar(255) DEFAULT NULL COMMENT 'Prefix',
  `middlename` varchar(255) DEFAULT NULL COMMENT 'Middlename',
  `suffix` varchar(255) DEFAULT NULL COMMENT 'Suffix',
  `company` varchar(255) DEFAULT NULL COMMENT 'Company',
  `vat_id` text COMMENT 'Vat ID',
  `vat_is_valid` smallint DEFAULT NULL COMMENT 'Vat Is Valid',
  `vat_request_id` text COMMENT 'Vat Request ID',
  `vat_request_date` text COMMENT 'Vat Request Date',
  `vat_request_success` smallint DEFAULT NULL COMMENT 'Vat Request Success',
  PRIMARY KEY (`entity_id`),
  KEY `SALES_ORDER_ADDRESS_PARENT_ID` (`parent_id`),
  CONSTRAINT `SALES_ORDER_ADDRESS_PARENT_ID_SALES_ORDER_ENTITY_ID` FOREIGN KEY (`parent_id`) REFERENCES `sales_order` (`entity_id`) ON DELETE CASCADE
) ENGINE=InnoDB AUTO_INCREMENT=37 DEFAULT CHARSET=utf8mb3 COMMENT='Sales Flat Order Address';

--
-- Dumping data for table `sales_order_address`
--

INSERT INTO `sales_order_address` VALUES (1,1,1,2,33,NULL,NULL,'Michigan','49628-7978','Costello','6146 Honey Bluff Parkway','Calder','roni_cost@example.com','(555) 229-3326','US','Veronica','shipping',NULL,NULL,NULL,NULL,NULL,NULL,NULL,NULL,NULL),(2,1,1,1,33,NULL,NULL,'Michigan','49628-7978','Costello','6146 Honey Bluff Parkway','Calder','roni_cost@example.com','(555) 229-3326','US','Veronica','billing',NULL,NULL,NULL,NULL,NULL,NULL,NULL,NULL,NULL),(3,2,1,4,33,NULL,NULL,'Michigan','49628-7978','Costello','6146 Honey Bluff Parkway','Calder','roni_cost@example.com','(555) 229-3326','US','Veronica','shipping',NULL,NULL,NULL,NULL,NULL,NULL,NULL,NULL,NULL),(4,2,1,3,33,NULL,NULL,'Michigan','49628-7978','Costello','6146 Honey Bluff Parkway','Calder','roni_cost@example.com','(555) 229-3326','US','Veronica','billing',NULL,NULL,NULL,NULL,NULL,NULL,NULL,NULL,NULL),(5,3,NULL,6,574,NULL,NULL,'Chandigarh','160101','bansal','test','chandigarh','palak.bansal@yirontechnologies.com','8278289860','IN','palak','shipping',NULL,NULL,NULL,'test',NULL,NULL,NULL,NULL,NULL),(6,3,NULL,7,574,NULL,NULL,'Chandigarh','160101','bansal','test','chandigarh','palak.bansal@yirontechnologies.com','8278289860','IN','palak','billing',NULL,NULL,NULL,'test',NULL,NULL,NULL,NULL,NULL),(7,4,2,13,NULL,NULL,NULL,NULL,'33122','kamboj','Test','WESTLANDS','amit.kumar@yirontechnologies.com','7307163659','MU','Amit','shipping',NULL,NULL,NULL,'Test',NULL,NULL,NULL,NULL,NULL),(8,4,2,14,NULL,NULL,NULL,NULL,'33122','kamboj','Test','WESTLANDS','amit.kumar@yirontechnologies.com','7307163659','MU','Amit','billing',NULL,NULL,NULL,'Test',NULL,NULL,NULL,NULL,NULL),(9,5,NULL,16,574,NULL,NULL,'Chandigarh','160101','BAnsal','fcs','chandigarh','palak.bansal@yirontechnologies.com','8278289868','IN','PAlak','shipping',NULL,NULL,NULL,NULL,NULL,NULL,NULL,NULL,NULL),(10,5,NULL,17,574,NULL,NULL,'Chandigarh','160101','BAnsal','fcs','chandigarh','palak.bansal@yirontechnologies.com','8278289868','IN','PAlak','billing',NULL,NULL,NULL,NULL,NULL,NULL,NULL,NULL,NULL),(11,6,3,19,NULL,NULL,NULL,NULL,'33122','kamboj','Test','WESTLANDS','alert@jamboshop.com','7307163659','MU','Amit','shipping',NULL,NULL,NULL,'Test',NULL,NULL,NULL,NULL,NULL),(12,6,3,22,NULL,NULL,NULL,NULL,'33122','kamboj','Test','WESTLANDS','alert@jamboshop.com','7307163659','MU','Amit','billing',NULL,NULL,NULL,'Test',NULL,NULL,NULL,NULL,NULL),(13,7,3,24,NULL,NULL,NULL,NULL,'33122','kamboj','Test','WESTLANDS','alert@jamboshop.com','7307163659','MU','Amit','shipping',NULL,NULL,NULL,'Test',NULL,NULL,NULL,NULL,NULL),(14,7,3,25,NULL,NULL,NULL,NULL,'33122','kamboj','Test','WESTLANDS','alert@jamboshop.com','7307163659','MU','Amit','billing',NULL,NULL,NULL,'Test',NULL,NULL,NULL,NULL,NULL),(15,8,3,27,NULL,NULL,NULL,NULL,'33122','kamboj','Test','WESTLANDS','alert@jamboshop.com','7307163659','MU','Amit','shipping',NULL,NULL,NULL,'Test',NULL,NULL,NULL,NULL,NULL),(16,8,3,28,NULL,NULL,NULL,NULL,'33122','kamboj','Test','WESTLANDS','alert@jamboshop.com','7307163659','MU','Amit','billing',NULL,NULL,NULL,'Test',NULL,NULL,NULL,NULL,NULL),(17,9,3,30,NULL,NULL,NULL,NULL,'33122','kamboj','Test','WESTLANDS','alert@jamboshop.com','7307163659','MU','Amit','shipping',NULL,NULL,NULL,'Test',NULL,NULL,NULL,NULL,NULL),(18,9,3,33,NULL,NULL,NULL,NULL,'33122','kamboj','Test','WESTLANDS','alert@jamboshop.com','7307163659','MU','Amit','billing',NULL,NULL,NULL,'Test',NULL,NULL,NULL,NULL,NULL),(19,10,3,35,NULL,NULL,NULL,NULL,'33122','kamboj','Test','WESTLANDS','alert@jamboshop.com','7307163659','MU','Amit','shipping',NULL,NULL,NULL,'Test',NULL,NULL,NULL,NULL,NULL),(20,10,3,36,NULL,NULL,NULL,NULL,'33122','kamboj','Test','WESTLANDS','alert@jamboshop.com','7307163659','MU','Amit','billing',NULL,NULL,NULL,'Test',NULL,NULL,NULL,NULL,NULL),(21,11,3,38,NULL,NULL,NULL,NULL,'33122','kamboj','Test','WESTLANDS','alert@jamboshop.com','7307163659','MU','Amit','shipping',NULL,NULL,NULL,'Test',NULL,NULL,NULL,NULL,NULL),(22,11,3,39,NULL,NULL,NULL,NULL,'33122','kamboj','Test','WESTLANDS','alert@jamboshop.com','7307163659','MU','Amit','billing',NULL,NULL,NULL,'Test',NULL,NULL,NULL,NULL,NULL),(23,12,NULL,32,574,NULL,NULL,'Chandigarh','160101','Bansal','Fcs Building','chandigarh','palak.bansal@yirontechnologies.com','8278289868','IN','Palak','shipping',NULL,NULL,NULL,NULL,NULL,NULL,NULL,NULL,NULL),(24,12,NULL,40,574,NULL,NULL,'Chandigarh','160101','Bansal','Fcs Building','chandigarh','palak.bansal@yirontechnologies.com','8278289868','IN','Palak','billing',NULL,NULL,NULL,NULL,NULL,NULL,NULL,NULL,NULL),(25,13,3,42,NULL,NULL,NULL,NULL,'33122','kamboj','Test','WESTLANDS','alert@jamboshop.com','7307163659','MU','Amit','shipping',NULL,NULL,NULL,'Test',NULL,NULL,NULL,NULL,NULL),(26,13,3,45,NULL,NULL,NULL,NULL,'33122','kamboj','Test','WESTLANDS','alert@jamboshop.com','7307163659','MU','Amit','billing',NULL,NULL,NULL,'Test',NULL,NULL,NULL,NULL,NULL),(27,14,NULL,44,574,NULL,NULL,'Chandigarh','160101','Bansal','Fcs Building','chandigarh','palak.bansal@yirontechnologies.com','8278289868','IN','Palak','shipping',NULL,NULL,NULL,NULL,NULL,NULL,NULL,NULL,NULL),(28,14,NULL,46,574,NULL,NULL,'Chandigarh','160101','Bansal','Fcs Building','chandigarh','palak.bansal@yirontechnologies.com','8278289868','IN','Palak','billing',NULL,NULL,NULL,NULL,NULL,NULL,NULL,NULL,NULL),(29,15,4,48,574,NULL,NULL,'Chandigarh','160101','bansal','fcs','chandigarh','plkbansal28@gmail.com','827828968','IN','palak','shipping',NULL,NULL,NULL,NULL,NULL,NULL,NULL,NULL,NULL),(30,15,4,51,574,NULL,NULL,'Chandigarh','160101','bansal','fcs','chandigarh','plkbansal28@gmail.com','827828968','IN','palak','billing',NULL,NULL,NULL,NULL,NULL,NULL,NULL,NULL,NULL),(31,16,3,53,NULL,NULL,NULL,NULL,'33122','kamboj','Test','WESTLANDS','alert@jamboshop.com','7307163659','MU','Amit','shipping',NULL,NULL,NULL,'Test',NULL,NULL,NULL,NULL,NULL),(32,16,3,54,NULL,NULL,NULL,NULL,'33122','kamboj','Test','WESTLANDS','alert@jamboshop.com','7307163659','MU','Amit','billing',NULL,NULL,NULL,'Test',NULL,NULL,NULL,NULL,NULL),(33,17,5,56,574,NULL,NULL,'Chandigarh','160101','gupta','fcs','chandigarh','palak.bansal@yirontechnologies.com','8278289868','IN','palak','shipping',NULL,NULL,NULL,NULL,NULL,NULL,NULL,NULL,NULL),(34,17,5,57,574,NULL,NULL,'Chandigarh','160101','gupta','fcs','chandigarh','palak.bansal@yirontechnologies.com','8278289868','IN','palak','billing',NULL,NULL,NULL,NULL,NULL,NULL,NULL,NULL,NULL),(35,18,6,65,2,NULL,NULL,'Alaska','458596','Sharma','dfd','ddfdf','testankush@yopmail.com','258965896','US','Robin','shipping',NULL,NULL,NULL,NULL,NULL,NULL,NULL,NULL,NULL),(36,18,6,68,2,NULL,NULL,'Alaska','458596','Sharma','dfd','ddfdf','testankush@yopmail.com','258965896','US','Robin','billing',NULL,NULL,NULL,NULL,NULL,NULL,NULL,NULL,NULL);

--
-- Table structure for table `sales_order_aggregated_created`
--

CREATE TABLE `sales_order_aggregated_created` (
  `id` int unsigned NOT NULL AUTO_INCREMENT COMMENT 'ID',
  `period` date DEFAULT NULL COMMENT 'Period',
  `store_id` smallint unsigned DEFAULT NULL COMMENT 'Store ID',
  `order_status` varchar(50) NOT NULL COMMENT 'Order Status',
  `orders_count` int NOT NULL DEFAULT '0' COMMENT 'Orders Count',
  `total_qty_ordered` decimal(12,4) NOT NULL DEFAULT '0.0000' COMMENT 'Total Qty Ordered',
  `total_qty_invoiced` decimal(12,4) NOT NULL DEFAULT '0.0000' COMMENT 'Total Qty Invoiced',
  `total_income_amount` decimal(20,4) NOT NULL DEFAULT '0.0000' COMMENT 'Total Income Amount',
  `total_revenue_amount` decimal(20,4) NOT NULL DEFAULT '0.0000' COMMENT 'Total Revenue Amount',
  `total_profit_amount` decimal(20,4) NOT NULL DEFAULT '0.0000' COMMENT 'Total Profit Amount',
  `total_invoiced_amount` decimal(20,4) NOT NULL DEFAULT '0.0000' COMMENT 'Total Invoiced Amount',
  `total_canceled_amount` decimal(20,4) NOT NULL DEFAULT '0.0000' COMMENT 'Total Canceled Amount',
  `total_paid_amount` decimal(20,4) NOT NULL DEFAULT '0.0000' COMMENT 'Total Paid Amount',
  `total_refunded_amount` decimal(20,4) NOT NULL DEFAULT '0.0000' COMMENT 'Total Refunded Amount',
  `total_tax_amount` decimal(20,4) NOT NULL DEFAULT '0.0000' COMMENT 'Total Tax Amount',
  `total_tax_amount_actual` decimal(20,4) NOT NULL DEFAULT '0.0000' COMMENT 'Total Tax Amount Actual',
  `total_shipping_amount` decimal(20,4) NOT NULL DEFAULT '0.0000' COMMENT 'Total Shipping Amount',
  `total_shipping_amount_actual` decimal(20,4) NOT NULL DEFAULT '0.0000' COMMENT 'Total Shipping Amount Actual',
  `total_discount_amount` decimal(20,4) NOT NULL DEFAULT '0.0000' COMMENT 'Total Discount Amount',
  `total_discount_amount_actual` decimal(20,4) NOT NULL DEFAULT '0.0000' COMMENT 'Total Discount Amount Actual',
  PRIMARY KEY (`id`),
  UNIQUE KEY `SALES_ORDER_AGGREGATED_CREATED_PERIOD_STORE_ID_ORDER_STATUS` (`period`,`store_id`,`order_status`),
  KEY `SALES_ORDER_AGGREGATED_CREATED_STORE_ID` (`store_id`),
  CONSTRAINT `SALES_ORDER_AGGREGATED_CREATED_STORE_ID_STORE_STORE_ID` FOREIGN KEY (`store_id`) REFERENCES `store` (`store_id`) ON DELETE SET NULL
) ENGINE=InnoDB DEFAULT CHARSET=utf8mb3 COMMENT='Sales Order Aggregated Created';

--
-- Dumping data for table `sales_order_aggregated_created`
--


--
-- Table structure for table `sales_order_aggregated_updated`
--

CREATE TABLE `sales_order_aggregated_updated` (
  `id` int unsigned NOT NULL AUTO_INCREMENT COMMENT 'ID',
  `period` date DEFAULT NULL COMMENT 'Period',
  `store_id` smallint unsigned DEFAULT NULL COMMENT 'Store ID',
  `order_status` varchar(50) NOT NULL COMMENT 'Order Status',
  `orders_count` int NOT NULL DEFAULT '0' COMMENT 'Orders Count',
  `total_qty_ordered` decimal(12,4) NOT NULL DEFAULT '0.0000' COMMENT 'Total Qty Ordered',
  `total_qty_invoiced` decimal(12,4) NOT NULL DEFAULT '0.0000' COMMENT 'Total Qty Invoiced',
  `total_income_amount` decimal(20,4) NOT NULL DEFAULT '0.0000' COMMENT 'Total Income Amount',
  `total_revenue_amount` decimal(20,4) NOT NULL DEFAULT '0.0000' COMMENT 'Total Revenue Amount',
  `total_profit_amount` decimal(20,4) NOT NULL DEFAULT '0.0000' COMMENT 'Total Profit Amount',
  `total_invoiced_amount` decimal(20,4) NOT NULL DEFAULT '0.0000' COMMENT 'Total Invoiced Amount',
  `total_canceled_amount` decimal(20,4) NOT NULL DEFAULT '0.0000' COMMENT 'Total Canceled Amount',
  `total_paid_amount` decimal(20,4) NOT NULL DEFAULT '0.0000' COMMENT 'Total Paid Amount',
  `total_refunded_amount` decimal(20,4) NOT NULL DEFAULT '0.0000' COMMENT 'Total Refunded Amount',
  `total_tax_amount` decimal(20,4) NOT NULL DEFAULT '0.0000' COMMENT 'Total Tax Amount',
  `total_tax_amount_actual` decimal(20,4) NOT NULL DEFAULT '0.0000' COMMENT 'Total Tax Amount Actual',
  `total_shipping_amount` decimal(20,4) NOT NULL DEFAULT '0.0000' COMMENT 'Total Shipping Amount',
  `total_shipping_amount_actual` decimal(20,4) NOT NULL DEFAULT '0.0000' COMMENT 'Total Shipping Amount Actual',
  `total_discount_amount` decimal(20,4) NOT NULL DEFAULT '0.0000' COMMENT 'Total Discount Amount',
  `total_discount_amount_actual` decimal(20,4) NOT NULL DEFAULT '0.0000' COMMENT 'Total Discount Amount Actual',
  PRIMARY KEY (`id`),
  UNIQUE KEY `SALES_ORDER_AGGREGATED_UPDATED_PERIOD_STORE_ID_ORDER_STATUS` (`period`,`store_id`,`order_status`),
  KEY `SALES_ORDER_AGGREGATED_UPDATED_STORE_ID` (`store_id`),
  CONSTRAINT `SALES_ORDER_AGGREGATED_UPDATED_STORE_ID_STORE_STORE_ID` FOREIGN KEY (`store_id`) REFERENCES `store` (`store_id`) ON DELETE SET NULL
) ENGINE=InnoDB DEFAULT CHARSET=utf8mb3 COMMENT='Sales Order Aggregated Updated';

--
-- Dumping data for table `sales_order_aggregated_updated`
--


--
-- Table structure for table `sales_order_grid`
--

CREATE TABLE `sales_order_grid` (
  `entity_id` int unsigned NOT NULL COMMENT 'Entity ID',
  `status` varchar(32) DEFAULT NULL COMMENT 'Status',
  `store_id` smallint unsigned DEFAULT NULL COMMENT 'Store ID',
  `store_name` varchar(255) DEFAULT NULL COMMENT 'Store Name',
  `customer_id` int unsigned DEFAULT NULL COMMENT 'Customer ID',
  `base_grand_total` decimal(20,4) DEFAULT NULL COMMENT 'Base Grand Total',
  `base_total_paid` decimal(20,4) DEFAULT NULL COMMENT 'Base Total Paid',
  `grand_total` decimal(20,4) DEFAULT NULL COMMENT 'Grand Total',
  `total_paid` decimal(20,4) DEFAULT NULL COMMENT 'Total Paid',
  `increment_id` varchar(50) DEFAULT NULL COMMENT 'Increment ID',
  `base_currency_code` varchar(3) DEFAULT NULL COMMENT 'Base Currency Code',
  `order_currency_code` varchar(255) DEFAULT NULL COMMENT 'Order Currency Code',
  `shipping_name` varchar(255) DEFAULT NULL COMMENT 'Shipping Name',
  `billing_name` varchar(255) DEFAULT NULL COMMENT 'Billing Name',
  `created_at` timestamp NULL DEFAULT NULL COMMENT 'Created At',
  `updated_at` timestamp NULL DEFAULT NULL COMMENT 'Updated At',
  `billing_address` varchar(255) DEFAULT NULL COMMENT 'Billing Address',
  `shipping_address` varchar(255) DEFAULT NULL COMMENT 'Shipping Address',
  `shipping_information` varchar(255) DEFAULT NULL COMMENT 'Shipping Method Name',
  `customer_email` varchar(255) DEFAULT NULL COMMENT 'Customer Email',
  `customer_group` varchar(255) DEFAULT NULL COMMENT 'Customer Group',
  `subtotal` decimal(20,4) DEFAULT NULL COMMENT 'Subtotal',
  `shipping_and_handling` decimal(20,4) DEFAULT NULL COMMENT 'Shipping and handling amount',
  `customer_name` varchar(255) DEFAULT NULL COMMENT 'Customer Name',
  `payment_method` varchar(255) DEFAULT NULL COMMENT 'Payment Method',
  `total_refunded` decimal(20,4) DEFAULT NULL COMMENT 'Total Refunded',
  `pickup_location_code` varchar(255) DEFAULT NULL COMMENT 'Pickup Location Code',
  PRIMARY KEY (`entity_id`),
  UNIQUE KEY `SALES_ORDER_GRID_INCREMENT_ID_STORE_ID` (`increment_id`,`store_id`),
  KEY `SALES_ORDER_GRID_STATUS` (`status`),
  KEY `SALES_ORDER_GRID_STORE_ID` (`store_id`),
  KEY `SALES_ORDER_GRID_BASE_GRAND_TOTAL` (`base_grand_total`),
  KEY `SALES_ORDER_GRID_BASE_TOTAL_PAID` (`base_total_paid`),
  KEY `SALES_ORDER_GRID_GRAND_TOTAL` (`grand_total`),
  KEY `SALES_ORDER_GRID_TOTAL_PAID` (`total_paid`),
  KEY `SALES_ORDER_GRID_SHIPPING_NAME` (`shipping_name`),
  KEY `SALES_ORDER_GRID_BILLING_NAME` (`billing_name`),
  KEY `SALES_ORDER_GRID_CREATED_AT` (`created_at`),
  KEY `SALES_ORDER_GRID_CUSTOMER_ID` (`customer_id`),
  KEY `SALES_ORDER_GRID_UPDATED_AT` (`updated_at`),
  KEY `SALES_ORDER_GRID_PICKUP_LOCATION_CODE` (`pickup_location_code`),
  FULLTEXT KEY `FTI_65B9E9925EC58F0C7C2E2F6379C233E7` (`increment_id`,`billing_name`,`shipping_name`,`shipping_address`,`billing_address`,`customer_name`,`customer_email`)
) ENGINE=InnoDB DEFAULT CHARSET=utf8mb3 COMMENT='Sales Flat Order Grid';

--
-- Dumping data for table `sales_order_grid`
--

INSERT INTO `sales_order_grid` VALUES (1,'processing',1,'Main Website\nMain Website Store\nDefault Store View',1,36.3900,36.3900,36.3900,36.3900,'000000001','USD','USD','Veronica Costello','Veronica Costello','2024-02-29 10:29:50','2024-02-29 10:29:51','6146 Honey Bluff Parkway,Calder,Michigan,49628-7978','6146 Honey Bluff Parkway,Calder,Michigan,49628-7978','Flat Rate - Fixed','roni_cost@example.com','1',29.0000,5.0000,'Veronica Costello','checkmo',NULL,NULL),(2,'closed',1,'Main Website\nMain Website Store\nDefault Store View',1,39.6400,39.6400,39.6400,39.6400,'000000002','USD','USD','Veronica Costello','Veronica Costello','2024-02-29 10:29:51','2024-02-29 10:29:51','6146 Honey Bluff Parkway,Calder,Michigan,49628-7978','6146 Honey Bluff Parkway,Calder,Michigan,49628-7978','Flat Rate - Fixed','roni_cost@example.com','1',32.0000,5.0000,'Veronica Costello','checkmo',39.6400,NULL),(3,'pending',1,'Main Website\nMain Website Store\nDefault Store View',NULL,124.0000,NULL,124.0000,NULL,'000000003','USD','USD','palak bansal','palak bansal','2024-02-29 10:54:12','2024-02-29 10:54:12','test,test,chandigarh,Chandigarh,160101','test,test,chandigarh,Chandigarh,160101','Flat Rate - Fixed','palak.bansal@yirontechnologies.com','0',109.0000,15.0000,'palak bansal','checkmo',NULL,NULL),(4,'complete',1,'Main Website\nMain Website Store\nDefault Store View',2,29.0000,29.0000,29.0000,29.0000,'000000004','USD','USD','Amit kamboj','Amit kamboj','2024-03-05 04:46:38','2024-03-05 04:47:20','Test,Test,WESTLANDS,33122','Test,Test,WESTLANDS,33122','Flat Rate - Fixed','amit.kumar@yirontechnologies.com','1',24.0000,5.0000,'Amit kamboj','cashondelivery',NULL,NULL),(5,'pending',1,'Main Website\nMain Website Store\nDefault Store View',NULL,50.0000,NULL,50.0000,NULL,'000000005','USD','USD','PAlak BAnsal','PAlak BAnsal','2024-03-05 10:50:30','2024-03-05 10:50:30','fcs,chandigarh,Chandigarh,160101','fcs,chandigarh,Chandigarh,160101','Flat Rate - Fixed','palak.bansal@yirontechnologies.com','0',45.0000,5.0000,'PAlak BAnsal','cashondelivery',NULL,NULL),(6,'pending',1,'Main Website\nMain Website Store\nDefault Store View',3,29.0000,NULL,29.0000,NULL,'000000006','USD','USD','Amit kamboj','Amit kamboj','2024-03-05 10:59:32','2024-03-05 10:59:32','Test,Test,WESTLANDS,33122','Test,Test,WESTLANDS,33122','Flat Rate - Fixed','alert@jamboshop.com','1',24.0000,5.0000,'Amit kamboj','cashondelivery',NULL,NULL),(7,'pending',1,'Main Website\nMain Website Store\nDefault Store View',3,27.0000,NULL,27.0000,NULL,'000000007','USD','USD','Amit kamboj','Amit kamboj','2024-03-06 10:37:42','2024-03-06 10:37:42','Test,Test,WESTLANDS,33122','Test,Test,WESTLANDS,33122','Flat Rate - Fixed','alert@jamboshop.com','1',22.0000,5.0000,'Amit kamboj','cashondelivery',NULL,NULL),(8,'pending',1,'Main Website\nMain Website Store\nDefault Store View',3,59.0000,NULL,59.0000,NULL,'000000008','USD','USD','Amit kamboj','Amit kamboj','2024-03-06 11:20:46','2024-03-06 11:20:46','Test,Test,WESTLANDS,33122','Test,Test,WESTLANDS,33122','Flat Rate - Fixed','alert@jamboshop.com','1',54.0000,5.0000,'Amit kamboj','cashondelivery',NULL,NULL),(9,'pending',1,'Main Website\nMain Website Store\nDefault Store View',3,45.0000,NULL,45.0000,NULL,'000000009','USD','USD','Amit kamboj','Amit kamboj','2024-03-06 12:05:09','2024-03-06 12:05:09','Test,Test,WESTLANDS,33122','Test,Test,WESTLANDS,33122','Flat Rate - Fixed','alert@jamboshop.com','1',40.0000,5.0000,'Amit kamboj','cashondelivery',NULL,NULL),(10,'pending',1,'Main Website\nMain Website Store\nDefault Store View',3,49.0000,NULL,49.0000,NULL,'000000010','USD','USD','Amit kamboj','Amit kamboj','2024-03-06 12:05:37','2024-03-06 12:05:37','Test,Test,WESTLANDS,33122','Test,Test,WESTLANDS,33122','Flat Rate - Fixed','alert@jamboshop.com','1',44.0000,5.0000,'Amit kamboj','cashondelivery',NULL,NULL),(11,'pending',1,'Main Website\nMain Website Store\nDefault Store View',3,49.0000,NULL,49.0000,NULL,'000000011','USD','USD','Amit kamboj','Amit kamboj','2024-03-06 12:06:48','2024-03-06 12:06:48','Test,Test,WESTLANDS,33122','Test,Test,WESTLANDS,33122','Flat Rate - Fixed','alert@jamboshop.com','1',44.0000,5.0000,'Amit kamboj','checkmo',NULL,NULL),(12,'pending',1,'Main Website\nMain Website Store\nDefault Store View',NULL,90.0000,NULL,90.0000,NULL,'000000012','USD','USD','Palak Bansal','Palak Bansal','2024-03-06 12:07:10','2024-03-06 12:07:10','Fcs Building,chandigarh,Chandigarh,160101','Fcs Building,chandigarh,Chandigarh,160101','Flat Rate - Fixed','palak.bansal@yirontechnologies.com','0',80.0000,10.0000,'Palak Bansal','cashondelivery',NULL,NULL),(13,'pending',1,'Main Website\nMain Website Store\nDefault Store View',3,49.0000,NULL,49.0000,NULL,'000000013','USD','USD','Amit kamboj','Amit kamboj','2024-03-06 12:09:53','2024-03-06 12:09:53','Test,Test,WESTLANDS,33122','Test,Test,WESTLANDS,33122','Flat Rate - Fixed','alert@jamboshop.com','1',44.0000,5.0000,'Amit kamboj','checkmo',NULL,NULL),(14,'pending',1,'Main Website\nMain Website Store\nDefault Store View',NULL,49.0000,NULL,49.0000,NULL,'000000014','USD','USD','Palak Bansal','Palak Bansal','2024-03-06 12:09:58','2024-03-06 12:09:58','Fcs Building,chandigarh,Chandigarh,160101','Fcs Building,chandigarh,Chandigarh,160101','Flat Rate - Fixed','palak.bansal@yirontechnologies.com','0',44.0000,5.0000,'Palak Bansal','cashondelivery',NULL,NULL),(15,'pending',1,'Main Website\nMain Website Store\nDefault Store View',4,54.0000,NULL,54.0000,NULL,'000000015','USD','USD','palak bansal','palak bansal','2024-03-06 12:18:01','2024-03-06 12:18:01','fcs,chandigarh,Chandigarh,160101','fcs,chandigarh,Chandigarh,160101','Flat Rate - Fixed','plkbansal28@gmail.com','1',49.0000,5.0000,'palak bansal','cashondelivery',NULL,NULL),(16,'pending',1,'Main Website\nMain Website Store\nDefault Store View',3,49.0000,NULL,49.0000,NULL,'000000016','USD','USD','Amit kamboj','Amit kamboj','2024-03-06 12:18:49','2024-03-06 12:18:49','Test,Test,WESTLANDS,33122','Test,Test,WESTLANDS,33122','Flat Rate - Fixed','alert@jamboshop.com','1',44.0000,5.0000,'Amit kamboj','cashondelivery',NULL,NULL),(17,'pending',1,'Main Website\nMain Website Store\nDefault Store View',5,49.0000,NULL,49.0000,NULL,'000000017','USD','USD','palak gupta','palak gupta','2024-03-06 12:22:23','2024-03-06 12:22:23','fcs,chandigarh,Chandigarh,160101','fcs,chandigarh,Chandigarh,160101','Flat Rate - Fixed','palak.bansal@yirontechnologies.com','1',44.0000,5.0000,'palak gupta','cashondelivery',NULL,NULL),(18,'pending',1,'Main Website\nMain Website Store\nDefault Store View',7,205.0000,NULL,205.0000,NULL,'000000018','USD','USD','Robin Sharma','Robin Sharma','2024-08-30 09:51:42','2024-08-30 09:51:43','dfd,ddfdf,Alaska,458596','dfd,ddfdf,Alaska,458596','Best Way - Table Rate','testankush@yopmail.com','1',185.0000,20.0000,'Robin Sharma','checkmo',NULL,NULL);

--
-- Table structure for table `sales_order_item`
--

CREATE TABLE `sales_order_item` (
  `item_id` int unsigned NOT NULL AUTO_INCREMENT COMMENT 'Item ID',
  `order_id` int unsigned NOT NULL DEFAULT '0' COMMENT 'Order ID',
  `parent_item_id` int unsigned DEFAULT NULL COMMENT 'Parent Item ID',
  `quote_item_id` int unsigned DEFAULT NULL COMMENT 'Quote Item ID',
  `store_id` smallint unsigned DEFAULT NULL COMMENT 'Store ID',
  `created_at` timestamp NOT NULL DEFAULT CURRENT_TIMESTAMP COMMENT 'Created At',
  `updated_at` timestamp NOT NULL DEFAULT CURRENT_TIMESTAMP ON UPDATE CURRENT_TIMESTAMP COMMENT 'Updated At',
  `product_id` int unsigned DEFAULT NULL COMMENT 'Product ID',
  `product_type` varchar(255) DEFAULT NULL COMMENT 'Product Type',
  `product_options` longtext COMMENT 'Product Options',
  `weight` decimal(12,4) DEFAULT '0.0000' COMMENT 'Weight',
  `is_virtual` smallint unsigned DEFAULT NULL COMMENT 'Is Virtual',
  `sku` varchar(255) DEFAULT NULL COMMENT 'Sku',
  `name` varchar(255) DEFAULT NULL COMMENT 'Name',
  `description` text COMMENT 'Description',
  `applied_rule_ids` text COMMENT 'Applied Rule Ids',
  `additional_data` text COMMENT 'Additional Data',
  `is_qty_decimal` smallint unsigned DEFAULT NULL COMMENT 'Is Qty Decimal',
  `no_discount` smallint unsigned NOT NULL DEFAULT '0' COMMENT 'No Discount',
  `qty_backordered` decimal(12,4) DEFAULT '0.0000' COMMENT 'Qty Backordered',
  `qty_canceled` decimal(12,4) DEFAULT '0.0000' COMMENT 'Qty Canceled',
  `qty_invoiced` decimal(12,4) DEFAULT '0.0000' COMMENT 'Qty Invoiced',
  `qty_ordered` decimal(12,4) DEFAULT '0.0000' COMMENT 'Qty Ordered',
  `qty_refunded` decimal(12,4) DEFAULT '0.0000' COMMENT 'Qty Refunded',
  `qty_shipped` decimal(12,4) DEFAULT '0.0000' COMMENT 'Qty Shipped',
  `base_cost` decimal(12,4) DEFAULT '0.0000' COMMENT 'Base Cost',
  `price` decimal(12,4) NOT NULL DEFAULT '0.0000' COMMENT 'Price',
  `base_price` decimal(12,4) NOT NULL DEFAULT '0.0000' COMMENT 'Base Price',
  `original_price` decimal(12,4) DEFAULT NULL COMMENT 'Original Price',
  `base_original_price` decimal(12,4) DEFAULT NULL COMMENT 'Base Original Price',
  `tax_percent` decimal(12,4) DEFAULT '0.0000' COMMENT 'Tax Percent',
  `tax_amount` decimal(20,4) DEFAULT '0.0000' COMMENT 'Tax Amount',
  `base_tax_amount` decimal(20,4) DEFAULT '0.0000' COMMENT 'Base Tax Amount',
  `tax_invoiced` decimal(20,4) DEFAULT '0.0000' COMMENT 'Tax Invoiced',
  `base_tax_invoiced` decimal(20,4) DEFAULT '0.0000' COMMENT 'Base Tax Invoiced',
  `discount_percent` decimal(12,4) DEFAULT '0.0000' COMMENT 'Discount Percent',
  `discount_amount` decimal(20,4) DEFAULT '0.0000' COMMENT 'Discount Amount',
  `base_discount_amount` decimal(20,4) DEFAULT '0.0000' COMMENT 'Base Discount Amount',
  `discount_invoiced` decimal(20,4) DEFAULT '0.0000' COMMENT 'Discount Invoiced',
  `base_discount_invoiced` decimal(20,4) DEFAULT '0.0000' COMMENT 'Base Discount Invoiced',
  `amount_refunded` decimal(20,4) DEFAULT '0.0000' COMMENT 'Amount Refunded',
  `base_amount_refunded` decimal(20,4) DEFAULT '0.0000' COMMENT 'Base Amount Refunded',
  `row_total` decimal(20,4) NOT NULL DEFAULT '0.0000' COMMENT 'Row Total',
  `base_row_total` decimal(20,4) NOT NULL DEFAULT '0.0000' COMMENT 'Base Row Total',
  `row_invoiced` decimal(20,4) NOT NULL DEFAULT '0.0000' COMMENT 'Row Invoiced',
  `base_row_invoiced` decimal(20,4) NOT NULL DEFAULT '0.0000' COMMENT 'Base Row Invoiced',
  `row_weight` decimal(12,4) DEFAULT '0.0000' COMMENT 'Row Weight',
  `base_tax_before_discount` decimal(20,4) DEFAULT NULL COMMENT 'Base Tax Before Discount',
  `tax_before_discount` decimal(20,4) DEFAULT NULL COMMENT 'Tax Before Discount',
  `ext_order_item_id` varchar(255) DEFAULT NULL COMMENT 'Ext Order Item ID',
  `locked_do_invoice` smallint unsigned DEFAULT NULL COMMENT 'Locked Do Invoice',
  `locked_do_ship` smallint unsigned DEFAULT NULL COMMENT 'Locked Do Ship',
  `price_incl_tax` decimal(20,4) DEFAULT NULL COMMENT 'Price Incl Tax',
  `base_price_incl_tax` decimal(20,4) DEFAULT NULL COMMENT 'Base Price Incl Tax',
  `row_total_incl_tax` decimal(20,4) DEFAULT NULL COMMENT 'Row Total Incl Tax',
  `base_row_total_incl_tax` decimal(20,4) DEFAULT NULL COMMENT 'Base Row Total Incl Tax',
  `discount_tax_compensation_amount` decimal(20,4) DEFAULT NULL COMMENT 'Discount Tax Compensation Amount',
  `base_discount_tax_compensation_amount` decimal(20,4) DEFAULT NULL COMMENT 'Base Discount Tax Compensation Amount',
  `discount_tax_compensation_invoiced` decimal(20,4) DEFAULT NULL COMMENT 'Discount Tax Compensation Invoiced',
  `base_discount_tax_compensation_invoiced` decimal(20,4) DEFAULT NULL COMMENT 'Base Discount Tax Compensation Invoiced',
  `discount_tax_compensation_refunded` decimal(20,4) DEFAULT NULL COMMENT 'Discount Tax Compensation Refunded',
  `base_discount_tax_compensation_refunded` decimal(20,4) DEFAULT NULL COMMENT 'Base Discount Tax Compensation Refunded',
  `tax_canceled` decimal(12,4) DEFAULT NULL COMMENT 'Tax Canceled',
  `discount_tax_compensation_canceled` decimal(20,4) DEFAULT NULL COMMENT 'Discount Tax Compensation Canceled',
  `tax_refunded` decimal(20,4) DEFAULT NULL COMMENT 'Tax Refunded',
  `base_tax_refunded` decimal(20,4) DEFAULT NULL COMMENT 'Base Tax Refunded',
  `discount_refunded` decimal(20,4) DEFAULT NULL COMMENT 'Discount Refunded',
  `base_discount_refunded` decimal(20,4) DEFAULT NULL COMMENT 'Base Discount Refunded',
  `gift_message_id` int DEFAULT NULL COMMENT 'Gift Message ID',
  `gift_message_available` int DEFAULT NULL COMMENT 'Gift Message Available',
  `free_shipping` smallint unsigned NOT NULL DEFAULT '0' COMMENT 'Free Shipping',
  `weee_tax_applied` text COMMENT 'Weee Tax Applied',
  `weee_tax_applied_amount` decimal(12,4) DEFAULT NULL COMMENT 'Weee Tax Applied Amount',
  `weee_tax_applied_row_amount` decimal(12,4) DEFAULT NULL COMMENT 'Weee Tax Applied Row Amount',
  `weee_tax_disposition` decimal(12,4) DEFAULT NULL COMMENT 'Weee Tax Disposition',
  `weee_tax_row_disposition` decimal(12,4) DEFAULT NULL COMMENT 'Weee Tax Row Disposition',
  `base_weee_tax_applied_amount` decimal(12,4) DEFAULT NULL COMMENT 'Base Weee Tax Applied Amount',
  `base_weee_tax_applied_row_amnt` decimal(12,4) DEFAULT NULL COMMENT 'Base Weee Tax Applied Row Amnt',
  `base_weee_tax_disposition` decimal(12,4) DEFAULT NULL COMMENT 'Base Weee Tax Disposition',
  `base_weee_tax_row_disposition` decimal(12,4) DEFAULT NULL COMMENT 'Base Weee Tax Row Disposition',
  PRIMARY KEY (`item_id`),
  KEY `SALES_ORDER_ITEM_ORDER_ID` (`order_id`),
  KEY `SALES_ORDER_ITEM_STORE_ID` (`store_id`),
  CONSTRAINT `SALES_ORDER_ITEM_ORDER_ID_SALES_ORDER_ENTITY_ID` FOREIGN KEY (`order_id`) REFERENCES `sales_order` (`entity_id`) ON DELETE CASCADE,
  CONSTRAINT `SALES_ORDER_ITEM_STORE_ID_STORE_STORE_ID` FOREIGN KEY (`store_id`) REFERENCES `store` (`store_id`) ON DELETE SET NULL
) ENGINE=InnoDB AUTO_INCREMENT=34 DEFAULT CHARSET=utf8mb3 COMMENT='Sales Flat Order Item';

--
-- Dumping data for table `sales_order_item`
--

INSERT INTO `sales_order_item` VALUES (1,1,NULL,NULL,1,'2024-02-29 10:29:50','2024-02-29 10:29:51',1428,'configurable','{\"info_buyRequest\":{\"qty\":1,\"super_attribute\":{\"144\":\"166\",\"93\":\"58\"},\"options\":[]},\"attributes_info\":[{\"label\":\"Size\",\"value\":\"XS\",\"option_id\":144,\"option_value\":\"166\"},{\"label\":\"Color\",\"value\":\"Red\",\"option_id\":93,\"option_value\":\"58\"}],\"simple_name\":\"Iris Workout Top-XS-Red\",\"simple_sku\":\"WS03-XS-Red\",\"product_calculations\":1,\"shipment_type\":0}',1.0000,NULL,'WS03-XS-Red','Iris Workout Top',NULL,'1',NULL,0,0,NULL,0.0000,1.0000,1.0000,0.0000,1.0000,NULL,29.0000,29.0000,29.0000,29.0000,8.2500,2.3900,2.3900,2.3900,2.3900,0.0000,0.0000,0.0000,0.0000,0.0000,0.0000,0.0000,29.0000,29.0000,29.0000,29.0000,1.0000,NULL,NULL,NULL,NULL,NULL,31.3900,31.3900,31.3900,31.3900,0.0000,0.0000,0.0000,0.0000,NULL,NULL,NULL,NULL,NULL,NULL,NULL,NULL,NULL,NULL,0,NULL,NULL,NULL,NULL,NULL,NULL,NULL,NULL,NULL),(2,2,NULL,NULL,1,'2024-02-29 10:29:51','2024-02-29 10:29:51',1492,'configurable','{\"info_buyRequest\":{\"qty\":\"1.0000\",\"super_attribute\":{\"144\":\"166\",\"93\":\"50\"},\"options\":[]},\"attributes_info\":[{\"label\":\"Size\",\"value\":\"XS\",\"option_id\":144,\"option_value\":\"166\"},{\"label\":\"Color\",\"value\":\"Blue\",\"option_id\":93,\"option_value\":\"50\"}],\"simple_name\":\"Minerva LumaTech&trade; V-Tee-XS-Blue\",\"simple_sku\":\"WS08-XS-Blue\",\"product_calculations\":1,\"shipment_type\":0}',1.0000,NULL,'WS08-XS-Blue','Minerva LumaTech&trade; V-Tee',NULL,'1',NULL,0,0,NULL,0.0000,1.0000,1.0000,1.0000,1.0000,NULL,32.0000,32.0000,32.0000,32.0000,8.2500,2.6400,2.6400,2.6400,2.6400,0.0000,0.0000,0.0000,0.0000,0.0000,32.0000,32.0000,32.0000,32.0000,32.0000,32.0000,1.0000,NULL,NULL,NULL,NULL,NULL,34.6400,34.6400,34.6400,34.6400,0.0000,0.0000,0.0000,0.0000,0.0000,0.0000,NULL,NULL,2.6400,2.6400,0.0000,0.0000,NULL,NULL,0,'[]',NULL,NULL,NULL,NULL,NULL,NULL,NULL,NULL),(3,3,NULL,5,1,'2024-02-29 10:54:12','2024-02-29 10:54:12',14,'simple','{\"info_buyRequest\":{\"uenc\":\"aHR0cDovL2EyenN1cHBsaWVzLnlpcm9uZGVtb3MuY29tL3B1c2gtaXQtbWVzc2VuZ2VyLWJhZy5odG1s\",\"product\":\"14\",\"selected_configurable_option\":\"\",\"related_product\":\"\",\"item\":\"14\",\"qty\":\"1\"}}',NULL,0,'24-WB04','Push It Messenger Bag',NULL,'2',NULL,0,0,NULL,0.0000,0.0000,2.0000,0.0000,0.0000,NULL,45.0000,45.0000,45.0000,45.0000,0.0000,0.0000,0.0000,0.0000,0.0000,0.0000,0.0000,0.0000,0.0000,0.0000,0.0000,0.0000,90.0000,90.0000,0.0000,0.0000,0.0000,NULL,NULL,NULL,NULL,NULL,45.0000,45.0000,90.0000,90.0000,0.0000,0.0000,NULL,NULL,NULL,NULL,NULL,NULL,NULL,NULL,NULL,NULL,NULL,NULL,0,NULL,NULL,NULL,NULL,NULL,NULL,NULL,NULL,NULL),(4,3,NULL,6,1,'2024-02-29 10:54:12','2024-02-29 10:54:12',19,'simple','{\"info_buyRequest\":{\"uenc\":\"aHR0cDovL2EyenN1cHBsaWVzLnlpcm9uZGVtb3MuY29tL2NoZWNrb3V0L2NhcnQv\",\"product\":\"19\",\"in_cart\":\"1\",\"qty\":1}}',NULL,0,'24-UG05','Go-Get\'r Pushup Grips',NULL,'2',NULL,0,0,NULL,0.0000,0.0000,1.0000,0.0000,0.0000,NULL,19.0000,19.0000,19.0000,19.0000,0.0000,0.0000,0.0000,0.0000,0.0000,0.0000,0.0000,0.0000,0.0000,0.0000,0.0000,0.0000,19.0000,19.0000,0.0000,0.0000,0.0000,NULL,NULL,NULL,NULL,NULL,19.0000,19.0000,19.0000,19.0000,0.0000,0.0000,NULL,NULL,NULL,NULL,NULL,NULL,NULL,NULL,NULL,NULL,NULL,NULL,0,NULL,NULL,NULL,NULL,NULL,NULL,NULL,NULL,NULL),(5,4,NULL,12,1,'2024-03-05 04:46:38','2024-03-05 04:47:20',1997,'configurable','{\"info_buyRequest\":{\"uenc\":\"aHR0cDovL2EyenN1cHBsaWVzLnlpcm9uZGVtb3MuY29tL3doYXQtaXMtbmV3Lmh0bWw~\",\"product\":\"1997\",\"super_attribute\":{\"144\":\"171\",\"93\":\"50\"},\"qty\":\"1.0000\"},\"attributes_info\":[{\"label\":\"Size\",\"value\":\"28\",\"option_id\":144,\"option_value\":\"171\"},{\"label\":\"Color\",\"value\":\"Blue\",\"option_id\":93,\"option_value\":\"50\"}],\"simple_name\":\"Echo Fit Compression Short-28-Blue\",\"simple_sku\":\"WSH07-28-Blue\",\"product_calculations\":1,\"shipment_type\":0}',1.0000,0,'WSH07-28-Blue','Echo Fit Compression Short',NULL,NULL,NULL,0,0,NULL,0.0000,1.0000,1.0000,0.0000,1.0000,NULL,24.0000,24.0000,24.0000,24.0000,0.0000,0.0000,0.0000,0.0000,0.0000,0.0000,0.0000,0.0000,0.0000,0.0000,0.0000,0.0000,24.0000,24.0000,24.0000,24.0000,1.0000,NULL,NULL,NULL,NULL,NULL,24.0000,24.0000,24.0000,24.0000,0.0000,0.0000,0.0000,0.0000,NULL,NULL,NULL,NULL,NULL,NULL,NULL,NULL,NULL,NULL,0,'[]',NULL,NULL,NULL,NULL,NULL,NULL,NULL,NULL),(6,4,5,13,1,'2024-03-05 04:46:38','2024-03-05 04:47:05',1992,'simple','{\"info_buyRequest\":{\"uenc\":\"aHR0cDovL2EyenN1cHBsaWVzLnlpcm9uZGVtb3MuY29tL3doYXQtaXMtbmV3Lmh0bWw~\",\"product\":\"1997\",\"super_attribute\":{\"144\":\"171\",\"93\":\"50\"},\"qty\":1}}',1.0000,0,'WSH07-28-Blue','Echo Fit Compression Short-28-Blue',NULL,NULL,NULL,0,0,NULL,0.0000,1.0000,1.0000,0.0000,0.0000,NULL,0.0000,0.0000,0.0000,NULL,0.0000,0.0000,0.0000,0.0000,0.0000,0.0000,0.0000,0.0000,0.0000,0.0000,0.0000,0.0000,0.0000,0.0000,0.0000,0.0000,0.0000,NULL,NULL,NULL,NULL,NULL,NULL,NULL,NULL,NULL,NULL,NULL,0.0000,0.0000,NULL,NULL,NULL,NULL,NULL,NULL,NULL,NULL,NULL,NULL,0,NULL,NULL,NULL,NULL,NULL,NULL,NULL,NULL,NULL),(7,5,NULL,14,1,'2024-03-05 10:50:30','2024-03-05 10:50:30',14,'simple','{\"info_buyRequest\":{\"uenc\":\"aHR0cDovL2EyenN1cHBsaWVzLnlpcm9uZGVtb3MuY29tL3B1c2gtaXQtbWVzc2VuZ2VyLWJhZy5odG1s\",\"product\":\"14\",\"selected_configurable_option\":\"\",\"related_product\":\"\",\"item\":\"14\",\"qty\":\"1\"}}',NULL,0,'24-WB04','Push It Messenger Bag',NULL,NULL,NULL,0,0,NULL,0.0000,0.0000,1.0000,0.0000,0.0000,NULL,45.0000,45.0000,45.0000,45.0000,0.0000,0.0000,0.0000,0.0000,0.0000,0.0000,0.0000,0.0000,0.0000,0.0000,0.0000,0.0000,45.0000,45.0000,0.0000,0.0000,0.0000,NULL,NULL,NULL,NULL,NULL,45.0000,45.0000,45.0000,45.0000,0.0000,0.0000,NULL,NULL,NULL,NULL,NULL,NULL,NULL,NULL,NULL,NULL,NULL,NULL,0,NULL,NULL,NULL,NULL,NULL,NULL,NULL,NULL,NULL),(8,6,NULL,15,1,'2024-03-05 10:59:32','2024-03-05 10:59:32',1997,'configurable','{\"info_buyRequest\":{\"uenc\":\"aHR0cDovL2EyenN1cHBsaWVzLnlpcm9uZGVtb3MuY29tL2VjaG8tZml0LWNvbXByZXNzaW9uLXNob3J0Lmh0bWw~\",\"product\":\"1997\",\"selected_configurable_option\":\"\",\"related_product\":\"\",\"item\":\"1997\",\"super_attribute\":{\"144\":\"172\",\"93\":\"57\"},\"qty\":\"1\"},\"attributes_info\":[{\"label\":\"Size\",\"value\":\"29\",\"option_id\":144,\"option_value\":\"172\"},{\"label\":\"Color\",\"value\":\"Purple\",\"option_id\":93,\"option_value\":\"57\"}],\"simple_name\":\"Echo Fit Compression Short-29-Purple\",\"simple_sku\":\"WSH07-29-Purple\",\"product_calculations\":1,\"shipment_type\":0}',1.0000,0,'WSH07-29-Purple','Echo Fit Compression Short',NULL,NULL,NULL,0,0,NULL,0.0000,0.0000,1.0000,0.0000,0.0000,NULL,24.0000,24.0000,24.0000,24.0000,0.0000,0.0000,0.0000,0.0000,0.0000,0.0000,0.0000,0.0000,0.0000,0.0000,0.0000,0.0000,24.0000,24.0000,0.0000,0.0000,1.0000,NULL,NULL,NULL,NULL,NULL,24.0000,24.0000,24.0000,24.0000,0.0000,0.0000,NULL,NULL,NULL,NULL,NULL,NULL,NULL,NULL,NULL,NULL,NULL,NULL,0,NULL,NULL,NULL,NULL,NULL,NULL,NULL,NULL,NULL),(9,6,8,16,1,'2024-03-05 10:59:32','2024-03-05 10:59:32',1996,'simple','{\"info_buyRequest\":{\"uenc\":\"aHR0cDovL2EyenN1cHBsaWVzLnlpcm9uZGVtb3MuY29tL2VjaG8tZml0LWNvbXByZXNzaW9uLXNob3J0Lmh0bWw~\",\"product\":\"1997\",\"selected_configurable_option\":\"\",\"related_product\":\"\",\"item\":\"1997\",\"super_attribute\":{\"144\":\"172\",\"93\":\"57\"},\"qty\":\"1\"}}',1.0000,0,'WSH07-29-Purple','Echo Fit Compression Short-29-Purple',NULL,NULL,NULL,0,0,NULL,0.0000,0.0000,1.0000,0.0000,0.0000,NULL,0.0000,0.0000,0.0000,NULL,0.0000,0.0000,0.0000,0.0000,0.0000,0.0000,0.0000,0.0000,0.0000,0.0000,0.0000,0.0000,0.0000,0.0000,0.0000,0.0000,0.0000,NULL,NULL,NULL,NULL,NULL,NULL,NULL,NULL,NULL,NULL,NULL,NULL,NULL,NULL,NULL,NULL,NULL,NULL,NULL,NULL,NULL,NULL,NULL,0,NULL,NULL,NULL,NULL,NULL,NULL,NULL,NULL,NULL),(10,7,NULL,17,1,'2024-03-06 10:37:42','2024-03-06 10:37:42',694,'configurable','{\"info_buyRequest\":{\"uenc\":\"aHR0cDovL2EyenN1cHBsaWVzLnlpcm9uZGVtb3MuY29tL2FyZ3VzLWFsbC13ZWF0aGVyLXRhbmsuaHRtbA~~\",\"product\":\"694\",\"selected_configurable_option\":\"\",\"related_product\":\"\",\"item\":\"694\",\"super_attribute\":{\"144\":\"167\",\"93\":\"52\"},\"qty\":\"1\"},\"attributes_info\":[{\"label\":\"Size\",\"value\":\"S\",\"option_id\":144,\"option_value\":\"167\"},{\"label\":\"Color\",\"value\":\"Gray\",\"option_id\":93,\"option_value\":\"52\"}],\"simple_name\":\"Argus All-Weather Tank-S-Gray\",\"simple_sku\":\"MT07-S-Gray\",\"product_calculations\":1,\"shipment_type\":0}',1.0000,0,'MT07-S-Gray','Argus All-Weather Tank',NULL,NULL,NULL,0,0,NULL,0.0000,0.0000,1.0000,0.0000,0.0000,NULL,22.0000,22.0000,22.0000,22.0000,0.0000,0.0000,0.0000,0.0000,0.0000,0.0000,0.0000,0.0000,0.0000,0.0000,0.0000,0.0000,22.0000,22.0000,0.0000,0.0000,1.0000,NULL,NULL,NULL,NULL,NULL,22.0000,22.0000,22.0000,22.0000,0.0000,0.0000,NULL,NULL,NULL,NULL,NULL,NULL,NULL,NULL,NULL,NULL,NULL,NULL,0,NULL,NULL,NULL,NULL,NULL,NULL,NULL,NULL,NULL),(11,7,10,18,1,'2024-03-06 10:37:42','2024-03-06 10:37:42',690,'simple','{\"info_buyRequest\":{\"uenc\":\"aHR0cDovL2EyenN1cHBsaWVzLnlpcm9uZGVtb3MuY29tL2FyZ3VzLWFsbC13ZWF0aGVyLXRhbmsuaHRtbA~~\",\"product\":\"694\",\"selected_configurable_option\":\"\",\"related_product\":\"\",\"item\":\"694\",\"super_attribute\":{\"144\":\"167\",\"93\":\"52\"},\"qty\":\"1\"}}',1.0000,0,'MT07-S-Gray','Argus All-Weather Tank-S-Gray',NULL,NULL,NULL,0,0,NULL,0.0000,0.0000,1.0000,0.0000,0.0000,NULL,0.0000,0.0000,0.0000,NULL,0.0000,0.0000,0.0000,0.0000,0.0000,0.0000,0.0000,0.0000,0.0000,0.0000,0.0000,0.0000,0.0000,0.0000,0.0000,0.0000,0.0000,NULL,NULL,NULL,NULL,NULL,NULL,NULL,NULL,NULL,NULL,NULL,NULL,NULL,NULL,NULL,NULL,NULL,NULL,NULL,NULL,NULL,NULL,NULL,0,NULL,NULL,NULL,NULL,NULL,NULL,NULL,NULL,NULL),(12,8,NULL,19,1,'2024-03-06 11:20:46','2024-03-06 11:20:46',158,'configurable','{\"info_buyRequest\":{\"uenc\":\"aHR0cDovL2EyenN1cHBsaWVzLnlpcm9uZGVtb3MuY29tLw~~\",\"product\":\"158\",\"super_attribute\":{\"144\":\"167\",\"93\":\"52\"},\"qty\":1},\"attributes_info\":[{\"label\":\"Size\",\"value\":\"S\",\"option_id\":144,\"option_value\":\"167\"},{\"label\":\"Color\",\"value\":\"Gray\",\"option_id\":93,\"option_value\":\"52\"}],\"simple_name\":\"Hero Hoodie-S-Gray\",\"simple_sku\":\"MH07-S-Gray\",\"product_calculations\":1,\"shipment_type\":0}',1.0000,0,'MH07-S-Gray','Hero Hoodie',NULL,'2',NULL,0,0,NULL,0.0000,0.0000,1.0000,0.0000,0.0000,NULL,54.0000,54.0000,54.0000,54.0000,0.0000,0.0000,0.0000,0.0000,0.0000,0.0000,0.0000,0.0000,0.0000,0.0000,0.0000,0.0000,54.0000,54.0000,0.0000,0.0000,0.0000,NULL,NULL,NULL,NULL,NULL,54.0000,54.0000,54.0000,54.0000,0.0000,0.0000,NULL,NULL,NULL,NULL,NULL,NULL,NULL,NULL,NULL,NULL,NULL,NULL,0,NULL,NULL,NULL,NULL,NULL,NULL,NULL,NULL,NULL),(13,8,12,20,1,'2024-03-06 11:20:46','2024-03-06 11:20:46',147,'simple','{\"info_buyRequest\":{\"uenc\":\"aHR0cDovL2EyenN1cHBsaWVzLnlpcm9uZGVtb3MuY29tLw~~\",\"product\":\"158\",\"super_attribute\":{\"144\":\"167\",\"93\":\"52\"},\"qty\":1}}',1.0000,0,'MH07-S-Gray','Hero Hoodie-S-Gray',NULL,NULL,NULL,0,0,NULL,0.0000,0.0000,1.0000,0.0000,0.0000,NULL,0.0000,0.0000,0.0000,NULL,0.0000,0.0000,0.0000,0.0000,0.0000,0.0000,0.0000,0.0000,0.0000,0.0000,0.0000,0.0000,0.0000,0.0000,0.0000,0.0000,0.0000,NULL,NULL,NULL,NULL,NULL,NULL,NULL,NULL,NULL,NULL,NULL,NULL,NULL,NULL,NULL,NULL,NULL,NULL,NULL,NULL,NULL,NULL,NULL,0,NULL,NULL,NULL,NULL,NULL,NULL,NULL,NULL,NULL),(14,9,NULL,21,1,'2024-03-06 12:05:09','2024-03-06 12:05:09',2017,'configurable','{\"info_buyRequest\":{\"item\":\"1\",\"qty\":1,\"product\":\"2017\",\"selected_configurable_option\":\"\",\"related_product\":\"\",\"super_attribute\":{\"144\":\"172\",\"93\":\"56\"},\"uenc\":\"aHR0cDovL2EyenN1cHBsaWVzLnlpcm9uZGVtb3MuY29tLw~~\",\"action\":\"add\",\"original_qty\":\"1.0000\"},\"attributes_info\":[{\"label\":\"Size\",\"value\":\"29\",\"option_id\":144,\"option_value\":\"172\"},{\"label\":\"Color\",\"value\":\"Orange\",\"option_id\":93,\"option_value\":\"56\"}],\"simple_name\":\"Ana Running Short-29-Orange\",\"simple_sku\":\"WSH10-29-Orange\",\"product_calculations\":1,\"shipment_type\":0}',1.0000,0,'WSH10-29-Orange','Ana Running Short',NULL,NULL,NULL,0,0,NULL,0.0000,0.0000,1.0000,0.0000,0.0000,NULL,40.0000,40.0000,40.0000,40.0000,0.0000,0.0000,0.0000,0.0000,0.0000,0.0000,0.0000,0.0000,0.0000,0.0000,0.0000,0.0000,40.0000,40.0000,0.0000,0.0000,1.0000,NULL,NULL,NULL,NULL,NULL,40.0000,40.0000,40.0000,40.0000,0.0000,0.0000,NULL,NULL,NULL,NULL,NULL,NULL,NULL,NULL,NULL,NULL,NULL,NULL,0,NULL,NULL,NULL,NULL,NULL,NULL,NULL,NULL,NULL),(15,9,14,22,1,'2024-03-06 12:05:09','2024-03-06 12:05:09',2015,'simple','{\"info_buyRequest\":{\"item\":\"1\",\"qty\":1,\"product\":\"2017\",\"selected_configurable_option\":\"\",\"related_product\":\"\",\"super_attribute\":{\"144\":\"172\",\"93\":\"56\"},\"uenc\":\"aHR0cDovL2EyenN1cHBsaWVzLnlpcm9uZGVtb3MuY29tLw~~\",\"action\":\"add\",\"original_qty\":\"1.0000\"}}',1.0000,0,'WSH10-29-Orange','Ana Running Short-29-Orange',NULL,NULL,NULL,0,0,NULL,0.0000,0.0000,1.0000,0.0000,0.0000,NULL,0.0000,0.0000,0.0000,NULL,0.0000,0.0000,0.0000,0.0000,0.0000,0.0000,0.0000,0.0000,0.0000,0.0000,0.0000,0.0000,0.0000,0.0000,0.0000,0.0000,0.0000,NULL,NULL,NULL,NULL,NULL,NULL,NULL,NULL,NULL,NULL,NULL,NULL,NULL,NULL,NULL,NULL,NULL,NULL,NULL,NULL,NULL,NULL,NULL,0,NULL,NULL,NULL,NULL,NULL,NULL,NULL,NULL,NULL),(16,10,NULL,25,1,'2024-03-06 12:05:37','2024-03-06 12:05:37',2010,'configurable','{\"info_buyRequest\":{\"uenc\":\"aHR0cDovL2EyenN1cHBsaWVzLnlpcm9uZGVtb3MuY29tL21pbWktYWxsLXB1cnBvc2Utc2hvcnQuaHRtbA~~\",\"product\":\"2010\",\"selected_configurable_option\":\"\",\"related_product\":\"\",\"item\":\"2010\",\"super_attribute\":{\"144\":\"172\",\"93\":\"53\"},\"qty\":\"1\"},\"attributes_info\":[{\"label\":\"Size\",\"value\":\"29\",\"option_id\":144,\"option_value\":\"172\"},{\"label\":\"Color\",\"value\":\"Green\",\"option_id\":93,\"option_value\":\"53\"}],\"simple_name\":\"Mimi All-Purpose Short-29-Green\",\"simple_sku\":\"WSH09-29-Green\",\"product_calculations\":1,\"shipment_type\":0}',1.0000,0,'WSH09-29-Green','Mimi All-Purpose Short',NULL,NULL,NULL,0,0,NULL,0.0000,0.0000,1.0000,0.0000,0.0000,NULL,44.0000,44.0000,44.0000,44.0000,0.0000,0.0000,0.0000,0.0000,0.0000,0.0000,0.0000,0.0000,0.0000,0.0000,0.0000,0.0000,44.0000,44.0000,0.0000,0.0000,1.0000,NULL,NULL,NULL,NULL,NULL,44.0000,44.0000,44.0000,44.0000,0.0000,0.0000,NULL,NULL,NULL,NULL,NULL,NULL,NULL,NULL,NULL,NULL,NULL,NULL,0,NULL,NULL,NULL,NULL,NULL,NULL,NULL,NULL,NULL),(17,10,16,26,1,'2024-03-06 12:05:37','2024-03-06 12:05:37',2008,'simple','{\"info_buyRequest\":{\"uenc\":\"aHR0cDovL2EyenN1cHBsaWVzLnlpcm9uZGVtb3MuY29tL21pbWktYWxsLXB1cnBvc2Utc2hvcnQuaHRtbA~~\",\"product\":\"2010\",\"selected_configurable_option\":\"\",\"related_product\":\"\",\"item\":\"2010\",\"super_attribute\":{\"144\":\"172\",\"93\":\"53\"},\"qty\":\"1\"}}',1.0000,0,'WSH09-29-Green','Mimi All-Purpose Short-29-Green',NULL,NULL,NULL,0,0,NULL,0.0000,0.0000,1.0000,0.0000,0.0000,NULL,0.0000,0.0000,0.0000,NULL,0.0000,0.0000,0.0000,0.0000,0.0000,0.0000,0.0000,0.0000,0.0000,0.0000,0.0000,0.0000,0.0000,0.0000,0.0000,0.0000,0.0000,NULL,NULL,NULL,NULL,NULL,NULL,NULL,NULL,NULL,NULL,NULL,NULL,NULL,NULL,NULL,NULL,NULL,NULL,NULL,NULL,NULL,NULL,NULL,0,NULL,NULL,NULL,NULL,NULL,NULL,NULL,NULL,NULL),(18,11,NULL,27,1,'2024-03-06 12:06:48','2024-03-06 12:06:48',2010,'configurable','{\"info_buyRequest\":{\"uenc\":\"aHR0cDovL2EyenN1cHBsaWVzLnlpcm9uZGVtb3MuY29tL21pbWktYWxsLXB1cnBvc2Utc2hvcnQuaHRtbA~~\",\"product\":\"2010\",\"selected_configurable_option\":\"\",\"related_product\":\"\",\"item\":\"2010\",\"super_attribute\":{\"144\":\"172\",\"93\":\"53\"},\"qty\":\"1\"},\"attributes_info\":[{\"label\":\"Size\",\"value\":\"29\",\"option_id\":144,\"option_value\":\"172\"},{\"label\":\"Color\",\"value\":\"Green\",\"option_id\":93,\"option_value\":\"53\"}],\"simple_name\":\"Mimi All-Purpose Short-29-Green\",\"simple_sku\":\"WSH09-29-Green\",\"product_calculations\":1,\"shipment_type\":0}',1.0000,0,'WSH09-29-Green','Mimi All-Purpose Short',NULL,NULL,NULL,0,0,NULL,0.0000,0.0000,1.0000,0.0000,0.0000,NULL,44.0000,44.0000,44.0000,44.0000,0.0000,0.0000,0.0000,0.0000,0.0000,0.0000,0.0000,0.0000,0.0000,0.0000,0.0000,0.0000,44.0000,44.0000,0.0000,0.0000,1.0000,NULL,NULL,NULL,NULL,NULL,44.0000,44.0000,44.0000,44.0000,0.0000,0.0000,NULL,NULL,NULL,NULL,NULL,NULL,NULL,NULL,NULL,NULL,NULL,NULL,0,NULL,NULL,NULL,NULL,NULL,NULL,NULL,NULL,NULL),(19,11,18,28,1,'2024-03-06 12:06:48','2024-03-06 12:06:48',2008,'simple','{\"info_buyRequest\":{\"uenc\":\"aHR0cDovL2EyenN1cHBsaWVzLnlpcm9uZGVtb3MuY29tL21pbWktYWxsLXB1cnBvc2Utc2hvcnQuaHRtbA~~\",\"product\":\"2010\",\"selected_configurable_option\":\"\",\"related_product\":\"\",\"item\":\"2010\",\"super_attribute\":{\"144\":\"172\",\"93\":\"53\"},\"qty\":\"1\"}}',1.0000,0,'WSH09-29-Green','Mimi All-Purpose Short-29-Green',NULL,NULL,NULL,0,0,NULL,0.0000,0.0000,1.0000,0.0000,0.0000,NULL,0.0000,0.0000,0.0000,NULL,0.0000,0.0000,0.0000,0.0000,0.0000,0.0000,0.0000,0.0000,0.0000,0.0000,0.0000,0.0000,0.0000,0.0000,0.0000,0.0000,0.0000,NULL,NULL,NULL,NULL,NULL,NULL,NULL,NULL,NULL,NULL,NULL,NULL,NULL,NULL,NULL,NULL,NULL,NULL,NULL,NULL,NULL,NULL,NULL,0,NULL,NULL,NULL,NULL,NULL,NULL,NULL,NULL,NULL),(20,12,NULL,23,1,'2024-03-06 12:07:10','2024-03-06 12:07:10',2017,'configurable','{\"info_buyRequest\":{\"uenc\":\"aHR0cDovL2EyenN1cHBsaWVzLnlpcm9uZGVtb3MuY29tL2FuYS1ydW5uaW5nLXNob3J0Lmh0bWw~\",\"product\":\"2017\",\"selected_configurable_option\":\"\",\"related_product\":\"\",\"item\":\"2017\",\"super_attribute\":{\"144\":\"171\",\"93\":\"49\"},\"qty\":\"2\"},\"attributes_info\":[{\"label\":\"Size\",\"value\":\"28\",\"option_id\":144,\"option_value\":\"171\"},{\"label\":\"Color\",\"value\":\"Black\",\"option_id\":93,\"option_value\":\"49\"}],\"simple_name\":\"Ana Running Short-28-Black\",\"simple_sku\":\"WSH10-28-Black\",\"product_calculations\":1,\"shipment_type\":0}',1.0000,0,'WSH10-28-Black','Ana Running Short',NULL,'2',NULL,0,0,NULL,0.0000,0.0000,2.0000,0.0000,0.0000,NULL,40.0000,40.0000,40.0000,40.0000,0.0000,0.0000,0.0000,0.0000,0.0000,0.0000,0.0000,0.0000,0.0000,0.0000,0.0000,0.0000,80.0000,80.0000,0.0000,0.0000,0.0000,NULL,NULL,NULL,NULL,NULL,40.0000,40.0000,80.0000,80.0000,0.0000,0.0000,NULL,NULL,NULL,NULL,NULL,NULL,NULL,NULL,NULL,NULL,NULL,NULL,0,NULL,NULL,NULL,NULL,NULL,NULL,NULL,NULL,NULL),(21,12,20,24,1,'2024-03-06 12:07:10','2024-03-06 12:07:10',2011,'simple','{\"info_buyRequest\":{\"uenc\":\"aHR0cDovL2EyenN1cHBsaWVzLnlpcm9uZGVtb3MuY29tL2FuYS1ydW5uaW5nLXNob3J0Lmh0bWw~\",\"product\":\"2017\",\"selected_configurable_option\":\"\",\"related_product\":\"\",\"item\":\"2017\",\"super_attribute\":{\"144\":\"171\",\"93\":\"49\"},\"qty\":\"2\"}}',1.0000,0,'WSH10-28-Black','Ana Running Short-28-Black',NULL,NULL,NULL,0,0,NULL,0.0000,0.0000,2.0000,0.0000,0.0000,NULL,0.0000,0.0000,0.0000,NULL,0.0000,0.0000,0.0000,0.0000,0.0000,0.0000,0.0000,0.0000,0.0000,0.0000,0.0000,0.0000,0.0000,0.0000,0.0000,0.0000,0.0000,NULL,NULL,NULL,NULL,NULL,NULL,NULL,NULL,NULL,NULL,NULL,NULL,NULL,NULL,NULL,NULL,NULL,NULL,NULL,NULL,NULL,NULL,NULL,0,NULL,NULL,NULL,NULL,NULL,NULL,NULL,NULL,NULL),(22,13,NULL,29,1,'2024-03-06 12:09:53','2024-03-06 12:09:53',2010,'configurable','{\"info_buyRequest\":{\"uenc\":\"aHR0cDovL2EyenN1cHBsaWVzLnlpcm9uZGVtb3MuY29tL21pbWktYWxsLXB1cnBvc2Utc2hvcnQuaHRtbA~~\",\"product\":\"2010\",\"selected_configurable_option\":\"\",\"related_product\":\"\",\"item\":\"2010\",\"super_attribute\":{\"144\":\"172\",\"93\":\"53\"},\"qty\":\"1\"},\"attributes_info\":[{\"label\":\"Size\",\"value\":\"29\",\"option_id\":144,\"option_value\":\"172\"},{\"label\":\"Color\",\"value\":\"Green\",\"option_id\":93,\"option_value\":\"53\"}],\"simple_name\":\"Mimi All-Purpose Short-29-Green\",\"simple_sku\":\"WSH09-29-Green\",\"product_calculations\":1,\"shipment_type\":0}',1.0000,0,'WSH09-29-Green','Mimi All-Purpose Short',NULL,NULL,NULL,0,0,NULL,0.0000,0.0000,1.0000,0.0000,0.0000,NULL,44.0000,44.0000,44.0000,44.0000,0.0000,0.0000,0.0000,0.0000,0.0000,0.0000,0.0000,0.0000,0.0000,0.0000,0.0000,0.0000,44.0000,44.0000,0.0000,0.0000,1.0000,NULL,NULL,NULL,NULL,NULL,44.0000,44.0000,44.0000,44.0000,0.0000,0.0000,NULL,NULL,NULL,NULL,NULL,NULL,NULL,NULL,NULL,NULL,NULL,NULL,0,NULL,NULL,NULL,NULL,NULL,NULL,NULL,NULL,NULL),(23,13,22,30,1,'2024-03-06 12:09:53','2024-03-06 12:09:53',2008,'simple','{\"info_buyRequest\":{\"uenc\":\"aHR0cDovL2EyenN1cHBsaWVzLnlpcm9uZGVtb3MuY29tL21pbWktYWxsLXB1cnBvc2Utc2hvcnQuaHRtbA~~\",\"product\":\"2010\",\"selected_configurable_option\":\"\",\"related_product\":\"\",\"item\":\"2010\",\"super_attribute\":{\"144\":\"172\",\"93\":\"53\"},\"qty\":\"1\"}}',1.0000,0,'WSH09-29-Green','Mimi All-Purpose Short-29-Green',NULL,NULL,NULL,0,0,NULL,0.0000,0.0000,1.0000,0.0000,0.0000,NULL,0.0000,0.0000,0.0000,NULL,0.0000,0.0000,0.0000,0.0000,0.0000,0.0000,0.0000,0.0000,0.0000,0.0000,0.0000,0.0000,0.0000,0.0000,0.0000,0.0000,0.0000,NULL,NULL,NULL,NULL,NULL,NULL,NULL,NULL,NULL,NULL,NULL,NULL,NULL,NULL,NULL,NULL,NULL,NULL,NULL,NULL,NULL,NULL,NULL,0,NULL,NULL,NULL,NULL,NULL,NULL,NULL,NULL,NULL),(24,14,NULL,31,1,'2024-03-06 12:09:58','2024-03-06 12:09:58',2003,'configurable','{\"info_buyRequest\":{\"uenc\":\"aHR0cDovL2EyenN1cHBsaWVzLnlpcm9uZGVtb3MuY29tL3N5YmlsLXJ1bm5pbmctc2hvcnQuaHRtbA~~\",\"product\":\"2003\",\"selected_configurable_option\":\"\",\"related_product\":\"\",\"item\":\"2003\",\"super_attribute\":{\"144\":\"171\",\"93\":\"57\"},\"qty\":\"1\"},\"attributes_info\":[{\"label\":\"Size\",\"value\":\"28\",\"option_id\":144,\"option_value\":\"171\"},{\"label\":\"Color\",\"value\":\"Purple\",\"option_id\":93,\"option_value\":\"57\"}],\"simple_name\":\"Sybil Running Short-28-Purple\",\"simple_sku\":\"WSH08-28-Purple\",\"product_calculations\":1,\"shipment_type\":0}',1.0000,0,'WSH08-28-Purple','Sybil Running Short',NULL,NULL,NULL,0,0,NULL,0.0000,0.0000,1.0000,0.0000,0.0000,NULL,44.0000,44.0000,44.0000,44.0000,0.0000,0.0000,0.0000,0.0000,0.0000,0.0000,0.0000,0.0000,0.0000,0.0000,0.0000,0.0000,44.0000,44.0000,0.0000,0.0000,1.0000,NULL,NULL,NULL,NULL,NULL,44.0000,44.0000,44.0000,44.0000,0.0000,0.0000,NULL,NULL,NULL,NULL,NULL,NULL,NULL,NULL,NULL,NULL,NULL,NULL,0,NULL,NULL,NULL,NULL,NULL,NULL,NULL,NULL,NULL),(25,14,24,32,1,'2024-03-06 12:09:58','2024-03-06 12:09:58',1998,'simple','{\"info_buyRequest\":{\"uenc\":\"aHR0cDovL2EyenN1cHBsaWVzLnlpcm9uZGVtb3MuY29tL3N5YmlsLXJ1bm5pbmctc2hvcnQuaHRtbA~~\",\"product\":\"2003\",\"selected_configurable_option\":\"\",\"related_product\":\"\",\"item\":\"2003\",\"super_attribute\":{\"144\":\"171\",\"93\":\"57\"},\"qty\":\"1\"}}',1.0000,0,'WSH08-28-Purple','Sybil Running Short-28-Purple',NULL,NULL,NULL,0,0,NULL,0.0000,0.0000,1.0000,0.0000,0.0000,NULL,0.0000,0.0000,0.0000,NULL,0.0000,0.0000,0.0000,0.0000,0.0000,0.0000,0.0000,0.0000,0.0000,0.0000,0.0000,0.0000,0.0000,0.0000,0.0000,0.0000,0.0000,NULL,NULL,NULL,NULL,NULL,NULL,NULL,NULL,NULL,NULL,NULL,NULL,NULL,NULL,NULL,NULL,NULL,NULL,NULL,NULL,NULL,NULL,NULL,0,NULL,NULL,NULL,NULL,NULL,NULL,NULL,NULL,NULL),(26,15,NULL,33,1,'2024-03-06 12:18:01','2024-03-06 12:18:01',2024,'configurable','{\"info_buyRequest\":{\"uenc\":\"aHR0cDovL2EyenN1cHBsaWVzLnlpcm9uZGVtb3MuY29tL2luYS1jb21wcmVzc2lvbi1zaG9ydC5odG1s\",\"product\":\"2024\",\"selected_configurable_option\":\"\",\"related_product\":\"\",\"item\":\"2024\",\"super_attribute\":{\"144\":\"171\",\"93\":\"56\"},\"qty\":\"1\"},\"attributes_info\":[{\"label\":\"Size\",\"value\":\"28\",\"option_id\":144,\"option_value\":\"171\"},{\"label\":\"Color\",\"value\":\"Orange\",\"option_id\":93,\"option_value\":\"56\"}],\"simple_name\":\"Ina Compression Short-28-Orange\",\"simple_sku\":\"WSH11-28-Orange\",\"product_calculations\":1,\"shipment_type\":0}',1.0000,0,'WSH11-28-Orange','Ina Compression Short',NULL,NULL,NULL,0,0,NULL,0.0000,0.0000,1.0000,0.0000,0.0000,NULL,49.0000,49.0000,49.0000,49.0000,0.0000,0.0000,0.0000,0.0000,0.0000,0.0000,0.0000,0.0000,0.0000,0.0000,0.0000,0.0000,49.0000,49.0000,0.0000,0.0000,1.0000,NULL,NULL,NULL,NULL,NULL,49.0000,49.0000,49.0000,49.0000,0.0000,0.0000,NULL,NULL,NULL,NULL,NULL,NULL,NULL,NULL,NULL,NULL,NULL,NULL,0,NULL,NULL,NULL,NULL,NULL,NULL,NULL,NULL,NULL),(27,15,26,34,1,'2024-03-06 12:18:01','2024-03-06 12:18:01',2019,'simple','{\"info_buyRequest\":{\"uenc\":\"aHR0cDovL2EyenN1cHBsaWVzLnlpcm9uZGVtb3MuY29tL2luYS1jb21wcmVzc2lvbi1zaG9ydC5odG1s\",\"product\":\"2024\",\"selected_configurable_option\":\"\",\"related_product\":\"\",\"item\":\"2024\",\"super_attribute\":{\"144\":\"171\",\"93\":\"56\"},\"qty\":\"1\"}}',1.0000,0,'WSH11-28-Orange','Ina Compression Short-28-Orange',NULL,NULL,NULL,0,0,NULL,0.0000,0.0000,1.0000,0.0000,0.0000,NULL,0.0000,0.0000,0.0000,NULL,0.0000,0.0000,0.0000,0.0000,0.0000,0.0000,0.0000,0.0000,0.0000,0.0000,0.0000,0.0000,0.0000,0.0000,0.0000,0.0000,0.0000,NULL,NULL,NULL,NULL,NULL,NULL,NULL,NULL,NULL,NULL,NULL,NULL,NULL,NULL,NULL,NULL,NULL,NULL,NULL,NULL,NULL,NULL,NULL,0,NULL,NULL,NULL,NULL,NULL,NULL,NULL,NULL,NULL),(28,16,NULL,35,1,'2024-03-06 12:18:49','2024-03-06 12:18:49',2003,'configurable','{\"info_buyRequest\":{\"uenc\":\"aHR0cDovL2EyenN1cHBsaWVzLnlpcm9uZGVtb3MuY29tL3N5YmlsLXJ1bm5pbmctc2hvcnQuaHRtbA~~\",\"product\":\"2003\",\"selected_configurable_option\":\"\",\"related_product\":\"\",\"item\":\"2003\",\"super_attribute\":{\"144\":\"172\",\"93\":\"57\"},\"qty\":\"1\"},\"attributes_info\":[{\"label\":\"Size\",\"value\":\"29\",\"option_id\":144,\"option_value\":\"172\"},{\"label\":\"Color\",\"value\":\"Purple\",\"option_id\":93,\"option_value\":\"57\"}],\"simple_name\":\"Sybil Running Short-29-Purple\",\"simple_sku\":\"WSH08-29-Purple\",\"product_calculations\":1,\"shipment_type\":0}',1.0000,0,'WSH08-29-Purple','Sybil Running Short',NULL,NULL,NULL,0,0,NULL,0.0000,0.0000,1.0000,0.0000,0.0000,NULL,44.0000,44.0000,44.0000,44.0000,0.0000,0.0000,0.0000,0.0000,0.0000,0.0000,0.0000,0.0000,0.0000,0.0000,0.0000,0.0000,44.0000,44.0000,0.0000,0.0000,1.0000,NULL,NULL,NULL,NULL,NULL,44.0000,44.0000,44.0000,44.0000,0.0000,0.0000,NULL,NULL,NULL,NULL,NULL,NULL,NULL,NULL,NULL,NULL,NULL,NULL,0,NULL,NULL,NULL,NULL,NULL,NULL,NULL,NULL,NULL),(29,16,28,36,1,'2024-03-06 12:18:49','2024-03-06 12:18:49',1999,'simple','{\"info_buyRequest\":{\"uenc\":\"aHR0cDovL2EyenN1cHBsaWVzLnlpcm9uZGVtb3MuY29tL3N5YmlsLXJ1bm5pbmctc2hvcnQuaHRtbA~~\",\"product\":\"2003\",\"selected_configurable_option\":\"\",\"related_product\":\"\",\"item\":\"2003\",\"super_attribute\":{\"144\":\"172\",\"93\":\"57\"},\"qty\":\"1\"}}',1.0000,0,'WSH08-29-Purple','Sybil Running Short-29-Purple',NULL,NULL,NULL,0,0,NULL,0.0000,0.0000,1.0000,0.0000,0.0000,NULL,0.0000,0.0000,0.0000,NULL,0.0000,0.0000,0.0000,0.0000,0.0000,0.0000,0.0000,0.0000,0.0000,0.0000,0.0000,0.0000,0.0000,0.0000,0.0000,0.0000,0.0000,NULL,NULL,NULL,NULL,NULL,NULL,NULL,NULL,NULL,NULL,NULL,NULL,NULL,NULL,NULL,NULL,NULL,NULL,NULL,NULL,NULL,NULL,NULL,0,NULL,NULL,NULL,NULL,NULL,NULL,NULL,NULL,NULL),(30,17,NULL,37,1,'2024-03-06 12:22:23','2024-03-06 12:22:23',2003,'configurable','{\"info_buyRequest\":{\"uenc\":\"aHR0cDovL2EyenN1cHBsaWVzLnlpcm9uZGVtb3MuY29tL3N5YmlsLXJ1bm5pbmctc2hvcnQuaHRtbA~~\",\"product\":\"2003\",\"selected_configurable_option\":\"\",\"related_product\":\"\",\"item\":\"2003\",\"super_attribute\":{\"144\":\"171\",\"93\":\"57\"},\"qty\":\"1\"},\"attributes_info\":[{\"label\":\"Size\",\"value\":\"28\",\"option_id\":144,\"option_value\":\"171\"},{\"label\":\"Color\",\"value\":\"Purple\",\"option_id\":93,\"option_value\":\"57\"}],\"simple_name\":\"Sybil Running Short-28-Purple\",\"simple_sku\":\"WSH08-28-Purple\",\"product_calculations\":1,\"shipment_type\":0}',1.0000,0,'WSH08-28-Purple','Sybil Running Short',NULL,NULL,NULL,0,0,NULL,0.0000,0.0000,1.0000,0.0000,0.0000,NULL,44.0000,44.0000,44.0000,44.0000,0.0000,0.0000,0.0000,0.0000,0.0000,0.0000,0.0000,0.0000,0.0000,0.0000,0.0000,0.0000,44.0000,44.0000,0.0000,0.0000,1.0000,NULL,NULL,NULL,NULL,NULL,44.0000,44.0000,44.0000,44.0000,0.0000,0.0000,NULL,NULL,NULL,NULL,NULL,NULL,NULL,NULL,NULL,NULL,NULL,NULL,0,NULL,NULL,NULL,NULL,NULL,NULL,NULL,NULL,NULL),(31,17,30,38,1,'2024-03-06 12:22:23','2024-03-06 12:22:23',1998,'simple','{\"info_buyRequest\":{\"uenc\":\"aHR0cDovL2EyenN1cHBsaWVzLnlpcm9uZGVtb3MuY29tL3N5YmlsLXJ1bm5pbmctc2hvcnQuaHRtbA~~\",\"product\":\"2003\",\"selected_configurable_option\":\"\",\"related_product\":\"\",\"item\":\"2003\",\"super_attribute\":{\"144\":\"171\",\"93\":\"57\"},\"qty\":\"1\"}}',1.0000,0,'WSH08-28-Purple','Sybil Running Short-28-Purple',NULL,NULL,NULL,0,0,NULL,0.0000,0.0000,1.0000,0.0000,0.0000,NULL,0.0000,0.0000,0.0000,NULL,0.0000,0.0000,0.0000,0.0000,0.0000,0.0000,0.0000,0.0000,0.0000,0.0000,0.0000,0.0000,0.0000,0.0000,0.0000,0.0000,0.0000,NULL,NULL,NULL,NULL,NULL,NULL,NULL,NULL,NULL,NULL,NULL,NULL,NULL,NULL,NULL,NULL,NULL,NULL,NULL,NULL,NULL,NULL,NULL,0,NULL,NULL,NULL,NULL,NULL,NULL,NULL,NULL,NULL),(32,18,NULL,45,1,'2024-08-30 09:51:43','2024-08-30 09:51:43',33,'grouped','{\"info_buyRequest\":{\"super_product_config\":{\"product_type\":\"grouped\",\"product_id\":\"46\"}},\"super_product_config\":{\"product_code\":\"product_type\",\"product_type\":\"grouped\",\"product_id\":\"46\"}}',NULL,0,'24-WG085','Sprite Yoga Strap 6 foot',NULL,'2',NULL,0,0,NULL,0.0000,0.0000,10.0000,0.0000,0.0000,NULL,14.0000,14.0000,14.0000,14.0000,0.0000,0.0000,0.0000,0.0000,0.0000,0.0000,0.0000,0.0000,0.0000,0.0000,0.0000,0.0000,140.0000,140.0000,0.0000,0.0000,0.0000,NULL,NULL,NULL,NULL,NULL,14.0000,14.0000,140.0000,140.0000,0.0000,0.0000,NULL,NULL,NULL,NULL,NULL,NULL,NULL,NULL,NULL,NULL,NULL,NULL,0,NULL,NULL,NULL,NULL,NULL,NULL,NULL,NULL,NULL),(33,18,NULL,46,1,'2024-08-30 09:51:43','2024-08-30 09:51:43',5,'simple','{\"info_buyRequest\":{\"uenc\":\"aHR0cDovL2EyenN1cHBsaWVzLnlpcm9uZGVtb3MuY29tL3JpdmFsLWZpZWxkLW1lc3Nlbmdlci5odG1s\",\"product\":\"5\",\"selected_configurable_option\":\"\",\"related_product\":\"\",\"item\":\"5\",\"qty\":\"1\"}}',NULL,0,'24-MB06','Rival Field Messenger',NULL,'2',NULL,0,0,NULL,0.0000,0.0000,1.0000,0.0000,0.0000,NULL,45.0000,45.0000,45.0000,45.0000,0.0000,0.0000,0.0000,0.0000,0.0000,0.0000,0.0000,0.0000,0.0000,0.0000,0.0000,0.0000,45.0000,45.0000,0.0000,0.0000,0.0000,NULL,NULL,NULL,NULL,NULL,45.0000,45.0000,45.0000,45.0000,0.0000,0.0000,NULL,NULL,NULL,NULL,NULL,NULL,NULL,NULL,NULL,NULL,NULL,NULL,0,NULL,NULL,NULL,NULL,NULL,NULL,NULL,NULL,NULL);

--
-- Table structure for table `sales_order_status`
--

CREATE TABLE `sales_order_status` (
  `status` varchar(32) NOT NULL COMMENT 'Status',
  `label` varchar(128) NOT NULL COMMENT 'Label',
  PRIMARY KEY (`status`)
) ENGINE=InnoDB DEFAULT CHARSET=utf8mb3 COMMENT='Sales Order Status Table';

--
-- Dumping data for table `sales_order_status`
--

INSERT INTO `sales_order_status` VALUES ('canceled','Canceled'),('closed','Closed'),('complete','Complete'),('fraud','Suspected Fraud'),('holded','On Hold'),('payment_review','Payment Review'),('paypal_canceled_reversal','PayPal Canceled Reversal'),('paypal_reversed','PayPal Reversed'),('pending','Pending'),('pending_payment','Pending Payment'),('pending_paypal','Pending PayPal'),('processing','Processing');

--
-- Table structure for table `sales_order_status_history`
--

CREATE TABLE `sales_order_status_history` (
  `entity_id` int unsigned NOT NULL AUTO_INCREMENT COMMENT 'Entity ID',
  `parent_id` int unsigned NOT NULL COMMENT 'Parent ID',
  `is_customer_notified` int DEFAULT NULL COMMENT 'Is Customer Notified',
  `is_visible_on_front` smallint unsigned NOT NULL DEFAULT '0' COMMENT 'Is Visible On Front',
  `comment` text COMMENT 'Comment',
  `status` varchar(32) DEFAULT NULL COMMENT 'Status',
  `created_at` timestamp NOT NULL DEFAULT CURRENT_TIMESTAMP COMMENT 'Created At',
  `entity_name` varchar(32) DEFAULT NULL COMMENT 'Shows what entity history is bind to.',
  PRIMARY KEY (`entity_id`),
  KEY `SALES_ORDER_STATUS_HISTORY_PARENT_ID` (`parent_id`),
  KEY `SALES_ORDER_STATUS_HISTORY_CREATED_AT` (`created_at`),
  CONSTRAINT `SALES_ORDER_STATUS_HISTORY_PARENT_ID_SALES_ORDER_ENTITY_ID` FOREIGN KEY (`parent_id`) REFERENCES `sales_order` (`entity_id`) ON DELETE CASCADE
) ENGINE=InnoDB AUTO_INCREMENT=2 DEFAULT CHARSET=utf8mb3 COMMENT='Sales Flat Order Status History';

--
-- Dumping data for table `sales_order_status_history`
--

INSERT INTO `sales_order_status_history` VALUES (1,2,1,0,'We refunded $39.64 offline.','closed','2024-02-29 10:29:51','creditmemo');

--
-- Table structure for table `sales_order_status_label`
--

CREATE TABLE `sales_order_status_label` (
  `status` varchar(32) NOT NULL COMMENT 'Status',
  `store_id` smallint unsigned NOT NULL COMMENT 'Store ID',
  `label` varchar(128) NOT NULL COMMENT 'Label',
  PRIMARY KEY (`status`,`store_id`),
  KEY `SALES_ORDER_STATUS_LABEL_STORE_ID` (`store_id`),
  CONSTRAINT `SALES_ORDER_STATUS_LABEL_STATUS_SALES_ORDER_STATUS_STATUS` FOREIGN KEY (`status`) REFERENCES `sales_order_status` (`status`) ON DELETE CASCADE,
  CONSTRAINT `SALES_ORDER_STATUS_LABEL_STORE_ID_STORE_STORE_ID` FOREIGN KEY (`store_id`) REFERENCES `store` (`store_id`) ON DELETE CASCADE
) ENGINE=InnoDB DEFAULT CHARSET=utf8mb3 COMMENT='Sales Order Status Label Table';

--
-- Dumping data for table `sales_order_status_label`
--


--
-- Table structure for table `sales_order_status_state`
--

CREATE TABLE `sales_order_status_state` (
  `status` varchar(32) NOT NULL COMMENT 'Status',
  `state` varchar(32) NOT NULL COMMENT 'Label',
  `is_default` smallint unsigned NOT NULL DEFAULT '0' COMMENT 'Is Default',
  `visible_on_front` smallint unsigned NOT NULL DEFAULT '0' COMMENT 'Visible on front',
  PRIMARY KEY (`status`,`state`),
  CONSTRAINT `SALES_ORDER_STATUS_STATE_STATUS_SALES_ORDER_STATUS_STATUS` FOREIGN KEY (`status`) REFERENCES `sales_order_status` (`status`) ON DELETE CASCADE
) ENGINE=InnoDB DEFAULT CHARSET=utf8mb3 COMMENT='Sales Order Status Table';

--
-- Dumping data for table `sales_order_status_state`
--

INSERT INTO `sales_order_status_state` VALUES ('canceled','canceled',1,1),('closed','closed',1,1),('complete','complete',1,1),('fraud','payment_review',0,1),('fraud','processing',0,1),('holded','holded',1,1),('payment_review','payment_review',1,1),('pending','new',1,1),('pending_payment','pending_payment',1,0),('processing','processing',1,1);

--
-- Table structure for table `sales_order_tax`
--

CREATE TABLE `sales_order_tax` (
  `tax_id` int unsigned NOT NULL AUTO_INCREMENT COMMENT 'Tax ID',
  `order_id` int unsigned NOT NULL COMMENT 'Order ID',
  `code` varchar(255) DEFAULT NULL COMMENT 'Code',
  `title` varchar(255) DEFAULT NULL COMMENT 'Title',
  `percent` decimal(12,4) DEFAULT NULL COMMENT 'Percent',
  `amount` decimal(20,4) DEFAULT NULL COMMENT 'Amount',
  `priority` int NOT NULL COMMENT 'Priority',
  `position` int NOT NULL COMMENT 'Position',
  `base_amount` decimal(20,4) DEFAULT NULL COMMENT 'Base Amount',
  `process` smallint NOT NULL COMMENT 'Process',
  `base_real_amount` decimal(20,4) DEFAULT NULL COMMENT 'Base Real Amount',
  PRIMARY KEY (`tax_id`),
  KEY `SALES_ORDER_TAX_ORDER_ID_PRIORITY_POSITION` (`order_id`,`priority`,`position`)
) ENGINE=InnoDB AUTO_INCREMENT=3 DEFAULT CHARSET=utf8mb3 COMMENT='Sales Order Tax Table';

--
-- Dumping data for table `sales_order_tax`
--

INSERT INTO `sales_order_tax` VALUES (1,1,'US-MI-*-Rate 1','US-MI-*-Rate 1',8.2500,2.3900,0,0,2.3900,0,2.3900),(2,2,'US-MI-*-Rate 1','US-MI-*-Rate 1',8.2500,2.6400,0,0,2.6400,0,2.6400);

--
-- Table structure for table `sales_order_tax_item`
--

CREATE TABLE `sales_order_tax_item` (
  `tax_item_id` int unsigned NOT NULL AUTO_INCREMENT COMMENT 'Tax Item ID',
  `tax_id` int unsigned NOT NULL COMMENT 'Tax ID',
  `item_id` int unsigned DEFAULT NULL COMMENT 'Item ID',
  `tax_percent` decimal(12,4) NOT NULL COMMENT 'Real Tax Percent For Item',
  `amount` decimal(20,4) NOT NULL COMMENT 'Tax amount for the item and tax rate',
  `base_amount` decimal(20,4) NOT NULL COMMENT 'Base tax amount for the item and tax rate',
  `real_amount` decimal(20,4) NOT NULL COMMENT 'Real tax amount for the item and tax rate',
  `real_base_amount` decimal(20,4) NOT NULL COMMENT 'Real base tax amount for the item and tax rate',
  `associated_item_id` int unsigned DEFAULT NULL COMMENT 'Id of the associated item',
  `taxable_item_type` varchar(32) NOT NULL COMMENT 'Type of the taxable item',
  PRIMARY KEY (`tax_item_id`),
  UNIQUE KEY `SALES_ORDER_TAX_ITEM_TAX_ID_ITEM_ID` (`tax_id`,`item_id`),
  KEY `SALES_ORDER_TAX_ITEM_ASSOCIATED_ITEM_ID_SALES_ORDER_ITEM_ITEM_ID` (`associated_item_id`),
  KEY `SALES_ORDER_TAX_ITEM_ITEM_ID` (`item_id`),
  CONSTRAINT `SALES_ORDER_TAX_ITEM_ASSOCIATED_ITEM_ID_SALES_ORDER_ITEM_ITEM_ID` FOREIGN KEY (`associated_item_id`) REFERENCES `sales_order_item` (`item_id`) ON DELETE CASCADE,
  CONSTRAINT `SALES_ORDER_TAX_ITEM_ITEM_ID_SALES_ORDER_ITEM_ITEM_ID` FOREIGN KEY (`item_id`) REFERENCES `sales_order_item` (`item_id`) ON DELETE CASCADE,
  CONSTRAINT `SALES_ORDER_TAX_ITEM_TAX_ID_SALES_ORDER_TAX_TAX_ID` FOREIGN KEY (`tax_id`) REFERENCES `sales_order_tax` (`tax_id`) ON DELETE CASCADE
) ENGINE=InnoDB AUTO_INCREMENT=3 DEFAULT CHARSET=utf8mb3 COMMENT='Sales Order Tax Item';

--
-- Dumping data for table `sales_order_tax_item`
--

INSERT INTO `sales_order_tax_item` VALUES (1,1,NULL,8.2500,2.3900,2.3900,2.3900,2.3900,NULL,'product'),(2,2,NULL,8.2500,2.6400,2.6400,2.6400,2.6400,NULL,'product');

--
-- Table structure for table `sales_payment_transaction`
--

CREATE TABLE `sales_payment_transaction` (
  `transaction_id` int unsigned NOT NULL AUTO_INCREMENT COMMENT 'Transaction ID',
  `parent_id` int unsigned DEFAULT NULL COMMENT 'Parent ID',
  `order_id` int unsigned NOT NULL DEFAULT '0' COMMENT 'Order ID',
  `payment_id` int unsigned NOT NULL DEFAULT '0' COMMENT 'Payment ID',
  `txn_id` varchar(100) DEFAULT NULL COMMENT 'Txn ID',
  `parent_txn_id` varchar(100) DEFAULT NULL COMMENT 'Parent Txn ID',
  `txn_type` varchar(15) DEFAULT NULL COMMENT 'Txn Type',
  `is_closed` smallint unsigned NOT NULL DEFAULT '1' COMMENT 'Is Closed',
  `additional_information` blob COMMENT 'Additional Information',
  `created_at` timestamp NOT NULL DEFAULT CURRENT_TIMESTAMP COMMENT 'Created At',
  PRIMARY KEY (`transaction_id`),
  UNIQUE KEY `SALES_PAYMENT_TRANSACTION_ORDER_ID_PAYMENT_ID_TXN_ID` (`order_id`,`payment_id`,`txn_id`),
  KEY `SALES_PAYMENT_TRANSACTION_PARENT_ID` (`parent_id`),
  KEY `SALES_PAYMENT_TRANSACTION_PAYMENT_ID` (`payment_id`),
  CONSTRAINT `FK_B99FF1A06402D725EBDB0F3A7ECD47A2` FOREIGN KEY (`parent_id`) REFERENCES `sales_payment_transaction` (`transaction_id`) ON DELETE CASCADE,
  CONSTRAINT `SALES_PAYMENT_TRANSACTION_ORDER_ID_SALES_ORDER_ENTITY_ID` FOREIGN KEY (`order_id`) REFERENCES `sales_order` (`entity_id`) ON DELETE CASCADE,
  CONSTRAINT `SALES_PAYMENT_TRANSACTION_PAYMENT_ID_SALES_ORDER_PAYMENT_ENTT_ID` FOREIGN KEY (`payment_id`) REFERENCES `sales_order_payment` (`entity_id`) ON DELETE CASCADE
) ENGINE=InnoDB DEFAULT CHARSET=utf8mb3 COMMENT='Sales Payment Transaction';

--
-- Dumping data for table `sales_payment_transaction`
--


--
-- Table structure for table `sales_refunded_aggregated`
--

CREATE TABLE `sales_refunded_aggregated` (
  `id` int unsigned NOT NULL AUTO_INCREMENT COMMENT 'ID',
  `period` date DEFAULT NULL COMMENT 'Period',
  `store_id` smallint unsigned DEFAULT NULL COMMENT 'Store ID',
  `order_status` varchar(50) NOT NULL COMMENT 'Order Status',
  `orders_count` int NOT NULL DEFAULT '0' COMMENT 'Orders Count',
  `refunded` decimal(20,4) DEFAULT NULL COMMENT 'Refunded',
  `online_refunded` decimal(20,4) DEFAULT NULL COMMENT 'Online Refunded',
  `offline_refunded` decimal(20,4) DEFAULT NULL COMMENT 'Offline Refunded',
  PRIMARY KEY (`id`),
  UNIQUE KEY `SALES_REFUNDED_AGGREGATED_PERIOD_STORE_ID_ORDER_STATUS` (`period`,`store_id`,`order_status`),
  KEY `SALES_REFUNDED_AGGREGATED_STORE_ID` (`store_id`),
  CONSTRAINT `SALES_REFUNDED_AGGREGATED_STORE_ID_STORE_STORE_ID` FOREIGN KEY (`store_id`) REFERENCES `store` (`store_id`) ON DELETE SET NULL
) ENGINE=InnoDB DEFAULT CHARSET=utf8mb3 COMMENT='Sales Refunded Aggregated';

--
-- Dumping data for table `sales_refunded_aggregated`
--


--
-- Table structure for table `sales_refunded_aggregated_order`
--

CREATE TABLE `sales_refunded_aggregated_order` (
  `id` int unsigned NOT NULL AUTO_INCREMENT COMMENT 'ID',
  `period` date DEFAULT NULL COMMENT 'Period',
  `store_id` smallint unsigned DEFAULT NULL COMMENT 'Store ID',
  `order_status` varchar(50) DEFAULT NULL COMMENT 'Order Status',
  `orders_count` int NOT NULL DEFAULT '0' COMMENT 'Orders Count',
  `refunded` decimal(20,4) DEFAULT NULL COMMENT 'Refunded',
  `online_refunded` decimal(20,4) DEFAULT NULL COMMENT 'Online Refunded',
  `offline_refunded` decimal(20,4) DEFAULT NULL COMMENT 'Offline Refunded',
  PRIMARY KEY (`id`),
  UNIQUE KEY `SALES_REFUNDED_AGGREGATED_ORDER_PERIOD_STORE_ID_ORDER_STATUS` (`period`,`store_id`,`order_status`),
  KEY `SALES_REFUNDED_AGGREGATED_ORDER_STORE_ID` (`store_id`),
  CONSTRAINT `SALES_REFUNDED_AGGREGATED_ORDER_STORE_ID_STORE_STORE_ID` FOREIGN KEY (`store_id`) REFERENCES `store` (`store_id`) ON DELETE SET NULL
) ENGINE=InnoDB DEFAULT CHARSET=utf8mb3 COMMENT='Sales Refunded Aggregated Order';

--
-- Dumping data for table `sales_refunded_aggregated_order`
--


--
-- Table structure for table `sales_sequence_meta`
--

CREATE TABLE `sales_sequence_meta` (
  `meta_id` int unsigned NOT NULL AUTO_INCREMENT COMMENT 'ID',
  `entity_type` varchar(32) NOT NULL COMMENT 'Prefix',
  `store_id` smallint unsigned NOT NULL COMMENT 'Store ID',
  `sequence_table` varchar(64) NOT NULL COMMENT 'table for sequence',
  PRIMARY KEY (`meta_id`),
  UNIQUE KEY `SALES_SEQUENCE_META_ENTITY_TYPE_STORE_ID` (`entity_type`,`store_id`)
) ENGINE=InnoDB AUTO_INCREMENT=9 DEFAULT CHARSET=utf8mb3 COMMENT='sales_sequence_meta';

--
-- Dumping data for table `sales_sequence_meta`
--

INSERT INTO `sales_sequence_meta` VALUES (1,'order',0,'sequence_order_0'),(2,'invoice',0,'sequence_invoice_0'),(3,'creditmemo',0,'sequence_creditmemo_0'),(4,'shipment',0,'sequence_shipment_0'),(5,'order',1,'sequence_order_1'),(6,'invoice',1,'sequence_invoice_1'),(7,'creditmemo',1,'sequence_creditmemo_1'),(8,'shipment',1,'sequence_shipment_1');

--
-- Table structure for table `sales_sequence_profile`
--

CREATE TABLE `sales_sequence_profile` (
  `profile_id` int unsigned NOT NULL AUTO_INCREMENT COMMENT 'ID',
  `meta_id` int unsigned NOT NULL COMMENT 'Meta_id',
  `prefix` varchar(32) DEFAULT NULL COMMENT 'Prefix',
  `suffix` varchar(32) DEFAULT NULL COMMENT 'Suffix',
  `start_value` int unsigned NOT NULL DEFAULT '1' COMMENT 'Start value for sequence',
  `step` int unsigned NOT NULL DEFAULT '1' COMMENT 'Step for sequence',
  `max_value` int unsigned NOT NULL COMMENT 'MaxValue for sequence',
  `warning_value` int unsigned NOT NULL COMMENT 'WarningValue for sequence',
  `is_active` tinyint(1) NOT NULL DEFAULT '0' COMMENT 'isActive flag',
  PRIMARY KEY (`profile_id`),
  UNIQUE KEY `SALES_SEQUENCE_PROFILE_META_ID_PREFIX_SUFFIX` (`meta_id`,`prefix`,`suffix`),
  CONSTRAINT `SALES_SEQUENCE_PROFILE_META_ID_SALES_SEQUENCE_META_META_ID` FOREIGN KEY (`meta_id`) REFERENCES `sales_sequence_meta` (`meta_id`) ON DELETE CASCADE
) ENGINE=InnoDB AUTO_INCREMENT=9 DEFAULT CHARSET=utf8mb3 COMMENT='sales_sequence_profile';

--
-- Dumping data for table `sales_sequence_profile`
--

INSERT INTO `sales_sequence_profile` VALUES (1,1,NULL,NULL,1,1,4294967295,4294966295,1),(2,2,NULL,NULL,1,1,4294967295,4294966295,1),(3,3,NULL,NULL,1,1,4294967295,4294966295,1),(4,4,NULL,NULL,1,1,4294967295,4294966295,1),(5,5,NULL,NULL,1,1,4294967295,4294966295,1),(6,6,NULL,NULL,1,1,4294967295,4294966295,1),(7,7,NULL,NULL,1,1,4294967295,4294966295,1),(8,8,NULL,NULL,1,1,4294967295,4294966295,1);

--
-- Table structure for table `sales_shipment`
--

CREATE TABLE `sales_shipment` (
  `entity_id` int unsigned NOT NULL AUTO_INCREMENT COMMENT 'Entity ID',
  `store_id` smallint unsigned DEFAULT NULL COMMENT 'Store ID',
  `total_weight` decimal(12,4) DEFAULT NULL COMMENT 'Total Weight',
  `total_qty` decimal(12,4) DEFAULT NULL COMMENT 'Total Qty',
  `email_sent` smallint unsigned DEFAULT NULL COMMENT 'Email Sent',
  `send_email` smallint unsigned DEFAULT NULL COMMENT 'Send Email',
  `order_id` int unsigned NOT NULL COMMENT 'Order ID',
  `customer_id` int DEFAULT NULL COMMENT 'Customer ID',
  `shipping_address_id` int DEFAULT NULL COMMENT 'Shipping Address ID',
  `billing_address_id` int DEFAULT NULL COMMENT 'Billing Address ID',
  `shipment_status` int DEFAULT NULL COMMENT 'Shipment Status',
  `increment_id` varchar(50) DEFAULT NULL COMMENT 'Increment ID',
  `created_at` timestamp NOT NULL DEFAULT CURRENT_TIMESTAMP COMMENT 'Created At',
  `updated_at` timestamp NOT NULL DEFAULT CURRENT_TIMESTAMP ON UPDATE CURRENT_TIMESTAMP COMMENT 'Updated At',
  `packages` text COMMENT 'Packed Products in Packages',
  `shipping_label` mediumblob COMMENT 'Shipping Label Content',
  `customer_note` text COMMENT 'Customer Note',
  `customer_note_notify` smallint unsigned DEFAULT NULL COMMENT 'Customer Note Notify',
  PRIMARY KEY (`entity_id`),
  UNIQUE KEY `SALES_SHIPMENT_INCREMENT_ID_STORE_ID` (`increment_id`,`store_id`),
  KEY `SALES_SHIPMENT_STORE_ID` (`store_id`),
  KEY `SALES_SHIPMENT_TOTAL_QTY` (`total_qty`),
  KEY `SALES_SHIPMENT_ORDER_ID` (`order_id`),
  KEY `SALES_SHIPMENT_CREATED_AT` (`created_at`),
  KEY `SALES_SHIPMENT_UPDATED_AT` (`updated_at`),
  KEY `SALES_SHIPMENT_SEND_EMAIL` (`send_email`),
  KEY `SALES_SHIPMENT_EMAIL_SENT` (`email_sent`),
  CONSTRAINT `SALES_SHIPMENT_ORDER_ID_SALES_ORDER_ENTITY_ID` FOREIGN KEY (`order_id`) REFERENCES `sales_order` (`entity_id`) ON DELETE CASCADE,
  CONSTRAINT `SALES_SHIPMENT_STORE_ID_STORE_STORE_ID` FOREIGN KEY (`store_id`) REFERENCES `store` (`store_id`) ON DELETE SET NULL
) ENGINE=InnoDB AUTO_INCREMENT=4 DEFAULT CHARSET=utf8mb3 COMMENT='Sales Flat Shipment';

--
-- Dumping data for table `sales_shipment`
--

INSERT INTO `sales_shipment` VALUES (1,1,NULL,1.0000,NULL,NULL,1,1,1,2,NULL,'000000001','2024-02-29 10:29:50','2024-02-29 10:29:50','[]',NULL,NULL,NULL),(2,1,NULL,1.0000,NULL,NULL,2,1,3,4,NULL,'000000002','2024-02-29 10:29:51','2024-02-29 10:29:51','[]',NULL,NULL,NULL),(3,1,NULL,1.0000,1,1,4,2,7,8,NULL,'000000003','2024-03-05 04:47:19','2024-03-05 04:47:29','[]',NULL,'Test',1);

--
-- Table structure for table `sales_shipment_comment`
--

CREATE TABLE `sales_shipment_comment` (
  `entity_id` int unsigned NOT NULL AUTO_INCREMENT COMMENT 'Entity ID',
  `parent_id` int unsigned NOT NULL COMMENT 'Parent ID',
  `is_customer_notified` int DEFAULT NULL COMMENT 'Is Customer Notified',
  `is_visible_on_front` smallint unsigned NOT NULL DEFAULT '0' COMMENT 'Is Visible On Front',
  `comment` text COMMENT 'Comment',
  `created_at` timestamp NOT NULL DEFAULT CURRENT_TIMESTAMP COMMENT 'Created At',
  PRIMARY KEY (`entity_id`),
  KEY `SALES_SHIPMENT_COMMENT_CREATED_AT` (`created_at`),
  KEY `SALES_SHIPMENT_COMMENT_PARENT_ID` (`parent_id`),
  CONSTRAINT `SALES_SHIPMENT_COMMENT_PARENT_ID_SALES_SHIPMENT_ENTITY_ID` FOREIGN KEY (`parent_id`) REFERENCES `sales_shipment` (`entity_id`) ON DELETE CASCADE
) ENGINE=InnoDB AUTO_INCREMENT=2 DEFAULT CHARSET=utf8mb3 COMMENT='Sales Flat Shipment Comment';

--
-- Dumping data for table `sales_shipment_comment`
--

INSERT INTO `sales_shipment_comment` VALUES (1,3,1,0,'Test','2024-03-05 04:47:19');

--
-- Table structure for table `sales_shipment_grid`
--

CREATE TABLE `sales_shipment_grid` (
  `entity_id` int unsigned NOT NULL COMMENT 'Entity ID',
  `increment_id` varchar(50) DEFAULT NULL COMMENT 'Increment ID',
  `store_id` smallint unsigned DEFAULT NULL COMMENT 'Store ID',
  `order_increment_id` varchar(32) NOT NULL COMMENT 'Order Increment ID',
  `order_id` int unsigned NOT NULL COMMENT 'Order ID',
  `order_created_at` timestamp NOT NULL DEFAULT CURRENT_TIMESTAMP COMMENT 'Order Increment ID',
  `customer_name` varchar(128) NOT NULL COMMENT 'Customer Name',
  `total_qty` decimal(12,4) DEFAULT NULL COMMENT 'Total Qty',
  `shipment_status` int DEFAULT NULL COMMENT 'Shipment Status',
  `order_status` varchar(32) DEFAULT NULL COMMENT 'Order',
  `billing_address` varchar(255) DEFAULT NULL COMMENT 'Billing Address',
  `shipping_address` varchar(255) DEFAULT NULL COMMENT 'Shipping Address',
  `billing_name` varchar(128) DEFAULT NULL COMMENT 'Billing Name',
  `shipping_name` varchar(128) DEFAULT NULL COMMENT 'Shipping Name',
  `customer_email` varchar(128) DEFAULT NULL COMMENT 'Customer Email',
  `customer_group_id` int DEFAULT NULL,
  `payment_method` varchar(32) DEFAULT NULL COMMENT 'Payment Method',
  `shipping_information` varchar(255) DEFAULT NULL COMMENT 'Shipping Method Name',
  `created_at` timestamp NULL DEFAULT NULL COMMENT 'Created At',
  `updated_at` timestamp NULL DEFAULT NULL COMMENT 'Updated At',
  PRIMARY KEY (`entity_id`),
  UNIQUE KEY `SALES_SHIPMENT_GRID_INCREMENT_ID_STORE_ID` (`increment_id`,`store_id`),
  KEY `SALES_SHIPMENT_GRID_STORE_ID` (`store_id`),
  KEY `SALES_SHIPMENT_GRID_TOTAL_QTY` (`total_qty`),
  KEY `SALES_SHIPMENT_GRID_ORDER_INCREMENT_ID` (`order_increment_id`),
  KEY `SALES_SHIPMENT_GRID_SHIPMENT_STATUS` (`shipment_status`),
  KEY `SALES_SHIPMENT_GRID_ORDER_STATUS` (`order_status`),
  KEY `SALES_SHIPMENT_GRID_CREATED_AT` (`created_at`),
  KEY `SALES_SHIPMENT_GRID_UPDATED_AT` (`updated_at`),
  KEY `SALES_SHIPMENT_GRID_ORDER_CREATED_AT` (`order_created_at`),
  KEY `SALES_SHIPMENT_GRID_SHIPPING_NAME` (`shipping_name`),
  KEY `SALES_SHIPMENT_GRID_BILLING_NAME` (`billing_name`),
  KEY `SALES_SHIPMENT_GRID_ORDER_ID` (`order_id`),
  FULLTEXT KEY `FTI_086B40C8955F167B8EA76653437879B4` (`increment_id`,`order_increment_id`,`shipping_name`,`customer_name`,`customer_email`,`billing_address`,`shipping_address`)
) ENGINE=InnoDB DEFAULT CHARSET=utf8mb3 COMMENT='Sales Flat Shipment Grid';

--
-- Dumping data for table `sales_shipment_grid`
--

INSERT INTO `sales_shipment_grid` VALUES (1,'000000001',1,'000000001',1,'2024-02-29 10:29:50','Veronica Costello',1.0000,NULL,'processing','6146 Honey Bluff Parkway,Calder,Michigan,49628-7978','6146 Honey Bluff Parkway,Calder,Michigan,49628-7978','Veronica Costello','Veronica Costello','roni_cost@example.com',1,'checkmo','Flat Rate - Fixed','2024-02-29 10:29:50','2024-02-29 10:29:50'),(2,'000000002',1,'000000002',2,'2024-02-29 10:29:51','Veronica Costello',1.0000,NULL,'processing','6146 Honey Bluff Parkway,Calder,Michigan,49628-7978','6146 Honey Bluff Parkway,Calder,Michigan,49628-7978','Veronica Costello','Veronica Costello','roni_cost@example.com',1,'checkmo','Flat Rate - Fixed','2024-02-29 10:29:51','2024-02-29 10:29:51'),(3,'000000003',1,'000000004',4,'2024-03-05 04:46:38','Amit kamboj',1.0000,NULL,'complete','Test,Test,WESTLANDS,33122','Test,Test,WESTLANDS,33122','Amit kamboj','Amit kamboj','amit.kumar@yirontechnologies.com',1,'cashondelivery','Flat Rate - Fixed','2024-03-05 04:47:19','2024-03-05 04:47:29');

--
-- Table structure for table `sales_shipment_item`
--

CREATE TABLE `sales_shipment_item` (
  `entity_id` int unsigned NOT NULL AUTO_INCREMENT COMMENT 'Entity ID',
  `parent_id` int unsigned NOT NULL COMMENT 'Parent ID',
  `row_total` decimal(20,4) DEFAULT NULL COMMENT 'Row Total',
  `price` decimal(20,4) DEFAULT NULL COMMENT 'Price',
  `weight` decimal(12,4) DEFAULT NULL COMMENT 'Weight',
  `qty` decimal(12,4) DEFAULT NULL COMMENT 'Qty',
  `product_id` int DEFAULT NULL COMMENT 'Product ID',
  `order_item_id` int DEFAULT NULL COMMENT 'Order Item ID',
  `additional_data` text COMMENT 'Additional Data',
  `description` text COMMENT 'Description',
  `name` varchar(255) DEFAULT NULL COMMENT 'Name',
  `sku` varchar(255) DEFAULT NULL COMMENT 'Sku',
  PRIMARY KEY (`entity_id`),
  KEY `SALES_SHIPMENT_ITEM_PARENT_ID` (`parent_id`),
  CONSTRAINT `SALES_SHIPMENT_ITEM_PARENT_ID_SALES_SHIPMENT_ENTITY_ID` FOREIGN KEY (`parent_id`) REFERENCES `sales_shipment` (`entity_id`) ON DELETE CASCADE
) ENGINE=InnoDB AUTO_INCREMENT=4 DEFAULT CHARSET=utf8mb3 COMMENT='Sales Flat Shipment Item';

--
-- Dumping data for table `sales_shipment_item`
--

INSERT INTO `sales_shipment_item` VALUES (1,1,NULL,29.0000,1.0000,1.0000,1428,1,NULL,NULL,'Iris Workout Top','WS03-XS-Red'),(2,2,NULL,32.0000,1.0000,1.0000,1492,2,NULL,NULL,'Minerva LumaTech&trade; V-Tee','WS08-XS-Blue'),(3,3,NULL,24.0000,1.0000,1.0000,1997,5,NULL,NULL,'Echo Fit Compression Short','WSH07-28-Blue');

--
-- Table structure for table `sales_shipment_track`
--

CREATE TABLE `sales_shipment_track` (
  `entity_id` int unsigned NOT NULL AUTO_INCREMENT COMMENT 'Entity ID',
  `parent_id` int unsigned NOT NULL COMMENT 'Parent ID',
  `weight` decimal(12,4) DEFAULT NULL COMMENT 'Weight',
  `qty` decimal(12,4) DEFAULT NULL COMMENT 'Qty',
  `order_id` int unsigned NOT NULL COMMENT 'Order ID',
  `track_number` text COMMENT 'Number',
  `description` text COMMENT 'Description',
  `title` varchar(255) DEFAULT NULL COMMENT 'Title',
  `carrier_code` varchar(32) DEFAULT NULL COMMENT 'Carrier Code',
  `created_at` timestamp NOT NULL DEFAULT CURRENT_TIMESTAMP COMMENT 'Created At',
  `updated_at` timestamp NOT NULL DEFAULT CURRENT_TIMESTAMP ON UPDATE CURRENT_TIMESTAMP COMMENT 'Updated At',
  PRIMARY KEY (`entity_id`),
  KEY `SALES_SHIPMENT_TRACK_PARENT_ID` (`parent_id`),
  KEY `SALES_SHIPMENT_TRACK_ORDER_ID` (`order_id`),
  KEY `SALES_SHIPMENT_TRACK_CREATED_AT` (`created_at`),
  CONSTRAINT `SALES_SHIPMENT_TRACK_PARENT_ID_SALES_SHIPMENT_ENTITY_ID` FOREIGN KEY (`parent_id`) REFERENCES `sales_shipment` (`entity_id`) ON DELETE CASCADE
) ENGINE=InnoDB AUTO_INCREMENT=2 DEFAULT CHARSET=utf8mb3 COMMENT='Sales Flat Shipment Track';

--
-- Dumping data for table `sales_shipment_track`
--

INSERT INTO `sales_shipment_track` VALUES (1,3,NULL,NULL,4,'123456765432',NULL,'DHL','dhl','2024-03-05 04:47:41','2024-03-05 04:47:41');

--
-- Table structure for table `sales_shipping_aggregated`
--

CREATE TABLE `sales_shipping_aggregated` (
  `id` int unsigned NOT NULL AUTO_INCREMENT COMMENT 'ID',
  `period` date DEFAULT NULL COMMENT 'Period',
  `store_id` smallint unsigned DEFAULT NULL COMMENT 'Store ID',
  `order_status` varchar(50) DEFAULT NULL COMMENT 'Order Status',
  `shipping_description` varchar(255) DEFAULT NULL COMMENT 'Shipping Description',
  `orders_count` int NOT NULL DEFAULT '0' COMMENT 'Orders Count',
  `total_shipping` decimal(20,4) DEFAULT NULL COMMENT 'Total Shipping',
  `total_shipping_actual` decimal(20,4) DEFAULT NULL COMMENT 'Total Shipping Actual',
  PRIMARY KEY (`id`),
  UNIQUE KEY `SALES_SHPP_AGGRED_PERIOD_STORE_ID_ORDER_STS_SHPP_DESCRIPTION` (`period`,`store_id`,`order_status`,`shipping_description`),
  KEY `SALES_SHIPPING_AGGREGATED_STORE_ID` (`store_id`),
  CONSTRAINT `SALES_SHIPPING_AGGREGATED_STORE_ID_STORE_STORE_ID` FOREIGN KEY (`store_id`) REFERENCES `store` (`store_id`) ON DELETE SET NULL
) ENGINE=InnoDB DEFAULT CHARSET=utf8mb3 COMMENT='Sales Shipping Aggregated';

--
-- Dumping data for table `sales_shipping_aggregated`
--


--
-- Table structure for table `sales_shipping_aggregated_order`
--

CREATE TABLE `sales_shipping_aggregated_order` (
  `id` int unsigned NOT NULL AUTO_INCREMENT COMMENT 'ID',
  `period` date DEFAULT NULL COMMENT 'Period',
  `store_id` smallint unsigned DEFAULT NULL COMMENT 'Store ID',
  `order_status` varchar(50) DEFAULT NULL COMMENT 'Order Status',
  `shipping_description` varchar(255) DEFAULT NULL COMMENT 'Shipping Description',
  `orders_count` int NOT NULL DEFAULT '0' COMMENT 'Orders Count',
  `total_shipping` decimal(20,4) DEFAULT NULL COMMENT 'Total Shipping',
  `total_shipping_actual` decimal(20,4) DEFAULT NULL COMMENT 'Total Shipping Actual',
  PRIMARY KEY (`id`),
  UNIQUE KEY `UNQ_C05FAE47282EEA68654D0924E946761F` (`period`,`store_id`,`order_status`,`shipping_description`),
  KEY `SALES_SHIPPING_AGGREGATED_ORDER_STORE_ID` (`store_id`),
  CONSTRAINT `SALES_SHIPPING_AGGREGATED_ORDER_STORE_ID_STORE_STORE_ID` FOREIGN KEY (`store_id`) REFERENCES `store` (`store_id`) ON DELETE SET NULL
) ENGINE=InnoDB DEFAULT CHARSET=utf8mb3 COMMENT='Sales Shipping Aggregated Order';

--
-- Dumping data for table `sales_shipping_aggregated_order`
--


--
-- Table structure for table `salesrule`
--

CREATE TABLE `salesrule` (
  `rule_id` int unsigned NOT NULL AUTO_INCREMENT COMMENT 'Entity ID',
  `name` varchar(255) DEFAULT NULL COMMENT 'Name',
  `description` text COMMENT 'Description',
  `from_date` date DEFAULT NULL COMMENT 'From',
  `to_date` date DEFAULT NULL COMMENT 'To',
  `uses_per_customer` int NOT NULL DEFAULT '0' COMMENT 'Uses Per Customer',
  `is_active` smallint NOT NULL DEFAULT '0' COMMENT 'Is Active',
  `conditions_serialized` mediumtext COMMENT 'Conditions Serialized',
  `actions_serialized` mediumtext COMMENT 'Actions Serialized',
  `stop_rules_processing` smallint NOT NULL DEFAULT '1' COMMENT 'Stop Rules Processing',
  `is_advanced` smallint unsigned NOT NULL DEFAULT '1' COMMENT 'Is Advanced',
  `product_ids` text COMMENT 'Product Ids',
  `sort_order` int unsigned NOT NULL DEFAULT '0' COMMENT 'Sort Order',
  `simple_action` varchar(32) DEFAULT NULL COMMENT 'Simple Action',
  `discount_amount` decimal(12,4) NOT NULL DEFAULT '0.0000' COMMENT 'Discount Amount',
  `discount_qty` decimal(12,4) DEFAULT NULL COMMENT 'Discount Qty',
  `discount_step` int unsigned NOT NULL DEFAULT '0' COMMENT 'Discount Step',
  `apply_to_shipping` smallint unsigned NOT NULL DEFAULT '0' COMMENT 'Apply To Shipping',
  `times_used` int unsigned NOT NULL DEFAULT '0' COMMENT 'Times Used',
  `is_rss` smallint NOT NULL DEFAULT '0' COMMENT 'Is Rss',
  `coupon_type` smallint unsigned NOT NULL DEFAULT '1' COMMENT 'Coupon Type',
  `use_auto_generation` smallint NOT NULL DEFAULT '0' COMMENT 'Use Auto Generation',
  `uses_per_coupon` int NOT NULL DEFAULT '0' COMMENT 'User Per Coupon',
  `simple_free_shipping` smallint unsigned DEFAULT NULL COMMENT 'Simple Free Shipping',
  PRIMARY KEY (`rule_id`),
  KEY `SALESRULE_IS_ACTIVE_SORT_ORDER_TO_DATE_FROM_DATE` (`is_active`,`sort_order`,`to_date`,`from_date`)
) ENGINE=InnoDB AUTO_INCREMENT=5 DEFAULT CHARSET=utf8mb3 COMMENT='Salesrule';

--
-- Dumping data for table `salesrule`
--

INSERT INTO `salesrule` VALUES (1,'Buy 3 tee shirts and get the 4th free','Buy 3 tee shirts and get the 4th free',NULL,NULL,0,1,'{\"type\":\"Magento\\\\SalesRule\\\\Model\\\\Rule\\\\Condition\\\\Combine\",\"attribute\":null,\"operator\":null,\"value\":\"1\",\"is_value_processed\":null,\"aggregator\":\"all\",\"conditions\":[{\"type\":\"Magento\\\\SalesRule\\\\Model\\\\Rule\\\\Condition\\\\Product\\\\Found\",\"attribute\":null,\"operator\":null,\"value\":\"1\",\"is_value_processed\":null,\"aggregator\":\"all\",\"conditions\":[{\"type\":\"Magento\\\\SalesRule\\\\Model\\\\Rule\\\\Condition\\\\Product\",\"attribute\":\"category_ids\",\"operator\":\"()\",\"value\":\"25,16\",\"is_value_processed\":false,\"attribute_scope\":null}]}]}','{\"type\":\"Magento\\\\SalesRule\\\\Model\\\\Rule\\\\Condition\\\\Product\\\\Combine\",\"attribute\":null,\"operator\":null,\"value\":\"1\",\"is_value_processed\":null,\"aggregator\":\"all\"}',0,1,NULL,0,'buy_x_get_y',1.0000,NULL,3,0,0,1,1,0,0,0),(2,'Spend $50 or more - shipping is free!','Free shipping on any purchase over $50',NULL,NULL,0,1,'{\"type\":\"Magento\\\\SalesRule\\\\Model\\\\Rule\\\\Condition\\\\Combine\",\"attribute\":null,\"operator\":null,\"value\":\"1\",\"is_value_processed\":null,\"aggregator\":\"all\",\"conditions\":[{\"type\":\"Magento\\\\SalesRule\\\\Model\\\\Rule\\\\Condition\\\\Address\",\"attribute\":\"base_subtotal\",\"operator\":\">=\",\"value\":\"50\",\"is_value_processed\":false}]}','{\"type\":\"Magento\\\\SalesRule\\\\Model\\\\Rule\\\\Condition\\\\Product\\\\Combine\",\"attribute\":null,\"operator\":null,\"value\":\"1\",\"is_value_processed\":null,\"aggregator\":\"all\"}',0,1,NULL,0,'by_percent',0.0000,NULL,0,0,0,1,1,0,0,2),(3,'20% OFF Ever $200-plus purchase!*','Shopping cart price rule for the cart over $200. Does not applied on other sales items',NULL,NULL,0,1,'{\"type\":\"Magento\\\\SalesRule\\\\Model\\\\Rule\\\\Condition\\\\Combine\",\"attribute\":null,\"operator\":null,\"value\":\"1\",\"is_value_processed\":null,\"aggregator\":\"all\",\"conditions\":[{\"type\":\"Magento\\\\SalesRule\\\\Model\\\\Rule\\\\Condition\\\\Address\",\"attribute\":\"base_subtotal\",\"operator\":\">=\",\"value\":\"200\",\"is_value_processed\":false}]}','{\"type\":\"Magento\\\\SalesRule\\\\Model\\\\Rule\\\\Condition\\\\Product\\\\Combine\",\"attribute\":null,\"operator\":null,\"value\":\"1\",\"is_value_processed\":null,\"aggregator\":\"all\",\"conditions\":[{\"type\":\"Magento\\\\SalesRule\\\\Model\\\\Rule\\\\Condition\\\\Product\\\\Combine\",\"attribute\":null,\"operator\":null,\"value\":\"0\",\"is_value_processed\":null,\"aggregator\":\"all\",\"conditions\":[{\"type\":\"Magento\\\\SalesRule\\\\Model\\\\Rule\\\\Condition\\\\Product\",\"attribute\":\"category_ids\",\"operator\":\"==\",\"value\":\"6\",\"is_value_processed\":false,\"attribute_scope\":null},{\"type\":\"Magento\\\\SalesRule\\\\Model\\\\Rule\\\\Condition\\\\Product\",\"attribute\":\"sale\",\"operator\":\"==\",\"value\":\"1\",\"is_value_processed\":false,\"attribute_scope\":null}]}]}',0,1,NULL,0,'by_percent',20.0000,NULL,0,0,0,1,1,0,0,0),(4,'$4 Luma water bottle (save 70%)','Use promo code H20 at checkout',NULL,NULL,1,1,'{\"type\":\"Magento\\\\SalesRule\\\\Model\\\\Rule\\\\Condition\\\\Combine\",\"attribute\":null,\"operator\":null,\"value\":\"1\",\"is_value_processed\":null,\"aggregator\":\"all\",\"conditions\":[{\"type\":\"Magento\\\\SalesRule\\\\Model\\\\Rule\\\\Condition\\\\Product\\\\Found\",\"attribute\":null,\"operator\":null,\"value\":\"1\",\"is_value_processed\":null,\"aggregator\":\"all\"}]}','{\"type\":\"Magento\\\\SalesRule\\\\Model\\\\Rule\\\\Condition\\\\Product\\\\Combine\",\"attribute\":null,\"operator\":null,\"value\":\"1\",\"is_value_processed\":null,\"aggregator\":\"all\",\"conditions\":[{\"type\":\"Magento\\\\SalesRule\\\\Model\\\\Rule\\\\Condition\\\\Product\",\"attribute\":\"sku\",\"operator\":\"==\",\"value\":\"24-UG06\",\"is_value_processed\":false,\"attribute_scope\":null}]}',0,1,NULL,0,'by_percent',70.0000,NULL,0,0,0,1,2,0,0,0);

--
-- Table structure for table `salesrule_coupon`
--

CREATE TABLE `salesrule_coupon` (
  `coupon_id` int unsigned NOT NULL AUTO_INCREMENT COMMENT 'Coupon ID',
  `rule_id` int unsigned NOT NULL COMMENT 'Rule ID',
  `code` varchar(255) DEFAULT NULL COMMENT 'Code',
  `usage_limit` int unsigned DEFAULT NULL COMMENT 'Usage Limit',
  `usage_per_customer` int unsigned DEFAULT NULL COMMENT 'Usage Per Customer',
  `times_used` int unsigned NOT NULL DEFAULT '0' COMMENT 'Times Used',
  `expiration_date` datetime DEFAULT NULL COMMENT 'Expiration Date',
  `is_primary` smallint unsigned DEFAULT NULL COMMENT 'Is Primary',
  `created_at` timestamp NULL DEFAULT NULL COMMENT 'Coupon Code Creation Date',
  `type` smallint DEFAULT '0' COMMENT 'Coupon Code Type',
  PRIMARY KEY (`coupon_id`),
  UNIQUE KEY `SALESRULE_COUPON_CODE` (`code`),
  UNIQUE KEY `SALESRULE_COUPON_RULE_ID_IS_PRIMARY` (`rule_id`,`is_primary`),
  KEY `SALESRULE_COUPON_RULE_ID` (`rule_id`),
  CONSTRAINT `SALESRULE_COUPON_RULE_ID_SALESRULE_RULE_ID` FOREIGN KEY (`rule_id`) REFERENCES `salesrule` (`rule_id`) ON DELETE CASCADE
) ENGINE=InnoDB AUTO_INCREMENT=2 DEFAULT CHARSET=utf8mb3 COMMENT='Salesrule Coupon';

--
-- Dumping data for table `salesrule_coupon`
--

INSERT INTO `salesrule_coupon` VALUES (1,4,'H20',NULL,1,0,NULL,1,NULL,0);

--
-- Table structure for table `salesrule_coupon_aggregated`
--

CREATE TABLE `salesrule_coupon_aggregated` (
  `id` int unsigned NOT NULL AUTO_INCREMENT COMMENT 'ID',
  `period` date NOT NULL COMMENT 'Period',
  `store_id` smallint unsigned DEFAULT NULL COMMENT 'Store ID',
  `order_status` varchar(50) DEFAULT NULL COMMENT 'Order Status',
  `coupon_code` varchar(50) DEFAULT NULL COMMENT 'Coupon Code',
  `coupon_uses` int NOT NULL DEFAULT '0' COMMENT 'Coupon Uses',
  `subtotal_amount` decimal(20,4) NOT NULL DEFAULT '0.0000' COMMENT 'Subtotal Amount',
  `discount_amount` decimal(12,4) NOT NULL DEFAULT '0.0000' COMMENT 'Discount Amount',
  `total_amount` decimal(20,4) NOT NULL DEFAULT '0.0000' COMMENT 'Total Amount',
  `subtotal_amount_actual` decimal(20,4) NOT NULL DEFAULT '0.0000' COMMENT 'Subtotal Amount Actual',
  `discount_amount_actual` decimal(12,4) NOT NULL DEFAULT '0.0000' COMMENT 'Discount Amount Actual',
  `total_amount_actual` decimal(20,4) NOT NULL DEFAULT '0.0000' COMMENT 'Total Amount Actual',
  `rule_name` varchar(255) DEFAULT NULL COMMENT 'Rule Name',
  PRIMARY KEY (`id`),
  UNIQUE KEY `SALESRULE_COUPON_AGGRED_PERIOD_STORE_ID_ORDER_STS_COUPON_CODE` (`period`,`store_id`,`order_status`,`coupon_code`),
  KEY `SALESRULE_COUPON_AGGREGATED_STORE_ID` (`store_id`),
  KEY `SALESRULE_COUPON_AGGREGATED_RULE_NAME` (`rule_name`),
  CONSTRAINT `SALESRULE_COUPON_AGGREGATED_STORE_ID_STORE_STORE_ID` FOREIGN KEY (`store_id`) REFERENCES `store` (`store_id`) ON DELETE CASCADE
) ENGINE=InnoDB DEFAULT CHARSET=utf8mb3 COMMENT='Coupon Aggregated';

--
-- Dumping data for table `salesrule_coupon_aggregated`
--


--
-- Table structure for table `salesrule_coupon_aggregated_order`
--

CREATE TABLE `salesrule_coupon_aggregated_order` (
  `id` int unsigned NOT NULL AUTO_INCREMENT COMMENT 'ID',
  `period` date NOT NULL COMMENT 'Period',
  `store_id` smallint unsigned DEFAULT NULL COMMENT 'Store ID',
  `order_status` varchar(50) DEFAULT NULL COMMENT 'Order Status',
  `coupon_code` varchar(50) DEFAULT NULL COMMENT 'Coupon Code',
  `coupon_uses` int NOT NULL DEFAULT '0' COMMENT 'Coupon Uses',
  `subtotal_amount` decimal(20,4) NOT NULL DEFAULT '0.0000' COMMENT 'Subtotal Amount',
  `discount_amount` decimal(12,4) NOT NULL DEFAULT '0.0000' COMMENT 'Discount Amount',
  `total_amount` decimal(20,4) NOT NULL DEFAULT '0.0000' COMMENT 'Total Amount',
  `rule_name` varchar(255) DEFAULT NULL COMMENT 'Rule Name',
  PRIMARY KEY (`id`),
  UNIQUE KEY `UNQ_1094D1FBBCBB11704A29DEF3ACC37D2B` (`period`,`store_id`,`order_status`,`coupon_code`),
  KEY `SALESRULE_COUPON_AGGREGATED_ORDER_STORE_ID` (`store_id`),
  KEY `SALESRULE_COUPON_AGGREGATED_ORDER_RULE_NAME` (`rule_name`),
  CONSTRAINT `SALESRULE_COUPON_AGGREGATED_ORDER_STORE_ID_STORE_STORE_ID` FOREIGN KEY (`store_id`) REFERENCES `store` (`store_id`) ON DELETE CASCADE
) ENGINE=InnoDB DEFAULT CHARSET=utf8mb3 COMMENT='Coupon Aggregated Order';

--
-- Dumping data for table `salesrule_coupon_aggregated_order`
--


--
-- Table structure for table `salesrule_coupon_aggregated_updated`
--

CREATE TABLE `salesrule_coupon_aggregated_updated` (
  `id` int unsigned NOT NULL AUTO_INCREMENT COMMENT 'ID',
  `period` date NOT NULL COMMENT 'Period',
  `store_id` smallint unsigned DEFAULT NULL COMMENT 'Store ID',
  `order_status` varchar(50) DEFAULT NULL COMMENT 'Order Status',
  `coupon_code` varchar(50) DEFAULT NULL COMMENT 'Coupon Code',
  `coupon_uses` int NOT NULL DEFAULT '0' COMMENT 'Coupon Uses',
  `subtotal_amount` decimal(20,4) NOT NULL DEFAULT '0.0000' COMMENT 'Subtotal Amount',
  `discount_amount` decimal(12,4) NOT NULL DEFAULT '0.0000' COMMENT 'Discount Amount',
  `total_amount` decimal(20,4) NOT NULL DEFAULT '0.0000' COMMENT 'Total Amount',
  `subtotal_amount_actual` decimal(20,4) NOT NULL DEFAULT '0.0000' COMMENT 'Subtotal Amount Actual',
  `discount_amount_actual` decimal(12,4) NOT NULL DEFAULT '0.0000' COMMENT 'Discount Amount Actual',
  `total_amount_actual` decimal(20,4) NOT NULL DEFAULT '0.0000' COMMENT 'Total Amount Actual',
  `rule_name` varchar(255) DEFAULT NULL COMMENT 'Rule Name',
  PRIMARY KEY (`id`),
  UNIQUE KEY `UNQ_7196FA120A4F0F84E1B66605E87E213E` (`period`,`store_id`,`order_status`,`coupon_code`),
  KEY `SALESRULE_COUPON_AGGREGATED_UPDATED_STORE_ID` (`store_id`),
  KEY `SALESRULE_COUPON_AGGREGATED_UPDATED_RULE_NAME` (`rule_name`),
  CONSTRAINT `SALESRULE_COUPON_AGGREGATED_UPDATED_STORE_ID_STORE_STORE_ID` FOREIGN KEY (`store_id`) REFERENCES `store` (`store_id`) ON DELETE CASCADE
) ENGINE=InnoDB DEFAULT CHARSET=utf8mb3 COMMENT='Salesrule Coupon Aggregated Updated';

--
-- Dumping data for table `salesrule_coupon_aggregated_updated`
--


--
-- Table structure for table `salesrule_coupon_usage`
--

CREATE TABLE `salesrule_coupon_usage` (
  `coupon_id` int unsigned NOT NULL COMMENT 'Coupon ID',
  `customer_id` int unsigned NOT NULL COMMENT 'Customer ID',
  `times_used` int unsigned NOT NULL DEFAULT '0' COMMENT 'Times Used',
  PRIMARY KEY (`coupon_id`,`customer_id`),
  KEY `SALESRULE_COUPON_USAGE_CUSTOMER_ID` (`customer_id`),
  CONSTRAINT `SALESRULE_COUPON_USAGE_COUPON_ID_SALESRULE_COUPON_COUPON_ID` FOREIGN KEY (`coupon_id`) REFERENCES `salesrule_coupon` (`coupon_id`) ON DELETE CASCADE,
  CONSTRAINT `SALESRULE_COUPON_USAGE_CUSTOMER_ID_CUSTOMER_ENTITY_ENTITY_ID` FOREIGN KEY (`customer_id`) REFERENCES `customer_entity` (`entity_id`) ON DELETE CASCADE
) ENGINE=InnoDB DEFAULT CHARSET=utf8mb3 COMMENT='Salesrule Coupon Usage';

--
-- Dumping data for table `salesrule_coupon_usage`
--


--
-- Table structure for table `salesrule_customer`
--

CREATE TABLE `salesrule_customer` (
  `rule_customer_id` int unsigned NOT NULL AUTO_INCREMENT COMMENT 'Rule Customer ID',
  `rule_id` int unsigned NOT NULL DEFAULT '0' COMMENT 'Rule ID',
  `customer_id` int unsigned NOT NULL DEFAULT '0' COMMENT 'Customer ID',
  `times_used` smallint unsigned NOT NULL DEFAULT '0' COMMENT 'Times Used',
  PRIMARY KEY (`rule_customer_id`),
  KEY `SALESRULE_CUSTOMER_RULE_ID_CUSTOMER_ID` (`rule_id`,`customer_id`),
  KEY `SALESRULE_CUSTOMER_CUSTOMER_ID_RULE_ID` (`customer_id`,`rule_id`),
  CONSTRAINT `SALESRULE_CUSTOMER_CUSTOMER_ID_CUSTOMER_ENTITY_ENTITY_ID` FOREIGN KEY (`customer_id`) REFERENCES `customer_entity` (`entity_id`) ON DELETE CASCADE,
  CONSTRAINT `SALESRULE_CUSTOMER_RULE_ID_SALESRULE_RULE_ID` FOREIGN KEY (`rule_id`) REFERENCES `salesrule` (`rule_id`) ON DELETE CASCADE
) ENGINE=InnoDB DEFAULT CHARSET=utf8mb3 COMMENT='Salesrule Customer';

--
-- Dumping data for table `salesrule_customer`
--


--
-- Table structure for table `salesrule_customer_group`
--

CREATE TABLE `salesrule_customer_group` (
  `rule_id` int unsigned NOT NULL COMMENT 'Rule ID',
  `customer_group_id` int unsigned NOT NULL COMMENT 'Customer Group ID',
  PRIMARY KEY (`rule_id`,`customer_group_id`),
  KEY `SALESRULE_CUSTOMER_GROUP_CUSTOMER_GROUP_ID` (`customer_group_id`),
  CONSTRAINT `SALESRULE_CSTR_GROUP_CSTR_GROUP_ID_CSTR_GROUP_CSTR_GROUP_ID` FOREIGN KEY (`customer_group_id`) REFERENCES `customer_group` (`customer_group_id`) ON DELETE CASCADE,
  CONSTRAINT `SALESRULE_CUSTOMER_GROUP_RULE_ID_SALESRULE_RULE_ID` FOREIGN KEY (`rule_id`) REFERENCES `salesrule` (`rule_id`) ON DELETE CASCADE
) ENGINE=InnoDB DEFAULT CHARSET=utf8mb3 COMMENT='Sales Rules To Customer Groups Relations';

--
-- Dumping data for table `salesrule_customer_group`
--

INSERT INTO `salesrule_customer_group` VALUES (1,0),(2,0),(3,0),(4,0),(1,1),(2,1),(3,1),(4,1),(1,2),(2,2),(3,2),(4,2),(1,3),(2,3),(3,3),(4,3);

--
-- Table structure for table `salesrule_label`
--

CREATE TABLE `salesrule_label` (
  `label_id` int unsigned NOT NULL AUTO_INCREMENT COMMENT 'Label ID',
  `rule_id` int unsigned NOT NULL COMMENT 'Rule ID',
  `store_id` smallint unsigned NOT NULL COMMENT 'Store ID',
  `label` varchar(255) DEFAULT NULL COMMENT 'Label',
  PRIMARY KEY (`label_id`),
  UNIQUE KEY `SALESRULE_LABEL_RULE_ID_STORE_ID` (`rule_id`,`store_id`),
  KEY `SALESRULE_LABEL_STORE_ID` (`store_id`),
  CONSTRAINT `SALESRULE_LABEL_RULE_ID_SALESRULE_RULE_ID` FOREIGN KEY (`rule_id`) REFERENCES `salesrule` (`rule_id`) ON DELETE CASCADE,
  CONSTRAINT `SALESRULE_LABEL_STORE_ID_STORE_STORE_ID` FOREIGN KEY (`store_id`) REFERENCES `store` (`store_id`) ON DELETE CASCADE
) ENGINE=InnoDB DEFAULT CHARSET=utf8mb3 COMMENT='Salesrule Label';

--
-- Dumping data for table `salesrule_label`
--


--
-- Table structure for table `salesrule_product_attribute`
--

CREATE TABLE `salesrule_product_attribute` (
  `rule_id` int unsigned NOT NULL COMMENT 'Rule ID',
  `website_id` smallint unsigned NOT NULL COMMENT 'Website ID',
  `customer_group_id` int unsigned NOT NULL COMMENT 'Customer Group ID',
  `attribute_id` smallint unsigned NOT NULL COMMENT 'Attribute ID',
  PRIMARY KEY (`rule_id`,`website_id`,`customer_group_id`,`attribute_id`),
  KEY `SALESRULE_PRODUCT_ATTRIBUTE_WEBSITE_ID` (`website_id`),
  KEY `SALESRULE_PRODUCT_ATTRIBUTE_CUSTOMER_GROUP_ID` (`customer_group_id`),
  KEY `SALESRULE_PRODUCT_ATTRIBUTE_ATTRIBUTE_ID` (`attribute_id`),
  CONSTRAINT `SALESRULE_PRD_ATTR_ATTR_ID_EAV_ATTR_ATTR_ID` FOREIGN KEY (`attribute_id`) REFERENCES `eav_attribute` (`attribute_id`) ON DELETE CASCADE,
  CONSTRAINT `SALESRULE_PRD_ATTR_CSTR_GROUP_ID_CSTR_GROUP_CSTR_GROUP_ID` FOREIGN KEY (`customer_group_id`) REFERENCES `customer_group` (`customer_group_id`) ON DELETE CASCADE,
  CONSTRAINT `SALESRULE_PRODUCT_ATTRIBUTE_RULE_ID_SALESRULE_RULE_ID` FOREIGN KEY (`rule_id`) REFERENCES `salesrule` (`rule_id`) ON DELETE CASCADE,
  CONSTRAINT `SALESRULE_PRODUCT_ATTRIBUTE_WEBSITE_ID_STORE_WEBSITE_WEBSITE_ID` FOREIGN KEY (`website_id`) REFERENCES `store_website` (`website_id`) ON DELETE CASCADE
) ENGINE=InnoDB DEFAULT CHARSET=utf8mb3 COMMENT='Salesrule Product Attribute';

--
-- Dumping data for table `salesrule_product_attribute`
--

INSERT INTO `salesrule_product_attribute` VALUES (1,1,0,105),(1,1,1,105),(1,1,2,105),(1,1,3,105),(3,1,0,105),(3,1,0,149),(3,1,1,105),(3,1,1,149),(3,1,2,105),(3,1,2,149),(3,1,3,105),(3,1,3,149),(4,1,0,74),(4,1,1,74),(4,1,2,74),(4,1,3,74);

--
-- Table structure for table `salesrule_website`
--

CREATE TABLE `salesrule_website` (
  `rule_id` int unsigned NOT NULL COMMENT 'Rule ID',
  `website_id` smallint unsigned NOT NULL COMMENT 'Website ID',
  PRIMARY KEY (`rule_id`,`website_id`),
  KEY `SALESRULE_WEBSITE_WEBSITE_ID` (`website_id`),
  CONSTRAINT `SALESRULE_WEBSITE_RULE_ID_SALESRULE_RULE_ID` FOREIGN KEY (`rule_id`) REFERENCES `salesrule` (`rule_id`) ON DELETE CASCADE,
  CONSTRAINT `SALESRULE_WEBSITE_WEBSITE_ID_STORE_WEBSITE_WEBSITE_ID` FOREIGN KEY (`website_id`) REFERENCES `store_website` (`website_id`) ON DELETE CASCADE
) ENGINE=InnoDB DEFAULT CHARSET=utf8mb3 COMMENT='Sales Rules To Websites Relations';

--
-- Dumping data for table `salesrule_website`
--

INSERT INTO `salesrule_website` VALUES (1,1),(2,1),(3,1),(4,1);

--
-- Table structure for table `search_query`
--

CREATE TABLE `search_query` (
  `query_id` int unsigned NOT NULL AUTO_INCREMENT COMMENT 'Query ID',
  `query_text` varchar(255) DEFAULT NULL COMMENT 'Query text',
  `num_results` int unsigned NOT NULL DEFAULT '0' COMMENT 'Num results',
  `popularity` int unsigned NOT NULL DEFAULT '0' COMMENT 'Popularity',
  `redirect` varchar(255) DEFAULT NULL COMMENT 'Redirect',
  `store_id` smallint unsigned NOT NULL DEFAULT '0' COMMENT 'Store ID',
  `display_in_terms` smallint NOT NULL DEFAULT '1' COMMENT 'Display in terms',
  `is_active` smallint DEFAULT '1' COMMENT 'Active status',
  `is_processed` smallint DEFAULT '0' COMMENT 'Processed status',
  `updated_at` timestamp NOT NULL DEFAULT CURRENT_TIMESTAMP ON UPDATE CURRENT_TIMESTAMP COMMENT 'Updated at',
  PRIMARY KEY (`query_id`),
  UNIQUE KEY `SEARCH_QUERY_QUERY_TEXT_STORE_ID` (`query_text`,`store_id`),
  KEY `SEARCH_QUERY_QUERY_TEXT_STORE_ID_POPULARITY` (`query_text`,`store_id`,`popularity`),
  KEY `SEARCH_QUERY_STORE_ID` (`store_id`),
  KEY `SEARCH_QUERY_IS_PROCESSED` (`is_processed`),
  KEY `SEARCH_QUERY_STORE_ID_POPULARITY` (`store_id`,`popularity`),
  CONSTRAINT `SEARCH_QUERY_STORE_ID_STORE_STORE_ID` FOREIGN KEY (`store_id`) REFERENCES `store` (`store_id`) ON DELETE CASCADE
) ENGINE=InnoDB AUTO_INCREMENT=171 DEFAULT CHARSET=utf8mb3 COMMENT='Search query table';

--
-- Dumping data for table `search_query`
--

INSERT INTO `search_query` VALUES (1,'Joust Duffle Bag',0,1,NULL,1,1,1,0,'2024-02-29 10:51:00'),(3,'men',0,3,NULL,1,1,1,0,'2024-03-05 09:25:55'),(5,'man',0,6,NULL,1,1,1,0,'2024-03-05 09:25:52'),(21,'tops',34,3,NULL,1,1,1,0,'2024-03-13 08:24:38'),(23,'watch',0,1,NULL,1,1,1,0,'2024-03-12 06:51:12'),(25,'shirts',0,1,NULL,1,1,1,0,'2024-03-12 06:52:22'),(27,'sports',0,3,NULL,1,1,1,0,'2024-03-12 11:28:47'),(29,'top',34,12,NULL,1,1,1,0,'2024-03-15 06:41:52'),(31,'short',0,2,NULL,1,1,1,0,'2024-03-13 06:22:04'),(37,'bag',0,2,NULL,1,1,1,0,'2024-03-12 11:32:51'),(39,'bags',0,1,NULL,1,1,1,0,'2024-03-12 11:32:04'),(45,'portia',0,3,NULL,1,1,1,0,'2024-03-12 11:34:04'),(65,'Breat',0,2,NULL,1,1,1,0,'2024-03-13 04:29:21'),(67,'antoni',0,3,NULL,1,1,1,0,'2024-03-12 14:52:42'),(77,'shos',0,2,NULL,1,1,1,0,'2024-03-13 06:21:57'),(81,'shoe',0,1,NULL,1,1,1,0,'2024-03-13 06:22:01'),(93,'test',0,2,NULL,1,1,1,0,'2024-08-30 06:56:27'),(95,'teal',8,10,NULL,1,1,1,0,'2024-08-30 09:50:54'),(102,'Staedtler Sketching Set 12pc - 61 100',27,2,NULL,1,1,1,0,'2024-08-30 09:37:14'),(104,'sfd',0,1,NULL,1,1,1,0,'2024-08-30 08:51:03'),(106,'Samsung 1610 Toner Cartridge',0,1,NULL,1,1,1,0,'2024-08-30 08:51:15'),(108,'Century Star 75 GSM A4 Paper 500 Sheets',12,20,NULL,1,1,1,0,'2024-08-30 14:11:11'),(127,'staedtler stitching set 12pc 61 100',33,1,NULL,1,1,1,0,'2024-08-30 09:37:22'),(128,'staedtler stretching set 12pc 61 100',50,1,NULL,1,1,1,0,'2024-08-30 09:37:23'),(131,'Set of Sprite Yoga Straps',49,1,NULL,1,1,1,0,'2024-08-30 09:40:50'),(133,'set of stripe yoga stripe',45,1,NULL,1,1,1,0,'2024-08-30 09:41:26'),(146,'Gel Pen R5 Ref AGP12371',0,1,NULL,1,1,1,0,'2024-08-30 10:18:38');

--
-- Table structure for table `search_synonyms`
--

CREATE TABLE `search_synonyms` (
  `group_id` bigint unsigned NOT NULL AUTO_INCREMENT COMMENT 'Synonyms Group ID',
  `synonyms` text NOT NULL COMMENT 'list of synonyms making up this group',
  `store_id` smallint unsigned NOT NULL DEFAULT '0' COMMENT 'Store ID - identifies the store view these synonyms belong to',
  `website_id` smallint unsigned NOT NULL DEFAULT '0' COMMENT 'Website ID - identifies the website ID these synonyms belong to',
  PRIMARY KEY (`group_id`),
  KEY `SEARCH_SYNONYMS_STORE_ID` (`store_id`),
  KEY `SEARCH_SYNONYMS_WEBSITE_ID` (`website_id`),
  FULLTEXT KEY `SEARCH_SYNONYMS_SYNONYMS` (`synonyms`),
  CONSTRAINT `SEARCH_SYNONYMS_STORE_ID_STORE_STORE_ID` FOREIGN KEY (`store_id`) REFERENCES `store` (`store_id`) ON DELETE CASCADE,
  CONSTRAINT `SEARCH_SYNONYMS_WEBSITE_ID_STORE_WEBSITE_WEBSITE_ID` FOREIGN KEY (`website_id`) REFERENCES `store_website` (`website_id`) ON DELETE CASCADE
) ENGINE=InnoDB DEFAULT CHARSET=utf8mb3 COMMENT='table storing various synonyms groups';

--
-- Dumping data for table `search_synonyms`
--


--
-- Table structure for table `sendfriend_log`
--

CREATE TABLE `sendfriend_log` (
  `log_id` int unsigned NOT NULL AUTO_INCREMENT COMMENT 'Log ID',
  `ip` bigint unsigned NOT NULL DEFAULT '0' COMMENT 'Customer IP address',
  `time` int unsigned NOT NULL DEFAULT '0' COMMENT 'Log time',
  `website_id` smallint unsigned NOT NULL DEFAULT '0' COMMENT 'Website ID',
  PRIMARY KEY (`log_id`),
  KEY `SENDFRIEND_LOG_IP` (`ip`),
  KEY `SENDFRIEND_LOG_TIME` (`time`)
) ENGINE=InnoDB DEFAULT CHARSET=utf8mb3 COMMENT='Send to friend function log storage table';

--
-- Dumping data for table `sendfriend_log`
--


--
-- Table structure for table `sequence_creditmemo_0`
--

CREATE TABLE `sequence_creditmemo_0` (
  `sequence_value` int unsigned NOT NULL AUTO_INCREMENT,
  PRIMARY KEY (`sequence_value`)
) ENGINE=InnoDB DEFAULT CHARSET=utf8mb4 COLLATE=utf8mb4_0900_ai_ci;

--
-- Dumping data for table `sequence_creditmemo_0`
--


--
-- Table structure for table `sequence_creditmemo_1`
--

CREATE TABLE `sequence_creditmemo_1` (
  `sequence_value` int unsigned NOT NULL AUTO_INCREMENT,
  PRIMARY KEY (`sequence_value`)
) ENGINE=InnoDB AUTO_INCREMENT=2 DEFAULT CHARSET=utf8mb4 COLLATE=utf8mb4_0900_ai_ci;

--
-- Dumping data for table `sequence_creditmemo_1`
--

INSERT INTO `sequence_creditmemo_1` VALUES (1);

--
-- Table structure for table `sequence_invoice_0`
--

CREATE TABLE `sequence_invoice_0` (
  `sequence_value` int unsigned NOT NULL AUTO_INCREMENT,
  PRIMARY KEY (`sequence_value`)
) ENGINE=InnoDB DEFAULT CHARSET=utf8mb4 COLLATE=utf8mb4_0900_ai_ci;

--
-- Dumping data for table `sequence_invoice_0`
--


--
-- Table structure for table `sequence_invoice_1`
--

CREATE TABLE `sequence_invoice_1` (
  `sequence_value` int unsigned NOT NULL AUTO_INCREMENT,
  PRIMARY KEY (`sequence_value`)
) ENGINE=InnoDB AUTO_INCREMENT=4 DEFAULT CHARSET=utf8mb4 COLLATE=utf8mb4_0900_ai_ci;

--
-- Dumping data for table `sequence_invoice_1`
--

INSERT INTO `sequence_invoice_1` VALUES (1),(2),(3);

--
-- Table structure for table `sequence_order_0`
--

CREATE TABLE `sequence_order_0` (
  `sequence_value` int unsigned NOT NULL AUTO_INCREMENT,
  PRIMARY KEY (`sequence_value`)
) ENGINE=InnoDB DEFAULT CHARSET=utf8mb4 COLLATE=utf8mb4_0900_ai_ci;

--
-- Dumping data for table `sequence_order_0`
--


--
-- Table structure for table `sequence_order_1`
--

CREATE TABLE `sequence_order_1` (
  `sequence_value` int unsigned NOT NULL AUTO_INCREMENT,
  PRIMARY KEY (`sequence_value`)
) ENGINE=InnoDB AUTO_INCREMENT=19 DEFAULT CHARSET=utf8mb4 COLLATE=utf8mb4_0900_ai_ci;

--
-- Dumping data for table `sequence_order_1`
--

INSERT INTO `sequence_order_1` VALUES (1),(2),(3),(4),(5),(6),(7),(8),(9),(10),(11),(12),(13),(14),(15),(16),(17),(18);

--
-- Table structure for table `sequence_shipment_0`
--

CREATE TABLE `sequence_shipment_0` (
  `sequence_value` int unsigned NOT NULL AUTO_INCREMENT,
  PRIMARY KEY (`sequence_value`)
) ENGINE=InnoDB DEFAULT CHARSET=utf8mb4 COLLATE=utf8mb4_0900_ai_ci;

--
-- Dumping data for table `sequence_shipment_0`
--


--
-- Table structure for table `sequence_shipment_1`
--

CREATE TABLE `sequence_shipment_1` (
  `sequence_value` int unsigned NOT NULL AUTO_INCREMENT,
  PRIMARY KEY (`sequence_value`)
) ENGINE=InnoDB AUTO_INCREMENT=4 DEFAULT CHARSET=utf8mb4 COLLATE=utf8mb4_0900_ai_ci;

--
-- Dumping data for table `sequence_shipment_1`
--

INSERT INTO `sequence_shipment_1` VALUES (1),(2),(3);

--
-- Table structure for table `setup_module`
--

CREATE TABLE `setup_module` (
  `module` varchar(50) NOT NULL COMMENT 'Module',
  `schema_version` varchar(50) DEFAULT NULL COMMENT 'Schema Version',
  `data_version` varchar(50) DEFAULT NULL COMMENT 'Data Version',
  PRIMARY KEY (`module`)
) ENGINE=InnoDB DEFAULT CHARSET=utf8mb3 COMMENT='Module versions registry';

--
-- Dumping data for table `setup_module`
--

INSERT INTO `setup_module` VALUES ('Hiddentechies_Base','2.0.0','2.0.0'),('Hiddentechies_Bizkick','2.0.5','2.0.5'),('Magento_GoogleShoppingAds','4.0.1','4.0.1'),('Magento_Securitytxt','1.0.0','1.0.0'),('Mageplaza_Core','1.0.0','1.0.0'),('Mageplaza_Smtp','1.2.5','1.2.5'),('PayPal_Braintree','4.4.0','4.4.0');

--
-- Table structure for table `shipping_tablerate`
--

CREATE TABLE `shipping_tablerate` (
  `pk` int unsigned NOT NULL AUTO_INCREMENT COMMENT 'Primary key',
  `website_id` int NOT NULL DEFAULT '0' COMMENT 'Website ID',
  `dest_country_id` varchar(4) NOT NULL DEFAULT '0' COMMENT 'Destination coutry ISO/2 or ISO/3 code',
  `dest_region_id` int NOT NULL DEFAULT '0' COMMENT 'Destination Region ID',
  `dest_zip` varchar(10) NOT NULL DEFAULT '*' COMMENT 'Destination Post Code (Zip)',
  `condition_name` varchar(30) NOT NULL COMMENT 'Rate Condition name',
  `condition_value` decimal(12,4) NOT NULL DEFAULT '0.0000' COMMENT 'Rate condition value',
  `price` decimal(12,4) NOT NULL DEFAULT '0.0000' COMMENT 'Price',
  `cost` decimal(12,4) NOT NULL DEFAULT '0.0000' COMMENT 'Cost',
  PRIMARY KEY (`pk`),
  UNIQUE KEY `UNQ_D60821CDB2AFACEE1566CFC02D0D4CAA` (`website_id`,`dest_country_id`,`dest_region_id`,`dest_zip`,`condition_name`,`condition_value`)
) ENGINE=InnoDB AUTO_INCREMENT=10 DEFAULT CHARSET=utf8mb3 COMMENT='Shipping Tablerate';

--
-- Dumping data for table `shipping_tablerate`
--

INSERT INTO `shipping_tablerate` VALUES (1,1,'US',0,'*','package_value_with_discount',0.0000,15.0000,0.0000),(2,1,'US',0,'*','package_value_with_discount',50.0000,10.0000,0.0000),(3,1,'US',0,'*','package_value_with_discount',100.0000,5.0000,0.0000),(4,1,'US',2,'*','package_value_with_discount',0.0000,20.0000,0.0000),(5,1,'US',2,'*','package_value_with_discount',50.0000,15.0000,0.0000),(6,1,'US',2,'*','package_value_with_discount',100.0000,10.0000,0.0000),(7,1,'US',21,'*','package_value_with_discount',0.0000,20.0000,0.0000),(8,1,'US',21,'*','package_value_with_discount',50.0000,15.0000,0.0000),(9,1,'US',21,'*','package_value_with_discount',100.0000,10.0000,0.0000);

--
-- Table structure for table `sitemap`
--

CREATE TABLE `sitemap` (
  `sitemap_id` int unsigned NOT NULL AUTO_INCREMENT COMMENT 'Sitemap ID',
  `sitemap_type` varchar(32) DEFAULT NULL COMMENT 'Sitemap Type',
  `sitemap_filename` varchar(32) DEFAULT NULL COMMENT 'Sitemap Filename',
  `sitemap_path` varchar(255) DEFAULT NULL COMMENT 'Sitemap Path',
  `sitemap_time` timestamp NULL DEFAULT NULL COMMENT 'Sitemap Time',
  `store_id` smallint unsigned NOT NULL DEFAULT '0' COMMENT 'Store ID',
  PRIMARY KEY (`sitemap_id`),
  KEY `SITEMAP_STORE_ID` (`store_id`),
  CONSTRAINT `SITEMAP_STORE_ID_STORE_STORE_ID` FOREIGN KEY (`store_id`) REFERENCES `store` (`store_id`) ON DELETE CASCADE
) ENGINE=InnoDB DEFAULT CHARSET=utf8mb3 COMMENT='XML Sitemap';

--
-- Dumping data for table `sitemap`
--


--
-- Table structure for table `store`
--

CREATE TABLE `store` (
  `store_id` smallint unsigned NOT NULL AUTO_INCREMENT COMMENT 'Store ID',
  `code` varchar(32) DEFAULT NULL COMMENT 'Code',
  `website_id` smallint unsigned NOT NULL DEFAULT '0' COMMENT 'Website ID',
  `group_id` smallint unsigned NOT NULL DEFAULT '0' COMMENT 'Group ID',
  `name` varchar(255) NOT NULL COMMENT 'Store Name',
  `sort_order` smallint unsigned NOT NULL DEFAULT '0' COMMENT 'Store Sort Order',
  `is_active` smallint unsigned NOT NULL DEFAULT '0' COMMENT 'Store Activity',
  PRIMARY KEY (`store_id`),
  UNIQUE KEY `STORE_CODE` (`code`),
  KEY `STORE_WEBSITE_ID` (`website_id`),
  KEY `STORE_IS_ACTIVE_SORT_ORDER` (`is_active`,`sort_order`),
  KEY `STORE_GROUP_ID` (`group_id`),
  CONSTRAINT `STORE_GROUP_ID_STORE_GROUP_GROUP_ID` FOREIGN KEY (`group_id`) REFERENCES `store_group` (`group_id`) ON DELETE CASCADE,
  CONSTRAINT `STORE_WEBSITE_ID_STORE_WEBSITE_WEBSITE_ID` FOREIGN KEY (`website_id`) REFERENCES `store_website` (`website_id`) ON DELETE CASCADE
) ENGINE=InnoDB AUTO_INCREMENT=2 DEFAULT CHARSET=utf8mb3 COMMENT='Stores';

--
-- Dumping data for table `store`
--

INSERT INTO `store` VALUES (0,'admin',0,0,'Admin',0,1),(1,'default',1,1,'Default Store View',0,1);

--
-- Table structure for table `store_group`
--

CREATE TABLE `store_group` (
  `group_id` smallint unsigned NOT NULL AUTO_INCREMENT COMMENT 'Group ID',
  `website_id` smallint unsigned NOT NULL DEFAULT '0' COMMENT 'Website ID',
  `name` varchar(255) NOT NULL COMMENT 'Store Group Name',
  `root_category_id` int unsigned NOT NULL DEFAULT '0' COMMENT 'Root Category ID',
  `default_store_id` smallint unsigned NOT NULL DEFAULT '0' COMMENT 'Default Store ID',
  `code` varchar(32) DEFAULT NULL COMMENT 'Store group unique code',
  PRIMARY KEY (`group_id`),
  UNIQUE KEY `STORE_GROUP_CODE` (`code`),
  KEY `STORE_GROUP_WEBSITE_ID` (`website_id`),
  KEY `STORE_GROUP_DEFAULT_STORE_ID` (`default_store_id`),
  CONSTRAINT `STORE_GROUP_WEBSITE_ID_STORE_WEBSITE_WEBSITE_ID` FOREIGN KEY (`website_id`) REFERENCES `store_website` (`website_id`) ON DELETE CASCADE
) ENGINE=InnoDB AUTO_INCREMENT=2 DEFAULT CHARSET=utf8mb3 COMMENT='Store Groups';

--
-- Dumping data for table `store_group`
--

INSERT INTO `store_group` VALUES (0,0,'Default',0,0,'default'),(1,1,'Main Website Store',2,1,'main_website_store');

--
-- Table structure for table `store_website`
--

CREATE TABLE `store_website` (
  `website_id` smallint unsigned NOT NULL AUTO_INCREMENT COMMENT 'Website ID',
  `code` varchar(32) DEFAULT NULL COMMENT 'Code',
  `name` varchar(64) DEFAULT NULL COMMENT 'Website Name',
  `sort_order` smallint unsigned NOT NULL DEFAULT '0' COMMENT 'Sort Order',
  `default_group_id` smallint unsigned NOT NULL DEFAULT '0' COMMENT 'Default Group ID',
  `is_default` smallint unsigned DEFAULT '0' COMMENT 'Defines Is Website Default',
  PRIMARY KEY (`website_id`),
  UNIQUE KEY `STORE_WEBSITE_CODE` (`code`),
  KEY `STORE_WEBSITE_SORT_ORDER` (`sort_order`),
  KEY `STORE_WEBSITE_DEFAULT_GROUP_ID` (`default_group_id`)
) ENGINE=InnoDB AUTO_INCREMENT=2 DEFAULT CHARSET=utf8mb3 COMMENT='Websites';

--
-- Dumping data for table `store_website`
--

INSERT INTO `store_website` VALUES (0,'admin','Admin',0,0,0),(1,'base','Main Website',0,1,1);

--
-- Table structure for table `tax_calculation`
--

CREATE TABLE `tax_calculation` (
  `tax_calculation_id` int NOT NULL AUTO_INCREMENT COMMENT 'Tax Calculation ID',
  `tax_calculation_rate_id` int NOT NULL COMMENT 'Tax Calculation Rate ID',
  `tax_calculation_rule_id` int NOT NULL COMMENT 'Tax Calculation Rule ID',
  `customer_tax_class_id` smallint NOT NULL COMMENT 'Customer Tax Class ID',
  `product_tax_class_id` smallint NOT NULL COMMENT 'Product Tax Class ID',
  PRIMARY KEY (`tax_calculation_id`),
  KEY `TAX_CALCULATION_TAX_CALCULATION_RULE_ID` (`tax_calculation_rule_id`),
  KEY `TAX_CALCULATION_CUSTOMER_TAX_CLASS_ID` (`customer_tax_class_id`),
  KEY `TAX_CALCULATION_PRODUCT_TAX_CLASS_ID` (`product_tax_class_id`),
  KEY `TAX_CALC_TAX_CALC_RATE_ID_CSTR_TAX_CLASS_ID_PRD_TAX_CLASS_ID` (`tax_calculation_rate_id`,`customer_tax_class_id`,`product_tax_class_id`),
  CONSTRAINT `TAX_CALC_TAX_CALC_RATE_ID_TAX_CALC_RATE_TAX_CALC_RATE_ID` FOREIGN KEY (`tax_calculation_rate_id`) REFERENCES `tax_calculation_rate` (`tax_calculation_rate_id`) ON DELETE CASCADE,
  CONSTRAINT `TAX_CALC_TAX_CALC_RULE_ID_TAX_CALC_RULE_TAX_CALC_RULE_ID` FOREIGN KEY (`tax_calculation_rule_id`) REFERENCES `tax_calculation_rule` (`tax_calculation_rule_id`) ON DELETE CASCADE,
  CONSTRAINT `TAX_CALCULATION_CUSTOMER_TAX_CLASS_ID_TAX_CLASS_CLASS_ID` FOREIGN KEY (`customer_tax_class_id`) REFERENCES `tax_class` (`class_id`) ON DELETE CASCADE,
  CONSTRAINT `TAX_CALCULATION_PRODUCT_TAX_CLASS_ID_TAX_CLASS_CLASS_ID` FOREIGN KEY (`product_tax_class_id`) REFERENCES `tax_class` (`class_id`) ON DELETE CASCADE
) ENGINE=InnoDB AUTO_INCREMENT=2 DEFAULT CHARSET=utf8mb3 COMMENT='Tax Calculation';

--
-- Dumping data for table `tax_calculation`
--

INSERT INTO `tax_calculation` VALUES (1,3,1,3,2);

--
-- Table structure for table `tax_calculation_rate`
--

CREATE TABLE `tax_calculation_rate` (
  `tax_calculation_rate_id` int NOT NULL AUTO_INCREMENT COMMENT 'Tax Calculation Rate ID',
  `tax_country_id` varchar(2) NOT NULL COMMENT 'Tax Country ID',
  `tax_region_id` int NOT NULL COMMENT 'Tax Region ID',
  `tax_postcode` varchar(21) DEFAULT NULL COMMENT 'Tax Postcode',
  `code` varchar(255) NOT NULL COMMENT 'Code',
  `rate` decimal(12,4) NOT NULL COMMENT 'Rate',
  `zip_is_range` smallint DEFAULT NULL COMMENT 'Zip Is Range',
  `zip_from` int unsigned DEFAULT NULL COMMENT 'Zip From',
  `zip_to` int unsigned DEFAULT NULL COMMENT 'Zip To',
  PRIMARY KEY (`tax_calculation_rate_id`),
  KEY `TAX_CALCULATION_RATE_TAX_COUNTRY_ID_TAX_REGION_ID_TAX_POSTCODE` (`tax_country_id`,`tax_region_id`,`tax_postcode`),
  KEY `TAX_CALCULATION_RATE_CODE` (`code`),
  KEY `IDX_CA799F1E2CB843495F601E56C84A626D` (`tax_calculation_rate_id`,`tax_country_id`,`tax_region_id`,`zip_is_range`,`tax_postcode`)
) ENGINE=InnoDB AUTO_INCREMENT=4 DEFAULT CHARSET=utf8mb3 COMMENT='Tax Calculation Rate';

--
-- Dumping data for table `tax_calculation_rate`
--

INSERT INTO `tax_calculation_rate` VALUES (1,'US',12,'*','US-CA-*-Rate 1',8.2500,NULL,NULL,NULL),(2,'US',43,'*','US-NY-*-Rate 1',8.3750,NULL,NULL,NULL),(3,'US',33,'*','US-MI-*-Rate 1',8.2500,NULL,NULL,NULL);

--
-- Table structure for table `tax_calculation_rate_title`
--

CREATE TABLE `tax_calculation_rate_title` (
  `tax_calculation_rate_title_id` int NOT NULL AUTO_INCREMENT COMMENT 'Tax Calculation Rate Title ID',
  `tax_calculation_rate_id` int NOT NULL COMMENT 'Tax Calculation Rate ID',
  `store_id` smallint unsigned NOT NULL COMMENT 'Store ID',
  `value` varchar(255) NOT NULL COMMENT 'Value',
  PRIMARY KEY (`tax_calculation_rate_title_id`),
  KEY `TAX_CALCULATION_RATE_TITLE_TAX_CALCULATION_RATE_ID_STORE_ID` (`tax_calculation_rate_id`,`store_id`),
  KEY `TAX_CALCULATION_RATE_TITLE_STORE_ID` (`store_id`),
  CONSTRAINT `FK_37FB965F786AD5897BB3AE90470C42AB` FOREIGN KEY (`tax_calculation_rate_id`) REFERENCES `tax_calculation_rate` (`tax_calculation_rate_id`) ON DELETE CASCADE,
  CONSTRAINT `TAX_CALCULATION_RATE_TITLE_STORE_ID_STORE_STORE_ID` FOREIGN KEY (`store_id`) REFERENCES `store` (`store_id`) ON DELETE CASCADE
) ENGINE=InnoDB DEFAULT CHARSET=utf8mb3 COMMENT='Tax Calculation Rate Title';

--
-- Dumping data for table `tax_calculation_rate_title`
--


--
-- Table structure for table `tax_calculation_rule`
--

CREATE TABLE `tax_calculation_rule` (
  `tax_calculation_rule_id` int NOT NULL AUTO_INCREMENT COMMENT 'Tax Calculation Rule ID',
  `code` varchar(255) NOT NULL COMMENT 'Code',
  `priority` int NOT NULL COMMENT 'Priority',
  `position` int NOT NULL COMMENT 'Position',
  `calculate_subtotal` int NOT NULL COMMENT 'Calculate off subtotal option',
  PRIMARY KEY (`tax_calculation_rule_id`),
  KEY `TAX_CALCULATION_RULE_PRIORITY_POSITION` (`priority`,`position`),
  KEY `TAX_CALCULATION_RULE_CODE` (`code`)
) ENGINE=InnoDB AUTO_INCREMENT=2 DEFAULT CHARSET=utf8mb3 COMMENT='Tax Calculation Rule';

--
-- Dumping data for table `tax_calculation_rule`
--

INSERT INTO `tax_calculation_rule` VALUES (1,'Rule1',0,0,0);

--
-- Table structure for table `tax_class`
--

CREATE TABLE `tax_class` (
  `class_id` smallint NOT NULL AUTO_INCREMENT COMMENT 'Class ID',
  `class_name` varchar(255) NOT NULL COMMENT 'Class Name',
  `class_type` varchar(8) NOT NULL DEFAULT 'CUSTOMER' COMMENT 'Class Type',
  PRIMARY KEY (`class_id`)
) ENGINE=InnoDB AUTO_INCREMENT=4 DEFAULT CHARSET=utf8mb3 COMMENT='Tax Class';

--
-- Dumping data for table `tax_class`
--

INSERT INTO `tax_class` VALUES (2,'Taxable Goods','PRODUCT'),(3,'Retail Customer','CUSTOMER');

--
-- Table structure for table `tax_order_aggregated_created`
--

CREATE TABLE `tax_order_aggregated_created` (
  `id` int unsigned NOT NULL AUTO_INCREMENT COMMENT 'ID',
  `period` date DEFAULT NULL COMMENT 'Period',
  `store_id` smallint unsigned DEFAULT NULL COMMENT 'Store ID',
  `code` varchar(255) NOT NULL COMMENT 'Code',
  `order_status` varchar(50) NOT NULL COMMENT 'Order Status',
  `percent` float DEFAULT NULL COMMENT 'Percent',
  `orders_count` int unsigned NOT NULL DEFAULT '0' COMMENT 'Orders Count',
  `tax_base_amount_sum` float DEFAULT NULL COMMENT 'Tax Base Amount Sum',
  PRIMARY KEY (`id`),
  UNIQUE KEY `TAX_ORDER_AGGRED_CREATED_PERIOD_STORE_ID_CODE_PERCENT_ORDER_STS` (`period`,`store_id`,`code`,`percent`,`order_status`),
  KEY `TAX_ORDER_AGGREGATED_CREATED_STORE_ID` (`store_id`),
  CONSTRAINT `TAX_ORDER_AGGREGATED_CREATED_STORE_ID_STORE_STORE_ID` FOREIGN KEY (`store_id`) REFERENCES `store` (`store_id`) ON DELETE CASCADE
) ENGINE=InnoDB DEFAULT CHARSET=utf8mb3 COMMENT='Tax Order Aggregation';

--
-- Dumping data for table `tax_order_aggregated_created`
--


--
-- Table structure for table `tax_order_aggregated_updated`
--

CREATE TABLE `tax_order_aggregated_updated` (
  `id` int unsigned NOT NULL AUTO_INCREMENT COMMENT 'ID',
  `period` date DEFAULT NULL COMMENT 'Period',
  `store_id` smallint unsigned DEFAULT NULL COMMENT 'Store ID',
  `code` varchar(255) NOT NULL COMMENT 'Code',
  `order_status` varchar(50) NOT NULL COMMENT 'Order Status',
  `percent` float DEFAULT NULL COMMENT 'Percent',
  `orders_count` int unsigned NOT NULL DEFAULT '0' COMMENT 'Orders Count',
  `tax_base_amount_sum` float DEFAULT NULL COMMENT 'Tax Base Amount Sum',
  PRIMARY KEY (`id`),
  UNIQUE KEY `TAX_ORDER_AGGRED_UPDATED_PERIOD_STORE_ID_CODE_PERCENT_ORDER_STS` (`period`,`store_id`,`code`,`percent`,`order_status`),
  KEY `TAX_ORDER_AGGREGATED_UPDATED_STORE_ID` (`store_id`),
  CONSTRAINT `TAX_ORDER_AGGREGATED_UPDATED_STORE_ID_STORE_STORE_ID` FOREIGN KEY (`store_id`) REFERENCES `store` (`store_id`) ON DELETE CASCADE
) ENGINE=InnoDB DEFAULT CHARSET=utf8mb3 COMMENT='Tax Order Aggregated Updated';

--
-- Dumping data for table `tax_order_aggregated_updated`
--


--
-- Table structure for table `theme`
--

CREATE TABLE `theme` (
  `theme_id` int unsigned NOT NULL AUTO_INCREMENT COMMENT 'Theme identifier',
  `parent_id` int DEFAULT NULL COMMENT 'Parent ID',
  `theme_path` varchar(255) DEFAULT NULL COMMENT 'Theme Path',
  `theme_title` varchar(255) NOT NULL COMMENT 'Theme Title',
  `preview_image` varchar(255) DEFAULT NULL COMMENT 'Preview Image',
  `is_featured` tinyint(1) NOT NULL DEFAULT '0' COMMENT 'Is Theme Featured',
  `area` varchar(255) NOT NULL COMMENT 'Theme Area',
  `type` smallint NOT NULL COMMENT 'Theme type: 0:physical, 1:virtual, 2:staging',
  `code` text COMMENT 'Full theme code, including package',
  PRIMARY KEY (`theme_id`)
) ENGINE=InnoDB AUTO_INCREMENT=5 DEFAULT CHARSET=utf8mb3 COMMENT='Core theme';

--
-- Dumping data for table `theme`
--

INSERT INTO `theme` VALUES (1,NULL,'Magento/blank','Magento Blank','preview_image_65e0591c8c58a.jpeg',0,'frontend',0,'Magento/blank'),(2,NULL,'Magento/backend','Magento 2 backend',NULL,0,'adminhtml',0,'Magento/backend'),(3,1,'Magento/luma','Magento Luma','preview_image_65e0591ca283a.jpeg',0,'frontend',0,'Magento/luma'),(4,1,'Hiddentechies/bizkick','Hiddentechies Bizkick','preview_image_65e853b90e31f.jpeg',0,'frontend',0,'Hiddentechies/bizkick');

--
-- Table structure for table `theme_file`
--

CREATE TABLE `theme_file` (
  `theme_files_id` int unsigned NOT NULL AUTO_INCREMENT COMMENT 'Theme files identifier',
  `theme_id` int unsigned NOT NULL COMMENT 'Theme ID',
  `file_path` varchar(255) DEFAULT NULL COMMENT 'Relative path to file',
  `file_type` varchar(32) NOT NULL COMMENT 'File Type',
  `content` longtext NOT NULL COMMENT 'File Content',
  `sort_order` smallint NOT NULL DEFAULT '0' COMMENT 'Sort Order',
  `is_temporary` tinyint(1) NOT NULL DEFAULT '0' COMMENT 'Is Temporary File',
  PRIMARY KEY (`theme_files_id`),
  KEY `THEME_FILE_THEME_ID_THEME_THEME_ID` (`theme_id`),
  CONSTRAINT `THEME_FILE_THEME_ID_THEME_THEME_ID` FOREIGN KEY (`theme_id`) REFERENCES `theme` (`theme_id`) ON DELETE CASCADE
) ENGINE=InnoDB DEFAULT CHARSET=utf8mb3 COMMENT='Core theme files';

--
-- Dumping data for table `theme_file`
--


--
-- Table structure for table `translation`
--

CREATE TABLE `translation` (
  `key_id` int unsigned NOT NULL AUTO_INCREMENT COMMENT 'Key ID of Translation',
  `string` varchar(255) NOT NULL DEFAULT 'Translate String' COMMENT 'Translation String',
  `store_id` smallint unsigned NOT NULL DEFAULT '0' COMMENT 'Store ID',
  `translate` varchar(255) DEFAULT NULL COMMENT 'Translate',
  `locale` varchar(20) NOT NULL DEFAULT 'en_US' COMMENT 'Locale',
  `crc_string` bigint NOT NULL DEFAULT '1591228201' COMMENT 'Translation String CRC32 Hash',
  PRIMARY KEY (`key_id`),
  UNIQUE KEY `TRANSLATION_STORE_ID_LOCALE_CRC_STRING_STRING` (`store_id`,`locale`,`crc_string`,`string`),
  CONSTRAINT `TRANSLATION_STORE_ID_STORE_STORE_ID` FOREIGN KEY (`store_id`) REFERENCES `store` (`store_id`) ON DELETE CASCADE
) ENGINE=InnoDB DEFAULT CHARSET=utf8mb3 COMMENT='Translations';

--
-- Dumping data for table `translation`
--


--
-- Table structure for table `ui_bookmark`
--

CREATE TABLE `ui_bookmark` (
  `bookmark_id` int unsigned NOT NULL AUTO_INCREMENT COMMENT 'Bookmark identifier',
  `user_id` int unsigned NOT NULL COMMENT 'User ID',
  `namespace` varchar(255) NOT NULL COMMENT 'Bookmark namespace',
  `identifier` varchar(255) NOT NULL COMMENT 'Bookmark Identifier',
  `current` smallint NOT NULL COMMENT 'Mark current bookmark per user and identifier',
  `title` varchar(255) DEFAULT NULL COMMENT 'Bookmark title',
  `config` longtext COMMENT 'Bookmark config',
  `created_at` datetime NOT NULL DEFAULT CURRENT_TIMESTAMP COMMENT 'Bookmark created at',
  `updated_at` datetime NOT NULL DEFAULT CURRENT_TIMESTAMP ON UPDATE CURRENT_TIMESTAMP COMMENT 'Bookmark updated at',
  PRIMARY KEY (`bookmark_id`),
  KEY `UI_BOOKMARK_USER_ID_NAMESPACE_IDENTIFIER` (`user_id`,`namespace`,`identifier`),
  CONSTRAINT `UI_BOOKMARK_USER_ID_ADMIN_USER_USER_ID` FOREIGN KEY (`user_id`) REFERENCES `admin_user` (`user_id`) ON DELETE CASCADE
) ENGINE=InnoDB AUTO_INCREMENT=41 DEFAULT CHARSET=utf8mb3 COMMENT='Bookmark';

--
-- Dumping data for table `ui_bookmark`
--

INSERT INTO `ui_bookmark` VALUES (1,2,'product_listing','default',1,'Default View','{\"views\":{\"default\":{\"label\":\"Default View\",\"index\":\"default\",\"editable\":false,\"data\":{\"columns\":{\"entity_id\":{\"visible\":true,\"sorting\":\"asc\"},\"name\":{\"visible\":true,\"sorting\":false},\"sku\":{\"visible\":true,\"sorting\":false},\"price\":{\"visible\":true,\"sorting\":false},\"websites\":{\"visible\":true,\"sorting\":false},\"qty\":{\"visible\":true,\"sorting\":false},\"short_description\":{\"visible\":false,\"sorting\":false},\"special_price\":{\"visible\":false,\"sorting\":false},\"cost\":{\"visible\":false,\"sorting\":false},\"weight\":{\"visible\":false,\"sorting\":false},\"meta_title\":{\"visible\":false,\"sorting\":false},\"meta_keyword\":{\"visible\":false,\"sorting\":false},\"meta_description\":{\"visible\":false,\"sorting\":false},\"url_key\":{\"visible\":false,\"sorting\":false},\"msrp\":{\"visible\":false,\"sorting\":false},\"actions\":{\"visible\":true,\"sorting\":false},\"type_id\":{\"visible\":true,\"sorting\":false},\"attribute_set_id\":{\"visible\":true,\"sorting\":false},\"visibility\":{\"visible\":true,\"sorting\":false},\"status\":{\"visible\":true,\"sorting\":false},\"manufacturer\":{\"visible\":false,\"sorting\":false},\"color\":{\"visible\":false,\"sorting\":false},\"custom_design\":{\"visible\":false,\"sorting\":false},\"page_layout\":{\"visible\":false,\"sorting\":false},\"country_of_manufacture\":{\"visible\":false,\"sorting\":false},\"custom_layout\":{\"visible\":false,\"sorting\":false},\"gift_message_available\":{\"visible\":false,\"sorting\":false},\"tax_class_id\":{\"visible\":false,\"sorting\":false},\"ids\":{\"visible\":true,\"sorting\":false},\"salable_quantity\":{\"visible\":true,\"sorting\":false},\"thumbnail\":{\"visible\":true,\"sorting\":false},\"updated_at\":{\"visible\":true,\"sorting\":false},\"special_from_date\":{\"visible\":false,\"sorting\":false},\"special_to_date\":{\"visible\":false,\"sorting\":false},\"news_from_date\":{\"visible\":false,\"sorting\":false},\"news_to_date\":{\"visible\":false,\"sorting\":false},\"custom_design_from\":{\"visible\":false,\"sorting\":false},\"custom_design_to\":{\"visible\":false,\"sorting\":false}},\"displayMode\":\"grid\",\"filters\":{\"applied\":{\"placeholder\":true}},\"search\":{\"value\":\"\"},\"paging\":{\"pageSize\":20,\"current\":1,\"options\":{\"20\":{\"value\":20,\"label\":20},\"30\":{\"value\":30,\"label\":30},\"50\":{\"value\":50,\"label\":50},\"100\":{\"value\":100,\"label\":100},\"200\":{\"value\":200,\"label\":200}},\"value\":20},\"positions\":{\"ids\":0,\"entity_id\":1,\"thumbnail\":2,\"name\":3,\"type_id\":4,\"attribute_set_id\":5,\"sku\":6,\"price\":7,\"qty\":8,\"salable_quantity\":9,\"visibility\":10,\"status\":11,\"websites\":12,\"short_description\":13,\"special_price\":14,\"special_from_date\":15,\"special_to_date\":16,\"cost\":17,\"weight\":18,\"manufacturer\":19,\"meta_title\":20,\"meta_keyword\":21,\"meta_description\":22,\"color\":23,\"news_from_date\":24,\"news_to_date\":25,\"custom_design\":26,\"custom_design_from\":27,\"custom_design_to\":28,\"page_layout\":29,\"country_of_manufacture\":30,\"custom_layout\":31,\"url_key\":32,\"msrp\":33,\"gift_message_available\":34,\"tax_class_id\":35,\"updated_at\":36,\"actions\":37}},\"value\":\"Default View\"}}}','2024-02-29 10:50:47','2024-02-29 10:50:47'),(2,2,'product_listing','current',0,NULL,'{\"current\":{\"columns\":{\"entity_id\":{\"visible\":true,\"sorting\":\"asc\"},\"name\":{\"visible\":true,\"sorting\":false},\"sku\":{\"visible\":true,\"sorting\":false},\"price\":{\"visible\":true,\"sorting\":false},\"websites\":{\"visible\":true,\"sorting\":false},\"qty\":{\"visible\":true,\"sorting\":false},\"short_description\":{\"visible\":false,\"sorting\":false},\"special_price\":{\"visible\":false,\"sorting\":false},\"cost\":{\"visible\":false,\"sorting\":false},\"weight\":{\"visible\":false,\"sorting\":false},\"meta_title\":{\"visible\":false,\"sorting\":false},\"meta_keyword\":{\"visible\":false,\"sorting\":false},\"meta_description\":{\"visible\":false,\"sorting\":false},\"url_key\":{\"visible\":false,\"sorting\":false},\"msrp\":{\"visible\":false,\"sorting\":false},\"actions\":{\"visible\":true,\"sorting\":false},\"type_id\":{\"visible\":true,\"sorting\":false},\"attribute_set_id\":{\"visible\":true,\"sorting\":false},\"visibility\":{\"visible\":true,\"sorting\":false},\"status\":{\"visible\":true,\"sorting\":false},\"manufacturer\":{\"visible\":false,\"sorting\":false},\"color\":{\"visible\":false,\"sorting\":false},\"custom_design\":{\"visible\":false,\"sorting\":false},\"page_layout\":{\"visible\":false,\"sorting\":false},\"country_of_manufacture\":{\"visible\":false,\"sorting\":false},\"custom_layout\":{\"visible\":false,\"sorting\":false},\"gift_message_available\":{\"visible\":false,\"sorting\":false},\"tax_class_id\":{\"visible\":false,\"sorting\":false},\"ids\":{\"visible\":true,\"sorting\":false},\"salable_quantity\":{\"visible\":true,\"sorting\":false},\"thumbnail\":{\"visible\":true,\"sorting\":false},\"updated_at\":{\"visible\":true,\"sorting\":false},\"special_from_date\":{\"visible\":false,\"sorting\":false},\"special_to_date\":{\"visible\":false,\"sorting\":false},\"news_from_date\":{\"visible\":false,\"sorting\":false},\"news_to_date\":{\"visible\":false,\"sorting\":false},\"custom_design_from\":{\"visible\":false,\"sorting\":false},\"custom_design_to\":{\"visible\":false,\"sorting\":false}},\"displayMode\":\"grid\",\"filters\":{\"applied\":{\"placeholder\":true}},\"search\":{\"value\":\"test\"},\"paging\":{\"pageSize\":20,\"current\":1,\"options\":{\"20\":{\"value\":20,\"label\":20},\"30\":{\"value\":30,\"label\":30},\"50\":{\"value\":50,\"label\":50},\"100\":{\"value\":100,\"label\":100},\"200\":{\"value\":200,\"label\":200}},\"value\":20},\"positions\":{\"ids\":0,\"entity_id\":1,\"thumbnail\":2,\"name\":3,\"type_id\":4,\"attribute_set_id\":5,\"sku\":6,\"price\":7,\"qty\":8,\"salable_quantity\":9,\"visibility\":10,\"status\":11,\"websites\":12,\"short_description\":13,\"special_price\":14,\"special_from_date\":15,\"special_to_date\":16,\"cost\":17,\"weight\":18,\"manufacturer\":19,\"meta_title\":20,\"meta_keyword\":21,\"meta_description\":22,\"color\":23,\"news_from_date\":24,\"news_to_date\":25,\"custom_design\":26,\"custom_design_from\":27,\"custom_design_to\":28,\"page_layout\":29,\"country_of_manufacture\":30,\"custom_layout\":31,\"url_key\":32,\"msrp\":33,\"gift_message_available\":34,\"tax_class_id\":35,\"updated_at\":36,\"actions\":37}}}','2024-02-29 10:50:48','2024-03-12 11:25:01'),(3,2,'sales_order_grid','default',1,'Default View','{\"views\":{\"default\":{\"label\":\"Default View\",\"index\":\"default\",\"editable\":false,\"data\":{\"search\":{\"value\":\"\"},\"filters\":{\"applied\":{\"placeholder\":true}},\"paging\":{\"pageSize\":20,\"current\":1,\"options\":{\"20\":{\"value\":20,\"label\":20},\"30\":{\"value\":30,\"label\":30},\"50\":{\"value\":50,\"label\":50},\"100\":{\"value\":100,\"label\":100},\"200\":{\"value\":200,\"label\":200}},\"value\":20},\"columns\":{\"increment_id\":{\"visible\":true,\"sorting\":false},\"store_id\":{\"visible\":true,\"sorting\":false},\"billing_name\":{\"visible\":true,\"sorting\":false},\"shipping_name\":{\"visible\":true,\"sorting\":false},\"base_grand_total\":{\"visible\":true,\"sorting\":false},\"grand_total\":{\"visible\":true,\"sorting\":false},\"billing_address\":{\"visible\":false,\"sorting\":false},\"shipping_address\":{\"visible\":false,\"sorting\":false},\"shipping_information\":{\"visible\":false,\"sorting\":false},\"customer_email\":{\"visible\":false,\"sorting\":false},\"subtotal\":{\"visible\":false,\"sorting\":false},\"shipping_and_handling\":{\"visible\":false,\"sorting\":false},\"customer_name\":{\"visible\":false,\"sorting\":false},\"total_refunded\":{\"visible\":false,\"sorting\":false},\"pickup_location_code\":{\"visible\":false,\"sorting\":false},\"transaction_source\":{\"visible\":true,\"sorting\":false},\"actions\":{\"visible\":true,\"sorting\":false},\"status\":{\"visible\":true,\"sorting\":false},\"customer_group\":{\"visible\":false,\"sorting\":false},\"payment_method\":{\"visible\":false,\"sorting\":false},\"created_at\":{\"visible\":true,\"sorting\":\"desc\"},\"allocated_sources\":{\"visible\":true,\"sorting\":false},\"ids\":{\"visible\":true,\"sorting\":false}},\"displayMode\":\"grid\",\"positions\":{\"ids\":0,\"increment_id\":1,\"store_id\":2,\"created_at\":3,\"billing_name\":4,\"shipping_name\":5,\"base_grand_total\":6,\"grand_total\":7,\"status\":8,\"billing_address\":9,\"shipping_address\":10,\"shipping_information\":11,\"customer_email\":12,\"customer_group\":13,\"subtotal\":14,\"shipping_and_handling\":15,\"customer_name\":16,\"payment_method\":17,\"total_refunded\":18,\"actions\":19,\"allocated_sources\":20,\"pickup_location_code\":21,\"transaction_source\":22}},\"value\":\"Default View\"}}}','2024-02-29 10:55:11','2024-02-29 10:55:11'),(4,2,'sales_order_grid','current',0,NULL,'{\"current\":{\"search\":{\"value\":\"\"},\"filters\":{\"applied\":{\"placeholder\":true}},\"paging\":{\"pageSize\":20,\"current\":1,\"options\":{\"20\":{\"value\":20,\"label\":20},\"30\":{\"value\":30,\"label\":30},\"50\":{\"value\":50,\"label\":50},\"100\":{\"value\":100,\"label\":100},\"200\":{\"value\":200,\"label\":200}},\"value\":20},\"columns\":{\"increment_id\":{\"visible\":true,\"sorting\":false},\"store_id\":{\"visible\":true,\"sorting\":false},\"billing_name\":{\"visible\":true,\"sorting\":false},\"shipping_name\":{\"visible\":true,\"sorting\":false},\"base_grand_total\":{\"visible\":true,\"sorting\":false},\"grand_total\":{\"visible\":true,\"sorting\":false},\"billing_address\":{\"visible\":false,\"sorting\":false},\"shipping_address\":{\"visible\":false,\"sorting\":false},\"shipping_information\":{\"visible\":false,\"sorting\":false},\"customer_email\":{\"visible\":false,\"sorting\":false},\"subtotal\":{\"visible\":false,\"sorting\":false},\"shipping_and_handling\":{\"visible\":false,\"sorting\":false},\"customer_name\":{\"visible\":false,\"sorting\":false},\"total_refunded\":{\"visible\":false,\"sorting\":false},\"pickup_location_code\":{\"visible\":false,\"sorting\":false},\"transaction_source\":{\"visible\":true,\"sorting\":false},\"actions\":{\"visible\":true,\"sorting\":false},\"status\":{\"visible\":true,\"sorting\":false},\"customer_group\":{\"visible\":false,\"sorting\":false},\"payment_method\":{\"visible\":false,\"sorting\":false},\"created_at\":{\"visible\":true,\"sorting\":\"desc\"},\"allocated_sources\":{\"visible\":true,\"sorting\":false},\"ids\":{\"visible\":true,\"sorting\":false}},\"displayMode\":\"grid\",\"positions\":{\"ids\":0,\"increment_id\":1,\"store_id\":2,\"created_at\":3,\"billing_name\":4,\"shipping_name\":5,\"base_grand_total\":6,\"grand_total\":7,\"status\":8,\"billing_address\":9,\"shipping_address\":10,\"shipping_information\":11,\"customer_email\":12,\"customer_group\":13,\"subtotal\":14,\"shipping_and_handling\":15,\"customer_name\":16,\"payment_method\":17,\"total_refunded\":18,\"actions\":19,\"allocated_sources\":20,\"pickup_location_code\":21,\"transaction_source\":22}}}','2024-02-29 10:55:12','2024-02-29 10:55:12'),(5,2,'sales_order_view_invoice_grid','default',1,'Default View','{\"views\":{\"default\":{\"label\":\"Default View\",\"index\":\"default\",\"editable\":false,\"data\":{\"columns\":{\"increment_id\":{\"visible\":true,\"sorting\":\"asc\"},\"order_increment_id\":{\"visible\":true,\"sorting\":false},\"billing_name\":{\"visible\":true,\"sorting\":false},\"grand_total\":{\"visible\":true,\"sorting\":false},\"store_id\":{\"visible\":false,\"sorting\":false},\"billing_address\":{\"visible\":false,\"sorting\":false},\"shipping_address\":{\"visible\":false,\"sorting\":false},\"customer_name\":{\"visible\":false,\"sorting\":false},\"customer_email\":{\"visible\":false,\"sorting\":false},\"shipping_information\":{\"visible\":false,\"sorting\":false},\"subtotal\":{\"visible\":false,\"sorting\":false},\"shipping_and_handling\":{\"visible\":false,\"sorting\":false},\"actions\":{\"visible\":true,\"sorting\":false},\"state\":{\"visible\":true,\"sorting\":false},\"customer_group_id\":{\"visible\":false,\"sorting\":false},\"payment_method\":{\"visible\":false,\"sorting\":false},\"ids\":{\"visible\":true,\"sorting\":false},\"created_at\":{\"visible\":true,\"sorting\":false},\"order_created_at\":{\"visible\":true,\"sorting\":false}},\"filters\":{\"applied\":{\"placeholder\":true}},\"paging\":{\"pageSize\":20,\"current\":1,\"options\":{\"20\":{\"value\":20,\"label\":20},\"30\":{\"value\":30,\"label\":30},\"50\":{\"value\":50,\"label\":50},\"100\":{\"value\":100,\"label\":100},\"200\":{\"value\":200,\"label\":200}},\"value\":20},\"displayMode\":\"grid\",\"positions\":{\"ids\":0,\"increment_id\":1,\"created_at\":2,\"order_increment_id\":3,\"order_created_at\":4,\"billing_name\":5,\"state\":6,\"grand_total\":7,\"store_id\":8,\"billing_address\":9,\"shipping_address\":10,\"customer_name\":11,\"customer_email\":12,\"customer_group_id\":13,\"payment_method\":14,\"shipping_information\":15,\"subtotal\":16,\"shipping_and_handling\":17,\"actions\":18},\"search\":{\"value\":\"\"}},\"value\":\"Default View\"}}}','2024-02-29 10:55:20','2024-02-29 10:55:20'),(6,2,'sales_order_view_creditmemo_grid','default',1,'Default View','{\"views\":{\"default\":{\"label\":\"Default View\",\"index\":\"default\",\"editable\":false,\"data\":{\"columns\":{\"increment_id\":{\"visible\":true,\"sorting\":false},\"order_increment_id\":{\"visible\":true,\"sorting\":false},\"billing_name\":{\"visible\":true,\"sorting\":false},\"base_grand_total\":{\"visible\":true,\"sorting\":false},\"store_id\":{\"visible\":false,\"sorting\":false},\"billing_address\":{\"visible\":false,\"sorting\":false},\"shipping_address\":{\"visible\":false,\"sorting\":false},\"customer_name\":{\"visible\":false,\"sorting\":false},\"customer_email\":{\"visible\":false,\"sorting\":false},\"shipping_information\":{\"visible\":false,\"sorting\":false},\"subtotal\":{\"visible\":false,\"sorting\":false},\"shipping_and_handling\":{\"visible\":false,\"sorting\":false},\"adjustment_positive\":{\"visible\":false,\"sorting\":false},\"adjustment_negative\":{\"visible\":false,\"sorting\":false},\"order_base_grand_total\":{\"visible\":false,\"sorting\":false},\"actions\":{\"visible\":true,\"sorting\":false},\"state\":{\"visible\":true,\"sorting\":false},\"order_status\":{\"visible\":false,\"sorting\":false},\"customer_group_id\":{\"visible\":false,\"sorting\":false},\"payment_method\":{\"visible\":false,\"sorting\":false},\"ids\":{\"visible\":true,\"sorting\":false},\"created_at\":{\"visible\":true,\"sorting\":false},\"order_created_at\":{\"visible\":true,\"sorting\":false}},\"filters\":{\"applied\":{\"placeholder\":true}},\"paging\":{\"pageSize\":20,\"current\":1,\"options\":{\"20\":{\"value\":20,\"label\":20},\"30\":{\"value\":30,\"label\":30},\"50\":{\"value\":50,\"label\":50},\"100\":{\"value\":100,\"label\":100},\"200\":{\"value\":200,\"label\":200}},\"value\":20},\"displayMode\":\"grid\",\"positions\":{\"ids\":0,\"increment_id\":1,\"created_at\":2,\"order_increment_id\":3,\"order_created_at\":4,\"billing_name\":5,\"state\":6,\"base_grand_total\":7,\"order_status\":8,\"store_id\":9,\"billing_address\":10,\"shipping_address\":11,\"customer_name\":12,\"customer_email\":13,\"customer_group_id\":14,\"payment_method\":15,\"shipping_information\":16,\"subtotal\":17,\"shipping_and_handling\":18,\"adjustment_positive\":19,\"adjustment_negative\":20,\"order_base_grand_total\":21,\"actions\":22},\"search\":{\"value\":\"\"}},\"value\":\"Default View\"}}}','2024-02-29 10:55:20','2024-02-29 10:55:20'),(7,2,'sales_order_view_shipment_grid','default',1,'Default View','{\"views\":{\"default\":{\"label\":\"Default View\",\"index\":\"default\",\"editable\":false,\"data\":{\"columns\":{\"increment_id\":{\"visible\":true,\"sorting\":\"asc\"},\"order_increment_id\":{\"visible\":true,\"sorting\":false},\"shipping_name\":{\"visible\":true,\"sorting\":false},\"total_qty\":{\"visible\":true,\"sorting\":false},\"store_id\":{\"visible\":false,\"sorting\":false},\"customer_name\":{\"visible\":false,\"sorting\":false},\"customer_email\":{\"visible\":false,\"sorting\":false},\"billing_address\":{\"visible\":false,\"sorting\":false},\"shipping_address\":{\"visible\":false,\"sorting\":false},\"shipping_information\":{\"visible\":false,\"sorting\":false},\"actions\":{\"visible\":true,\"sorting\":false},\"order_status\":{\"visible\":false,\"sorting\":false},\"customer_group_id\":{\"visible\":false,\"sorting\":false},\"payment_method\":{\"visible\":false,\"sorting\":false},\"ids\":{\"visible\":true,\"sorting\":false},\"created_at\":{\"visible\":true,\"sorting\":false},\"order_created_at\":{\"visible\":true,\"sorting\":false}},\"filters\":{\"applied\":{\"placeholder\":true}},\"paging\":{\"pageSize\":20,\"current\":1,\"options\":{\"20\":{\"value\":20,\"label\":20},\"30\":{\"value\":30,\"label\":30},\"50\":{\"value\":50,\"label\":50},\"100\":{\"value\":100,\"label\":100},\"200\":{\"value\":200,\"label\":200}},\"value\":20},\"displayMode\":\"grid\",\"positions\":{\"ids\":0,\"increment_id\":1,\"created_at\":2,\"order_increment_id\":3,\"order_created_at\":4,\"shipping_name\":5,\"total_qty\":6,\"order_status\":7,\"store_id\":8,\"customer_name\":9,\"customer_email\":10,\"customer_group_id\":11,\"billing_address\":12,\"shipping_address\":13,\"payment_method\":14,\"shipping_information\":15,\"actions\":16},\"search\":{\"value\":\"\"}},\"value\":\"Default View\"}}}','2024-02-29 10:55:20','2024-02-29 10:55:20'),(8,2,'sales_order_view_invoice_grid','current',0,NULL,'{\"current\":{\"columns\":{\"increment_id\":{\"visible\":true,\"sorting\":false},\"order_increment_id\":{\"visible\":true,\"sorting\":\"desc\"},\"billing_name\":{\"visible\":true,\"sorting\":false},\"grand_total\":{\"visible\":true,\"sorting\":false},\"store_id\":{\"visible\":false,\"sorting\":false},\"billing_address\":{\"visible\":false,\"sorting\":false},\"shipping_address\":{\"visible\":false,\"sorting\":false},\"customer_name\":{\"visible\":false,\"sorting\":false},\"customer_email\":{\"visible\":false,\"sorting\":false},\"shipping_information\":{\"visible\":false,\"sorting\":false},\"subtotal\":{\"visible\":false,\"sorting\":false},\"shipping_and_handling\":{\"visible\":false,\"sorting\":false},\"actions\":{\"visible\":true,\"sorting\":false},\"state\":{\"visible\":true,\"sorting\":false},\"customer_group_id\":{\"visible\":false,\"sorting\":false},\"payment_method\":{\"visible\":false,\"sorting\":false},\"ids\":{\"visible\":true,\"sorting\":false},\"created_at\":{\"visible\":true,\"sorting\":false},\"order_created_at\":{\"visible\":true,\"sorting\":false}},\"filters\":{\"applied\":{\"placeholder\":true}},\"paging\":{\"pageSize\":20,\"current\":1,\"options\":{\"20\":{\"value\":20,\"label\":20},\"30\":{\"value\":30,\"label\":30},\"50\":{\"value\":50,\"label\":50},\"100\":{\"value\":100,\"label\":100},\"200\":{\"value\":200,\"label\":200}},\"value\":20},\"displayMode\":\"grid\",\"positions\":{\"ids\":0,\"increment_id\":1,\"created_at\":2,\"order_increment_id\":3,\"order_created_at\":4,\"billing_name\":5,\"state\":6,\"grand_total\":7,\"store_id\":8,\"billing_address\":9,\"shipping_address\":10,\"customer_name\":11,\"customer_email\":12,\"customer_group_id\":13,\"payment_method\":14,\"shipping_information\":15,\"subtotal\":16,\"shipping_and_handling\":17,\"actions\":18},\"search\":{\"value\":\"\"}}}','2024-02-29 10:55:21','2024-02-29 11:37:42'),(9,2,'sales_order_view_creditmemo_grid','current',0,NULL,'{\"current\":{\"columns\":{\"increment_id\":{\"visible\":true,\"sorting\":false},\"order_increment_id\":{\"visible\":true,\"sorting\":false},\"billing_name\":{\"visible\":true,\"sorting\":false},\"base_grand_total\":{\"visible\":true,\"sorting\":false},\"store_id\":{\"visible\":false,\"sorting\":false},\"billing_address\":{\"visible\":false,\"sorting\":false},\"shipping_address\":{\"visible\":false,\"sorting\":false},\"customer_name\":{\"visible\":false,\"sorting\":false},\"customer_email\":{\"visible\":false,\"sorting\":false},\"shipping_information\":{\"visible\":false,\"sorting\":false},\"subtotal\":{\"visible\":false,\"sorting\":false},\"shipping_and_handling\":{\"visible\":false,\"sorting\":false},\"adjustment_positive\":{\"visible\":false,\"sorting\":false},\"adjustment_negative\":{\"visible\":false,\"sorting\":false},\"order_base_grand_total\":{\"visible\":false,\"sorting\":false},\"actions\":{\"visible\":true,\"sorting\":false},\"state\":{\"visible\":true,\"sorting\":false},\"order_status\":{\"visible\":false,\"sorting\":false},\"customer_group_id\":{\"visible\":false,\"sorting\":false},\"payment_method\":{\"visible\":false,\"sorting\":false},\"ids\":{\"visible\":true,\"sorting\":false},\"created_at\":{\"visible\":true,\"sorting\":false},\"order_created_at\":{\"visible\":true,\"sorting\":false}},\"filters\":{\"applied\":{\"placeholder\":true}},\"paging\":{\"pageSize\":20,\"current\":1,\"options\":{\"20\":{\"value\":20,\"label\":20},\"30\":{\"value\":30,\"label\":30},\"50\":{\"value\":50,\"label\":50},\"100\":{\"value\":100,\"label\":100},\"200\":{\"value\":200,\"label\":200}},\"value\":20},\"displayMode\":\"grid\",\"positions\":{\"ids\":0,\"increment_id\":1,\"created_at\":2,\"order_increment_id\":3,\"order_created_at\":4,\"billing_name\":5,\"state\":6,\"base_grand_total\":7,\"order_status\":8,\"store_id\":9,\"billing_address\":10,\"shipping_address\":11,\"customer_name\":12,\"customer_email\":13,\"customer_group_id\":14,\"payment_method\":15,\"shipping_information\":16,\"subtotal\":17,\"shipping_and_handling\":18,\"adjustment_positive\":19,\"adjustment_negative\":20,\"order_base_grand_total\":21,\"actions\":22},\"search\":{\"value\":\"\"}}}','2024-02-29 10:55:21','2024-02-29 10:55:21'),(10,2,'sales_order_view_shipment_grid','current',0,NULL,'{\"current\":{\"columns\":{\"increment_id\":{\"visible\":true,\"sorting\":\"asc\"},\"order_increment_id\":{\"visible\":true,\"sorting\":false},\"shipping_name\":{\"visible\":true,\"sorting\":false},\"total_qty\":{\"visible\":true,\"sorting\":false},\"store_id\":{\"visible\":false,\"sorting\":false},\"customer_name\":{\"visible\":false,\"sorting\":false},\"customer_email\":{\"visible\":false,\"sorting\":false},\"billing_address\":{\"visible\":false,\"sorting\":false},\"shipping_address\":{\"visible\":false,\"sorting\":false},\"shipping_information\":{\"visible\":false,\"sorting\":false},\"actions\":{\"visible\":true,\"sorting\":false},\"order_status\":{\"visible\":false,\"sorting\":false},\"customer_group_id\":{\"visible\":false,\"sorting\":false},\"payment_method\":{\"visible\":false,\"sorting\":false},\"ids\":{\"visible\":true,\"sorting\":false},\"created_at\":{\"visible\":true,\"sorting\":false},\"order_created_at\":{\"visible\":true,\"sorting\":false}},\"filters\":{\"applied\":{\"placeholder\":true}},\"paging\":{\"pageSize\":20,\"current\":1,\"options\":{\"20\":{\"value\":20,\"label\":20},\"30\":{\"value\":30,\"label\":30},\"50\":{\"value\":50,\"label\":50},\"100\":{\"value\":100,\"label\":100},\"200\":{\"value\":200,\"label\":200}},\"value\":20},\"displayMode\":\"grid\",\"positions\":{\"ids\":0,\"increment_id\":1,\"created_at\":2,\"order_increment_id\":3,\"order_created_at\":4,\"shipping_name\":5,\"total_qty\":6,\"order_status\":7,\"store_id\":8,\"customer_name\":9,\"customer_email\":10,\"customer_group_id\":11,\"billing_address\":12,\"shipping_address\":13,\"payment_method\":14,\"shipping_information\":15,\"actions\":16},\"search\":{\"value\":\"\"}}}','2024-02-29 10:55:21','2024-02-29 10:55:21'),(11,2,'sales_order_invoice_grid','default',1,'Default View','{\"views\":{\"default\":{\"label\":\"Default View\",\"index\":\"default\",\"editable\":false,\"data\":{\"columns\":{\"increment_id\":{\"visible\":true,\"sorting\":\"asc\"},\"order_increment_id\":{\"visible\":true,\"sorting\":false},\"billing_name\":{\"visible\":true,\"sorting\":false},\"base_grand_total\":{\"visible\":true,\"sorting\":false},\"grand_total\":{\"visible\":true,\"sorting\":false},\"store_id\":{\"visible\":false,\"sorting\":false},\"billing_address\":{\"visible\":false,\"sorting\":false},\"shipping_address\":{\"visible\":false,\"sorting\":false},\"customer_name\":{\"visible\":false,\"sorting\":false},\"customer_email\":{\"visible\":false,\"sorting\":false},\"shipping_information\":{\"visible\":false,\"sorting\":false},\"subtotal\":{\"visible\":false,\"sorting\":false},\"shipping_and_handling\":{\"visible\":false,\"sorting\":false},\"actions\":{\"visible\":true,\"sorting\":false},\"ids\":{\"visible\":true,\"sorting\":false},\"state\":{\"visible\":true,\"sorting\":false},\"customer_group_id\":{\"visible\":false,\"sorting\":false},\"payment_method\":{\"visible\":false,\"sorting\":false},\"created_at\":{\"visible\":true,\"sorting\":false},\"order_created_at\":{\"visible\":true,\"sorting\":false}},\"search\":{\"value\":\"\"},\"filters\":{\"applied\":{\"placeholder\":true}},\"paging\":{\"pageSize\":20,\"current\":1,\"options\":{\"20\":{\"value\":20,\"label\":20},\"30\":{\"value\":30,\"label\":30},\"50\":{\"value\":50,\"label\":50},\"100\":{\"value\":100,\"label\":100},\"200\":{\"value\":200,\"label\":200}},\"value\":20},\"displayMode\":\"grid\",\"positions\":{\"ids\":0,\"increment_id\":1,\"created_at\":2,\"order_increment_id\":3,\"order_created_at\":4,\"billing_name\":5,\"state\":6,\"base_grand_total\":7,\"grand_total\":8,\"store_id\":9,\"billing_address\":10,\"shipping_address\":11,\"customer_name\":12,\"customer_email\":13,\"customer_group_id\":14,\"payment_method\":15,\"shipping_information\":16,\"subtotal\":17,\"shipping_and_handling\":18,\"actions\":19}},\"value\":\"Default View\"}}}','2024-02-29 11:11:44','2024-02-29 11:11:44'),(12,2,'sales_order_invoice_grid','current',0,NULL,'{\"current\":{\"columns\":{\"increment_id\":{\"visible\":true,\"sorting\":\"asc\"},\"order_increment_id\":{\"visible\":true,\"sorting\":false},\"billing_name\":{\"visible\":true,\"sorting\":false},\"base_grand_total\":{\"visible\":true,\"sorting\":false},\"grand_total\":{\"visible\":true,\"sorting\":false},\"store_id\":{\"visible\":false,\"sorting\":false},\"billing_address\":{\"visible\":false,\"sorting\":false},\"shipping_address\":{\"visible\":false,\"sorting\":false},\"customer_name\":{\"visible\":false,\"sorting\":false},\"customer_email\":{\"visible\":false,\"sorting\":false},\"shipping_information\":{\"visible\":false,\"sorting\":false},\"subtotal\":{\"visible\":false,\"sorting\":false},\"shipping_and_handling\":{\"visible\":false,\"sorting\":false},\"actions\":{\"visible\":true,\"sorting\":false},\"ids\":{\"visible\":true,\"sorting\":false},\"state\":{\"visible\":true,\"sorting\":false},\"customer_group_id\":{\"visible\":false,\"sorting\":false},\"payment_method\":{\"visible\":false,\"sorting\":false},\"created_at\":{\"visible\":true,\"sorting\":false},\"order_created_at\":{\"visible\":true,\"sorting\":false}},\"search\":{\"value\":\"\"},\"filters\":{\"applied\":{\"placeholder\":true}},\"paging\":{\"pageSize\":20,\"current\":1,\"options\":{\"20\":{\"value\":20,\"label\":20},\"30\":{\"value\":30,\"label\":30},\"50\":{\"value\":50,\"label\":50},\"100\":{\"value\":100,\"label\":100},\"200\":{\"value\":200,\"label\":200}},\"value\":20},\"displayMode\":\"grid\",\"positions\":{\"ids\":0,\"increment_id\":1,\"created_at\":2,\"order_increment_id\":3,\"order_created_at\":4,\"billing_name\":5,\"state\":6,\"base_grand_total\":7,\"grand_total\":8,\"store_id\":9,\"billing_address\":10,\"shipping_address\":11,\"customer_name\":12,\"customer_email\":13,\"customer_group_id\":14,\"payment_method\":15,\"shipping_information\":16,\"subtotal\":17,\"shipping_and_handling\":18,\"actions\":19}}}','2024-02-29 11:11:46','2024-02-29 11:11:46'),(13,2,'design_theme_listing','default',1,'Default View','{\"views\":{\"default\":{\"label\":\"Default View\",\"index\":\"default\",\"editable\":false,\"data\":{\"columns\":{\"theme_id\":{\"visible\":false,\"sorting\":\"asc\"},\"theme_title\":{\"visible\":true,\"sorting\":false},\"parent_theme_title\":{\"visible\":true,\"sorting\":false},\"theme_path\":{\"visible\":true,\"sorting\":false},\"actions\":{\"visible\":true,\"sorting\":false}},\"displayMode\":\"grid\",\"positions\":{\"theme_id\":0,\"theme_title\":1,\"parent_theme_title\":2,\"theme_path\":3,\"actions\":4},\"filters\":{\"applied\":{\"placeholder\":true}},\"paging\":{\"pageSize\":20,\"current\":1,\"options\":{\"20\":{\"value\":20,\"label\":20},\"30\":{\"value\":30,\"label\":30},\"50\":{\"value\":50,\"label\":50},\"100\":{\"value\":100,\"label\":100},\"200\":{\"value\":200,\"label\":200}},\"value\":20}},\"value\":\"Default View\"}}}','2024-02-29 12:58:48','2024-02-29 12:58:48'),(14,2,'design_theme_listing','current',0,NULL,'{\"current\":{\"columns\":{\"theme_id\":{\"visible\":false,\"sorting\":\"asc\"},\"theme_title\":{\"visible\":true,\"sorting\":false},\"parent_theme_title\":{\"visible\":true,\"sorting\":false},\"theme_path\":{\"visible\":true,\"sorting\":false},\"actions\":{\"visible\":true,\"sorting\":false}},\"displayMode\":\"grid\",\"positions\":{\"theme_id\":0,\"theme_title\":1,\"parent_theme_title\":2,\"theme_path\":3,\"actions\":4},\"filters\":{\"applied\":{\"placeholder\":true}},\"paging\":{\"pageSize\":20,\"current\":1,\"options\":{\"20\":{\"value\":20,\"label\":20},\"30\":{\"value\":30,\"label\":30},\"50\":{\"value\":50,\"label\":50},\"100\":{\"value\":100,\"label\":100},\"200\":{\"value\":200,\"label\":200}},\"value\":20}}}','2024-02-29 12:58:50','2024-02-29 12:58:50'),(15,2,'mpsmtp_emails_log_grid','default',1,'Default View','{\"views\":{\"default\":{\"label\":\"Default View\",\"index\":\"default\",\"editable\":false,\"data\":{\"paging\":{\"pageSize\":20,\"current\":1,\"options\":{\"20\":{\"value\":20,\"label\":20},\"30\":{\"value\":30,\"label\":30},\"50\":{\"value\":50,\"label\":50},\"100\":{\"value\":100,\"label\":100},\"200\":{\"value\":200,\"label\":200}},\"value\":20},\"filters\":{\"applied\":{\"placeholder\":true}},\"columns\":{\"id\":{\"visible\":true,\"sorting\":false},\"subject\":{\"visible\":true,\"sorting\":false},\"sender\":{\"visible\":true,\"sorting\":false},\"recipient\":{\"visible\":true,\"sorting\":false},\"cc\":{\"visible\":false,\"sorting\":false},\"bcc\":{\"visible\":false,\"sorting\":false},\"ids\":{\"visible\":true,\"sorting\":false},\"actions\":{\"visible\":true,\"sorting\":false},\"status\":{\"visible\":true,\"sorting\":false},\"created_at\":{\"visible\":true,\"sorting\":\"desc\"}},\"displayMode\":\"grid\",\"positions\":{\"ids\":0,\"id\":1,\"subject\":2,\"sender\":3,\"recipient\":4,\"cc\":5,\"bcc\":6,\"status\":7,\"created_at\":8,\"actions\":9}},\"value\":\"Default View\"}}}','2024-03-04 08:09:36','2024-03-04 08:09:36'),(16,2,'mpsmtp_emails_log_grid','current',0,NULL,'{\"current\":{\"paging\":{\"pageSize\":20,\"current\":1,\"options\":{\"20\":{\"value\":20,\"label\":20},\"30\":{\"value\":30,\"label\":30},\"50\":{\"value\":50,\"label\":50},\"100\":{\"value\":100,\"label\":100},\"200\":{\"value\":200,\"label\":200}},\"value\":20},\"filters\":{\"applied\":{\"placeholder\":true}},\"columns\":{\"id\":{\"visible\":true,\"sorting\":false},\"subject\":{\"visible\":true,\"sorting\":false},\"sender\":{\"visible\":true,\"sorting\":false},\"recipient\":{\"visible\":true,\"sorting\":false},\"cc\":{\"visible\":false,\"sorting\":false},\"bcc\":{\"visible\":false,\"sorting\":false},\"ids\":{\"visible\":true,\"sorting\":false},\"actions\":{\"visible\":true,\"sorting\":false},\"status\":{\"visible\":true,\"sorting\":false},\"created_at\":{\"visible\":true,\"sorting\":\"desc\"}},\"displayMode\":\"grid\",\"positions\":{\"ids\":0,\"id\":1,\"subject\":2,\"sender\":3,\"recipient\":4,\"cc\":5,\"bcc\":6,\"status\":7,\"created_at\":8,\"actions\":9}}}','2024-03-04 08:09:38','2024-03-06 05:03:05'),(17,2,'mpsmtp_abandoned_cart_grid','default',1,'Default View','{\"views\":{\"default\":{\"label\":\"Default View\",\"index\":\"default\",\"editable\":false,\"data\":{\"filters\":{\"applied\":{\"placeholder\":true}},\"paging\":{\"pageSize\":20,\"current\":1,\"options\":{\"20\":{\"value\":20,\"label\":20},\"30\":{\"value\":30,\"label\":30},\"50\":{\"value\":50,\"label\":50},\"100\":{\"value\":100,\"label\":100},\"200\":{\"value\":200,\"label\":200}},\"value\":20},\"columns\":{\"entity_id\":{\"visible\":true,\"sorting\":false},\"store_id\":{\"visible\":true,\"sorting\":false},\"customer_name\":{\"visible\":true,\"sorting\":false},\"customer_email\":{\"visible\":true,\"sorting\":false},\"actions\":{\"visible\":true,\"sorting\":false},\"customer_group_id\":{\"visible\":true,\"sorting\":false},\"mp_smtp_ace_sent\":{\"visible\":true,\"sorting\":false},\"ids\":{\"visible\":true,\"sorting\":false},\"created_at\":{\"visible\":true,\"sorting\":\"desc\"}},\"displayMode\":\"grid\",\"positions\":{\"ids\":0,\"entity_id\":1,\"store_id\":2,\"customer_name\":3,\"customer_email\":4,\"customer_group_id\":5,\"mp_smtp_ace_sent\":6,\"created_at\":7,\"actions\":8}},\"value\":\"Default View\"}}}','2024-03-04 08:09:47','2024-03-04 08:09:47'),(18,2,'mpsmtp_abandoned_cart_grid','current',0,NULL,'{\"current\":{\"filters\":{\"applied\":{\"placeholder\":true}},\"paging\":{\"pageSize\":20,\"current\":1,\"options\":{\"20\":{\"value\":20,\"label\":20},\"30\":{\"value\":30,\"label\":30},\"50\":{\"value\":50,\"label\":50},\"100\":{\"value\":100,\"label\":100},\"200\":{\"value\":200,\"label\":200}},\"value\":20},\"columns\":{\"entity_id\":{\"visible\":true,\"sorting\":false},\"store_id\":{\"visible\":true,\"sorting\":false},\"customer_name\":{\"visible\":true,\"sorting\":false},\"customer_email\":{\"visible\":true,\"sorting\":false},\"actions\":{\"visible\":true,\"sorting\":false},\"customer_group_id\":{\"visible\":true,\"sorting\":false},\"mp_smtp_ace_sent\":{\"visible\":true,\"sorting\":false},\"ids\":{\"visible\":true,\"sorting\":false},\"created_at\":{\"visible\":true,\"sorting\":\"desc\"}},\"displayMode\":\"grid\",\"positions\":{\"ids\":0,\"entity_id\":1,\"store_id\":2,\"customer_name\":3,\"customer_email\":4,\"customer_group_id\":5,\"mp_smtp_ace_sent\":6,\"created_at\":7,\"actions\":8}}}','2024-03-04 08:09:48','2024-03-04 08:09:48'),(19,2,'customer_listing','default',1,'Default View','{\"views\":{\"default\":{\"label\":\"Default View\",\"index\":\"default\",\"editable\":false,\"data\":{\"search\":{\"value\":\"\"},\"columns\":{\"entity_id\":{\"visible\":true,\"sorting\":\"asc\"},\"name\":{\"visible\":true,\"sorting\":false},\"email\":{\"visible\":true,\"sorting\":false},\"billing_telephone\":{\"visible\":true,\"sorting\":false},\"billing_postcode\":{\"visible\":true,\"sorting\":false},\"billing_region\":{\"visible\":true,\"sorting\":false},\"confirmation\":{\"visible\":true,\"sorting\":false},\"created_in\":{\"visible\":true,\"sorting\":false},\"billing_full\":{\"visible\":false,\"sorting\":false},\"shipping_full\":{\"visible\":false,\"sorting\":false},\"taxvat\":{\"visible\":true,\"sorting\":false},\"billing_street\":{\"visible\":false,\"sorting\":false},\"billing_city\":{\"visible\":false,\"sorting\":false},\"billing_fax\":{\"visible\":false,\"sorting\":false},\"billing_vat_id\":{\"visible\":false,\"sorting\":false},\"billing_company\":{\"visible\":false,\"sorting\":false},\"billing_firstname\":{\"visible\":false,\"sorting\":false},\"billing_lastname\":{\"visible\":false,\"sorting\":false},\"lock_expires\":{\"visible\":false,\"sorting\":false},\"actions\":{\"visible\":true,\"sorting\":false},\"group_id\":{\"visible\":true,\"sorting\":false},\"billing_country_id\":{\"visible\":true,\"sorting\":false},\"website_id\":{\"visible\":true,\"sorting\":false},\"gender\":{\"visible\":true,\"sorting\":false},\"ids\":{\"visible\":true,\"sorting\":false},\"created_at\":{\"visible\":true,\"sorting\":false},\"dob\":{\"visible\":true,\"sorting\":false}},\"filters\":{\"applied\":{\"placeholder\":true}},\"paging\":{\"pageSize\":20,\"current\":1,\"options\":{\"20\":{\"value\":20,\"label\":20},\"30\":{\"value\":30,\"label\":30},\"50\":{\"value\":50,\"label\":50},\"100\":{\"value\":100,\"label\":100},\"200\":{\"value\":200,\"label\":200}},\"value\":20},\"displayMode\":\"grid\",\"positions\":{\"ids\":0,\"entity_id\":1,\"name\":2,\"email\":3,\"group_id\":4,\"billing_telephone\":5,\"billing_postcode\":6,\"billing_country_id\":7,\"billing_region\":8,\"created_at\":9,\"website_id\":10,\"confirmation\":11,\"created_in\":12,\"billing_full\":13,\"shipping_full\":14,\"dob\":15,\"taxvat\":16,\"gender\":17,\"billing_street\":18,\"billing_city\":19,\"billing_fax\":20,\"billing_vat_id\":21,\"billing_company\":22,\"billing_firstname\":23,\"billing_lastname\":24,\"lock_expires\":25,\"actions\":26}},\"value\":\"Default View\"}}}','2024-03-05 04:46:49','2024-03-05 04:46:49'),(20,2,'customer_listing','current',0,NULL,'{\"current\":{\"search\":{\"value\":\"\"},\"columns\":{\"entity_id\":{\"visible\":true,\"sorting\":\"asc\"},\"name\":{\"visible\":true,\"sorting\":false},\"email\":{\"visible\":true,\"sorting\":false},\"billing_telephone\":{\"visible\":true,\"sorting\":false},\"billing_postcode\":{\"visible\":true,\"sorting\":false},\"billing_region\":{\"visible\":true,\"sorting\":false},\"confirmation\":{\"visible\":true,\"sorting\":false},\"created_in\":{\"visible\":true,\"sorting\":false},\"billing_full\":{\"visible\":false,\"sorting\":false},\"shipping_full\":{\"visible\":false,\"sorting\":false},\"taxvat\":{\"visible\":true,\"sorting\":false},\"billing_street\":{\"visible\":false,\"sorting\":false},\"billing_city\":{\"visible\":false,\"sorting\":false},\"billing_fax\":{\"visible\":false,\"sorting\":false},\"billing_vat_id\":{\"visible\":false,\"sorting\":false},\"billing_company\":{\"visible\":false,\"sorting\":false},\"billing_firstname\":{\"visible\":false,\"sorting\":false},\"billing_lastname\":{\"visible\":false,\"sorting\":false},\"lock_expires\":{\"visible\":false,\"sorting\":false},\"actions\":{\"visible\":true,\"sorting\":false},\"group_id\":{\"visible\":true,\"sorting\":false},\"billing_country_id\":{\"visible\":true,\"sorting\":false},\"website_id\":{\"visible\":true,\"sorting\":false},\"gender\":{\"visible\":true,\"sorting\":false},\"ids\":{\"visible\":true,\"sorting\":false},\"created_at\":{\"visible\":true,\"sorting\":false},\"dob\":{\"visible\":true,\"sorting\":false}},\"filters\":{\"applied\":{\"placeholder\":true}},\"paging\":{\"pageSize\":20,\"current\":1,\"options\":{\"20\":{\"value\":20,\"label\":20},\"30\":{\"value\":30,\"label\":30},\"50\":{\"value\":50,\"label\":50},\"100\":{\"value\":100,\"label\":100},\"200\":{\"value\":200,\"label\":200}},\"value\":20},\"displayMode\":\"grid\",\"positions\":{\"ids\":0,\"entity_id\":1,\"name\":2,\"email\":3,\"group_id\":4,\"billing_telephone\":5,\"billing_postcode\":6,\"billing_country_id\":7,\"billing_region\":8,\"created_at\":9,\"website_id\":10,\"confirmation\":11,\"created_in\":12,\"billing_full\":13,\"shipping_full\":14,\"dob\":15,\"taxvat\":16,\"gender\":17,\"billing_street\":18,\"billing_city\":19,\"billing_fax\":20,\"billing_vat_id\":21,\"billing_company\":22,\"billing_firstname\":23,\"billing_lastname\":24,\"lock_expires\":25,\"actions\":26}}}','2024-03-05 04:46:51','2024-03-05 04:46:51'),(21,2,'cms_page_listing','default',1,'Default View','{\"views\":{\"default\":{\"label\":\"Default View\",\"index\":\"default\",\"editable\":false,\"data\":{\"search\":{\"value\":\"\"},\"filters\":{\"applied\":{\"placeholder\":true}},\"paging\":{\"pageSize\":20,\"current\":1,\"options\":{\"20\":{\"value\":20,\"label\":20},\"30\":{\"value\":30,\"label\":30},\"50\":{\"value\":50,\"label\":50},\"100\":{\"value\":100,\"label\":100},\"200\":{\"value\":200,\"label\":200}},\"value\":20},\"columns\":{\"page_id\":{\"visible\":true,\"sorting\":\"asc\"},\"title\":{\"visible\":true,\"sorting\":false},\"identifier\":{\"visible\":true,\"sorting\":false},\"store_id\":{\"visible\":true,\"sorting\":false},\"meta_title\":{\"visible\":false,\"sorting\":false},\"meta_keywords\":{\"visible\":false,\"sorting\":false},\"meta_description\":{\"visible\":false,\"sorting\":false},\"actions\":{\"visible\":true,\"sorting\":false},\"ids\":{\"visible\":true,\"sorting\":false},\"page_layout\":{\"visible\":true,\"sorting\":false},\"is_active\":{\"visible\":true,\"sorting\":false},\"custom_theme\":{\"visible\":false,\"sorting\":false},\"custom_root_template\":{\"visible\":false,\"sorting\":false},\"creation_time\":{\"visible\":true,\"sorting\":false},\"update_time\":{\"visible\":true,\"sorting\":false},\"custom_theme_from\":{\"visible\":false,\"sorting\":false},\"custom_theme_to\":{\"visible\":false,\"sorting\":false}},\"displayMode\":\"grid\",\"positions\":{\"ids\":0,\"page_id\":1,\"title\":2,\"identifier\":3,\"page_layout\":4,\"store_id\":5,\"is_active\":6,\"creation_time\":7,\"update_time\":8,\"custom_theme_from\":9,\"custom_theme_to\":10,\"custom_theme\":11,\"custom_root_template\":12,\"meta_title\":13,\"meta_keywords\":14,\"meta_description\":15,\"actions\":16}},\"value\":\"Default View\"}}}','2024-03-05 04:52:02','2024-03-05 04:52:02'),(22,2,'cms_page_listing','current',0,NULL,'{\"current\":{\"search\":{\"value\":\"\"},\"filters\":{\"applied\":{\"placeholder\":true}},\"paging\":{\"pageSize\":20,\"current\":1,\"options\":{\"20\":{\"value\":20,\"label\":20},\"30\":{\"value\":30,\"label\":30},\"50\":{\"value\":50,\"label\":50},\"100\":{\"value\":100,\"label\":100},\"200\":{\"value\":200,\"label\":200}},\"value\":20},\"columns\":{\"page_id\":{\"visible\":true,\"sorting\":\"asc\"},\"title\":{\"visible\":true,\"sorting\":false},\"identifier\":{\"visible\":true,\"sorting\":false},\"store_id\":{\"visible\":true,\"sorting\":false},\"meta_title\":{\"visible\":false,\"sorting\":false},\"meta_keywords\":{\"visible\":false,\"sorting\":false},\"meta_description\":{\"visible\":false,\"sorting\":false},\"actions\":{\"visible\":true,\"sorting\":false},\"ids\":{\"visible\":true,\"sorting\":false},\"page_layout\":{\"visible\":true,\"sorting\":false},\"is_active\":{\"visible\":true,\"sorting\":false},\"custom_theme\":{\"visible\":false,\"sorting\":false},\"custom_root_template\":{\"visible\":false,\"sorting\":false},\"creation_time\":{\"visible\":true,\"sorting\":false},\"update_time\":{\"visible\":true,\"sorting\":false},\"custom_theme_from\":{\"visible\":false,\"sorting\":false},\"custom_theme_to\":{\"visible\":false,\"sorting\":false}},\"displayMode\":\"grid\",\"positions\":{\"ids\":0,\"page_id\":1,\"title\":2,\"identifier\":3,\"page_layout\":4,\"store_id\":5,\"is_active\":6,\"creation_time\":7,\"update_time\":8,\"custom_theme_from\":9,\"custom_theme_to\":10,\"custom_theme\":11,\"custom_root_template\":12,\"meta_title\":13,\"meta_keywords\":14,\"meta_description\":15,\"actions\":16}}}','2024-03-05 04:52:03','2024-03-05 04:52:03'),(23,2,'cms_block_listing','default',1,'Default View','{\"views\":{\"default\":{\"label\":\"Default View\",\"index\":\"default\",\"editable\":false,\"data\":{\"filters\":{\"applied\":{\"placeholder\":true}},\"columns\":{\"block_id\":{\"visible\":true,\"sorting\":\"asc\"},\"title\":{\"visible\":true,\"sorting\":false},\"identifier\":{\"visible\":true,\"sorting\":false},\"store_id\":{\"visible\":true,\"sorting\":false},\"actions\":{\"visible\":true,\"sorting\":false},\"is_active\":{\"visible\":true,\"sorting\":false},\"ids\":{\"visible\":true,\"sorting\":false},\"creation_time\":{\"visible\":true,\"sorting\":false},\"update_time\":{\"visible\":true,\"sorting\":false}},\"paging\":{\"pageSize\":20,\"current\":1,\"options\":{\"20\":{\"value\":20,\"label\":20},\"30\":{\"value\":30,\"label\":30},\"50\":{\"value\":50,\"label\":50},\"100\":{\"value\":100,\"label\":100},\"200\":{\"value\":200,\"label\":200}},\"value\":20},\"displayMode\":\"grid\",\"search\":{\"value\":\"\"},\"positions\":{\"ids\":0,\"block_id\":1,\"title\":2,\"identifier\":3,\"store_id\":4,\"is_active\":5,\"creation_time\":6,\"update_time\":7,\"actions\":8}},\"value\":\"Default View\"}}}','2024-03-05 06:04:33','2024-03-05 06:04:33'),(24,2,'cms_block_listing','current',0,NULL,'{\"current\":{\"filters\":{\"applied\":{\"placeholder\":true}},\"columns\":{\"block_id\":{\"visible\":true,\"sorting\":\"asc\"},\"title\":{\"visible\":true,\"sorting\":false},\"identifier\":{\"visible\":true,\"sorting\":false},\"store_id\":{\"visible\":true,\"sorting\":false},\"actions\":{\"visible\":true,\"sorting\":false},\"is_active\":{\"visible\":true,\"sorting\":false},\"ids\":{\"visible\":true,\"sorting\":false},\"creation_time\":{\"visible\":true,\"sorting\":false},\"update_time\":{\"visible\":true,\"sorting\":false}},\"paging\":{\"pageSize\":20,\"current\":1,\"options\":{\"20\":{\"value\":20,\"label\":20},\"30\":{\"value\":30,\"label\":30},\"50\":{\"value\":50,\"label\":50},\"100\":{\"value\":100,\"label\":100},\"200\":{\"value\":200,\"label\":200}},\"value\":20},\"displayMode\":\"grid\",\"search\":{\"value\":\"\"},\"positions\":{\"ids\":0,\"block_id\":1,\"title\":2,\"identifier\":3,\"store_id\":4,\"is_active\":5,\"creation_time\":6,\"update_time\":7,\"actions\":8}}}','2024-03-05 06:04:34','2024-03-20 07:56:58'),(25,2,'design_config_listing','default',1,'Default View','{\"views\":{\"default\":{\"label\":\"Default View\",\"index\":\"default\",\"editable\":false,\"data\":{\"filters\":{\"applied\":{\"placeholder\":true}},\"paging\":{\"pageSize\":20,\"current\":1,\"options\":{\"20\":{\"value\":20,\"label\":20},\"30\":{\"value\":30,\"label\":30},\"50\":{\"value\":50,\"label\":50},\"100\":{\"value\":100,\"label\":100},\"200\":{\"value\":200,\"label\":200}},\"value\":20},\"displayMode\":\"grid\",\"positions\":{\"default\":0,\"store_website_id\":1,\"store_group_id\":2,\"store_id\":3,\"theme_theme_id\":4,\"actions\":5},\"columns\":{\"default\":{\"visible\":true,\"sorting\":false},\"actions\":{\"visible\":true,\"sorting\":false},\"store_website_id\":{\"visible\":true,\"sorting\":false},\"store_group_id\":{\"visible\":true,\"sorting\":false},\"store_id\":{\"visible\":true,\"sorting\":false},\"theme_theme_id\":{\"visible\":true,\"sorting\":false}}},\"value\":\"Default View\"}}}','2024-03-06 07:49:42','2024-03-06 07:49:42'),(26,2,'design_config_listing','current',0,NULL,'{\"current\":{\"filters\":{\"applied\":{\"placeholder\":true}},\"paging\":{\"pageSize\":20,\"current\":1,\"options\":{\"20\":{\"value\":20,\"label\":20},\"30\":{\"value\":30,\"label\":30},\"50\":{\"value\":50,\"label\":50},\"100\":{\"value\":100,\"label\":100},\"200\":{\"value\":200,\"label\":200}},\"value\":20},\"displayMode\":\"grid\",\"positions\":{\"default\":0,\"store_website_id\":1,\"store_group_id\":2,\"store_id\":3,\"theme_theme_id\":4,\"actions\":5},\"columns\":{\"default\":{\"visible\":true,\"sorting\":false},\"actions\":{\"visible\":true,\"sorting\":false},\"store_website_id\":{\"visible\":true,\"sorting\":false},\"store_group_id\":{\"visible\":true,\"sorting\":false},\"store_id\":{\"visible\":true,\"sorting\":false},\"theme_theme_id\":{\"visible\":true,\"sorting\":false}}}}','2024-03-06 07:49:43','2024-03-06 07:49:43'),(27,2,'standalone_media_gallery_listing','default',1,'Default View','{\"views\":{\"default\":{\"label\":\"Default View\",\"index\":\"default\",\"editable\":false,\"data\":{\"columns\":{\"newest_first\":{\"visible\":false,\"sorting\":false},\"oldest_first\":{\"visible\":false,\"sorting\":false},\"created_at\":{\"visible\":false,\"sorting\":false},\"path\":{\"visible\":false,\"sorting\":false},\"directory_desc\":{\"visible\":false,\"sorting\":false},\"directory_asc\":{\"visible\":false,\"sorting\":false},\"title\":{\"visible\":false,\"sorting\":false},\"name_az\":{\"visible\":false,\"sorting\":false},\"name_za\":{\"visible\":false,\"sorting\":false},\"source\":{\"visible\":false,\"sorting\":false},\"overlay\":{\"visible\":true,\"sorting\":false},\"thumbnail_url\":{\"visible\":true,\"sorting\":false}},\"filters\":{\"applied\":{\"placeholder\":true}},\"paging\":{\"pageSize\":\"32\",\"current\":1,\"options\":{\"32\":{\"value\":32,\"label\":\"32\"},\"48\":{\"value\":48,\"label\":\"48\"},\"64\":{\"value\":64,\"label\":\"64\"}},\"value\":\"32\"},\"search\":{\"value\":\"\"},\"displayMode\":\"grid\",\"positions\":{\"source\":0,\"overlay\":1,\"thumbnail_url\":2,\"newest_first\":3,\"oldest_first\":4,\"created_at\":5,\"path\":6,\"directory_desc\":7,\"directory_asc\":8,\"title\":9,\"name_az\":10,\"name_za\":11}},\"value\":\"Default View\"}}}','2024-03-06 11:48:28','2024-03-06 11:48:28'),(28,2,'standalone_adobe_stock_images_listing','default',1,'Default View','{\"views\":{\"default\":{\"label\":\"Default View\",\"index\":\"default\",\"editable\":false,\"data\":{\"columns\":{\"relevance\":{\"visible\":false,\"sorting\":false},\"creation\":{\"visible\":false,\"sorting\":false},\"popularity\":{\"visible\":false,\"sorting\":false},\"nb_downloads\":{\"visible\":false,\"sorting\":false},\"undiscovered\":{\"visible\":false,\"sorting\":false},\"thumbnail_url\":{\"visible\":true,\"sorting\":false},\"overlay\":{\"visible\":true,\"sorting\":false},\"preview\":{\"visible\":true,\"sorting\":false,\"lastOpenedImage\":false}},\"filters\":{\"applied\":{\"placeholder\":true}},\"paging\":{\"pageSize\":32,\"current\":1,\"value\":32},\"search\":{\"value\":\"\"},\"displayMode\":\"grid\",\"positions\":{\"overlay\":0,\"thumbnail_url\":1,\"preview\":2,\"relevance\":3,\"creation\":4,\"popularity\":5,\"nb_downloads\":6,\"undiscovered\":7}},\"value\":\"Default View\"}}}','2024-03-06 11:48:28','2024-03-06 11:48:28'),(29,2,'standalone_media_gallery_listing','current',0,NULL,'{\"current\":{\"columns\":{\"newest_first\":{\"visible\":false,\"sorting\":false},\"oldest_first\":{\"visible\":false,\"sorting\":false},\"created_at\":{\"visible\":false,\"sorting\":false},\"path\":{\"visible\":false,\"sorting\":false},\"directory_desc\":{\"visible\":false,\"sorting\":false},\"directory_asc\":{\"visible\":false,\"sorting\":false},\"title\":{\"visible\":false,\"sorting\":false},\"name_az\":{\"visible\":false,\"sorting\":false},\"name_za\":{\"visible\":false,\"sorting\":false},\"source\":{\"visible\":false,\"sorting\":false},\"overlay\":{\"visible\":true,\"sorting\":false},\"thumbnail_url\":{\"visible\":true,\"sorting\":false}},\"filters\":{\"applied\":{\"placeholder\":true,\"path\":\"wysiwyg/home\"}},\"paging\":{\"pageSize\":\"32\",\"current\":1,\"options\":{\"32\":{\"value\":32,\"label\":\"32\"},\"48\":{\"value\":48,\"label\":\"48\"},\"64\":{\"value\":64,\"label\":\"64\"}},\"value\":\"32\"},\"search\":{\"value\":\"\"},\"displayMode\":\"grid\",\"positions\":{\"source\":0,\"overlay\":1,\"thumbnail_url\":2,\"newest_first\":3,\"oldest_first\":4,\"created_at\":5,\"path\":6,\"directory_desc\":7,\"directory_asc\":8,\"title\":9,\"name_az\":10,\"name_za\":11}}}','2024-03-06 11:48:29','2024-03-15 10:20:18'),(30,2,'standalone_adobe_stock_images_listing','current',0,NULL,'{\"current\":{\"columns\":{\"relevance\":{\"visible\":false,\"sorting\":false},\"creation\":{\"visible\":false,\"sorting\":false},\"popularity\":{\"visible\":false,\"sorting\":false},\"nb_downloads\":{\"visible\":false,\"sorting\":false},\"undiscovered\":{\"visible\":false,\"sorting\":false},\"thumbnail_url\":{\"visible\":true,\"sorting\":false},\"overlay\":{\"visible\":true,\"sorting\":false},\"preview\":{\"visible\":true,\"sorting\":false,\"lastOpenedImage\":false}},\"filters\":{\"applied\":{\"placeholder\":true}},\"paging\":{\"pageSize\":32,\"current\":1,\"value\":32},\"search\":{\"value\":\"\"},\"displayMode\":\"grid\",\"positions\":{\"overlay\":0,\"thumbnail_url\":1,\"preview\":2,\"relevance\":3,\"creation\":4,\"popularity\":5,\"nb_downloads\":6,\"undiscovered\":7}}}','2024-03-06 11:48:29','2024-03-06 11:48:29'),(31,2,'inventory_stock_listing','default',1,'Default View','{\"views\":{\"default\":{\"label\":\"Default View\",\"index\":\"default\",\"editable\":false,\"data\":{\"filters\":{\"applied\":{\"placeholder\":true}},\"paging\":{\"pageSize\":20,\"current\":1,\"options\":{\"20\":{\"value\":20,\"label\":20},\"30\":{\"value\":30,\"label\":30},\"50\":{\"value\":50,\"label\":50},\"100\":{\"value\":100,\"label\":100},\"200\":{\"value\":200,\"label\":200}},\"value\":20},\"columns\":{\"stock_id\":{\"visible\":true,\"sorting\":\"asc\"},\"name\":{\"visible\":true,\"sorting\":false},\"actions\":{\"visible\":true,\"sorting\":false},\"ids\":{\"visible\":true,\"sorting\":false},\"assigned_sources\":{\"visible\":true,\"sorting\":false},\"sales_channels\":{\"visible\":true,\"sorting\":false}},\"displayMode\":\"grid\",\"search\":{\"value\":\"\"},\"positions\":{\"ids\":0,\"stock_id\":1,\"name\":2,\"sales_channels\":3,\"assigned_sources\":4,\"actions\":5}},\"value\":\"Default View\"}}}','2024-03-07 11:42:07','2024-03-07 11:42:07'),(32,2,'inventory_stock_listing','current',0,NULL,'{\"current\":{\"filters\":{\"applied\":{\"placeholder\":true}},\"paging\":{\"pageSize\":20,\"current\":1,\"options\":{\"20\":{\"value\":20,\"label\":20},\"30\":{\"value\":30,\"label\":30},\"50\":{\"value\":50,\"label\":50},\"100\":{\"value\":100,\"label\":100},\"200\":{\"value\":200,\"label\":200}},\"value\":20},\"columns\":{\"stock_id\":{\"visible\":true,\"sorting\":\"asc\"},\"name\":{\"visible\":true,\"sorting\":false},\"actions\":{\"visible\":true,\"sorting\":false},\"ids\":{\"visible\":true,\"sorting\":false},\"assigned_sources\":{\"visible\":true,\"sorting\":false},\"sales_channels\":{\"visible\":true,\"sorting\":false}},\"displayMode\":\"grid\",\"search\":{\"value\":\"\"},\"positions\":{\"ids\":0,\"stock_id\":1,\"name\":2,\"sales_channels\":3,\"assigned_sources\":4,\"actions\":5}}}','2024-03-07 11:42:09','2024-03-07 11:42:09'),(33,2,'inventory_source_listing','default',1,'Default View','{\"views\":{\"default\":{\"label\":\"Default View\",\"index\":\"default\",\"editable\":false,\"data\":{\"columns\":{\"source_code\":{\"visible\":true,\"sorting\":false},\"name\":{\"visible\":true,\"sorting\":false},\"contact_name\":{\"visible\":false,\"sorting\":false},\"email\":{\"visible\":false,\"sorting\":false},\"latitude\":{\"visible\":false,\"sorting\":false},\"longitude\":{\"visible\":false,\"sorting\":false},\"region\":{\"visible\":false,\"sorting\":false},\"city\":{\"visible\":false,\"sorting\":false},\"street\":{\"visible\":false,\"sorting\":false},\"postcode\":{\"visible\":false,\"sorting\":false},\"phone\":{\"visible\":false,\"sorting\":false},\"fax\":{\"visible\":false,\"sorting\":false},\"actions\":{\"visible\":true,\"sorting\":false},\"ids\":{\"visible\":true,\"sorting\":false},\"enabled\":{\"visible\":true,\"sorting\":false},\"country_id\":{\"visible\":false,\"sorting\":false},\"is_pickup_location_active\":{\"visible\":true,\"sorting\":false}},\"displayMode\":\"grid\",\"search\":{\"value\":\"\"},\"filters\":{\"applied\":{\"placeholder\":true}},\"paging\":{\"pageSize\":20,\"current\":1,\"options\":{\"20\":{\"value\":20,\"label\":20},\"30\":{\"value\":30,\"label\":30},\"50\":{\"value\":50,\"label\":50},\"100\":{\"value\":100,\"label\":100},\"200\":{\"value\":200,\"label\":200}},\"value\":20},\"positions\":{\"ids\":0,\"source_code\":1,\"name\":2,\"contact_name\":3,\"enabled\":4,\"email\":5,\"is_pickup_location_active\":6,\"latitude\":7,\"longitude\":8,\"country_id\":9,\"region\":10,\"city\":11,\"street\":12,\"postcode\":13,\"phone\":14,\"fax\":15,\"actions\":16}},\"value\":\"Default View\"}}}','2024-03-07 12:23:31','2024-03-07 12:23:31'),(34,2,'inventory_source_listing','current',0,NULL,'{\"current\":{\"columns\":{\"source_code\":{\"visible\":true,\"sorting\":false},\"name\":{\"visible\":true,\"sorting\":false},\"contact_name\":{\"visible\":false,\"sorting\":false},\"email\":{\"visible\":false,\"sorting\":false},\"latitude\":{\"visible\":false,\"sorting\":false},\"longitude\":{\"visible\":false,\"sorting\":false},\"region\":{\"visible\":false,\"sorting\":false},\"city\":{\"visible\":false,\"sorting\":false},\"street\":{\"visible\":false,\"sorting\":false},\"postcode\":{\"visible\":false,\"sorting\":false},\"phone\":{\"visible\":false,\"sorting\":false},\"fax\":{\"visible\":false,\"sorting\":false},\"actions\":{\"visible\":true,\"sorting\":false},\"ids\":{\"visible\":true,\"sorting\":false},\"enabled\":{\"visible\":true,\"sorting\":false},\"country_id\":{\"visible\":false,\"sorting\":false},\"is_pickup_location_active\":{\"visible\":true,\"sorting\":false}},\"displayMode\":\"grid\",\"search\":{\"value\":\"\"},\"filters\":{\"applied\":{\"placeholder\":true}},\"paging\":{\"pageSize\":20,\"current\":1,\"options\":{\"20\":{\"value\":20,\"label\":20},\"30\":{\"value\":30,\"label\":30},\"50\":{\"value\":50,\"label\":50},\"100\":{\"value\":100,\"label\":100},\"200\":{\"value\":200,\"label\":200}},\"value\":20},\"positions\":{\"ids\":0,\"source_code\":1,\"name\":2,\"contact_name\":3,\"enabled\":4,\"email\":5,\"is_pickup_location_active\":6,\"latitude\":7,\"longitude\":8,\"country_id\":9,\"region\":10,\"city\":11,\"street\":12,\"postcode\":13,\"phone\":14,\"fax\":15,\"actions\":16}}}','2024-03-07 12:23:32','2024-03-07 12:23:32'),(35,2,'bulk_listing','default',1,'Default View','{\"views\":{\"default\":{\"label\":\"Default View\",\"index\":\"default\",\"editable\":false,\"data\":{\"columns\":{\"uuid\":{\"visible\":true,\"sorting\":false},\"description\":{\"visible\":true,\"sorting\":false},\"actions\":{\"visible\":true,\"sorting\":false},\"status\":{\"visible\":true,\"sorting\":false},\"ids\":{\"visible\":false,\"sorting\":false},\"start_time\":{\"visible\":true,\"sorting\":false}},\"paging\":{\"pageSize\":20,\"current\":1,\"options\":{\"20\":{\"value\":20,\"label\":20},\"30\":{\"value\":30,\"label\":30},\"50\":{\"value\":50,\"label\":50},\"100\":{\"value\":100,\"label\":100},\"200\":{\"value\":200,\"label\":200}},\"value\":20},\"displayMode\":\"grid\",\"positions\":{\"ids\":0,\"uuid\":1,\"start_time\":2,\"description\":3,\"status\":4,\"actions\":5}},\"value\":\"Default View\"}}}','2024-03-07 12:27:42','2024-03-07 12:27:42'),(36,2,'bulk_listing','current',0,NULL,'{\"current\":{\"columns\":{\"uuid\":{\"visible\":true,\"sorting\":false},\"description\":{\"visible\":true,\"sorting\":false},\"actions\":{\"visible\":true,\"sorting\":false},\"status\":{\"visible\":true,\"sorting\":false},\"ids\":{\"visible\":false,\"sorting\":false},\"start_time\":{\"visible\":true,\"sorting\":false}},\"paging\":{\"pageSize\":20,\"current\":1,\"options\":{\"20\":{\"value\":20,\"label\":20},\"30\":{\"value\":30,\"label\":30},\"50\":{\"value\":50,\"label\":50},\"100\":{\"value\":100,\"label\":100},\"200\":{\"value\":200,\"label\":200}},\"value\":20},\"displayMode\":\"grid\",\"positions\":{\"ids\":0,\"uuid\":1,\"start_time\":2,\"description\":3,\"status\":4,\"actions\":5}}}','2024-03-07 12:27:43','2024-03-07 12:27:43'),(37,2,'adobe_stock_images_listing','default',1,'Default View','{\"views\":{\"default\":{\"label\":\"Default View\",\"index\":\"default\",\"editable\":false,\"data\":{\"search\":{\"value\":\"\"},\"filters\":{\"applied\":{\"placeholder\":true}},\"columns\":{\"relevance\":{\"visible\":false,\"sorting\":false},\"creation\":{\"visible\":false,\"sorting\":false},\"popularity\":{\"visible\":false,\"sorting\":false},\"nb_downloads\":{\"visible\":false,\"sorting\":false},\"undiscovered\":{\"visible\":false,\"sorting\":false},\"thumbnail_url\":{\"visible\":true,\"sorting\":false},\"overlay\":{\"visible\":true,\"sorting\":false},\"preview\":{\"visible\":true,\"sorting\":false,\"lastOpenedImage\":false}},\"paging\":{\"pageSize\":32,\"current\":1,\"value\":32},\"displayMode\":\"grid\",\"positions\":{\"overlay\":0,\"thumbnail_url\":1,\"preview\":2,\"relevance\":3,\"creation\":4,\"popularity\":5,\"nb_downloads\":6,\"undiscovered\":7}},\"value\":\"Default View\"}}}','2024-03-15 10:54:07','2024-03-15 10:54:07'),(38,2,'media_gallery_listing','default',1,'Default View','{\"views\":{\"default\":{\"label\":\"Default View\",\"index\":\"default\",\"editable\":false,\"data\":{\"filters\":{\"applied\":{\"placeholder\":true}},\"paging\":{\"pageSize\":\"32\",\"current\":1,\"options\":{\"32\":{\"value\":32,\"label\":\"32\"},\"48\":{\"value\":48,\"label\":\"48\"},\"64\":{\"value\":64,\"label\":\"64\"}},\"value\":\"32\"},\"search\":{\"value\":\"\"},\"columns\":{\"newest_first\":{\"visible\":false,\"sorting\":false},\"oldest_first\":{\"visible\":false,\"sorting\":false},\"created_at\":{\"visible\":false,\"sorting\":false},\"path\":{\"visible\":false,\"sorting\":false},\"directory_desc\":{\"visible\":false,\"sorting\":false},\"directory_asc\":{\"visible\":false,\"sorting\":false},\"title\":{\"visible\":false,\"sorting\":false},\"name_az\":{\"visible\":false,\"sorting\":false},\"name_za\":{\"visible\":false,\"sorting\":false},\"source\":{\"visible\":false,\"sorting\":false},\"overlay\":{\"visible\":true,\"sorting\":false},\"thumbnail_url\":{\"visible\":true,\"sorting\":false}},\"displayMode\":\"grid\",\"positions\":{\"source\":0,\"overlay\":1,\"thumbnail_url\":2,\"newest_first\":3,\"oldest_first\":4,\"created_at\":5,\"path\":6,\"directory_desc\":7,\"directory_asc\":8,\"title\":9,\"name_az\":10,\"name_za\":11}},\"value\":\"Default View\"}}}','2024-03-15 10:54:07','2024-03-15 10:54:07'),(39,2,'adobe_stock_images_listing','current',0,NULL,'{\"current\":{\"search\":{\"value\":\"\"},\"filters\":{\"applied\":{\"placeholder\":true}},\"columns\":{\"relevance\":{\"visible\":false,\"sorting\":false},\"creation\":{\"visible\":false,\"sorting\":false},\"popularity\":{\"visible\":false,\"sorting\":false},\"nb_downloads\":{\"visible\":false,\"sorting\":false},\"undiscovered\":{\"visible\":false,\"sorting\":false},\"thumbnail_url\":{\"visible\":true,\"sorting\":false},\"overlay\":{\"visible\":true,\"sorting\":false},\"preview\":{\"visible\":true,\"sorting\":false,\"lastOpenedImage\":false}},\"paging\":{\"pageSize\":32,\"current\":1,\"value\":32},\"displayMode\":\"grid\",\"positions\":{\"overlay\":0,\"thumbnail_url\":1,\"preview\":2,\"relevance\":3,\"creation\":4,\"popularity\":5,\"nb_downloads\":6,\"undiscovered\":7}}}','2024-03-15 10:54:08','2024-03-15 10:54:08'),(40,2,'media_gallery_listing','current',0,NULL,'{\"current\":{\"filters\":{\"applied\":{\"placeholder\":true,\"path\":\"wysiwyg\"}},\"paging\":{\"pageSize\":\"32\",\"current\":1,\"options\":{\"32\":{\"value\":32,\"label\":\"32\"},\"48\":{\"value\":48,\"label\":\"48\"},\"64\":{\"value\":64,\"label\":\"64\"}},\"value\":\"32\"},\"search\":{\"value\":\"\"},\"columns\":{\"newest_first\":{\"visible\":false,\"sorting\":false},\"oldest_first\":{\"visible\":false,\"sorting\":false},\"created_at\":{\"visible\":false,\"sorting\":false},\"path\":{\"visible\":false,\"sorting\":false},\"directory_desc\":{\"visible\":false,\"sorting\":false},\"directory_asc\":{\"visible\":false,\"sorting\":false},\"title\":{\"visible\":false,\"sorting\":false},\"name_az\":{\"visible\":false,\"sorting\":false},\"name_za\":{\"visible\":false,\"sorting\":false},\"source\":{\"visible\":false,\"sorting\":false},\"overlay\":{\"visible\":true,\"sorting\":false},\"thumbnail_url\":{\"visible\":true,\"sorting\":false}},\"displayMode\":\"grid\",\"positions\":{\"source\":0,\"overlay\":1,\"thumbnail_url\":2,\"newest_first\":3,\"oldest_first\":4,\"created_at\":5,\"path\":6,\"directory_desc\":7,\"directory_asc\":8,\"title\":9,\"name_az\":10,\"name_za\":11}}}','2024-03-15 10:54:09','2024-03-15 10:54:09');

--
-- Table structure for table `url_rewrite`
--

CREATE TABLE `url_rewrite` (
  `url_rewrite_id` int unsigned NOT NULL AUTO_INCREMENT COMMENT 'Rewrite ID',
  `entity_type` varchar(32) NOT NULL COMMENT 'Entity type code',
  `entity_id` int unsigned NOT NULL COMMENT 'Entity ID',
  `request_path` varchar(255) DEFAULT NULL COMMENT 'Request Path',
  `target_path` varchar(255) DEFAULT NULL COMMENT 'Target Path',
  `redirect_type` smallint unsigned NOT NULL DEFAULT '0' COMMENT 'Redirect Type',
  `store_id` smallint unsigned NOT NULL COMMENT 'Store ID',
  `description` varchar(255) DEFAULT NULL COMMENT 'Description',
  `is_autogenerated` smallint unsigned NOT NULL DEFAULT '0' COMMENT 'Is rewrite generated automatically flag',
  `metadata` varchar(255) DEFAULT NULL COMMENT 'Meta data for url rewrite',
  PRIMARY KEY (`url_rewrite_id`),
  UNIQUE KEY `URL_REWRITE_REQUEST_PATH_STORE_ID` (`request_path`,`store_id`),
  KEY `URL_REWRITE_TARGET_PATH` (`target_path`),
  KEY `URL_REWRITE_STORE_ID_ENTITY_ID` (`store_id`,`entity_id`),
  KEY `URL_REWRITE_ENTITY_ID` (`entity_id`),
  KEY `URL_REWRITE_IS_AUTOGENERATED_METADATA` (`is_autogenerated`,`metadata`)
) ENGINE=InnoDB AUTO_INCREMENT=251 DEFAULT CHARSET=utf8mb3 COMMENT='Url Rewrites';

--
-- Dumping data for table `url_rewrite`
--

INSERT INTO `url_rewrite` VALUES (1,'cms-page',1,'no-route','cms/page/view/page_id/1',0,1,NULL,1,NULL),(2,'cms-page',2,'home','cms/page/view/page_id/2',0,1,NULL,1,NULL),(3,'cms-page',3,'enable-cookies','cms/page/view/page_id/3',0,1,NULL,1,NULL),(4,'cms-page',4,'privacy-policy-cookie-restriction-mode','cms/page/view/page_id/4',0,1,NULL,1,NULL),(5,'category',3,'gear.html','catalog/category/view/id/3',0,1,NULL,1,NULL),(6,'category',4,'gear/bags.html','catalog/category/view/id/4',0,1,NULL,1,NULL),(7,'category',5,'gear/fitness-equipment.html','catalog/category/view/id/5',0,1,NULL,1,NULL),(8,'category',6,'gear/watches.html','catalog/category/view/id/6',0,1,NULL,1,NULL),(9,'category',7,'collections.html','catalog/category/view/id/7',0,1,NULL,1,NULL),(10,'category',8,'collections/yoga-new.html','catalog/category/view/id/8',0,1,NULL,1,NULL),(11,'product',1,'joust-duffle-bag.html','catalog/product/view/id/1',0,1,NULL,1,NULL),(12,'product',2,'strive-shoulder-pack.html','catalog/product/view/id/2',0,1,NULL,1,NULL),(13,'product',3,'crown-summit-backpack.html','catalog/product/view/id/3',0,1,NULL,1,NULL),(14,'product',4,'wayfarer-messenger-bag.html','catalog/product/view/id/4',0,1,NULL,1,NULL),(15,'product',5,'rival-field-messenger.html','catalog/product/view/id/5',0,1,NULL,1,NULL),(16,'product',6,'fusion-backpack.html','catalog/product/view/id/6',0,1,NULL,1,NULL),(17,'product',7,'impulse-duffle.html','catalog/product/view/id/7',0,1,NULL,1,NULL),(18,'product',8,'voyage-yoga-bag.html','catalog/product/view/id/8',0,1,NULL,1,NULL),(19,'product',9,'compete-track-tote.html','catalog/product/view/id/9',0,1,NULL,1,NULL),(20,'product',10,'savvy-shoulder-tote.html','catalog/product/view/id/10',0,1,NULL,1,NULL),(21,'product',11,'endeavor-daytrip-backpack.html','catalog/product/view/id/11',0,1,NULL,1,NULL),(22,'product',12,'driven-backpack.html','catalog/product/view/id/12',0,1,NULL,1,NULL),(23,'product',13,'overnight-duffle.html','catalog/product/view/id/13',0,1,NULL,1,NULL),(24,'product',14,'push-it-messenger-bag.html','catalog/product/view/id/14',0,1,NULL,1,NULL),(25,'product',15,'affirm-water-bottle.html','catalog/product/view/id/15',0,1,NULL,1,NULL),(26,'product',16,'dual-handle-cardio-ball.html','catalog/product/view/id/16',0,1,NULL,1,NULL),(27,'product',17,'zing-jump-rope.html','catalog/product/view/id/17',0,1,NULL,1,NULL),(28,'product',18,'pursuit-lumaflex-trade-tone-band.html','catalog/product/view/id/18',0,1,NULL,1,NULL),(29,'product',19,'go-get-r-pushup-grips.html','catalog/product/view/id/19',0,1,NULL,1,NULL),(30,'product',20,'quest-lumaflex-trade-band.html','catalog/product/view/id/20',0,1,NULL,1,NULL),(31,'product',21,'sprite-foam-yoga-brick.html','catalog/product/view/id/21',0,1,NULL,1,NULL),(32,'product',22,'sprite-foam-roller.html','catalog/product/view/id/22',0,1,NULL,1,NULL),(33,'product',23,'harmony-lumaflex-trade-strength-band-kit.html','catalog/product/view/id/23',0,1,NULL,1,NULL),(34,'product',36,'aim-analog-watch.html','catalog/product/view/id/36',0,1,NULL,1,NULL),(35,'product',37,'endurance-watch.html','catalog/product/view/id/37',0,1,NULL,1,NULL),(36,'product',38,'summit-watch.html','catalog/product/view/id/38',0,1,NULL,1,NULL),(37,'product',39,'cruise-dual-analog-watch.html','catalog/product/view/id/39',0,1,NULL,1,NULL),(38,'product',40,'dash-digital-watch.html','catalog/product/view/id/40',0,1,NULL,1,NULL),(39,'product',41,'luma-analog-watch.html','catalog/product/view/id/41',0,1,NULL,1,NULL),(40,'product',42,'bolo-sport-watch.html','catalog/product/view/id/42',0,1,NULL,1,NULL),(41,'product',43,'clamber-watch.html','catalog/product/view/id/43',0,1,NULL,1,NULL),(42,'product',44,'didi-sport-watch.html','catalog/product/view/id/44',0,1,NULL,1,NULL),(43,'product',45,'sprite-yoga-companion-kit.html','catalog/product/view/id/45',0,1,NULL,1,NULL),(44,'product',46,'set-of-sprite-yoga-straps.html','catalog/product/view/id/46',0,1,NULL,1,NULL),(45,'category',9,'training.html','catalog/category/view/id/9',0,1,NULL,1,NULL),(46,'category',10,'training/training-video.html','catalog/category/view/id/10',0,1,NULL,1,NULL),(47,'category',11,'men.html','catalog/category/view/id/11',0,1,NULL,1,NULL),(48,'category',12,'men/tops-men.html','catalog/category/view/id/12',0,1,NULL,1,NULL),(49,'category',13,'men/bottoms-men.html','catalog/category/view/id/13',0,1,NULL,1,NULL),(50,'category',14,'men/tops-men/jackets-men.html','catalog/category/view/id/14',0,1,NULL,1,NULL),(51,'category',15,'men/tops-men/hoodies-and-sweatshirts-men.html','catalog/category/view/id/15',0,1,NULL,1,NULL),(52,'category',16,'men/tops-men/tees-men.html','catalog/category/view/id/16',0,1,NULL,1,NULL),(53,'category',17,'men/tops-men/tanks-men.html','catalog/category/view/id/17',0,1,NULL,1,NULL),(54,'category',18,'men/bottoms-men/pants-men.html','catalog/category/view/id/18',0,1,NULL,1,NULL),(55,'category',19,'men/bottoms-men/shorts-men.html','catalog/category/view/id/19',0,1,NULL,1,NULL),(56,'category',20,'women.html','catalog/category/view/id/20',0,1,NULL,1,NULL),(57,'category',21,'women/tops-women.html','catalog/category/view/id/21',0,1,NULL,1,NULL),(58,'category',22,'women/bottoms-women.html','catalog/category/view/id/22',0,1,NULL,1,NULL),(59,'category',23,'women/tops-women/jackets-women.html','catalog/category/view/id/23',0,1,NULL,1,NULL),(60,'category',24,'women/tops-women/hoodies-and-sweatshirts-women.html','catalog/category/view/id/24',0,1,NULL,1,NULL),(61,'category',25,'women/tops-women/tees-women.html','catalog/category/view/id/25',0,1,NULL,1,NULL),(62,'category',26,'women/tops-women/tanks-women.html','catalog/category/view/id/26',0,1,NULL,1,NULL),(63,'category',27,'women/bottoms-women/pants-women.html','catalog/category/view/id/27',0,1,NULL,1,NULL),(64,'category',28,'women/bottoms-women/shorts-women.html','catalog/category/view/id/28',0,1,NULL,1,NULL),(65,'category',29,'promotions.html','catalog/category/view/id/29',0,1,NULL,1,NULL),(66,'category',30,'promotions/women-sale.html','catalog/category/view/id/30',0,1,NULL,1,NULL),(67,'category',31,'promotions/men-sale.html','catalog/category/view/id/31',0,1,NULL,1,NULL),(68,'category',32,'promotions/pants-all.html','catalog/category/view/id/32',0,1,NULL,1,NULL),(69,'category',33,'promotions/tees-all.html','catalog/category/view/id/33',0,1,NULL,1,NULL),(70,'category',34,'collections/erin-recommends.html','catalog/category/view/id/34',0,1,NULL,1,NULL),(71,'category',35,'collections/performance-fabrics.html','catalog/category/view/id/35',0,1,NULL,1,NULL),(72,'category',36,'collections/eco-friendly.html','catalog/category/view/id/36',0,1,NULL,1,NULL),(73,'product',62,'chaz-kangeroo-hoodie.html','catalog/product/view/id/62',0,1,NULL,1,NULL),(74,'product',78,'teton-pullover-hoodie.html','catalog/product/view/id/78',0,1,NULL,1,NULL),(75,'product',94,'bruno-compete-hoodie.html','catalog/product/view/id/94',0,1,NULL,1,NULL),(76,'product',110,'frankie-sweatshirt.html','catalog/product/view/id/110',0,1,NULL,1,NULL),(77,'product',126,'hollister-backyard-sweatshirt.html','catalog/product/view/id/126',0,1,NULL,1,NULL),(78,'product',142,'stark-fundamental-hoodie.html','catalog/product/view/id/142',0,1,NULL,1,NULL),(79,'product',158,'hero-hoodie.html','catalog/product/view/id/158',0,1,NULL,1,NULL),(80,'product',174,'oslo-trek-hoodie.html','catalog/product/view/id/174',0,1,NULL,1,NULL),(81,'product',190,'abominable-hoodie.html','catalog/product/view/id/190',0,1,NULL,1,NULL),(82,'product',206,'mach-street-sweatshirt.html','catalog/product/view/id/206',0,1,NULL,1,NULL),(83,'product',222,'grayson-crewneck-sweatshirt.html','catalog/product/view/id/222',0,1,NULL,1,NULL),(84,'product',238,'ajax-full-zip-sweatshirt.html','catalog/product/view/id/238',0,1,NULL,1,NULL),(85,'product',254,'marco-lightweight-active-hoodie.html','catalog/product/view/id/254',0,1,NULL,1,NULL),(86,'product',270,'beaumont-summit-kit.html','catalog/product/view/id/270',0,1,NULL,1,NULL),(87,'product',286,'hyperion-elements-jacket.html','catalog/product/view/id/286',0,1,NULL,1,NULL),(88,'product',302,'kenobi-trail-jacket.html','catalog/product/view/id/302',0,1,NULL,1,NULL),(89,'product',318,'orion-two-tone-fitted-jacket.html','catalog/product/view/id/318',0,1,NULL,1,NULL),(90,'product',334,'lando-gym-jacket.html','catalog/product/view/id/334',0,1,NULL,1,NULL),(91,'product',350,'taurus-elements-shell.html','catalog/product/view/id/350',0,1,NULL,1,NULL),(92,'product',366,'mars-heattech-trade-pullover.html','catalog/product/view/id/366',0,1,NULL,1,NULL),(93,'product',382,'typhon-performance-fleece-lined-jacket.html','catalog/product/view/id/382',0,1,NULL,1,NULL),(94,'product',398,'jupiter-all-weather-trainer.html','catalog/product/view/id/398',0,1,NULL,1,NULL),(95,'product',414,'montana-wind-jacket.html','catalog/product/view/id/414',0,1,NULL,1,NULL),(96,'product',430,'proteus-fitness-jackshirt.html','catalog/product/view/id/430',0,1,NULL,1,NULL),(97,'product',446,'gobi-heattec-reg-tee.html','catalog/product/view/id/446',0,1,NULL,1,NULL),(98,'product',462,'helios-evercool-trade-tee.html','catalog/product/view/id/462',0,1,NULL,1,NULL),(99,'product',478,'ryker-lumatech-trade-tee-crew-neck.html','catalog/product/view/id/478',0,1,NULL,1,NULL),(100,'product',494,'atomic-endurance-running-tee-v-neck.html','catalog/product/view/id/494',0,1,NULL,1,NULL),(101,'product',510,'atomic-endurance-running-tee-crew-neck.html','catalog/product/view/id/510',0,1,NULL,1,NULL),(102,'product',526,'balboa-persistence-tee.html','catalog/product/view/id/526',0,1,NULL,1,NULL),(103,'product',542,'zoltan-gym-tee.html','catalog/product/view/id/542',0,1,NULL,1,NULL),(104,'product',558,'aero-daily-fitness-tee.html','catalog/product/view/id/558',0,1,NULL,1,NULL),(105,'product',574,'ryker-lumatech-trade-tee-v-neck.html','catalog/product/view/id/574',0,1,NULL,1,NULL),(106,'product',590,'logan-heattec-reg-tee.html','catalog/product/view/id/590',0,1,NULL,1,NULL),(107,'product',606,'deion-long-sleeve-evercool-trade-tee.html','catalog/product/view/id/606',0,1,NULL,1,NULL),(108,'product',622,'strike-endurance-tee.html','catalog/product/view/id/622',0,1,NULL,1,NULL),(109,'product',638,'erikssen-cooltech-trade-fitness-tank.html','catalog/product/view/id/638',0,1,NULL,1,NULL),(110,'product',654,'tristan-endurance-tank.html','catalog/product/view/id/654',0,1,NULL,1,NULL),(111,'product',670,'primo-endurance-tank.html','catalog/product/view/id/670',0,1,NULL,1,NULL),(112,'product',676,'helios-endurance-tank.html','catalog/product/view/id/676',0,1,NULL,1,NULL),(113,'product',682,'rocco-gym-tank.html','catalog/product/view/id/682',0,1,NULL,1,NULL),(114,'product',688,'vulcan-weightlifting-tank.html','catalog/product/view/id/688',0,1,NULL,1,NULL),(115,'product',694,'argus-all-weather-tank.html','catalog/product/view/id/694',0,1,NULL,1,NULL),(116,'product',700,'sparta-gym-tank.html','catalog/product/view/id/700',0,1,NULL,1,NULL),(117,'product',706,'sinbad-fitness-tank.html','catalog/product/view/id/706',0,1,NULL,1,NULL),(118,'product',712,'tiberius-gym-tank.html','catalog/product/view/id/712',0,1,NULL,1,NULL),(119,'product',718,'atlas-fitness-tank.html','catalog/product/view/id/718',0,1,NULL,1,NULL),(120,'product',724,'cassius-sparring-tank.html','catalog/product/view/id/724',0,1,NULL,1,NULL),(121,'product',737,'caesar-warm-up-pant.html','catalog/product/view/id/737',0,1,NULL,1,NULL),(122,'product',750,'viktor-lumatech-trade-pant.html','catalog/product/view/id/750',0,1,NULL,1,NULL),(123,'product',763,'geo-insulated-jogging-pant.html','catalog/product/view/id/763',0,1,NULL,1,NULL),(124,'product',776,'supernova-sport-pant.html','catalog/product/view/id/776',0,1,NULL,1,NULL),(125,'product',789,'kratos-gym-pant.html','catalog/product/view/id/789',0,1,NULL,1,NULL),(126,'product',802,'mithra-warmup-pant.html','catalog/product/view/id/802',0,1,NULL,1,NULL),(127,'product',815,'thorpe-track-pant.html','catalog/product/view/id/815',0,1,NULL,1,NULL),(128,'product',828,'zeppelin-yoga-pant.html','catalog/product/view/id/828',0,1,NULL,1,NULL),(129,'product',841,'livingston-all-purpose-tight.html','catalog/product/view/id/841',0,1,NULL,1,NULL),(130,'product',854,'orestes-yoga-pant.html','catalog/product/view/id/854',0,1,NULL,1,NULL),(131,'product',867,'aether-gym-pant.html','catalog/product/view/id/867',0,1,NULL,1,NULL),(132,'product',880,'cronus-yoga-pant.html','catalog/product/view/id/880',0,1,NULL,1,NULL),(133,'product',893,'cobalt-cooltech-trade-fitness-short.html','catalog/product/view/id/893',0,1,NULL,1,NULL),(134,'product',898,'apollo-running-short.html','catalog/product/view/id/898',0,1,NULL,1,NULL),(135,'product',911,'meteor-workout-short.html','catalog/product/view/id/911',0,1,NULL,1,NULL),(136,'product',924,'torque-power-short.html','catalog/product/view/id/924',0,1,NULL,1,NULL),(137,'product',937,'hawkeye-yoga-short.html','catalog/product/view/id/937',0,1,NULL,1,NULL),(138,'product',950,'lono-yoga-short.html','catalog/product/view/id/950',0,1,NULL,1,NULL),(139,'product',963,'rapha-sports-short.html','catalog/product/view/id/963',0,1,NULL,1,NULL),(140,'product',976,'orestes-fitness-short.html','catalog/product/view/id/976',0,1,NULL,1,NULL),(141,'product',989,'troy-yoga-short.html','catalog/product/view/id/989',0,1,NULL,1,NULL),(142,'product',1002,'sol-active-short.html','catalog/product/view/id/1002',0,1,NULL,1,NULL),(143,'product',1015,'arcadio-gym-short.html','catalog/product/view/id/1015',0,1,NULL,1,NULL),(144,'product',1028,'pierce-gym-short.html','catalog/product/view/id/1028',0,1,NULL,1,NULL),(145,'product',1044,'mona-pullover-hoodlie.html','catalog/product/view/id/1044',0,1,NULL,1,NULL),(146,'product',1060,'hera-pullover-hoodie.html','catalog/product/view/id/1060',0,1,NULL,1,NULL),(147,'product',1076,'autumn-pullie.html','catalog/product/view/id/1076',0,1,NULL,1,NULL),(148,'product',1092,'miko-pullover-hoodie.html','catalog/product/view/id/1092',0,1,NULL,1,NULL),(149,'product',1108,'selene-yoga-hoodie.html','catalog/product/view/id/1108',0,1,NULL,1,NULL),(150,'product',1114,'daphne-full-zip-hoodie.html','catalog/product/view/id/1114',0,1,NULL,1,NULL),(151,'product',1130,'phoebe-zipper-sweatshirt.html','catalog/product/view/id/1130',0,1,NULL,1,NULL),(152,'product',1146,'cassia-funnel-sweatshirt.html','catalog/product/view/id/1146',0,1,NULL,1,NULL),(153,'product',1162,'ariel-roll-sleeve-sweatshirt.html','catalog/product/view/id/1162',0,1,NULL,1,NULL),(154,'product',1178,'helena-hooded-fleece.html','catalog/product/view/id/1178',0,1,NULL,1,NULL),(155,'product',1194,'eos-v-neck-hoodie.html','catalog/product/view/id/1194',0,1,NULL,1,NULL),(156,'product',1210,'circe-hooded-ice-fleece.html','catalog/product/view/id/1210',0,1,NULL,1,NULL),(157,'product',1220,'stellar-solar-jacket.html','catalog/product/view/id/1220',0,1,NULL,1,NULL),(158,'product',1236,'josie-yoga-jacket.html','catalog/product/view/id/1236',0,1,NULL,1,NULL),(159,'product',1252,'augusta-pullover-jacket.html','catalog/product/view/id/1252',0,1,NULL,1,NULL),(160,'product',1268,'ingrid-running-jacket.html','catalog/product/view/id/1268',0,1,NULL,1,NULL),(161,'product',1284,'riona-full-zip-jacket.html','catalog/product/view/id/1284',0,1,NULL,1,NULL),(162,'product',1300,'inez-full-zip-jacket.html','catalog/product/view/id/1300',0,1,NULL,1,NULL),(163,'product',1316,'adrienne-trek-jacket.html','catalog/product/view/id/1316',0,1,NULL,1,NULL),(164,'product',1332,'jade-yoga-jacket.html','catalog/product/view/id/1332',0,1,NULL,1,NULL),(165,'product',1348,'nadia-elements-shell.html','catalog/product/view/id/1348',0,1,NULL,1,NULL),(166,'product',1364,'neve-studio-dance-jacket.html','catalog/product/view/id/1364',0,1,NULL,1,NULL),(167,'product',1380,'juno-jacket.html','catalog/product/view/id/1380',0,1,NULL,1,NULL),(168,'product',1396,'olivia-1-4-zip-light-jacket.html','catalog/product/view/id/1396',0,1,NULL,1,NULL),(169,'product',1412,'gabrielle-micro-sleeve-top.html','catalog/product/view/id/1412',0,1,NULL,1,NULL),(170,'product',1428,'iris-workout-top.html','catalog/product/view/id/1428',0,1,NULL,1,NULL),(171,'product',1444,'layla-tee.html','catalog/product/view/id/1444',0,1,NULL,1,NULL),(172,'product',1460,'elisa-evercool-trade-tee.html','catalog/product/view/id/1460',0,1,NULL,1,NULL),(173,'product',1476,'juliana-short-sleeve-tee.html','catalog/product/view/id/1476',0,1,NULL,1,NULL),(174,'product',1492,'minerva-lumatech-trade-v-tee.html','catalog/product/view/id/1492',0,1,NULL,1,NULL),(175,'product',1508,'tiffany-fitness-tee.html','catalog/product/view/id/1508',0,1,NULL,1,NULL),(176,'product',1524,'karissa-v-neck-tee.html','catalog/product/view/id/1524',0,1,NULL,1,NULL),(177,'product',1540,'diva-gym-tee.html','catalog/product/view/id/1540',0,1,NULL,1,NULL),(178,'product',1556,'radiant-tee.html','catalog/product/view/id/1556',0,1,NULL,1,NULL),(179,'product',1572,'gwyn-endurance-tee.html','catalog/product/view/id/1572',0,1,NULL,1,NULL),(180,'product',1588,'desiree-fitness-tee.html','catalog/product/view/id/1588',0,1,NULL,1,NULL),(181,'product',1604,'electra-bra-top.html','catalog/product/view/id/1604',0,1,NULL,1,NULL),(182,'product',1620,'erica-evercool-sports-bra.html','catalog/product/view/id/1620',0,1,NULL,1,NULL),(183,'product',1636,'celeste-sports-bra.html','catalog/product/view/id/1636',0,1,NULL,1,NULL),(184,'product',1652,'prima-compete-bra-top.html','catalog/product/view/id/1652',0,1,NULL,1,NULL),(185,'product',1668,'lucia-cross-fit-bra.html','catalog/product/view/id/1668',0,1,NULL,1,NULL),(186,'product',1684,'bella-tank.html','catalog/product/view/id/1684',0,1,NULL,1,NULL),(187,'product',1700,'zoe-tank.html','catalog/product/view/id/1700',0,1,NULL,1,NULL),(188,'product',1716,'nora-practice-tank.html','catalog/product/view/id/1716',0,1,NULL,1,NULL),(189,'product',1732,'nona-fitness-tank.html','catalog/product/view/id/1732',0,1,NULL,1,NULL),(190,'product',1748,'leah-yoga-top.html','catalog/product/view/id/1748',0,1,NULL,1,NULL),(191,'product',1764,'chloe-compete-tank.html','catalog/product/view/id/1764',0,1,NULL,1,NULL),(192,'product',1780,'maya-tunic.html','catalog/product/view/id/1780',0,1,NULL,1,NULL),(193,'product',1796,'antonia-racer-tank.html','catalog/product/view/id/1796',0,1,NULL,1,NULL),(194,'product',1812,'breathe-easy-tank.html','catalog/product/view/id/1812',0,1,NULL,1,NULL),(195,'product',1819,'karmen-yoga-pant.html','catalog/product/view/id/1819',0,1,NULL,1,NULL),(196,'product',1826,'emma-leggings.html','catalog/product/view/id/1826',0,1,NULL,1,NULL),(197,'product',1833,'ida-workout-parachute-pant.html','catalog/product/view/id/1833',0,1,NULL,1,NULL),(198,'product',1840,'cora-parachute-pant.html','catalog/product/view/id/1840',0,1,NULL,1,NULL),(199,'product',1847,'sahara-leggings.html','catalog/product/view/id/1847',0,1,NULL,1,NULL),(200,'product',1854,'diana-tights.html','catalog/product/view/id/1854',0,1,NULL,1,NULL),(201,'product',1861,'aeon-capri.html','catalog/product/view/id/1861',0,1,NULL,1,NULL),(202,'product',1868,'bardot-capri.html','catalog/product/view/id/1868',0,1,NULL,1,NULL),(203,'product',1875,'carina-basic-capri.html','catalog/product/view/id/1875',0,1,NULL,1,NULL),(204,'product',1882,'daria-bikram-pant.html','catalog/product/view/id/1882',0,1,NULL,1,NULL),(205,'product',1889,'sylvia-capri.html','catalog/product/view/id/1889',0,1,NULL,1,NULL),(206,'product',1896,'deirdre-relaxed-fit-capri.html','catalog/product/view/id/1896',0,1,NULL,1,NULL),(207,'product',1903,'portia-capri.html','catalog/product/view/id/1903',0,1,NULL,1,NULL),(208,'product',1919,'fiona-fitness-short.html','catalog/product/view/id/1919',0,1,NULL,1,NULL),(209,'product',1935,'maxima-drawstring-short.html','catalog/product/view/id/1935',0,1,NULL,1,NULL),(210,'product',1951,'gwen-drawstring-bike-short.html','catalog/product/view/id/1951',0,1,NULL,1,NULL),(211,'product',1967,'artemis-running-short.html','catalog/product/view/id/1967',0,1,NULL,1,NULL),(212,'product',1983,'bess-yoga-short.html','catalog/product/view/id/1983',0,1,NULL,1,NULL),(213,'product',1990,'angel-light-running-short.html','catalog/product/view/id/1990',0,1,NULL,1,NULL),(214,'product',1997,'echo-fit-compression-short.html','catalog/product/view/id/1997',0,1,NULL,1,NULL),(215,'product',2003,'sybil-running-short.html','catalog/product/view/id/2003',0,1,NULL,1,NULL),(216,'product',2010,'mimi-all-purpose-short.html','catalog/product/view/id/2010',0,1,NULL,1,NULL),(217,'product',2017,'ana-running-short.html','catalog/product/view/id/2017',0,1,NULL,1,NULL),(218,'product',2024,'ina-compression-short.html','catalog/product/view/id/2024',0,1,NULL,1,NULL),(219,'product',2040,'erika-running-short.html','catalog/product/view/id/2040',0,1,NULL,1,NULL),(232,'category',37,'sale.html','catalog/category/view/id/37',0,1,NULL,1,NULL),(233,'category',38,'what-is-new.html','catalog/category/view/id/38',0,1,NULL,1,NULL),(234,'category',39,'collections/performance-new.html','catalog/category/view/id/39',0,1,NULL,1,NULL),(235,'category',40,'collections/eco-new.html','catalog/category/view/id/40',0,1,NULL,1,NULL),(236,'cms-page',5,'about-us','cms/page/view/page_id/5',0,1,NULL,1,NULL),(237,'cms-page',6,'customer-service','cms/page/view/page_id/6',0,1,NULL,1,NULL),(240,'category',41,'office-paper.html','catalog/category/view/id/41',0,1,NULL,1,NULL),(241,'category',42,'specialty-paper.html','catalog/category/view/id/42',0,1,NULL,1,NULL),(242,'category',43,'office-supplies.html','catalog/category/view/id/43',0,1,NULL,1,NULL),(243,'category',44,'office-equipment.html','catalog/category/view/id/44',0,1,NULL,1,NULL),(244,'category',45,'food.html','catalog/category/view/id/45',0,1,NULL,1,NULL),(245,'category',46,'beverages.html','catalog/category/view/id/46',0,1,NULL,1,NULL),(246,'category',47,'cleaning-supplies.html','catalog/category/view/id/47',0,1,NULL,1,NULL),(247,'category',48,'ink-toners.html','catalog/category/view/id/48',0,1,NULL,1,NULL),(248,'category',49,'printing-services.html','catalog/category/view/id/49',0,1,NULL,1,NULL),(249,'category',50,'school-supplies.html','catalog/category/view/id/50',0,1,NULL,1,NULL),(250,'category',51,'catalogue.html','catalog/category/view/id/51',0,1,NULL,1,NULL);

--
-- Table structure for table `variable`
--

CREATE TABLE `variable` (
  `variable_id` int unsigned NOT NULL AUTO_INCREMENT COMMENT 'Variable ID',
  `code` varchar(255) DEFAULT NULL COMMENT 'Variable Code',
  `name` varchar(255) DEFAULT NULL COMMENT 'Variable Name',
  PRIMARY KEY (`variable_id`),
  UNIQUE KEY `VARIABLE_CODE` (`code`)
) ENGINE=InnoDB DEFAULT CHARSET=utf8mb3 COMMENT='Variables';

--
-- Dumping data for table `variable`
--


--
-- Table structure for table `variable_value`
--

CREATE TABLE `variable_value` (
  `value_id` int unsigned NOT NULL AUTO_INCREMENT COMMENT 'Variable Value ID',
  `variable_id` int unsigned NOT NULL DEFAULT '0' COMMENT 'Variable ID',
  `store_id` smallint unsigned NOT NULL DEFAULT '0' COMMENT 'Store ID',
  `plain_value` text COMMENT 'Plain Text Value',
  `html_value` text COMMENT 'Html Value',
  PRIMARY KEY (`value_id`),
  UNIQUE KEY `VARIABLE_VALUE_VARIABLE_ID_STORE_ID` (`variable_id`,`store_id`),
  KEY `VARIABLE_VALUE_STORE_ID` (`store_id`),
  CONSTRAINT `VARIABLE_VALUE_STORE_ID_STORE_STORE_ID` FOREIGN KEY (`store_id`) REFERENCES `store` (`store_id`) ON DELETE CASCADE,
  CONSTRAINT `VARIABLE_VALUE_VARIABLE_ID_VARIABLE_VARIABLE_ID` FOREIGN KEY (`variable_id`) REFERENCES `variable` (`variable_id`) ON DELETE CASCADE
) ENGINE=InnoDB DEFAULT CHARSET=utf8mb3 COMMENT='Variable Value';

--
-- Dumping data for table `variable_value`
--


--
-- Table structure for table `vault_payment_token_order_payment_link`
--

CREATE TABLE `vault_payment_token_order_payment_link` (
  `order_payment_id` int unsigned NOT NULL COMMENT 'Order payment ID',
  `payment_token_id` int unsigned NOT NULL COMMENT 'Payment token ID',
  PRIMARY KEY (`order_payment_id`,`payment_token_id`),
  KEY `FK_4ED894655446D385894580BECA993862` (`payment_token_id`),
  CONSTRAINT `FK_4ED894655446D385894580BECA993862` FOREIGN KEY (`payment_token_id`) REFERENCES `vault_payment_token` (`entity_id`) ON DELETE CASCADE,
  CONSTRAINT `FK_CF37B9D854256534BE23C818F6291CA2` FOREIGN KEY (`order_payment_id`) REFERENCES `sales_order_payment` (`entity_id`) ON DELETE CASCADE
) ENGINE=InnoDB DEFAULT CHARSET=utf8mb3 COMMENT='Order payments to vault token';

--
-- Dumping data for table `vault_payment_token_order_payment_link`
--


--
-- Table structure for table `weee_tax`
--

CREATE TABLE `weee_tax` (
  `value_id` int NOT NULL AUTO_INCREMENT COMMENT 'Value ID',
  `website_id` smallint unsigned NOT NULL DEFAULT '0' COMMENT 'Website ID',
  `entity_id` int unsigned NOT NULL DEFAULT '0' COMMENT 'Entity ID',
  `country` varchar(2) DEFAULT NULL COMMENT 'Country',
  `value` decimal(12,4) NOT NULL DEFAULT '0.0000' COMMENT 'Value',
  `state` int NOT NULL DEFAULT '0' COMMENT 'State',
  `attribute_id` smallint unsigned NOT NULL COMMENT 'Attribute ID',
  PRIMARY KEY (`value_id`),
  KEY `WEEE_TAX_WEBSITE_ID` (`website_id`),
  KEY `WEEE_TAX_ENTITY_ID` (`entity_id`),
  KEY `WEEE_TAX_COUNTRY` (`country`),
  KEY `WEEE_TAX_ATTRIBUTE_ID` (`attribute_id`),
  CONSTRAINT `WEEE_TAX_ATTRIBUTE_ID_EAV_ATTRIBUTE_ATTRIBUTE_ID` FOREIGN KEY (`attribute_id`) REFERENCES `eav_attribute` (`attribute_id`) ON DELETE CASCADE,
  CONSTRAINT `WEEE_TAX_COUNTRY_DIRECTORY_COUNTRY_COUNTRY_ID` FOREIGN KEY (`country`) REFERENCES `directory_country` (`country_id`) ON DELETE CASCADE,
  CONSTRAINT `WEEE_TAX_ENTITY_ID_CATALOG_PRODUCT_ENTITY_ENTITY_ID` FOREIGN KEY (`entity_id`) REFERENCES `catalog_product_entity` (`entity_id`) ON DELETE CASCADE,
  CONSTRAINT `WEEE_TAX_WEBSITE_ID_STORE_WEBSITE_WEBSITE_ID` FOREIGN KEY (`website_id`) REFERENCES `store_website` (`website_id`) ON DELETE CASCADE
) ENGINE=InnoDB DEFAULT CHARSET=utf8mb3 COMMENT='Weee Tax';

--
-- Dumping data for table `weee_tax`
--


--
-- Table structure for table `widget`
--

CREATE TABLE `widget` (
  `widget_id` int unsigned NOT NULL AUTO_INCREMENT COMMENT 'Widget ID',
  `widget_code` varchar(255) DEFAULT NULL COMMENT 'Widget code for template directive',
  `widget_type` varchar(255) DEFAULT NULL COMMENT 'Widget Type',
  `parameters` text COMMENT 'Parameters',
  PRIMARY KEY (`widget_id`),
  KEY `WIDGET_WIDGET_CODE` (`widget_code`)
) ENGINE=InnoDB DEFAULT CHARSET=utf8mb3 COMMENT='Preconfigured Widgets';

--
-- Dumping data for table `widget`
--


--
-- Table structure for table `widget_instance`
--

CREATE TABLE `widget_instance` (
  `instance_id` int unsigned NOT NULL AUTO_INCREMENT COMMENT 'Instance ID',
  `instance_type` varchar(255) DEFAULT NULL COMMENT 'Instance Type',
  `theme_id` int unsigned NOT NULL COMMENT 'Theme ID',
  `title` varchar(255) DEFAULT NULL COMMENT 'Widget Title',
  `store_ids` varchar(255) NOT NULL DEFAULT '0' COMMENT 'Store ids',
  `widget_parameters` text COMMENT 'Widget parameters',
  `sort_order` smallint unsigned NOT NULL DEFAULT '0' COMMENT 'Sort order',
  PRIMARY KEY (`instance_id`),
  KEY `WIDGET_INSTANCE_THEME_ID_THEME_THEME_ID` (`theme_id`),
  CONSTRAINT `WIDGET_INSTANCE_THEME_ID_THEME_THEME_ID` FOREIGN KEY (`theme_id`) REFERENCES `theme` (`theme_id`) ON DELETE CASCADE
) ENGINE=InnoDB AUTO_INCREMENT=18 DEFAULT CHARSET=utf8mb3 COMMENT='Instances of Widget for Package Theme';

--
-- Dumping data for table `widget_instance`
--

INSERT INTO `widget_instance` VALUES (1,'Magento\\Cms\\Block\\Widget\\Block',3,'Contact us info','0','{\"block_id\":\"2\"}',0),(2,'Magento\\Cms\\Block\\Widget\\Block',3,'Footer Links','0','{\"block_id\":\"1\"}',0),(3,'Magento\\Cms\\Block\\Widget\\Block',3,'Sale Left Menu','0','{\"block_id\":\"3\"}',0),(4,'Magento\\Cms\\Block\\Widget\\Block',3,'Gear Left Menu','0','{\"block_id\":\"4\"}',0),(5,'Magento\\Cms\\Block\\Widget\\Block',3,'Men\'s Left Menu','0','{\"block_id\":\"5\"}',0),(6,'Magento\\Cms\\Block\\Widget\\Block',3,'Women\'s Left Menu','0','{\"block_id\":\"6\"}',0),(7,'Magento\\Cms\\Block\\Widget\\Block',3,'What\'s New Left Menu','0','{\"block_id\":\"7\"}',0),(8,'Magento\\Cms\\Block\\Widget\\Block',3,'Women Category Content','0','{\"block_id\":\"8\"}',0),(9,'Magento\\Cms\\Block\\Widget\\Block',3,'Training Category Content','0','{\"block_id\":\"9\"}',0),(10,'Magento\\Cms\\Block\\Widget\\Block',3,'Men Category Content','0','{\"block_id\":\"10\"}',0),(11,'Magento\\Cms\\Block\\Widget\\Block',3,'Gear Category Content','0','{\"block_id\":\"11\"}',0),(12,'Magento\\Cms\\Block\\Widget\\Block',3,'New Products Category Content','0','{\"block_id\":\"13\"}',0),(13,'Magento\\Cms\\Block\\Widget\\Block',3,'Sale Category Content','0','{\"block_id\":\"12\"}',0),(14,'Magento\\Cms\\Block\\Widget\\Block',3,'Home Page','0','{\"block_id\":\"14\"}',0),(15,'Magento\\Cms\\Block\\Widget\\Block',3,'Performance Fabrics','0','{\"block_id\":\"15\"}',0),(16,'Magento\\Cms\\Block\\Widget\\Block',3,'Eco Friendly','0','{\"block_id\":\"16\"}',0),(17,'Magento\\Cms\\Block\\Widget\\Block',3,'Login Info','0','{\"block_id\":\"17\"}',0);

--
-- Table structure for table `widget_instance_page`
--

CREATE TABLE `widget_instance_page` (
  `page_id` int unsigned NOT NULL AUTO_INCREMENT COMMENT 'Page ID',
  `instance_id` int unsigned NOT NULL DEFAULT '0' COMMENT 'Instance ID',
  `page_group` varchar(25) DEFAULT NULL COMMENT 'Block Group Type',
  `layout_handle` varchar(255) DEFAULT NULL COMMENT 'Layout Handle',
  `block_reference` varchar(255) DEFAULT NULL COMMENT 'Container',
  `page_for` varchar(25) DEFAULT NULL COMMENT 'For instance entities',
  `entities` text COMMENT 'Catalog entities (comma separated)',
  `page_template` varchar(255) DEFAULT NULL COMMENT 'Path to widget template',
  PRIMARY KEY (`page_id`),
  KEY `WIDGET_INSTANCE_PAGE_INSTANCE_ID` (`instance_id`),
  CONSTRAINT `WIDGET_INSTANCE_PAGE_INSTANCE_ID_WIDGET_INSTANCE_INSTANCE_ID` FOREIGN KEY (`instance_id`) REFERENCES `widget_instance` (`instance_id`) ON DELETE CASCADE
) ENGINE=InnoDB AUTO_INCREMENT=18 DEFAULT CHARSET=utf8mb3 COMMENT='Instance of Widget on Page';

--
-- Dumping data for table `widget_instance_page`
--

INSERT INTO `widget_instance_page` VALUES (1,1,'pages','contact_index_index','content.top','all','','widget/static_block/default.phtml'),(2,2,'all_pages','default','cms_footer_links_container','all','','widget/static_block/default.phtml'),(3,3,'anchor_categories','catalog_category_view_type_layered','sidebar.main','specific','37','widget/static_block/default.phtml'),(4,4,'anchor_categories','catalog_category_view_type_layered','sidebar.main','specific','3','widget/static_block/default.phtml'),(5,5,'anchor_categories','catalog_category_view_type_layered','sidebar.main','specific','11','widget/static_block/default.phtml'),(6,6,'anchor_categories','catalog_category_view_type_layered','sidebar.main','specific','20','widget/static_block/default.phtml'),(7,7,'anchor_categories','catalog_category_view_type_layered','sidebar.main','specific','38','widget/static_block/default.phtml'),(8,8,'anchor_categories','catalog_category_view_type_layered','content.top','specific','20','widget/static_block/default.phtml'),(9,9,'anchor_categories','catalog_category_view_type_layered','content.top','specific','9','widget/static_block/default.phtml'),(10,10,'anchor_categories','catalog_category_view_type_layered','content.top','specific','11','widget/static_block/default.phtml'),(11,11,'anchor_categories','catalog_category_view_type_layered','content.top','specific','3','widget/static_block/default.phtml'),(12,12,'anchor_categories','catalog_category_view_type_layered','content.top','specific','38','widget/static_block/default.phtml'),(13,13,'anchor_categories','catalog_category_view_type_layered','content.top','specific','37','widget/static_block/default.phtml'),(14,14,'pages','cms_index_index','content','all','','widget/static_block/default.phtml'),(15,15,'anchor_categories','catalog_category_view_type_layered','content.top','specific','39','widget/static_block/default.phtml'),(16,16,'anchor_categories','catalog_category_view_type_layered','content.top','specific','40','widget/static_block/default.phtml'),(17,17,'pages','customer_account_login','customer.login.container','all','','widget/static_block/default.phtml');

--
-- Table structure for table `widget_instance_page_layout`
--

CREATE TABLE `widget_instance_page_layout` (
  `page_id` int unsigned NOT NULL DEFAULT '0' COMMENT 'Page ID',
  `layout_update_id` int unsigned NOT NULL DEFAULT '0' COMMENT 'Layout Update ID',
  PRIMARY KEY (`layout_update_id`,`page_id`),
  KEY `WIDGET_INSTANCE_PAGE_LAYOUT_PAGE_ID` (`page_id`),
  CONSTRAINT `WIDGET_INSTANCE_PAGE_LAYOUT_PAGE_ID_WIDGET_INSTANCE_PAGE_PAGE_ID` FOREIGN KEY (`page_id`) REFERENCES `widget_instance_page` (`page_id`) ON DELETE CASCADE,
  CONSTRAINT `WIDGET_INSTANCE_PAGE_LYT_LYT_UPDATE_ID_LYT_UPDATE_LYT_UPDATE_ID` FOREIGN KEY (`layout_update_id`) REFERENCES `layout_update` (`layout_update_id`) ON DELETE CASCADE
) ENGINE=InnoDB DEFAULT CHARSET=utf8mb3 COMMENT='Layout updates';

--
-- Dumping data for table `widget_instance_page_layout`
--

INSERT INTO `widget_instance_page_layout` VALUES (1,1),(2,2),(3,3),(4,4),(5,5),(6,6),(7,7),(8,8),(9,9),(10,10),(11,11),(12,12),(13,13),(14,14),(15,15),(16,16),(17,17);

--
-- Table structure for table `wishlist`
--

CREATE TABLE `wishlist` (
  `wishlist_id` int unsigned NOT NULL AUTO_INCREMENT COMMENT 'Wishlist ID',
  `customer_id` int unsigned NOT NULL DEFAULT '0' COMMENT 'Customer ID',
  `shared` smallint unsigned NOT NULL DEFAULT '0' COMMENT 'Sharing flag (0 or 1)',
  `sharing_code` varchar(32) DEFAULT NULL COMMENT 'Sharing encrypted code',
  `updated_at` timestamp NULL DEFAULT NULL COMMENT 'Last updated date',
  PRIMARY KEY (`wishlist_id`),
  UNIQUE KEY `WISHLIST_CUSTOMER_ID` (`customer_id`),
  KEY `WISHLIST_SHARED` (`shared`),
  CONSTRAINT `WISHLIST_CUSTOMER_ID_CUSTOMER_ENTITY_ENTITY_ID` FOREIGN KEY (`customer_id`) REFERENCES `customer_entity` (`entity_id`) ON DELETE CASCADE
) ENGINE=InnoDB AUTO_INCREMENT=7 DEFAULT CHARSET=utf8mb3 COMMENT='Wishlist main Table';

--
-- Dumping data for table `wishlist`
--

INSERT INTO `wishlist` VALUES (1,2,0,'wK6SvntxXeGr2N8sz0uysLRO8fVbPmXP','2024-03-05 04:45:57'),(2,3,0,'AKtavbgh5E1ToG19SHuSQ3KUgrCNVnuN','2024-03-06 12:04:49'),(3,4,0,'7Hefw2F1x8rblgB3scRPMOxYY2CuKQkT','2024-03-06 12:16:15'),(4,5,0,'euAVQS15cQJMRTP72dF3IyRCahSH6nFk','2024-03-06 12:20:58'),(5,6,0,'puAyZRs0q74EODNw5lTdP0cGwR8B1kMk','2024-08-30 10:23:52'),(6,7,0,'LwORgymnHu2pdWtsSZNzlopyZ0Ue1Wen','2024-08-30 09:25:22');

--
-- Table structure for table `wishlist_item`
--

CREATE TABLE `wishlist_item` (
  `wishlist_item_id` int unsigned NOT NULL AUTO_INCREMENT COMMENT 'Wishlist item ID',
  `wishlist_id` int unsigned NOT NULL DEFAULT '0' COMMENT 'Wishlist ID',
  `product_id` int unsigned NOT NULL DEFAULT '0' COMMENT 'Product ID',
  `store_id` smallint unsigned DEFAULT NULL COMMENT 'Store ID',
  `added_at` timestamp NULL DEFAULT NULL COMMENT 'Add date and time',
  `description` text COMMENT 'Short description of wish list item',
  `qty` decimal(12,4) NOT NULL COMMENT 'Qty',
  PRIMARY KEY (`wishlist_item_id`),
  KEY `WISHLIST_ITEM_WISHLIST_ID` (`wishlist_id`),
  KEY `WISHLIST_ITEM_PRODUCT_ID` (`product_id`),
  KEY `WISHLIST_ITEM_STORE_ID` (`store_id`),
  CONSTRAINT `WISHLIST_ITEM_PRODUCT_ID_CATALOG_PRODUCT_ENTITY_ENTITY_ID` FOREIGN KEY (`product_id`) REFERENCES `catalog_product_entity` (`entity_id`) ON DELETE CASCADE,
  CONSTRAINT `WISHLIST_ITEM_STORE_ID_STORE_STORE_ID` FOREIGN KEY (`store_id`) REFERENCES `store` (`store_id`) ON DELETE SET NULL,
  CONSTRAINT `WISHLIST_ITEM_WISHLIST_ID_WISHLIST_WISHLIST_ID` FOREIGN KEY (`wishlist_id`) REFERENCES `wishlist` (`wishlist_id`) ON DELETE CASCADE
) ENGINE=InnoDB AUTO_INCREMENT=4 DEFAULT CHARSET=utf8mb3 COMMENT='Wishlist items';

--
-- Dumping data for table `wishlist_item`
--

INSERT INTO `wishlist_item` VALUES (3,6,5,1,'2024-08-30 09:25:22',NULL,1.0000);

--
-- Table structure for table `wishlist_item_option`
--

CREATE TABLE `wishlist_item_option` (
  `option_id` int unsigned NOT NULL AUTO_INCREMENT COMMENT 'Option ID',
  `wishlist_item_id` int unsigned NOT NULL COMMENT 'Wishlist Item ID',
  `product_id` int unsigned NOT NULL COMMENT 'Product ID',
  `code` varchar(255) NOT NULL COMMENT 'Code',
  `value` text COMMENT 'Value',
  PRIMARY KEY (`option_id`),
  KEY `FK_A014B30B04B72DD0EAB3EECD779728D6` (`wishlist_item_id`),
  CONSTRAINT `FK_A014B30B04B72DD0EAB3EECD779728D6` FOREIGN KEY (`wishlist_item_id`) REFERENCES `wishlist_item` (`wishlist_item_id`) ON DELETE CASCADE
) ENGINE=InnoDB AUTO_INCREMENT=4 DEFAULT CHARSET=utf8mb3 COMMENT='Wishlist Item Option Table';

--
-- Dumping data for table `wishlist_item_option`
--

INSERT INTO `wishlist_item_option` VALUES (3,3,5,'info_buyRequest','{\"product\":\"5\",\"uenc\":\"aHR0cDovL2EyenN1cHBsaWVzLnlpcm9uZGVtb3MuY29tL3JpdmFsLWZpZWxkLW1lc3Nlbmdlci5odG1s\",\"form_key\":\"jPj5GLw9fJEDilcH\",\"success_url\":\"\",\"error_url\":\"\",\"firstname\":\"Robin \",\"lastname\":\"Sharma\",\"assistance_allowed\":\"1\",\"email\":\"testankush@yopmail.com\",\"password\":\"Ankush@123\",\"password_confirmation\":\"Ankush@123\",\"show-password\":\"on\",\"action\":\"add\"}');

--
-- Final view structure for view `inventory_stock_1`
--

/*!50001 DROP VIEW IF EXISTS `inventory_stock_1`*/;
/*!50001 CREATE ALGORITHM=UNDEFINED */
/*!50013 DEFINER=`root`@`localhost` SQL SECURITY INVOKER */
/*!50001 VIEW `inventory_stock_1` AS select distinct `legacy_stock_status`.`product_id` AS `product_id`,`legacy_stock_status`.`website_id` AS `website_id`,`legacy_stock_status`.`stock_id` AS `stock_id`,`legacy_stock_status`.`qty` AS `quantity`,`legacy_stock_status`.`stock_status` AS `is_salable`,`product`.`sku` AS `sku` from (`cataloginventory_stock_status` `legacy_stock_status` join `catalog_product_entity` `product` on((`legacy_stock_status`.`product_id` = `product`.`entity_id`))) */;


