,NULL,NULL,'Sales <a2z@yirondemos.com>','alert@jamboshop.com'),(13,'Your Main Website Store order confirmation','&lt;!DOCTYPE html PUBLIC &quot;-//W3C//DTD XHTML 1.0 Strict//EN&quot; &quot;http://www.w3.org/TR/xhtml1/DTD/xhtml1-strict.dtd&quot;&gt;\n&lt;html xmlns=&quot;http://www.w3.org/1999/xhtml&quot; style=&quot;font-size: 62.5%; -webkit-text-size-adjust: 100%; -ms-text-size-adjust: 100%; font-size-adjust: 100%; background-color: #f5f5f5;&quot;&gt;\n&lt;head&gt;\n    &lt;meta http-equiv=&quot;Content-Type&quot; content=&quot;text/html; charset=utf-8&quot;&gt;\n    &lt;meta name=&quot;viewport&quot; content=&quot;initial-scale=1.0, width=device-width&quot;&gt;\n    &lt;meta http-equiv=&quot;X-UA-Compatible&quot; content=&quot;IE=edge&quot;&gt;\n    &lt;style type=&quot;text/css&quot;&gt;\n        \n\n        @import url(&quot;http://a2zsupplies.yirondemos.com/static/version1709726595/frontend/Hiddentechies/bizkick/en_US/css/email-fonts.css&quot;);.promotion-wrapper{display:block;clear:both;padding:9px 10px;width:100%;background:#f66d1f;color:#ffffff;text-align:center;font-size:16px;position:relative;box-sizing:border-box;font-weight:400}.promotion-wrapper a.action.primary{padding:8px 15px;font-size:13px;margin-left:15px;margin-right:15px}.promotion-wrapper a.action.primary:hover{background:#333333;border-color:#333333;color:#ffffff;opacity:0.8}@media (max-width:767px){.promotion-wrapper{display:none !important}}.page-title-wrapper .page-title{margin-bottom:30px;display:inline-block;font-size:24px;letter-spacing:0.5px;text-transform:uppercase}.slider-outer{margin-right:-10px;margin-left:-10px}.action.primary{transition:all .3s ease-in 0s;-moz-transition:all .3s ease-in 0s;-webkit-transition:all .3s ease-in 0s;text-transform:uppercase;letter-spacing:0.5px}a{text-decoration:none;outline:none}a:hover{text-decoration:none;outline:none}.block-search .action.search.disabled,.block-search .action.search[disabled],fieldset[disabled] .block-search .action.search{opacity:1}b,strong{font-weight:600}.socials-block{clear:both;display:block;float:left;margin-top:30px;text-align:center;width:100%}.socials-block&gt;a{background:#fbfbfb none repeat scroll 0 0;border-radius:50%;display:inline-block;font-size:24px;height:60px;line-height:60px;margin:0 5px;width:60px;transition:all .3s ease-in 0s;-moz-transition:all .3s ease-in 0s;-webkit-transition:all .3s ease-in 0s}.page-wrapper .page-footer{padding-bottom:0}.page-footer .footer-top{clear:both;display:block;float:left;width:100%}.page-footer .footer-top .footer-newsletter{clear:both;display:block;float:left;width:100%;padding:35px 0;background:#555555}.page-footer .footer-top .footer-newsletter .newsletter-title{float:left;margin-bottom:20px;text-align:center;width:100%}.page-footer .footer-top .footer-newsletter .newsletter-title&gt;h2{color:#ffffff;font-size:30px;font-weight:700;letter-spacing:1px;line-height:50px;margin:0;text-transform:uppercase}.page-footer .footer-top .footer-newsletter .block.newsletter{clear:both;float:none;margin:0 auto;max-width:600px;width:100%}.page-footer .footer-top .footer-newsletter .block.newsletter .content .field.newsletter{margin-right:0}.page-footer .footer-top .footer-newsletter .block.newsletter .content .field.newsletter .control:before{line-height:52px}.page-footer .footer-top .footer-newsletter .block.newsletter .content .field.newsletter .control #newsletter{height:50px;border-color:#ffffff}.page-footer .footer-top .footer-newsletter .block.newsletter .content .field.newsletter .control #newsletter-error{position:absolute}.page-footer .footer-top .footer-newsletter .block.newsletter .content .actions .action.subscribe.primary{height:50px;line-height:50px;background:#F66D1F;border-color:#F66D1F;color:#ffffff;text-transform:uppercase;letter-spacing:0.5px;transition:all .3s ease-in 0s;-moz-transition:all .3s ease-in 0s;-webkit-transition:all .3s ease-in 0s;border-radius:0;-moz-border-radius:0;-webkit-border-radius:0;padding:0 25px}.page-footer .footer-top .footer-newsletter .block.newsletter .content .actions .action.subscribe.primary:hover{background:#333333;border-color:#333333}.page-footer .footer-top .footer-links{clear:both;display:block;float:left;width:100%;padding:50px 0 35px;background:#F5F5F5}.page-footer .footer-top .footer-links .footer-links-main{margin:0 -10px}.page-footer .footer-top .footer-links .footer-links-main .footer-links-column{float:left;width:25%;box-sizing:border-box;padding:0 10px}.page-footer .footer-top .footer-links .footer-links-main .footer-links-column .footer-colum-title{display:block}.page-footer .footer-top .footer-links .footer-links-main .footer-links-column .footer-colum-title&gt;h3{margin:0;display:block;margin-bottom:25px;text-transform:uppercase;font-size:18px;font-weight:600;color:#222222}.page-footer .footer-top .footer-links .footer-links-main .footer-links-column .footer-colum-title&gt;h3:after{background:#222222;bottom:0;content:&quot;&quot;;display:block;height:2px;width:25px;margin-top:13px}.page-footer .footer-top .footer-links .footer-links-main .footer-links-column .footer-column-content{display:block}.page-footer .footer-top .footer-links .footer-links-main .footer-links-column .footer-column-content .footer.links{list-style:none;padding:0;margin:0}.page-footer .footer-top .footer-links .footer-links-main .footer-links-column .footer-column-content .footer.links&gt;li{color:#555555;display:block;margin-bottom:13px}.page-footer .footer-top .footer-links .footer-links-main .footer-links-column .footer-column-content .footer.links&gt;li&gt;a{color:#555555;transition:all .3s ease 0s;-moz-transition:all .3s ease 0s;-webkit-transition:all .3s ease 0s}.page-footer .footer-top .footer-links .footer-links-main .footer-links-column .footer-column-content .footer.links&gt;li&gt;a:hover{color:#F66D1F}.page-footer .footer-top .footer-links .footer-links-main .footer-links-column .footer-column-content .footer.links&gt;li&gt;a:before{content:&quot;\\f105&quot;;margin-right:8px;font-family:&quot;Fontawesome&quot;}.page-footer .footer-top .footer-links .footer-links-main .footer-links-column .footer-column-content .footer.links&gt;li&gt;strong{color:#555555;transition:all .3s ease 0s;-moz-transition:all .3s ease 0s;-webkit-transition:all .3s ease 0s}.page-footer .footer-top .footer-links .footer-links-main .footer-links-column .footer-column-content .footer.links&gt;li&gt;strong:hover{color:#F66D1F}.page-footer .footer-top .footer-links .footer-links-main .footer-links-column .footer-column-content .footer.links&gt;li&gt;strong:before{content:&quot;\\f105&quot;;margin-right:8px;font-family:&quot;Fontawesome&quot;}.page-footer .footer-top .footer-links .footer-links-main .footer-links-column .footer-column-content .content&gt;p{margin-bottom:15px;position:relative;color:#555555}.page-footer .footer-top .footer-links .footer-links-main .footer-links-column .footer-column-content .content&gt;p strong{font-weight:600;display:block;margin-bottom:5px;color:#333333}.page-footer .footer-top .footer-links .footer-links-main .footer-links-column .footer-column-content .content&gt;p strong em{font-size:16px;color:#333333;vertical-align:middle}.page-footer .footer-top .footer-links .footer-links-main .footer-links-column .footer-column-content .content&gt;p a,.page-footer .footer-top .footer-links .footer-links-main .footer-links-column .footer-column-content .content&gt;p a:focus,.page-footer .footer-top .footer-links .footer-links-main .footer-links-column .footer-column-content .content&gt;p a:visited,.page-footer .footer-top .footer-links .footer-links-main .footer-links-column .footer-column-content .content&gt;p a:active{color:#555555;transition:all .3s ease 0s;-moz-transition:all .3s ease 0s;-webkit-transition:all .3s ease 0s}.page-footer .footer-top .footer-links .footer-links-main .footer-links-column .footer-column-content .content&gt;p a:hover,.page-footer .footer-top .footer-links .footer-links-main .footer-links-column .footer-column-content .content&gt;p a:focus:hover,.page-footer .footer-top .footer-links .footer-links-main .footer-links-column .footer-column-content .content&gt;p a:visited:hover,.page-footer .footer-top .footer-links .footer-links-main .footer-links-column .footer-column-content .content&gt;p a:active:hover{color:#F66D1F}.page-footer .footer-top .footer-links .footer-links-main .footer-links-column .footer-column-content .content&gt;p&gt;span{display:block;padding-left:22px}.page-footer .footer-bottom{clear:both;display:block;float:left;width:100%;background:#F5F5F5}.page-footer .footer-bottom .copuright-outer{float:left;width:100%;border-top:1px solid #d1d1d1;padding:20px 0}.page-footer .footer-bottom .copuright-outer .copyright{padding:10px 0;float:left;background:transparent;color:#555555}.page-footer .footer-bottom .copuright-outer .payment-icons{float:right}.page-footer .footer-bottom .copuright-outer .payment-icons&gt;ul{list-style:none;padding:0;margin:0}.page-footer .footer-bottom .copuright-outer .payment-icons&gt;ul&gt;li{display:inline-block;margin:0}.page-footer .footer-bottom .copuright-outer .payment-icons&gt;ul&gt;li&gt;a{display:block}.page-footer .footer-bottom .copuright-outer .payment-icons&gt;ul&gt;li&gt;a&gt;img{max-width:54px}@media (min-width:768px){.sidebar.sidebar-additional .block.block-compare,.sidebar.sidebar-additional .block.block-wishlist,.sidebar.sidebar-additional .block.block-reorder{background:#f6f6f6;padding:15px;box-sizing:border-box;margin-bottom:30px}.sidebar.sidebar-additional .block.block-compare .block-title,.sidebar.sidebar-additional .block.block-wishlist .block-title,.sidebar.sidebar-additional .block.block-reorder .block-title{border-bottom:1px solid #e1e1e1;color:#333333;padding:0 0 10px;margin-bottom:15px}.sidebar.sidebar-additional .block.block-compare .block-title&gt;strong,.sidebar.sidebar-additional .block.block-wishlist .block-title&gt;strong,.sidebar.sidebar-additional .block.block-reorder .block-title&gt;strong{color:#333333;font-size:14px;font-weight:600;text-transform:uppercase}.sidebar.sidebar-main .block{background:#f6f6f6;padding:15px;box-sizing:border-box;margin-bottom:30px}.sidebar.sidebar-main .block#layered-filter-block{padding:0;border:none}.sidebar.sidebar-main .block .block-title{border-bottom:1px solid #e1e1e1;color:#333333;padding:0 0 10px;margin-bottom:15px}.sidebar.sidebar-main .block .block-title&gt;strong{color:#333333;font-size:14px;font-weight:600;text-transform:uppercase}.sidebar.sidebar-main .block .block-content.filter-content .filter-current+.filter-actions{margin-bottom:10px}.sidebar.sidebar-main .block .block-content.filter-content .filter-current .block-subtitle{color:#333333}.sidebar.sidebar-main .block .block-content.filter-content .filter-current .item .filter-label{color:#333333;margin-bottom:3px}.sidebar.sidebar-main .block .block-content.filter-content .filter-current .action.remove{position:relative}.sidebar.sidebar-main .block .block-content.filter-content .filter-current .action.remove:after{content:&quot;\\f00d&quot;;font-family:&quot;Fontawesome&quot;;float:right;color:#888888}.sidebar.sidebar-main .block .block-content.filter-content .filter-current .action.remove&gt;span{display:none}.sidebar.sidebar-main .block .block-content.filter-content .filter-subtitle{font-weight:600;text-transform:uppercase;padding:0 0 18px;font-size:14px;border-bottom:none;color:#333333;background:#ffffff}.sidebar.sidebar-main .block .block-content.filter-content .filter-options{background:#ffffff}.sidebar.sidebar-main .block .block-content.filter-content .filter-options .filter-options-item{border:none;padding:15px 15px 0;display:block;clear:both;margin-bottom:15px;background:#f6f6f6}.sidebar.sidebar-main .block .block-content.filter-content .filter-options .filter-options-item.active{padding:15px}.sidebar.sidebar-main .block .block-content.filter-content .filter-options .filter-options-item.active .filter-options-title{border-bottom:1px solid #e1e1e1}.sidebar.sidebar-main .block .block-content.filter-content .filter-options .filter-options-title{color:#333333;font-size:14px;font-weight:600;line-height:1.4;margin:0;text-transform:uppercase;word-break:break-all;display:block;padding:0 0 14px;position:relative;margin-bottom:0}.sidebar.sidebar-main .block .block-content.filter-content .filter-options .filter-options-title:after{content:&quot;\\f067&quot;;font-family:&quot;Fontawesome&quot;;color:#666666;font-weight:normal;font-size:14px;top:0;right:0}.sidebar.sidebar-main .block .block-content.filter-content .filter-options .filter-options-item.active .filter-options-title:after{content:&quot;\\f068&quot;}.sidebar.sidebar-main .block .block-content.filter-content .filter-options .filter-options-content{margin:0;padding:3px 0 0;display:block}.sidebar.sidebar-main .block .block-content.filter-content .filter-options .filter-options-content .items .item{margin-bottom:9px;border-bottom:none;margin-top:9px}.sidebar.sidebar-main .block .block-content.filter-content .filter-options .filter-options-content .items .item&gt;a{color:#333333;font-weight:400;font-size:13px;background:transparent}.sidebar.sidebar-main .block .block-content.filter-content .filter-options .filter-options-content .items .item&gt;a:focus,.sidebar.sidebar-main .block .block-content.filter-content .filter-options .filter-options-content .items .item&gt;a:active{color:#333333;background:transparent}.sidebar.sidebar-main .block .block-content.filter-content .filter-options .filter-options-content .items .item&gt;a:hover{color:#f66d1f;background:transparent}.sidebar.sidebar-main .block .block-content.filter-content .filter-options .filter-options-content .items .item:last-child{margin-bottom:0;padding-bottom:0;border-bottom:0}}.catalog-category-view .toolbar.toolbar-products{border-bottom:none;margin-bottom:25px;padding:0;margin-top:1px}.catalog-category-view .toolbar.toolbar-products .modes .modes-mode{padding:9px 10px;border:1px solid #e1e1e1;margin-right:5px;background:#ffffff;transition:all .2s ease-in 0s;-moz-transition:all .2s ease-in 0s;-webkit-transition:all .2s ease-in 0s;box-shadow:none;border-radius:0}.catalog-category-view .toolbar.toolbar-products .modes .modes-mode:last-child{border:1px solid #e1e1e1}.catalog-category-view .toolbar.toolbar-products .modes .modes-mode:before{color:#999999}.catalog-category-view .toolbar.toolbar-products .modes .modes-mode:hover{border-color:#f66d1f;background:#f66d1f;color:#ffffff}.catalog-category-view .toolbar.toolbar-products .modes .modes-mode:hover:before{color:#ffffff}.catalog-category-view .toolbar.toolbar-products .modes .modes-mode.active{border-color:#f66d1f;background:#f66d1f;color:#ffffff}.catalog-category-view .toolbar.toolbar-products .modes .modes-mode.active:before{color:#ffffff}.catalog-category-view .toolbar.toolbar-products .toolbar-amount{font-weight:400}.catalog-category-view .toolbar.toolbar-products .toolbar-sorter.sorter{padding-top:0}.catalog-category-view .toolbar.toolbar-products .toolbar-sorter.sorter .sorter-label{font-weight:400;font-size:13px;text-transform:uppercase}.catalog-category-view .toolbar.toolbar-products .toolbar-sorter.sorter .sorter-options{font-weight:400;color:#666666;font-size:13px;box-shadow:none}.catalog-category-view .toolbar.toolbar-products .toolbar-sorter.sorter .sorter-options:focus{box-shadow:none}.catalog-category-view .toolbar.toolbar-products .field.limiter .label{font-weight:400;font-size:13px;text-transform:uppercase}.catalog-category-view .toolbar.toolbar-products .field.limiter .limiter-options{font-weight:400;color:#666666;font-size:13px;box-shadow:none}.catalog-category-view .toolbar.toolbar-products .field.limiter .limiter-options:focus{box-shadow:none}.catalog-category-view .toolbar.toolbar-products .field.limiter .limiter-text{font-weight:400;font-size:13px;text-transform:uppercase}.catalog-category-view .products.wrapper+.toolbar-products{border-top:none;border-bottom:none;margin-bottom:0;padding:0}.pages .item{vertical-align:middle;margin:0 4px 0 0;position:static}.pages strong.page{background:#f66d1f;border:1px solid #f66d1f;box-sizing:border-box;color:#ffffff;font-weight:600;height:34px;line-height:32px;min-width:15px;padding:0;text-align:center;width:34px}.pages a.page{border:1px solid #e1e1e1;box-sizing:border-box;color:#333333;background:#ffffff;display:inline-block;height:34px;line-height:32px;min-width:15px;padding:0;text-align:center;vertical-align:top;width:34px;transition:all .3s ease 0s;-moz-transition:all .3s ease 0s;-webkit-transition:all .3s ease 0s;border-radius:0;-webkit-border-radius:0;-moz-border-radius:0}.pages a.page:focus,.pages a.page:active{color:#333333}.pages a.page:hover{background:#f66d1f;border:1px solid #f66d1f;color:#ffffff}.pages .action.next{height:34px;width:34px;margin-left:0;margin-right:0;transition:all .3s ease 0s;-moz-transition:all .3s ease 0s;-webkit-transition:all .3s ease 0s;box-sizing:border-box;border:1px solid #e1e1e1;color:#333333;background:#ffffff;border-radius:0;-webkit-border-radius:0;-moz-border-radius:0;box-shadow:none}.pages .action.next:before{color:#333333;font-size:12px;line-height:32px;margin-left:0;margin-right:0;padding:0;text-align:center}.pages .action.next:focus:before,.pages .action.next:active:before{color:#333333}.pages .action.next:hover{background:#f66d1f;border:1px solid #f66d1f;color:#ffffff}.pages .action.next:hover:before{color:#ffffff}.pages .action.previous{height:34px;width:34px;margin-left:0;margin-right:0;transition:all .3s ease 0s;-moz-transition:all .3s ease 0s;-webkit-transition:all .3s ease 0s;box-sizing:border-box;border:1px solid #e1e1e1;color:#ffffff;background:#ffffff;border-radius:0;-webkit-border-radius:0;-moz-border-radius:0;box-shadow:none}.pages .action.previous:before{color:#333333;font-size:12px;line-height:32px;margin-left:0;margin-right:0;padding:0;text-align:center}.pages .action.previous:focus:before,.pages .action.previous:active:before{color:#333333}.pages .action.previous:hover{background:#f66d1f;border:1px solid #f66d1f;color:#ffffff}.pages .action.previous:hover:before{color:#ffffff}.pages .action:hover{background:#f66d1f;color:#ffffff;border:1px solid #f66d1f}@media (max-width:767px){.page-wrapper .page-header .header.content .header-content-info{display:none}.sidebar.sidebar-additional .block.block-compare,.sidebar.sidebar-additional .block.block-wishlist,.sidebar.sidebar-additional .block.block-reorder{background:#f5f5f5;padding:15px;box-sizing:border-box;margin-bottom:30px}.sidebar.sidebar-additional .block.block-compare .block-title,.sidebar.sidebar-additional .block.block-wishlist .block-title,.sidebar.sidebar-additional .block.block-reorder .block-title{border-bottom:1px solid #d1d1d1;color:#222222;padding:0 0 10px;margin-bottom:15px}.sidebar.sidebar-additional .block.block-compare .block-title&gt;strong,.sidebar.sidebar-additional .block.block-wishlist .block-title&gt;strong,.sidebar.sidebar-additional .block.block-reorder .block-title&gt;strong{color:#222222;font-size:14px;font-weight:600;text-transform:uppercase}}@media (min-width:768px){.catalog-category-view.page-layout-2columns-left .page-wrapper .column.main{padding-left:15px;box-sizing:border-box}.catalog-category-view.page-layout-2columns-left .page-wrapper .sidebar-additional,.catalog-category-view.page-layout-2columns-left .page-wrapper .sidebar-main{padding-right:15px;box-sizing:border-box}}@media (max-width:767px){.catalog-category-view .toolbar-amount{padding:2px 0}.catalog-category-view .page-wrapper .toolbar.toolbar-products{margin-bottom:10px;padding:0 0 10px}.catalog-category-view .page-wrapper .columns{display:block}.catalog-category-view #maincontent{clear:both}.catalog-category-view .page-wrapper .columns .column.main{padding-bottom:0}.catalog-category-view .toolbar.toolbar-products .toolbar-sorter.sorter .sorter-label{display:none}#layered-filter-block .filter.active .filter-title{border-bottom:none}#layered-filter-block .filter-title strong{background:#ffffff;border-radius:0;height:38px;font-size:13px;box-shadow:none;padding:10px;font-weight:600;text-transform:uppercase;cursor:pointer;transition:all .2s ease-in 0s;-moz-transition:all .2s ease-in 0s;-webkit-transition:all .2s ease-in 0s;box-sizing:border-box}#layered-filter-block .filter-title strong:hover{color:#ffffff;border-color:#f66d1f;background:#f66d1f}#layered-filter-block.active .filter-title strong{background:#ffffff;border-color:#ffffff;font-size:0;cursor:pointer}#layered-filter-block.active .filter-title strong:hover{background:#ffffff;border-color:#ffffff}#layered-filter-block.active .filter-title strong:hover:after{color:#f66d1f}#layered-filter-block .filter-options-content .item a:hover{background:transparent;color:#f66d1f}}.products-list .product-item{padding-bottom:5px;margin-bottom:25px;border-bottom:1px solid #e1e1e1}.products-list .product-item:last-child{padding-bottom:0;border-bottom:none}.products-list .product-item .product-item-photo{position:relative;padding-bottom:0}.products-list .product-item .product-item-photo.add-border .product-image-container{padding:6px;border:1px solid #e1e1e1}.products-list .product-item .product-item-photo .product-image-container{box-sizing:border-box}.products-list .product-item .product-item-photo .new-label{position:absolute;left:10px;top:10px;z-index:1;padding:0;background:#333333;color:#ffffff;font-size:12px;height:40px;width:40px;border-radius:50%;line-height:40px;text-align:center}.products-list .product-item .product-item-photo .sale-label{position:absolute;left:10px;top:10px;z-index:1;padding:0;background:#f66d1f;color:#ffffff;font-size:12px;height:40px;width:40px;border-radius:50%;line-height:40px;text-align:center}.products-list .product-item .product-item-photo .new-label+.sale-label{top:60px}.products-grid.products{margin:10px 0 5px}.products-grid .products{margin:0}.products-grid .product-item.product-slider{width:auto !important;margin-bottom:0;padding:0 10px !important;display:none}.products-grid .product-item .product-item-info{width:100%;display:block}.products-grid .product-item .product-item-info .product-img-main{position:relative;overflow:hidden;box-sizing:border-box}.products-grid .product-item .product-item-info .product-img-main .product-item-photo{display:block;text-align:center;position:relative;box-sizing:border-box}.products-grid .product-item .product-item-info .product-img-main .product-item-photo.add-border{border:1px solid #e1e1e1;padding:6px}.products-grid .product-item .product-item-info .product-img-main .product-item-photo .new-label{position:absolute;left:10px;top:10px;z-index:1;padding:0;background:#333333;color:#ffffff;font-size:12px;height:40px;width:40px;border-radius:50%;line-height:40px;text-align:center}.products-grid .product-item .product-item-info .product-img-main .product-item-photo .sale-label{position:absolute;right:10px;top:10px;z-index:1;padding:0;background:#f66d1f;color:#ffffff;font-size:12px;height:40px;width:40px;border-radius:50%;line-height:40px;text-align:center}.products-grid .product-item .product-item-info .product-img-main .product-item-inner{position:absolute;width:86px;bottom:-70px;right:0;left:0;margin:0 auto;transition:all .3s ease-in 0s;-moz-transition:all .3s ease-in 0s;-webkit-transition:all .3s ease-in 0s;opacity:0;visibility:hidden;z-index:1;background:transparent;box-shadow:none;border:none;padding:0;height:auto}.products-grid .product-item .product-item-info .product-img-main .product-item-inner:before{background:transparent}.products-grid .product-item .product-item-info .product-img-main .product-item-inner .product-item-actions{margin:0}.products-grid .product-item .product-item-info .product-img-main .product-item-inner .product-item-actions .actions-secondary a.action.towishlist,.products-grid .product-item .product-item-info .product-img-main .product-item-inner .product-item-actions .actions-secondary a.action.tocompare{width:40px;height:40px;line-break:40px;background:#333333;text-align:center;margin-bottom:5px;transition:all .3s ease-in 0s;-moz-transition:all .3s ease-in 0s;-webkit-transition:all .3s ease-in 0s}.products-grid .product-item .product-item-info .product-img-main .product-item-inner .product-item-actions .actions-secondary a.action.towishlist:before,.products-grid .product-item .product-item-info .product-img-main .product-item-inner .product-item-actions .actions-secondary a.action.tocompare:before{color:#ffffff;line-height:40px}.products-grid .product-item .product-item-info .product-img-main .product-item-inner .product-item-actions .actions-secondary a.action.towishlist:hover,.products-grid .product-item .product-item-info .product-img-main .product-item-inner .product-item-actions .actions-secondary a.action.tocompare:hover{background:#F66D1F}.products-grid .product-item .product-item-info .product-img-main .product-item-inner .product-item-actions .actions-secondary a.action.towishlist:hover:before,.products-grid .product-item .product-item-info .product-img-main .product-item-inner .product-item-actions .actions-secondary a.action.tocompare:hover:before{color:#ffffff}.products-grid .product-item .product-item-info .product-item-details{text-align:center}.products-grid .product-item .product-item-info .product-item-details .product-item-name{margin:13px 0 8px;font-size:14px}.products-grid .product-item .product-item-info .product-item-details .product-item-name .product-item-link{color:#333333;text-decoration:none;font-weight:400;transition:all .2s ease-in 0s;-moz-transition:all .2s ease-in 0s;-webkit-transition:all .2s ease-in 0s}.products-grid .product-item .product-item-info .product-item-details .product-item-name .product-item-link:active,.products-grid .product-item .product-item-info .product-item-details .product-item-name .product-item-link:focus{color:#333333}.products-grid .product-item .product-item-info .product-item-details .product-item-name .product-item-link:hover{color:#f66d1f}.products-grid .product-item .product-item-info .product-item-details .price-box{display:block;margin:8px 0 6px}.products-grid .product-item .product-item-info .product-item-details .price-box .special-price{display:inline-block}.products-grid .product-item .product-item-info .product-item-details .price-box .price-label{display:none}.products-grid .product-item .product-item-info .product-item-details .price-box .price{font-size:16px;font-weight:600;white-space:nowrap;color:#f66d1f}.products-grid .product-item .product-item-info .product-item-details .price-box .old-price{overflow:hidden;position:relative;text-decoration:none;margin-left:4px}.products-grid .product-item .product-item-info .product-item-details .price-box .old-price:after{background:#666666;content:&quot;&quot;;display:block;height:1px;left:0;position:absolute;right:0;top:10px;width:100%}.products-grid .product-item .product-item-info .product-item-details .price-box .old-price .price{font-size:14px;font-weight:500;white-space:nowrap;color:#666666}.products-grid .product-item .product-item-info .product-item-details .product-item-inner{position:static;height:auto;width:auto;margin:13px 0 0;background:transparent;box-shadow:none;border:none;padding:0}.products-grid .product-item .product-item-info .product-item-details .product-item-inner .product-item-actions{margin:0}.products-grid .product-item .product-item-info .product-item-details .product-item-inner .product-item-actions .actions-primary{display:block}.products-grid .product-item .product-item-info .product-item-details .swatch-attribute .swatch-attribute-options .swatch-option{float:none;display:inline-block;margin:0 2px 3px}.products-grid .product-item .product-item-info:hover{background:transparent;box-shadow:none;border:none;margin:0;padding:0;position:static}.products-grid .product-item:hover .product-item-info .product-img-main .product-item-inner{bottom:10px;visibility:visible;opacity:1}h1,h2,h3,h4,h5,h6{font-weight:600}.image-responsive{max-width:100%;height:auto;display:block}.middle-block{margin-right:auto;margin-left:auto;display:block}.page-title-main{position:relative;display:block;margin-bottom:25px}.page-title-main&gt;strong{border-bottom:2px solid #555;display:block;font-size:22px;margin-top:0;padding-bottom:10px;text-transform:capitalize;letter-spacing:0.5px;color:#222222;line-height:24px}.cms-index-index .page-wrapper .nav-sections{margin-bottom:0}.cms-index-index .widget.block.block-static-block{width:100%;padding:0;margin:0;max-width:100%}.cms-index-index .block.widget.block-products-list{margin-bottom:0}.cms-index-index .columns .column.main{padding-bottom:0;min-height:0}.above-padding{padding-top:25px}.below-padding{padding-bottom:25px}.above-margin{margin-top:25px}.below-margin{margin-bottom:25px}.home-slider-wrapper{display:block}.home-slider-wrapper .home-slider-main{float:left;clear:both;width:100%;position:relative}.home-slider-wrapper .home-slider-main .home-slider{list-style:none;display:block;padding:0;margin:0}.home-slider-wrapper .home-slider-main .home-slider&gt;li{margin:0;display:block}.home-slider-wrapper .home-slider-main .home-slider&gt;li&gt;a{display:block}.home-slider-wrapper .home-slider-main .home-slider .owl-controls{margin-top:0}.home-slider-wrapper .home-slider-main .home-slider .owl-controls .owl-pagination{bottom:5px;left:0;position:absolute;right:0}.home-slider-wrapper .home-slider-main .home-slider .owl-controls .owl-buttons .owl-prev{left:0;margin:-20px 0 0 !important;position:absolute;top:50%;border-radius:0;-webkit-border-radius:0;-moz-border-radius:0;font-size:20px;background:#333333;padding:6px 22px 8px 20px;transition:all .3s ease-in 0s;-moz-transition:all .3s ease-in 0s;-webkit-transition:all .3s ease-in 0s;opacity:1}.home-slider-wrapper .home-slider-main .home-slider .owl-controls .owl-buttons .owl-prev:hover{background:#F66D1F;border-color:#F66D1F;color:#ffffff}.home-slider-wrapper .home-slider-main .home-slider .owl-controls .owl-buttons .owl-next{right:0;margin:-20px 0 0 !important;position:absolute;top:50%;border-radius:0;-webkit-border-radius:0;-moz-border-radius:0;font-size:20px;background:#333333;padding:6px 20px 8px 22px;transition:all .3s ease-in 0s;-moz-transition:all .3s ease-in 0s;-webkit-transition:all .3s ease-in 0s;opacity:1}.home-slider-wrapper .home-slider-main .home-slider .owl-controls .owl-buttons .owl-next:hover{background:#F66D1F;border-color:#F66D1F;color:#ffffff}.home-slider-wrapper .home-slider-main .home-slider .owl-controls.clickable{margin-top:0}.home-slider-wrapper .home-slider-main .home-slider .owl-controls.clickable .owl-pagination{bottom:5px;left:0;position:absolute;right:0}.home-slider-wrapper .home-slider-main .home-slider .owl-controls.clickable .owl-buttons .owl-prev{left:0;margin:-20px 0 0 !important;position:absolute;top:50%;border-radius:0;-webkit-border-radius:0;-moz-border-radius:0;font-size:20px;background:#333333;padding:6px 22px 8px 20px;transition:all .3s ease-in 0s;-moz-transition:all .3s ease-in 0s;-webkit-transition:all .3s ease-in 0s;opacity:1}.home-slider-wrapper .home-slider-main .home-slider .owl-controls.clickable .owl-buttons .owl-prev:hover{background:#F66D1F;border-color:#F66D1F;color:#ffffff}.home-slider-wrapper .home-slider-main .home-slider .owl-controls.clickable .owl-buttons .owl-next{right:0;margin:-20px 0 0 !important;position:absolute;top:50%;border-radius:0;-webkit-border-radius:0;-moz-border-radius:0;font-size:20px;background:#333333;padding:6px 20px 8px 22px;transition:all .3s ease-in 0s;-moz-transition:all .3s ease-in 0s;-webkit-transition:all .3s ease-in 0s;opacity:1}.home-slider-wrapper .home-slider-main .home-slider .owl-controls.clickable .owl-buttons .owl-next:hover{background:#F66D1F;border-color:#F66D1F;color:#ffffff}.home-images-wrapper{float:left;clear:both;width:100%}.home-images-wrapper .home-image-main{margin:0 -10px}.home-images-wrapper .home-image-main .home-image-inner{float:left;width:33.33%;padding:0 10px;box-sizing:border-box;opacity:1}.home-images-wrapper .home-image-main .home-image-inner&gt;a{display:block;position:relative;overflow:hidden}.home-images-wrapper .home-image-main .home-image-inner&gt;a&gt;img{display:block;height:auto;max-width:100%;transition:all .3s ease-in 0s;-moz-transition:all .3s ease-in 0s;-webkit-transition:all .3s ease-in 0s}.home-images-wrapper .home-image-main .home-image-inner&gt;a:hover&gt;img{transform:scale(1.1);-moz-transform:scale(1.1);-webkit-transform:scale(1.1)}.home-info-block{background:url(&#039;../images/adv-background.jpg&#039;);color:#ffffff;text-align:center}.home-info-block .page-main&gt;h2{max-width:1024px;font-size:24px;letter-spacing:0.5px;text-transform:uppercase;margin:25px auto 15px}.home-info-block .page-main&gt;p{font-size:16px;line-height:26px;margin:0 auto 20px;max-width:1024px}.home-info-block .page-main&gt;a{border:2px solid #fff;color:#ffffff;display:inline-block;font-weight:400;letter-spacing:0.5px;margin-bottom:20px;padding:13px 25px;text-transform:uppercase;transition:all .3s ease-in 0s;-moz-transition:all .3s ease-in 0s;-webkit-transition:all .3s ease-in 0s}.home-info-block .page-main&gt;a:hover{color:#ffffff;background:#F66D1F;border-color:#F66D1F}.hb-wrapper{float:left;width:100%;clear:both;background:#f5f5f5}.hb-wrapper .hb-row{margin:0 -10px}.hb-wrapper .hb-row .hb-blog{float:left;width:100%;box-sizing:border-box}.hb-wrapper .hb-row .hb-blog ul{float:left;width:100%;list-style:none;margin:0;padding:0;box-sizing:border-box}.hb-wrapper .hb-row .hb-blog ul li{display:block;padding:0 10px}.hb-wrapper .hb-row .hb-blog ul li .hb-inner{border:1px solid #d1d1d1;padding:15px;float:left;width:100%;box-sizing:border-box;margin-bottom:1px}.hb-wrapper .hb-row .hb-blog ul li .hb-inner .hb-img{float:left;width:50%;box-sizing:border-box;padding-right:20px}.hb-wrapper .hb-row .hb-blog ul li .hb-inner .hb-content{float:left;width:50%;box-sizing:border-box}.hb-wrapper .hb-row .hb-blog ul li .hb-inner .hb-content h3{font-size:14px;margin:5px 0 10px;text-transform:uppercase}.hb-wrapper .hb-row .hb-blog ul li .hb-inner .hb-content&gt;p{margin:5px 0 10px;line-height:22px}.hb-wrapper .hb-row .hb-blog ul li .hb-inner .hb-content&gt;i{font-size:15px}.hb-wrapper .hb-row .hb-blog ul .owl-controls{margin:0;position:absolute;right:10px;top:-65px}.hb-wrapper .hb-row .hb-blog ul .owl-controls .owl-buttons&gt;div{background:#333333;padding:7px 12px;opacity:1;font-size:14px;line-height:16px;margin:0 0 0 3px;border-radius:0;-moz-border-radius:0;-webkit-border-radius:0;transition:all .3s ease 0s;-moz-transition:all .3s ease 0s;-webkit-transition:all .3s ease 0s}.hb-wrapper .hb-row .hb-blog ul .owl-controls .owl-buttons&gt;div:hover{background:#F66D1F}.hb-wrapper .hb-row .hb-blog ul .owl-controls.clickable{margin:0;position:absolute;right:10px;top:-65px}.hb-wrapper .hb-row .hb-blog ul .owl-controls.clickable .owl-buttons&gt;div{background:#333333;padding:7px 12px;opacity:1;font-size:14px;line-height:16px;margin:0 0 0 3px;border-radius:0;-moz-border-radius:0;-webkit-border-radius:0;transition:all .3s ease 0s;-moz-transition:all .3s ease 0s;-webkit-transition:all .3s ease 0s}.hb-wrapper .hb-row .hb-blog ul .owl-controls.clickable .owl-buttons&gt;div:hover{background:#F66D1F}.hb-wrapper .hb-row .hb-testimonoals{float:left;width:100%;box-sizing:border-box}.hb-wrapper .hb-row .hb-testimonoals ul{list-style:none;margin:0;padding:0;float:left;width:100%;box-sizing:border-box}.hb-wrapper .hb-row .hb-testimonoals ul li{display:block;padding:0 10px}.hb-wrapper .hb-row .hb-testimonoals ul li .hb-inner{float:left;width:100%}.hb-wrapper .hb-row .hb-testimonoals ul li .hb-inner .hb-content{float:left;width:100%;padding:15px;border:1px solid #d1d1d1;box-sizing:border-box;position:relative;margin-bottom:15px}.hb-wrapper .hb-row .hb-testimonoals ul li .hb-inner .hb-content:before{border-color:#d1d1d1 rgba(0,0,0,0) rgba(0,0,0,0);border-style:solid;border-width:8px;bottom:-16px;content:&quot;&quot;;left:45px;position:absolute}.hb-wrapper .hb-row .hb-testimonoals ul li .hb-inner .hb-content:after{border-color:#f5f5f5 rgba(0,0,0,0) rgba(0,0,0,0);border-style:solid;border-width:8px;bottom:-15px;content:&quot;&quot;;left:45px;position:absolute}.hb-wrapper .hb-row .hb-testimonoals ul li .hb-inner .hb-content&gt;p{line-height:22px}.hb-wrapper .hb-row .hb-testimonoals ul li .hb-inner .hb-image{clear:both;float:left;padding:0 10px 10px;width:100%}.hb-wrapper .hb-row .hb-testimonoals ul li .hb-inner .hb-image&gt;img{display:inline-block;height:auto;max-width:100%;vertical-align:middle;border-radius:50%;-moz-border-radius:50%;-webkit-border-radius:50%;margin-right:10px}.hb-wrapper .hb-row .hb-testimonoals ul li .hb-inner .hb-image&gt;span{display:inline-block;vertical-align:middle}.hb-wrapper .hb-row .hb-testimonoals ul li .hb-inner .hb-image&gt;span&gt;h4{margin:0 0 4px}.hb-wrapper .hb-row .hb-testimonoals ul .owl-controls{margin:0;position:absolute;right:10px;top:-65px}.hb-wrapper .hb-row .hb-testimonoals ul .owl-controls .owl-buttons&gt;div{background:#333333;padding:7px 12px;opacity:1;font-size:14px;line-height:16px;margin:0 0 0 3px;border-radius:0;-moz-border-radius:0;-webkit-border-radius:0;transition:all .3s ease 0s;-moz-transition:all .3s ease 0s;-webkit-transition:all .3s ease 0s}.hb-wrapper .hb-row .hb-testimonoals ul .owl-controls .owl-buttons&gt;div:hover{background:#F66D1F}.hb-wrapper .hb-row .hb-testimonoals ul .owl-controls.clickable{margin:0;position:absolute;right:10px;top:-65px}.hb-wrapper .hb-row .hb-testimonoals ul .owl-controls.clickable .owl-buttons&gt;div{background:#333333;padding:7px 12px;opacity:1;font-size:14px;line-height:16px;margin:0 0 0 3px;border-radius:0;-moz-border-radius:0;-webkit-border-radius:0;transition:all .3s ease 0s;-moz-transition:all .3s ease 0s;-webkit-transition:all .3s ease 0s}.hb-wrapper .hb-row .hb-testimonoals ul .owl-controls.clickable .owl-buttons&gt;div:hover{background:#F66D1F}.brands-wrapper{float:left;width:100%;clear:both}.brands-wrapper .brands-main{float:left;width:100%}.brands-wrapper .brands-main .brands-slider{list-style:none;margin:0;padding:0}.brands-wrapper .brands-main .brands-slider li{display:block;margin:0;padding-left:5px;padding-right:5px;box-sizing:border-box}.brands-wrapper .brands-main .brands-slider li a{display:block}.brands-wrapper .brands-main .brands-slider li a&gt;img{display:block;margin:0 auto;max-width:100%;height:auto}.brands-wrapper .brands-main .brands-slider .owl-controls{margin:0;position:absolute;right:0;top:-65px}.brands-wrapper .brands-main .brands-slider .owl-controls .owl-buttons&gt;div{background:#333333;padding:7px 12px;opacity:1;font-size:14px;line-height:16px;margin:0 0 0 3px;border-radius:0;-moz-border-radius:0;-webkit-border-radius:0;transition:all .3s ease 0s;-moz-transition:all .3s ease 0s;-webkit-transition:all .3s ease 0s}.brands-wrapper .brands-main .brands-slider .owl-controls .owl-buttons&gt;div:hover{background:#F66D1F}.brands-wrapper .brands-main .brands-slider .owl-controls.clickable{margin:0;position:absolute;right:0;top:-65px}.brands-wrapper .brands-main .brands-slider .owl-controls.clickable .owl-buttons&gt;div{background:#333333;padding:7px 12px;opacity:1;font-size:14px;line-height:16px;margin:0 0 0 3px;border-radius:0;-moz-border-radius:0;-webkit-border-radius:0;transition:all .3s ease 0s;-moz-transition:all .3s ease 0s;-webkit-transition:all .3s ease 0s}.brands-wrapper .brands-main .brands-slider .owl-controls.clickable .owl-buttons&gt;div:hover{background:#F66D1F}#checkout.iwd-onepage-checkout-container{box-sizing:border-box}#checkout.iwd-onepage-checkout-container *{font-family:&quot;Open Sans&quot;}#checkout.iwd-onepage-checkout-container .opc-wrapper{box-sizing:border-box}#checkout.iwd-onepage-checkout-container .opc-wrapper #checkoutSteps{box-sizing:border-box}#checkout.iwd-onepage-checkout-container .opc-wrapper #checkoutSteps&gt;li{box-sizing:border-box}#checkout.iwd-onepage-checkout-container .opc-wrapper #checkoutSteps&gt;li.iwd-checkout-shipping-address{box-sizing:border-box}#checkout.iwd-onepage-checkout-container .opc-wrapper #checkoutSteps&gt;li.iwd-checkout-shipping-address input,#checkout.iwd-onepage-checkout-container .opc-wrapper #checkoutSteps&gt;li.iwd-checkout-shipping-address select{height:34px;box-sizing:border-box}#checkout.iwd-onepage-checkout-container .opc-wrapper #checkoutSteps&gt;li.iwd-checkout-shipping-address.checkout-shipping-address{padding-right:15px;box-sizing:border-box}#checkout.iwd-onepage-checkout-container .opc-wrapper #checkoutSteps&gt;li.iwd-opc-shipping-method{box-sizing:border-box}#checkout.iwd-onepage-checkout-container .opc-wrapper #checkoutSteps&gt;li.iwd-opc-shipping-method.checkout-shipping-method{padding:0 15px;box-sizing:border-box}#checkout.iwd-onepage-checkout-container .opc-wrapper #checkoutSteps&gt;li.iwd-checkout-payment-method{box-sizing:border-box}#checkout.iwd-onepage-checkout-container .opc-wrapper #checkoutSteps&gt;li.iwd-checkout-payment-method.checkout-payment-method{padding-left:15px;box-sizing:border-box}#checkout.iwd-onepage-checkout-container .opc-wrapper #checkoutSteps&gt;li .step-title{color:#333333;background:#f5f5f5;padding:15px 15px;text-transform:uppercase;font-weight:600;font-size:16px;margin-bottom:0 !important;border:1px solid #d1d1d1;border-bottom:none;box-sizing:border-box}#checkout.iwd-onepage-checkout-container .opc-wrapper #checkoutSteps&gt;li .iwd-checkout-shipping-address{padding-right:15px;box-sizing:border-box}#checkout.iwd-onepage-checkout-container .opc-wrapper #checkoutSteps&gt;li .iwd-opc-shipping-method{padding:0 15px;box-sizing:border-box}#checkout.iwd-onepage-checkout-container .opc-wrapper #checkoutSteps&gt;li .iwd-checkout-payment-method{padding-left:15px;box-sizing:border-box}#checkout.iwd-onepage-checkout-container .opc-wrapper #checkoutSteps&gt;li .step-content{padding:15px;border:1px solid #d1d1d1;border-top:none;float:left;width:100%;box-sizing:border-box}#checkout.iwd-onepage-checkout-container .opc-wrapper #checkoutSteps&gt;li .step-content .iwd-summary-cart{background:#F66D1F;box-sizing:border-box}#checkout.iwd-onepage-checkout-container .opc-wrapper #checkoutSteps&gt;li .step-content .iwd-summary-cart.iwd-summary-cart-arrow{box-sizing:border-box}#checkout.iwd-onepage-checkout-container .opc-wrapper #checkoutSteps&gt;li .step-content .iwd-summary-cart.iwd-summary-cart-arrow:before{border-top-color:#F66D1F}#checkout.iwd-onepage-checkout-container .opc-wrapper #checkoutSteps&gt;li .step-content #checkout-payment-method-load{box-sizing:border-box}#checkout.iwd-onepage-checkout-container .opc-wrapper #checkoutSteps&gt;li .step-content #checkout-payment-method-load .items{box-sizing:border-box}#checkout.iwd-onepage-checkout-container .opc-wrapper #checkoutSteps&gt;li .step-content #checkout-payment-method-load .items.payment-methods .payment-method._active .payment-method-title label{box-sizing:border-box;background:#F66D1F}#checkout.iwd-onepage-checkout-container .opc-wrapper #checkoutSteps&gt;li .step-content #checkout-payment-method-load .items.payment-methods .payment-method .payment-method-title{box-sizing:border-box}#checkout.iwd-onepage-checkout-container .opc-wrapper #checkoutSteps&gt;li .step-content #checkout-payment-method-load .items.payment-methods .payment-method .payment-method-title label{box-sizing:border-box;font-size:14px;font-weight:600;background:#333333;transition:all .3s ease 0s;-moz-transition:all .3s ease 0s;-webkit-transition:all .3s ease 0s}#checkout.iwd-onepage-checkout-container .opc-wrapper #checkoutSteps&gt;li .step-content #checkout-payment-method-load .items.payment-methods .payment-method .payment-method-title label:hover{background:#F66D1F}#checkout.iwd-onepage-checkout-container .opc-wrapper #checkoutSteps&gt;li .step-content #checkout-payment-method-load .payment-method-content{box-sizing:border-box}#checkout.iwd-onepage-checkout-container .opc-wrapper #checkoutSteps&gt;li .step-content #checkout-payment-method-load .payment-method-content .actions-toolbar{bottom:15px;margin-left:-15px;width:auto;box-sizing:border-box}#checkout.iwd-onepage-checkout-container .opc-wrapper #checkoutSteps&gt;li .step-content #checkout-payment-method-load .payment-method-content .actions-toolbar .primary .action.primary.checkout{box-sizing:border-box;padding:17px 25px;width:auto;background:#f66d1f;border:1px solid #f66d1f;font-weight:600;height:auto;transition:all .3s ease 0s;-moz-transition:all .3s ease 0s;-webkit-transition:all .3s ease 0s}#checkout.iwd-onepage-checkout-container .opc-wrapper #checkoutSteps&gt;li .step-content #checkout-payment-method-load .payment-method-content .actions-toolbar .primary .action.primary.checkout:active{background:#f66d1f;border:1px solid #f66d1f}#checkout.iwd-onepage-checkout-container .opc-wrapper #checkoutSteps&gt;li .step-content #checkout-payment-method-load .payment-method-content .actions-toolbar .primary .action.primary.checkout:focus{background:#f66d1f;border:1px solid #f66d1f}#checkout.iwd-onepage-checkout-container .opc-wrapper #checkoutSteps&gt;li .step-content #checkout-payment-method-load .payment-method-content .actions-toolbar .primary .action.primary.checkout:visited{background:#f66d1f;border:1px solid #f66d1f}#checkout.iwd-onepage-checkout-container .opc-wrapper #checkoutSteps&gt;li .step-content #checkout-payment-method-load .payment-method-content .actions-toolbar .primary .action.primary.checkout:hover{background:#333333;border:1px solid #333}#checkout.iwd-onepage-checkout-container .opc-wrapper #checkoutSteps&gt;li .step-content .iwd-grand-total-item{box-sizing:border-box;border-color:#d1d1d1;margin-bottom:65px;margin-top:15px}#checkout.iwd-onepage-checkout-container .opc-wrapper #checkoutSteps&gt;li .step-content #checkout-shipping-method-load{box-sizing:border-box}#checkout.iwd-onepage-checkout-container .opc-wrapper #checkoutSteps&gt;li .step-content #checkout-shipping-method-load .iwd-table-checkout-shipping-method.table-checkout-shipping-method thead tr th{font-weight:600;padding:0 0 10px;color:#333333}#checkout.iwd-onepage-checkout-container .opc-wrapper #checkoutSteps&gt;li .step-content #checkout-shipping-method-load .iwd-table-checkout-shipping-method.table-checkout-shipping-method tbody tr td{font-size:14px;color:#666666;font-weight:600}#checkout.iwd-onepage-checkout-container .opc-wrapper #checkoutSteps&gt;li .step-content .iwd-shipping-address-items.shipping-address-items{box-sizing:border-box}#checkout.iwd-onepage-checkout-container .opc-wrapper #checkoutSteps&gt;li .step-content .iwd-shipping-address-items.shipping-address-items .iwd-shipping-address-item.shipping-address-item{font-size:13px;border:none;line-height:22px;box-sizing:border-box}#checkout.iwd-onepage-checkout-container .opc-wrapper #checkoutSteps&gt;li .step-content .iwd-shipping-address-items.shipping-address-items .iwd-shipping-address-item.shipping-address-item label{box-sizing:border-box;padding-left:20px;color:#666666}#checkout.iwd-onepage-checkout-container .opc-wrapper #checkoutSteps&gt;li .step-content .iwd-shipping-address-items.shipping-address-items .iwd-shipping-address-item.shipping-address-item label:before{background-color:#333333;border-color:#333333;height:8px;width:8px;margin:8px 0 0}#checkout.iwd-onepage-checkout-container .opc-wrapper #checkoutSteps&gt;li .step-content.iwd-checkout-step-shipping{box-sizing:border-box}#checkout.iwd-onepage-checkout-container .opc-wrapper #checkoutSteps&gt;li .step-content.iwd-checkout-step-shipping .form.form-login{margin-top:0 !important;margin-bottom:0;box-sizing:border-box}#checkout.iwd-onepage-checkout-container .opc-wrapper #checkoutSteps&gt;li .step-content.iwd-checkout-step-shipping .iwd-step-title-for-address-form.form-shipping-address.iwd-form-shipping-address{float:left;margin-bottom:10px;margin-top:0;width:100%;box-sizing:border-box}#checkout.iwd-onepage-checkout-container .opc-wrapper #checkoutSteps&gt;li .step-content.iwd-checkout-step-shipping .action-show-popup{width:auto;background:#333333;border:1px solid #333;margin:15px 0 0;font-weight:600;height:auto;transition:all .3s ease 0s;-moz-transition:all .3s ease 0s;-webkit-transition:all .3s ease 0s;box-sizing:border-box}#checkout.iwd-onepage-checkout-container .opc-wrapper #checkoutSteps&gt;li .step-content.iwd-checkout-step-shipping .action-show-popup:active{background:#333333;border:1px solid #333}#checkout.iwd-onepage-checkout-container .opc-wrapper #checkoutSteps&gt;li .step-content.iwd-checkout-step-shipping .action-show-popup:focus{background:#333333;border:1px solid #333}#checkout.iwd-onepage-checkout-container .opc-wrapper #checkoutSteps&gt;li .step-content.iwd-checkout-step-shipping .action-show-popup:visited{background:#333333;border:1px solid #333}#checkout.iwd-onepage-checkout-container .opc-wrapper #checkoutSteps&gt;li .step-content.iwd-checkout-step-shipping .action-show-popup:hover{background:#f66d1f;border:1px solid #f66d1f}#checkout.iwd-onepage-checkout-container .opc-wrapper #checkoutSteps&gt;li .step-content .step-title{padding:8px 10px;text-transform:uppercase;font-size:14px;margin-top:0;margin-bottom:5px !important;border-bottom:1px solid #d1d1d1;box-sizing:border-box}#checkout.iwd-onepage-checkout-container .opc-wrapper #checkoutSteps&gt;li .checkout-shipping-method .payment-option._collapsible.opc-payment-additional.discount-code.iwd-discount-code-wrapper{margin-bottom:25px;float:left;width:100%;box-sizing:border-box}#checkout.iwd-onepage-checkout-container .opc-wrapper #checkoutSteps&gt;li .checkout-shipping-method .payment-option._collapsible.opc-payment-additional.discount-code.iwd-discount-code-wrapper .payment-option-title{color:#333333;background:#f5f5f5;padding:13px 15px;text-transform:uppercase;font-weight:600;font-size:16px;margin-bottom:0 !important;border:1px solid #d1d1d1;display:block;border-bottom:none;box-sizing:border-box}#checkout.iwd-onepage-checkout-container .opc-wrapper #checkoutSteps&gt;li .checkout-shipping-method .payment-option._collapsible.opc-payment-additional.discount-code.iwd-discount-code-wrapper .payment-option-title&gt;span{padding:0;border-bottom:none;color:#333333;display:block;font-weight:600;box-sizing:border-box}#checkout.iwd-onepage-checkout-container .opc-wrapper #checkoutSteps&gt;li .checkout-shipping-method .payment-option._collapsible.opc-payment-additional.discount-code.iwd-discount-code-wrapper .payment-option-title&gt;span:after{content:&quot;&quot;}#checkout.iwd-onepage-checkout-container .opc-wrapper #checkoutSteps&gt;li .checkout-shipping-method .payment-option._collapsible.opc-payment-additional.discount-code.iwd-discount-code-wrapper._active .payment-option-title&gt;span{padding:0;box-sizing:border-box}#checkout.iwd-onepage-checkout-container .opc-wrapper #checkoutSteps&gt;li .checkout-shipping-method .payment-option._collapsible.opc-payment-additional.discount-code.iwd-discount-code-wrapper._active .payment-option-title&gt;span:after{content:&quot;&quot;}#checkout.iwd-onepage-checkout-container .opc-wrapper #checkoutSteps&gt;li .checkout-shipping-method .payment-option._collapsible.opc-payment-additional.discount-code.iwd-discount-code-wrapper .iwd-payment-option-content.payment-option-content{padding:15px;border:1px solid #d1d1d1;border-top:none;display:block !important;box-sizing:border-box}#checkout.iwd-onepage-checkout-container .opc-wrapper #checkoutSteps&gt;li .checkout-shipping-method .payment-option._collapsible.opc-payment-additional.discount-code.iwd-discount-code-wrapper .iwd-payment-option-content.payment-option-content .iwd-discount-form.iwd-additional-block-form-wrapper{padding:0;box-sizing:border-box}#checkout.iwd-onepage-checkout-container .opc-wrapper #checkoutSteps&gt;li .checkout-shipping-method .payment-option._collapsible.opc-payment-additional.discount-code.iwd-discount-code-wrapper .iwd-payment-option-content.payment-option-content .iwd-discount-form.iwd-additional-block-form-wrapper .payment-option-inner .field .iwd-additional-block-code-label{display:none;box-sizing:border-box}#checkout.iwd-onepage-checkout-container .opc-wrapper #checkoutSteps&gt;li .checkout-shipping-method .payment-option._collapsible.opc-payment-additional.discount-code.iwd-discount-code-wrapper .iwd-payment-option-content.payment-option-content .iwd-discount-form.iwd-additional-block-form-wrapper .payment-option-inner .control #discount-code{border:1px solid #e1e1e1 !important;height:32px !important;margin:0 !important;box-sizing:border-box}#checkout.iwd-onepage-checkout-container .opc-wrapper #checkoutSteps&gt;li .checkout-shipping-method .payment-option._collapsible.opc-payment-additional.discount-code.iwd-discount-code-wrapper .iwd-payment-option-content.payment-option-content .iwd-discount-form.iwd-additional-block-form-wrapper .iwd-actions-toolbar.actions-toolbar .primary .action.iwd-action-code-button.iwd-action-apply.action-apply{width:auto;background:#333333;border:1px solid #333;margin:0;font-weight:600;height:auto;color:#ffffff;transition:all .3s ease 0s;-moz-transition:all .3s ease 0s;-webkit-transition:all .3s ease 0s;box-sizing:border-box}#checkout.iwd-onepage-checkout-container .opc-wrapper #checkoutSteps&gt;li .checkout-shipping-method .payment-option._collapsible.opc-payment-additional.discount-code.iwd-discount-code-wrapper .iwd-payment-option-content.payment-option-content .iwd-discount-form.iwd-additional-block-form-wrapper .iwd-actions-toolbar.actions-toolbar .primary .action.iwd-action-code-button.iwd-action-apply.action-apply:active{background:#333333;border:1px solid #333;color:#ffffff}#checkout.iwd-onepage-checkout-container .opc-wrapper #checkoutSteps&gt;li .checkout-shipping-method .payment-option._collapsible.opc-payment-additional.discount-code.iwd-discount-code-wrapper .iwd-payment-option-content.payment-option-content .iwd-discount-form.iwd-additional-block-form-wrapper .iwd-actions-toolbar.actions-toolbar .primary .action.iwd-action-code-button.iwd-action-apply.action-apply:focus{background:#333333;border:1px solid #333;color:#ffffff}#checkout.iwd-onepage-checkout-container .opc-wrapper #checkoutSteps&gt;li .checkout-shipping-method .payment-option._collapsible.opc-payment-additional.discount-code.iwd-discount-code-wrapper .iwd-payment-option-content.payment-option-content .iwd-discount-form.iwd-additional-block-form-wrapper .iwd-actions-toolbar.actions-toolbar .primary .action.iwd-action-code-button.iwd-action-apply.action-apply:visited{background:#333333;border:1px solid #333;color:#ffffff}#checkout.iwd-onepage-checkout-container .opc-wrapper #checkoutSteps&gt;li .checkout-shipping-method .payment-option._collapsible.opc-payment-additional.discount-code.iwd-discount-code-wrapper .iwd-payment-option-content.payment-option-content .iwd-discount-form.iwd-additional-block-form-wrapper .iwd-actions-toolbar.actions-toolbar .primary .action.iwd-action-code-button.iwd-action-apply.action-apply:hover{background:#f66d1f;border:1px solid #f66d1f;color:#ffffff}#checkout.iwd-onepage-checkout-container .opc-wrapper .fieldset&gt;.field.required&gt;label:after{margin-left:5px;top:3px;box-sizing:border-box}#checkout.iwd-onepage-checkout-container .opc-wrapper .fieldset&gt;.field&gt;label{font-size:13px !important;font-weight:600 !important;box-sizing:border-box}#checkout.iwd-onepage-checkout-container .opc-wrapper .fieldset.iwd-shipping-new-address-form div[name=&quot;shippingAddress.company&quot;]{margin-top:10px !important;box-sizing:border-box}#checkout.iwd-onepage-checkout-container .modal-custom.opc-sidebar.opc-summary-wrapper.iwd-opc-summary-wrapper.custom-slide{border-color:transparent;box-sizing:border-box}#checkout.iwd-onepage-checkout-container .modal-custom.opc-sidebar.opc-summary-wrapper.iwd-opc-summary-wrapper.custom-slide .modal-inner-wrap .modal-content{border-color:#d1d1d1;box-sizing:border-box}#checkout.iwd-onepage-checkout-container .modal-custom.opc-sidebar.opc-summary-wrapper.iwd-opc-summary-wrapper.custom-slide .modal-inner-wrap .modal-content .opc-block-summary&gt;.title{color:#333333;background:#f5f5f5;padding:5px 10px;text-transform:uppercase;font-weight:600;font-size:14px;border:1px solid #d1d1d1;box-sizing:border-box}#checkout.iwd-onepage-checkout-container .modal-custom.opc-sidebar.opc-summary-wrapper.iwd-opc-summary-wrapper.custom-slide .modal-inner-wrap .modal-content .opc-block-summary .iwd-minicart-items-header .iwd-product-items-title{margin-bottom:0;background:transparent;font-weight:600;border-color:#d1d1d1;box-sizing:border-box}.mfp-container .mfp-content .mfp-iframe-scaler{padding:0;position:relative;height:100%;overflow:visible;box-sizing:border-box}.abs-account-blocks .block-title&gt;strong,.block-giftregistry-results .block-title&gt;strong,.block-giftregistry-shared-items .block-title&gt;strong,.block-wishlist-search-results .block-title&gt;strong,.block-reorder .block-title&gt;strong,.block-wishlist .block-title&gt;strong,.block-compare .block-title&gt;strong,.widget .block-title&gt;strong,.account .column.main .block:not(.widget) .block-title&gt;strong,.multicheckout .block-title&gt;strong,.paypal-review .block .block-title&gt;strong,.magento-rma-guest-returns .column.main .block:not(.widget) .block-title&gt;strong,[class^=&quot;sales-guest-&quot;] .column.main .block:not(.widget) .block-title&gt;strong,.sales-guest-view .column.main .block:not(.widget) .block-title&gt;strong{font-weight:700}.abs-discount-block .actions-toolbar .action.primary:not(:focus),.abs-discount-block .actions-toolbar .action.cancel:not(:focus),.block-compare .action.primary:not(:focus),.cart-summary .block .actions-toolbar&gt;.primary .action.primary:not(:focus),.cart-summary .form.giftregistry .fieldset .action.primary:not(:focus),.paypal-review-discount .actions-toolbar .action.primary:not(:focus),.paypal-review-discount .actions-toolbar .action.cancel:not(:focus),.cart-discount .actions-toolbar .action.primary:not(:focus),.cart-discount .actions-toolbar .action.cancel:not(:focus){box-shadow:none !important}button:not(.primary){box-shadow:none !important}.cart-summary&gt;.title{font-weight:600}.cart-container .cart-discount{width:73%;padding-right:25px;box-sizing:border-box}.cart-container .cart-discount .block.discount{display:block;width:100%}.cart-container .cart-discount .block.discount .title{padding:10px 15px;border:1px solid #e1e1e1;margin-bottom:14px;background:#f6f6f6;font-weight:600}.cart-container .cart-discount .block.discount .title:after{float:right}.cart-container .cart-discount .block.discount .title&gt;strong{font-size:14px;color:#333333;margin:0;font-weight:600}.cart-container .cart-discount .block.discount .content .field{display:block;margin-bottom:15px}.cart-container .cart-discount .block.discount .content .actions-toolbar{display:block;width:auto}.cart-container .cart-discount .block.discount .content .actions-toolbar .action.apply.primary{padding:10px 16px;font-size:12px}@media (max-width:767px){.cart-container .cart-discount{width:100%;padding-right:0}}@media (min-width:768px){.account.page-layout-2columns-left .page-wrapper .sidebar-additional{margin-top:0}.account.page-layout-2columns-left .page-wrapper .sidebar-main,.account.page-layout-2columns-left .page-wrapper .sidebar-additional{width:25%;padding-right:15px}.account.page-layout-2columns-left .page-wrapper .sidebar-main .block.block-collapsible-nav,.account.page-layout-2columns-left .page-wrapper .sidebar-additional .block.block-collapsible-nav{border:none;padding:0}.account.page-layout-2columns-left .page-wrapper .column.main{width:75%;padding-left:15px}}.account .page-wrapper .sidebar.sidebar-main .block.account-nav{padding:0;border:none;margin:0}@media (max-width:767px){.account .page-wrapper .page.messages{margin-bottom:25px}.account .page-wrapper .sidebar.sidebar-main .block.block-collapsible-nav{margin-bottom:20px;padding-left:15px;padding-right:15px;box-sizing:border-box;margin-top:15px;cursor:pointer}.account .page-wrapper .sidebar.sidebar-main .block.block-collapsible-nav .block-collapsible-nav-title{border:1px solid #e1e1e1}.account .page-wrapper .sidebar.sidebar-main .block.block-collapsible-nav .block-collapsible-nav-title&gt;strong{margin:0}.account .page-wrapper .sidebar.sidebar-main .block.block-collapsible-nav .block-collapsible-nav-content{background:#ffffff;margin-top:-1px}}.home-parallax-block{background-image:url(&#039;../images/bizkick-parralex-image.jpg&#039;);background-position:center center;background-repeat:no-repeat;clear:both;float:left;padding:90px 0;text-align:center;width:100%;background-size:cover}.home-parallax-block h1{color:#ffffff;font-size:60px;font-weight:700;letter-spacing:2px}.home-parallax-block p{color:white;font-size:16px;font-weight:600;margin-bottom:20px}.home-parallax-block .action.primary{background:rgba(0,0,0,0) none repeat scroll 0 0;border-color:#f66d1f;border-width:2px;font-size:14px;letter-spacing:1.5px;margin:0;padding:15px 25px}.home-parallax-block .action.primary:hover{background:#F66D1F}.home-fullwidth-block{background:#F5F5F5;clear:both;float:left;padding:65px 0;text-align:center;width:100%}.home-fullwidth-block h1{color:#333333;font-size:34px;font-weight:600}.home-fullwidth-block .action.primary{background:#333333;border-color:#333333;border-width:2px;font-size:14px;letter-spacing:1.5px;margin:0;padding:15px 25px}.home-fullwidth-block .action.primary:hover{background:#f66d1f;border-color:#f66d1f}.home-fullwidth-block ul{list-style:none;padding:0;margin:0}.home-fullwidth-block ul li{display:block;margin:0}.home-fullwidth-block ul li h1{color:#F66D1F;font-size:26px;font-weight:600;margin-bottom:18px}.home-fullwidth-block ul li p{color:#666666;font-size:16px;line-height:28px;display:block;max-width:80%;margin:0 auto 30px}.home-advantage-block{clear:both;float:left;padding:40px 0 30px;width:100%}.home-advantage-block .hab-row{margin-left:-10px;margin-right:-10px}.home-advantage-block .hab-row .hab-inner{float:left;position:relative;width:25%;padding-left:10px;padding-right:10px;box-sizing:border-box}.home-advantage-block .hab-row .hab-inner .home-advantage-block-inner{float:left;width:100%;text-align:center;padding:20px;background:#f6f6f6;box-sizing:border-box}.home-advantage-block .hab-row .hab-inner .home-advantage-block-inner&gt;span{border:2px solid;border-radius:50%;color:#f66d1f;display:inline-block;font-size:30px;height:70px;line-height:66px;margin-bottom:15px;width:70px}.home-advantage-block .hab-row .hab-inner .home-advantage-block-inner&gt;p{font-size:18px;font-weight:normal;color:#333333}@media (max-width:991px){.home-advantage-block .hab-row .hab-inner .home-advantage-block-inner&gt;p{font-size:16px}}@media (max-width:767px){.home-advantage-block{padding:30px 0 10px}.home-advantage-block .hab-row{margin-left:-10px;margin-right:-10px}.home-advantage-block .hab-row .hab-inner{width:50%;padding-left:10px;padding-right:10px}.home-advantage-block .hab-row .hab-inner .home-advantage-block-inner{padding:15px;margin-bottom:20px}.home-fullwidth-block ul li p{width:100%}.home-fullwidth-block ul li h1{font-size:22px;margin-bottom:15px}.home-fullwidth-block ul li p{margin-bottom:15px;margin-bottom:20px}.home-fullwidth-block .action.primary{padding:12px 20px}.home-parallax-block{padding:75px 0}.home-parallax-block p{font-size:14px}.home-parallax-block h1{font-size:30px;letter-spacing:1px}.home-parallax-block .action.primary{padding:12px 20px}}.owl-button-top .owl-theme .owl-controls{margin:0;position:absolute;right:10px;top:-65px}.owl-button-top .owl-theme .owl-controls .owl-buttons&gt;div{background:#333333;padding:7px 12px;opacity:1;font-size:14px;line-height:16px;margin:0 0 0 3px;border-radius:0;-moz-border-radius:0;-webkit-border-radius:0;transition:all .3s ease 0s;-moz-transition:all .3s ease 0s;-webkit-transition:all .3s ease 0s}.owl-button-top .owl-theme .owl-controls .owl-buttons&gt;div:hover{background:#F66D1F}.owl-button-top .owl-theme .owl-controls.clickable{margin:0;position:absolute;right:10px;top:-65px}.owl-button-top .owl-theme .owl-controls.clickable .owl-buttons&gt;div{background:#333333;padding:7px 12px;opacity:1;font-size:14px;line-height:16px;margin:0 0 0 3px;border-radius:0;-moz-border-radius:0;-webkit-border-radius:0;transition:all .3s ease 0s;-moz-transition:all .3s ease 0s;-webkit-transition:all .3s ease 0s}.owl-button-top .owl-theme .owl-controls.clickable .owl-buttons&gt;div:hover{background:#F66D1F}.owl-button-top.block.related .owl-theme .owl-controls.clickable{top:-94px}.products-grid .product-items .product-item .product-item-info .product-item-details .product-reviews-summary{display:block;margin:0 0 15px}.products-grid .product-items .product-item .product-item-info .product-item-details .product-reviews-summary .rating-summary{display:inline-block;left:0;margin:0}.products-grid .product-items .product-item .product-item-info .product-item-details .product-reviews-summary .reviews-actions{display:none}.catalog-product-view .product.media{position:relative}.catalog-product-view .product.media .product-labels .new-label{position:absolute;left:10px;top:10px;z-index:1;padding:0;background:#333333;color:#ffffff;font-size:16px;height:60px;width:60px;border-radius:50%;line-height:60px;text-align:center}.catalog-product-view .product.media .product-labels .sale-label{position:absolute;left:10px;top:10px;z-index:1;padding:0;background:#f66d1f;color:#ffffff;font-size:16px;height:60px;width:60px;border-radius:50%;line-height:60px;text-align:center}.catalog-product-view .product.media .product-labels .new-label+.sale-label{top:80px}@media (max-width:991px){.catalog-product-view .product.media .product-labels .new-label{font-size:14px;height:50px;width:50px;line-height:50px}.catalog-product-view .product.media .product-labels .sale-label{f',0,'2024-03-06 12:07:11',NULL,NULL,'Sales <a2z@yirondemos.com>','palak.bansal@yirontechnologies.com');

--
-- Table structure for table `media_content_asset`
--

CREATE TABLE `media_content_asset` (
  `asset_id` int unsigned NOT NULL COMMENT 'Entity ID',
  `entity_type` varchar(255) NOT NULL COMMENT 'Content type',
  `entity_id` varchar(255) NOT NULL COMMENT 'Content entity id',
  `field` varchar(255) NOT NULL COMMENT 'Content field',
  PRIMARY KEY (`entity_type`,`entity_id`,`field`,`asset_id`),
  KEY `MEDIA_CONTENT_ASSET_ASSET_ID` (`asset_id`)
) ENGINE=InnoDB DEFAULT CHARSET=utf8mb3 COMMENT='Relation between media content and media asset';

--
-- Dumping data for table `media_content_asset`
--

INSERT INTO `media_content_asset` VALUES (10,'cms_page','2','content'),(11,'cms_page','2','content'),(12,'cms_page','2','content'),(13,'cms_page','2','content'),(14,'cms_page','2','content'),(15,'cms_page','2','content'),(16,'cms_page','2','content'),(17,'cms_page','2','content'),(18,'cms_page','2','content'),(19,'cms_page','2','content'),(20,'cms_page','2','content'),(21,'cms_page','2','content'),(22,'cms_page','2','content'),(23,'cms_page','2','content'),(24,'cms_page','2','content'),(25,'cms_page','2','content'),(26,'cms_page','2','content'),(27,'cms_page','2','content'),(28,'cms_page','2','content'),(29,'cms_page','2','content'),(30,'cms_page','2','content'),(31,'cms_page','2','content'),(32,'cms_page','2','content'),(33,'cms_page','2','content'),(34,'cms_page','2','content'),(35,'cms_page','2','content'),(36,'cms_page','2','content'),(37,'cms_page','2','content'),(38,'cms_page','2','content'),(39,'cms_page','2','content'),(40,'cms_page','2','content'),(41,'cms_page','2','content');

--
-- Table structure for table `media_gallery_asset`
--

CREATE TABLE `media_gallery_asset` (
  `id` int unsigned NOT NULL AUTO_INCREMENT COMMENT 'Entity ID',
  `path` text COMMENT 'Path',
  `title` varchar(255) DEFAULT NULL COMMENT 'Title',
  `description` text COMMENT 'Description',
  `source` varchar(255) DEFAULT NULL COMMENT 'Source',
  `hash` varchar(255) DEFAULT NULL COMMENT 'File hash',
  `content_type` varchar(255) DEFAULT NULL COMMENT 'Content Type',
  `width` int unsigned NOT NULL DEFAULT '0' COMMENT 'Width',
  `height` int unsigned NOT NULL DEFAULT '0' COMMENT 'Height',
  `size` int unsigned NOT NULL COMMENT 'Asset file size in bytes',
  `created_at` timestamp NOT NULL DEFAULT CURRENT_TIMESTAMP COMMENT 'Created At',
  `updated_at` timestamp NOT NULL DEFAULT CURRENT_TIMESTAMP ON UPDATE CURRENT_TIMESTAMP COMMENT 'Updated At',
  PRIMARY KEY (`id`),
  KEY `MEDIA_GALLERY_ASSET_ID` (`id`),
  FULLTEXT KEY `MEDIA_GALLERY_ASSET_TITLE` (`title`)
) ENGINE=InnoDB AUTO_INCREMENT=43 DEFAULT CHARSET=utf8mb3 COMMENT='Media Gallery Asset';

--
-- Dumping data for table `media_gallery_asset`
--

INSERT INTO `media_gallery_asset` VALUES (1,'wysiwyg/slider/banner-image.jpg','banner-image',NULL,'Local','e61f6a6d5040539010de40bedd3e7fb8c52c0fcd','image/jpg',1600,520,205411,'2024-03-15 07:17:34','2024-03-15 07:17:34'),(2,'wysiwyg/slider/banner-image-1.jpg','banner-image-1',NULL,'Local','bd51012666250f19c4147116d8df1f952416627d','image/jpg',1600,520,276034,'2024-03-15 07:17:34','2024-03-15 07:17:34'),(3,'wysiwyg/brand/brand-5.jpg','brand-5',NULL,'Local','1b2ba9b1cec67f8e76ce44abac3978a596895b34','image/jpg',83,66,3022,'2024-03-15 08:05:34','2024-03-15 08:05:34'),(4,'wysiwyg/brand/brand-6.jpg','brand-6',NULL,'Local','a029606579bdbf13320036ff5b601739866be59a','image/jpg',196,66,7285,'2024-03-15 08:05:34','2024-03-15 08:05:34'),(5,'wysiwyg/brand/brand-4.jpg','brand-4',NULL,'Local','d6aac653f59e285ec07eba452f4915fecd943b38','image/jpg',185,66,7968,'2024-03-15 08:05:34','2024-03-15 08:05:34'),(6,'wysiwyg/brand/brand-3.jpg','brand-3',NULL,'Local','6d7d18810ee242c8cae601745c5f36fce106e865','image/jpg',106,66,5020,'2024-03-15 08:05:34','2024-03-15 08:05:34'),(7,'wysiwyg/brand/brand-2.jpg','brand-2',NULL,'Local','31f37dc11f74ccf88b24e8115b982496275c1aa9','image/jpg',179,66,6184,'2024-03-15 08:05:34','2024-03-15 08:05:34'),(8,'wysiwyg/brand/brand-1.jpg','brand-1',NULL,'Local','4959808125c47bb49e93c4bd2af655343123eca9','image/jpg',97,66,4306,'2024-03-15 08:05:34','2024-03-15 08:05:34'),(9,'wysiwyg/home/logo-v4_1.jpg','logo-v4_1',NULL,'Local','916fbd63422d96ee9c3d2aea7055798894bd0939','image/jpg',1908,367,112497,'2024-03-15 10:20:32','2024-03-15 10:20:32'),(10,'wysiwyg/home/ads-3.png','ads-3',NULL,'Local','b8bc3934f0f8b19b1708109815e9d1b4dc329705','image/png',328,384,92561,'2024-03-18 05:36:54','2024-03-18 05:36:54'),(11,'wysiwyg/home/product-15.jpg','product-15',NULL,'Local','3dddf4908bca94a1c6b9b6909371f03905bd17b9','image/jpg',328,300,12566,'2024-03-18 05:36:54','2024-03-18 05:36:54'),(12,'wysiwyg/home/product-14.jpg','product-14',NULL,'Local','e41ed8d3e613c5789114e9e99fa66304349af38c','image/jpg',328,300,16668,'2024-03-18 05:36:55','2024-03-18 05:36:55'),(13,'wysiwyg/home/ads-2.png','ads-2',NULL,'Local','f4495c280b9f945e6758298b84e8d8ac0ddf75a0','image/png',328,456,92637,'2024-03-18 05:36:55','2024-03-18 05:36:55'),(14,'wysiwyg/home/ads-1.png','ads-1',NULL,'Local','7acf152d5af30076869ce4c68b341c8e84d8189c','image/png',328,180,45037,'2024-03-18 05:36:55','2024-03-18 05:36:55'),(15,'wysiwyg/home/product-13.jpg','product-13',NULL,'Local','06d72eaab2b3add113af3fb060adebae4cea0604','image/jpg',328,300,31050,'2024-03-18 05:36:55','2024-03-18 05:36:55'),(16,'wysiwyg/home/product-12.jpg','product-12',NULL,'Local','8b2b6b41661e15d85226675469ec88755d01c10e','image/jpg',328,300,38250,'2024-03-18 05:36:55','2024-03-18 05:36:55'),(17,'wysiwyg/home/product-11.jpg','product-11',NULL,'Local','2fb1e7fa12b45a97795ac5b8949921e9afe5eab0','image/jpg',328,300,25023,'2024-03-18 05:36:55','2024-03-18 05:36:55'),(18,'wysiwyg/home/product-10.jpg','product-10',NULL,'Local','ffe6a857aec5b57cbc6bd6a751ce6f8c56eafeb2','image/jpg',328,300,28476,'2024-03-18 05:36:55','2024-03-18 05:36:55'),(19,'wysiwyg/home/product-9.jpg','product-9',NULL,'Local','689ba3c2a0d0ec2ca2dd3f98c4ddaa8a806e7243','image/jpg',328,300,39650,'2024-03-18 05:36:55','2024-03-18 05:36:55'),(20,'wysiwyg/home/product-8.jpg','product-8',NULL,'Local','c82af58ab8f8f0e62f55ceb9b53a43d662fc7d4c','image/jpg',328,300,19689,'2024-03-18 05:36:55','2024-03-18 05:36:55'),(21,'wysiwyg/home/product-6.jpg','product-6',NULL,'Local','98ea7ac171055301b3a0410ce2d6353e9c61f750','image/jpg',328,300,17514,'2024-03-18 05:36:55','2024-03-18 05:36:55'),(22,'wysiwyg/home/product-7.jpg','product-7',NULL,'Local','2fc8cb4668010d8f311b023791396d31179c19f5','image/jpg',328,300,38337,'2024-03-18 05:36:55','2024-03-18 05:36:55'),(23,'wysiwyg/home/product-5.jpg','product-5',NULL,'Local','2c46312a0e249a43edaee355938646930b3957c9','image/jpg',328,300,22050,'2024-03-18 05:36:55','2024-03-18 05:36:55'),(24,'wysiwyg/home/product-4.jpg','product-4',NULL,'Local','fa48c95f74de05302a4e1fb1bca85c97c622d834','image/jpg',328,300,34119,'2024-03-18 05:36:55','2024-03-18 05:36:55'),(25,'wysiwyg/home/product-3.jpg','product-3',NULL,'Local','a608373df0afc684435524c8a13fb2ff5f3fde12','image/jpg',328,300,50039,'2024-03-18 05:36:55','2024-03-18 05:36:55'),(26,'wysiwyg/home/product-2.jpg','product-2',NULL,'Local','1f6a0e17e0781db8a61755ffbf6c0ca15a75397a','image/jpg',328,300,26245,'2024-03-18 05:36:56','2024-03-18 05:36:56'),(27,'wysiwyg/home/comments.jpg','comments',NULL,'Local','0ccaa83a7ae3134e0f563975e8e0fdc12fe2410e','image/jpg',45,40,3912,'2024-03-18 05:36:56','2024-03-18 05:36:56'),(28,'wysiwyg/home/product-1.jpg','product-1',NULL,'Local','7f39dab2f247d91f3922c80fd491b16e5f2f1fe9','image/jpg',328,300,51875,'2024-03-18 05:36:56','2024-03-18 05:36:56'),(29,'wysiwyg/home/gift.jpg','gift',NULL,'Local','f08c9ad9c1950e98397fce5cee17be5c45d18180','image/jpg',46,39,4367,'2024-03-18 05:36:56','2024-03-18 05:36:56'),(30,'wysiwyg/home/card.jpg','card',NULL,'Local','79e9c3f5f3f93338a50071dc2554698dc070e349','image/jpg',47,37,3133,'2024-03-18 05:36:56','2024-03-18 05:36:56'),(31,'wysiwyg/home/truck.jpg','truck',NULL,'Local','8e26c64b3fc9ff2a452e01f3278b677edad00f53','image/jpg',51,37,4707,'2024-03-18 05:36:56','2024-03-18 05:36:56'),(32,'wysiwyg/home/best-sellers.png','best-sellers',NULL,'Local','97e17c68bc6ba87b650be5d6a74c473d25332b76','image/png',110,110,4670,'2024-03-18 05:50:20','2024-03-18 05:50:20'),(33,'wysiwyg/home/clearance-sales.png','clearance-sales',NULL,'Local','11140da763c5b21e20883377449ef70ea8a9af01','image/png',110,110,6645,'2024-03-18 05:50:20','2024-03-18 05:50:20'),(34,'wysiwyg/home/special-offers.png','special-offers',NULL,'Local','9e036821dd8a5145c5223a393d3fc96cb6485f59','image/png',110,110,10731,'2024-03-18 05:50:20','2024-03-18 05:50:20'),(35,'wysiwyg/home/new-arrivals.png','new-arrivals',NULL,'Local','632da8fcb6285c6d9bbe659399e07eb15626835f','image/png',110,110,12265,'2024-03-18 05:50:21','2024-03-18 05:50:21'),(36,'wysiwyg/home/guide-4.jpg','guide-4',NULL,'Local','4de53c7123dcf496896e17ed113c2f071b996e45','image/jpg',447,290,90823,'2024-03-18 07:44:53','2024-03-18 07:44:53'),(37,'wysiwyg/home/guide-3.jpg','guide-3',NULL,'Local','cddc42b25f78329201b8c37efdf897904384c53b','image/jpg',447,290,63471,'2024-03-18 07:44:53','2024-03-18 07:44:53'),(38,'wysiwyg/home/guide-5.jpg','guide-5',NULL,'Local','928311996f2069293e20f5244ab8a9179b64cdac','image/jpg',447,290,128652,'2024-03-18 07:44:54','2024-03-18 07:44:54'),(39,'wysiwyg/home/guide-6.jpg','guide-6',NULL,'Local','3ffe8375277592de98edbb5488aaafb2daa75fc6','image/jpg',447,290,45406,'2024-03-18 07:44:54','2024-03-18 07:44:54'),(40,'wysiwyg/home/guide-1.jpg','guide-1',NULL,'Local','46ae9ee379d3838562895ba8b7580d597b006e26','image/jpg',447,290,102066,'2024-03-18 07:44:54','2024-03-18 07:44:54'),(41,'wysiwyg/home/guide-2.jpg','guide-2',NULL,'Local','dd22f9352db76065751b0dca75dd6e3345f7b1e3','image/jpg',447,290,88256,'2024-03-18 07:44:54','2024-03-18 07:44:54'),(42,'wysiwyg/home/footer_logo.png','footer_logo',NULL,'Local','d5da1a5278ca9dbf8e96231a2684f2a6580136f4','image/png',295,45,3360,'2024-03-19 10:27:55','2024-03-19 10:27:55');

--
-- Table structure for table `media_gallery_asset_keyword`
--

CREATE TABLE `media_gallery_asset_keyword` (
  `keyword_id` int unsigned NOT NULL COMMENT 'Keyword Id',
  `asset_id` int unsigned NOT NULL COMMENT 'Asset ID',
  PRIMARY KEY (`keyword_id`,`asset_id`),
  KEY `MEDIA_GALLERY_ASSET_KEYWORD_ASSET_ID` (`asset_id`),
  KEY `MEDIA_GALLERY_ASSET_KEYWORD_KEYWORD_ID` (`keyword_id`),
  CONSTRAINT `MEDIA_GALLERY_ASSET_KEYWORD_ASSET_ID_MEDIA_GALLERY_ASSET_ID` FOREIGN KEY (`asset_id`) REFERENCES `media_gallery_asset` (`id`) ON DELETE CASCADE,
  CONSTRAINT `MEDIA_GALLERY_ASSET_KEYWORD_KEYWORD_ID_MEDIA_GALLERY_KEYWORD_ID` FOREIGN KEY (`keyword_id`) REFERENCES `media_gallery_keyword` (`id`) ON DELETE CASCADE
) ENGINE=InnoDB DEFAULT CHARSET=utf8mb3 COMMENT='Media Gallery Asset Keyword';

--
-- Dumping data for table `media_gallery_asset_keyword`
--


--
-- Table structure for table `media_gallery_keyword`
--

CREATE TABLE `media_gallery_keyword` (
  `id` int unsigned NOT NULL AUTO_INCREMENT COMMENT 'Keyword ID',
  `keyword` varchar(255) NOT NULL COMMENT 'Keyword',
  PRIMARY KEY (`id`),
  UNIQUE KEY `MEDIA_GALLERY_KEYWORD_KEYWORD` (`keyword`),
  KEY `MEDIA_GALLERY_KEYWORD_ID` (`id`)
) ENGINE=InnoDB DEFAULT CHARSET=utf8mb3 COMMENT='Media Gallery Keyword';

--
-- Dumping data for table `media_gallery_keyword`
--


--
-- Table structure for table `mview_state`
--

CREATE TABLE `mview_state` (
  `state_id` int unsigned NOT NULL AUTO_INCREMENT COMMENT 'View State ID',
  `view_id` varchar(255) DEFAULT NULL COMMENT 'View ID',
  `mode` varchar(16) DEFAULT 'disabled' COMMENT 'View Mode',
  `status` varchar(16) DEFAULT 'idle' COMMENT 'View Status',
  `updated` datetime DEFAULT NULL COMMENT 'View updated time',
  `version_id` int unsigned DEFAULT NULL COMMENT 'View Version ID',
  PRIMARY KEY (`state_id`),
  KEY `MVIEW_STATE_VIEW_ID` (`view_id`),
  KEY `MVIEW_STATE_MODE` (`mode`)
) ENGINE=InnoDB AUTO_INCREMENT=12 DEFAULT CHARSET=utf8mb3 COMMENT='View State';

--
-- Dumping data for table `mview_state`
--

INSERT INTO `mview_state` VALUES (1,'design_config_dummy','enabled','idle','2024-03-20 13:19:51',0),(2,'customer_dummy','enabled','idle','2024-03-20 13:19:51',0),(3,'catalog_category_product','enabled','idle','2024-03-20 13:19:52',244),(4,'catalog_product_category','enabled','idle','2024-03-20 13:19:52',234),(5,'catalogrule_rule','enabled','idle','2024-03-20 13:19:52',0),(6,'catalog_product_attribute','enabled','idle','2024-03-20 13:19:54',39),(7,'inventory','enabled','idle','2024-03-20 13:19:54',3),(8,'catalogrule_product','enabled','idle','2024-03-20 13:19:52',266),(9,'cataloginventory_stock','enabled','idle','2024-03-20 13:19:54',15),(10,'catalog_product_price','enabled','idle','2024-03-20 13:19:55',24),(11,'catalogsearch_fulltext','enabled','idle','2024-03-20 13:19:57',269);

--
-- Table structure for table `newsletter_problem`
--

CREATE TABLE `newsletter_problem` (
  `problem_id` int unsigned NOT NULL AUTO_INCREMENT COMMENT 'Problem ID',
  `subscriber_id` int unsigned DEFAULT NULL COMMENT 'Subscriber ID',
  `queue_id` int unsigned NOT NULL DEFAULT '0' COMMENT 'Queue ID',
  `problem_error_code` int unsigned DEFAULT '0' COMMENT 'Problem Error Code',
  `problem_error_text` varchar(200) DEFAULT NULL COMMENT 'Problem Error Text',
  PRIMARY KEY (`problem_id`),
  KEY `NEWSLETTER_PROBLEM_SUBSCRIBER_ID` (`subscriber_id`),
  KEY `NEWSLETTER_PROBLEM_QUEUE_ID` (`queue_id`),
  CONSTRAINT `NEWSLETTER_PROBLEM_QUEUE_ID_NEWSLETTER_QUEUE_QUEUE_ID` FOREIGN KEY (`queue_id`) REFERENCES `newsletter_queue` (`queue_id`) ON DELETE CASCADE,
  CONSTRAINT `NLTTR_PROBLEM_SUBSCRIBER_ID_NLTTR_SUBSCRIBER_SUBSCRIBER_ID` FOREIGN KEY (`subscriber_id`) REFERENCES `newsletter_subscriber` (`subscriber_id`) ON DELETE CASCADE
) ENGINE=InnoDB DEFAULT CHARSET=utf8mb3 COMMENT='Newsletter Problems';

--
-- Dumping data for table `newsletter_problem`
--


--
-- Table structure for table `newsletter_queue`
--

CREATE TABLE `newsletter_queue` (
  `queue_id` int unsigned NOT NULL AUTO_INCREMENT COMMENT 'Queue ID',
  `template_id` int unsigned NOT NULL DEFAULT '0' COMMENT 'Template ID',
  `newsletter_type` int DEFAULT NULL COMMENT 'Newsletter Type',
  `newsletter_text` text COMMENT 'Newsletter Text',
  `newsletter_styles` text COMMENT 'Newsletter Styles',
  `newsletter_subject` varchar(200) DEFAULT NULL COMMENT 'Newsletter Subject',
  `newsletter_sender_name` varchar(200) DEFAULT NULL COMMENT 'Newsletter Sender Name',
  `newsletter_sender_email` varchar(200) DEFAULT NULL COMMENT 'Newsletter Sender Email',
  `queue_status` int unsigned NOT NULL DEFAULT '0' COMMENT 'Queue Status',
  `queue_start_at` timestamp NULL DEFAULT NULL COMMENT 'Queue Start At',
  `queue_finish_at` timestamp NULL DEFAULT NULL COMMENT 'Queue Finish At',
  PRIMARY KEY (`queue_id`),
  KEY `NEWSLETTER_QUEUE_TEMPLATE_ID` (`template_id`),
  CONSTRAINT `NEWSLETTER_QUEUE_TEMPLATE_ID_NEWSLETTER_TEMPLATE_TEMPLATE_ID` FOREIGN KEY (`template_id`) REFERENCES `newsletter_template` (`template_id`) ON DELETE CASCADE
) ENGINE=InnoDB DEFAULT CHARSET=utf8mb3 COMMENT='Newsletter Queue';

--
-- Dumping data for table `newsletter_queue`
--


--
-- Table structure for table `newsletter_queue_link`
--

CREATE TABLE `newsletter_queue_link` (
  `queue_link_id` int unsigned NOT NULL AUTO_INCREMENT COMMENT 'Queue Link ID',
  `queue_id` int unsigned NOT NULL DEFAULT '0' COMMENT 'Queue ID',
  `subscriber_id` int unsigned NOT NULL DEFAULT '0' COMMENT 'Subscriber ID',
  `letter_sent_at` timestamp NULL DEFAULT NULL COMMENT 'Letter Sent At',
  PRIMARY KEY (`queue_link_id`),
  KEY `NEWSLETTER_QUEUE_LINK_SUBSCRIBER_ID` (`subscriber_id`),
  KEY `NEWSLETTER_QUEUE_LINK_QUEUE_ID_LETTER_SENT_AT` (`queue_id`,`letter_sent_at`),
  CONSTRAINT `NEWSLETTER_QUEUE_LINK_QUEUE_ID_NEWSLETTER_QUEUE_QUEUE_ID` FOREIGN KEY (`queue_id`) REFERENCES `newsletter_queue` (`queue_id`) ON DELETE CASCADE,
  CONSTRAINT `NLTTR_QUEUE_LNK_SUBSCRIBER_ID_NLTTR_SUBSCRIBER_SUBSCRIBER_ID` FOREIGN KEY (`subscriber_id`) REFERENCES `newsletter_subscriber` (`subscriber_id`) ON DELETE CASCADE
) ENGINE=InnoDB DEFAULT CHARSET=utf8mb3 COMMENT='Newsletter Queue Link';

--
-- Dumping data for table `newsletter_queue_link`
--


--
-- Table structure for table `newsletter_queue_store_link`
--

CREATE TABLE `newsletter_queue_store_link` (
  `queue_id` int unsigned NOT NULL DEFAULT '0' COMMENT 'Queue ID',
  `store_id` smallint unsigned NOT NULL DEFAULT '0' COMMENT 'Store ID',
  PRIMARY KEY (`queue_id`,`store_id`),
  KEY `NEWSLETTER_QUEUE_STORE_LINK_STORE_ID` (`store_id`),
  CONSTRAINT `NEWSLETTER_QUEUE_STORE_LINK_QUEUE_ID_NEWSLETTER_QUEUE_QUEUE_ID` FOREIGN KEY (`queue_id`) REFERENCES `newsletter_queue` (`queue_id`) ON DELETE CASCADE,
  CONSTRAINT `NEWSLETTER_QUEUE_STORE_LINK_STORE_ID_STORE_STORE_ID` FOREIGN KEY (`store_id`) REFERENCES `store` (`store_id`) ON DELETE CASCADE
) ENGINE=InnoDB DEFAULT CHARSET=utf8mb3 COMMENT='Newsletter Queue Store Link';

--
-- Dumping data for table `newsletter_queue_store_link`
--


--
-- Table structure for table `newsletter_subscriber`
--

CREATE TABLE `newsletter_subscriber` (
  `subscriber_id` int unsigned NOT NULL AUTO_INCREMENT COMMENT 'Subscriber ID',
  `store_id` smallint unsigned DEFAULT '0' COMMENT 'Store ID',
  `change_status_at` timestamp NULL DEFAULT NULL COMMENT 'Change Status At',
  `customer_id` int unsigned NOT NULL DEFAULT '0' COMMENT 'Customer ID',
  `subscriber_email` varchar(150) DEFAULT NULL COMMENT 'Subscriber Email',
  `subscriber_status` int NOT NULL DEFAULT '0' COMMENT 'Subscriber Status',
  `subscriber_confirm_code` varchar(32) DEFAULT 'NULL' COMMENT 'Subscriber Confirm Code',
  `mp_smtp_email_marketing_synced` smallint DEFAULT '0' COMMENT 'Mp SMTP Email Marketing synced',
  PRIMARY KEY (`subscriber_id`),
  KEY `NEWSLETTER_SUBSCRIBER_CUSTOMER_ID` (`customer_id`),
  KEY `NEWSLETTER_SUBSCRIBER_STORE_ID` (`store_id`),
  KEY `NEWSLETTER_SUBSCRIBER_SUBSCRIBER_EMAIL` (`subscriber_email`),
  CONSTRAINT `NEWSLETTER_SUBSCRIBER_STORE_ID_STORE_STORE_ID` FOREIGN KEY (`store_id`) REFERENCES `store` (`store_id`) ON DELETE SET NULL
) ENGINE=InnoDB DEFAULT CHARSET=utf8mb3 COMMENT='Newsletter Subscriber';

--
-- Dumping data for table `newsletter_subscriber`
--


--
-- Table structure for table `newsletter_template`
--

CREATE TABLE `newsletter_template` (
  `template_id` int unsigned NOT NULL AUTO_INCREMENT COMMENT 'Template ID',
  `template_code` varchar(150) DEFAULT NULL COMMENT 'Template Code',
  `template_text` text COMMENT 'Template Text',
  `template_styles` text COMMENT 'Template Styles',
  `template_type` int unsigned DEFAULT NULL COMMENT 'Template Type',
  `template_subject` varchar(200) DEFAULT NULL COMMENT 'Template Subject',
  `template_sender_name` varchar(200) DEFAULT NULL COMMENT 'Template Sender Name',
  `template_sender_email` varchar(200) DEFAULT NULL COMMENT 'Template Sender Email',
  `template_actual` smallint unsigned DEFAULT '1' COMMENT 'Template Actual',
  `added_at` timestamp NULL DEFAULT NULL COMMENT 'Added At',
  `modified_at` timestamp NULL DEFAULT NULL COMMENT 'Modified At',
  `is_legacy` tinyint(1) NOT NULL DEFAULT '0' COMMENT 'Should the template render in legacy mode',
  PRIMARY KEY (`template_id`),
  KEY `NEWSLETTER_TEMPLATE_TEMPLATE_ACTUAL` (`template_actual`),
  KEY `NEWSLETTER_TEMPLATE_ADDED_AT` (`added_at`),
  KEY `NEWSLETTER_TEMPLATE_MODIFIED_AT` (`modified_at`)
) ENGINE=InnoDB DEFAULT CHARSET=utf8mb3 COMMENT='Newsletter Template';

--
-- Dumping data for table `newsletter_template`
--


--
-- Table structure for table `oauth_consumer`
--

CREATE TABLE `oauth_consumer` (
  `entity_id` int unsigned NOT NULL AUTO_INCREMENT COMMENT 'Entity ID',
  `created_at` timestamp NOT NULL DEFAULT CURRENT_TIMESTAMP COMMENT 'Created At',
  `updated_at` timestamp NULL DEFAULT '0000-00-00 00:00:00' ON UPDATE CURRENT_TIMESTAMP COMMENT 'Updated At',
  `name` varchar(255) NOT NULL COMMENT 'Name of consumer',
  `key` varchar(32) NOT NULL COMMENT 'Key code',
  `secret` varchar(128) NOT NULL COMMENT 'Secret code',
  `callback_url` text COMMENT 'Callback URL',
  `rejected_callback_url` text NOT NULL COMMENT 'Rejected callback URL',
  PRIMARY KEY (`entity_id`),
  UNIQUE KEY `OAUTH_CONSUMER_KEY` (`key`),
  UNIQUE KEY `OAUTH_CONSUMER_SECRET` (`secret`),
  KEY `OAUTH_CONSUMER_CREATED_AT` (`created_at`),
  KEY `OAUTH_CONSUMER_UPDATED_AT` (`updated_at`)
) ENGINE=InnoDB DEFAULT CHARSET=utf8mb3 COMMENT='OAuth Consumers';

--
-- Dumping data for table `oauth_consumer`
--


--
-- Table structure for table `oauth_nonce`
--

CREATE TABLE `oauth_nonce` (
  `nonce` varchar(32) NOT NULL COMMENT 'Nonce String',
  `timestamp` int unsigned NOT NULL COMMENT 'Nonce Timestamp',
  `consumer_id` int unsigned NOT NULL COMMENT 'Consumer ID',
  PRIMARY KEY (`nonce`,`consumer_id`),
  KEY `OAUTH_NONCE_CONSUMER_ID_OAUTH_CONSUMER_ENTITY_ID` (`consumer_id`),
  KEY `OAUTH_NONCE_TIMESTAMP` (`timestamp`),
  CONSTRAINT `OAUTH_NONCE_CONSUMER_ID_OAUTH_CONSUMER_ENTITY_ID` FOREIGN KEY (`consumer_id`) REFERENCES `oauth_consumer` (`entity_id`) ON DELETE CASCADE
) ENGINE=InnoDB DEFAULT CHARSET=utf8mb3 COMMENT='OAuth Nonce';

--
-- Dumping data for table `oauth_nonce`
--


--
-- Table structure for table `oauth_token`
--

CREATE TABLE `oauth_token` (
  `entity_id` int unsigned NOT NULL AUTO_INCREMENT COMMENT 'Entity ID',
  `consumer_id` int unsigned DEFAULT NULL COMMENT 'Oauth Consumer ID',
  `admin_id` int unsigned DEFAULT NULL COMMENT 'Admin user ID',
  `customer_id` int unsigned DEFAULT NULL COMMENT 'Customer user ID',
  `type` varchar(16) NOT NULL COMMENT 'Token Type',
  `token` varchar(32) NOT NULL COMMENT 'Token',
  `secret` varchar(128) NOT NULL COMMENT 'Token Secret',
  `verifier` varchar(32) DEFAULT NULL COMMENT 'Token Verifier',
  `callback_url` text NOT NULL COMMENT 'Token Callback URL',
  `revoked` smallint unsigned NOT NULL DEFAULT '0' COMMENT 'Is Token revoked',
  `authorized` smallint unsigned NOT NULL DEFAULT '0' COMMENT 'Is Token authorized',
  `user_type` int DEFAULT NULL COMMENT 'User type',
  `created_at` timestamp NOT NULL DEFAULT CURRENT_TIMESTAMP COMMENT 'Token creation timestamp',
  PRIMARY KEY (`entity_id`),
  UNIQUE KEY `OAUTH_TOKEN_TOKEN` (`token`),
  KEY `OAUTH_TOKEN_ADMIN_ID_ADMIN_USER_USER_ID` (`admin_id`),
  KEY `OAUTH_TOKEN_CUSTOMER_ID_CUSTOMER_ENTITY_ENTITY_ID` (`customer_id`),
  KEY `OAUTH_TOKEN_CONSUMER_ID` (`consumer_id`),
  KEY `OAUTH_TOKEN_CREATED_AT` (`created_at`),
  CONSTRAINT `OAUTH_TOKEN_ADMIN_ID_ADMIN_USER_USER_ID` FOREIGN KEY (`admin_id`) REFERENCES `admin_user` (`user_id`) ON DELETE CASCADE,
  CONSTRAINT `OAUTH_TOKEN_CONSUMER_ID_OAUTH_CONSUMER_ENTITY_ID` FOREIGN KEY (`consumer_id`) REFERENCES `oauth_consumer` (`entity_id`) ON DELETE CASCADE,
  CONSTRAINT `OAUTH_TOKEN_CUSTOMER_ID_CUSTOMER_ENTITY_ENTITY_ID` FOREIGN KEY (`customer_id`) REFERENCES `customer_entity` (`entity_id`) ON DELETE CASCADE
) ENGINE=InnoDB DEFAULT CHARSET=utf8mb3 COMMENT='OAuth Tokens';

--
-- Dumping data for table `oauth_token`
--


--
-- Table structure for table `oauth_token_request_log`
--

CREATE TABLE `oauth_token_request_log` (
  `log_id` int unsigned NOT NULL AUTO_INCREMENT COMMENT 'Log ID',
  `user_name` varchar(255) NOT NULL COMMENT 'Customer email or admin login',
  `user_type` smallint unsigned NOT NULL COMMENT 'User type (admin or customer)',
  `failures_count` smallint unsigned DEFAULT '0' COMMENT 'Number of failed authentication attempts in a row',
  `lock_expires_at` timestamp NOT NULL DEFAULT CURRENT_TIMESTAMP ON UPDATE CURRENT_TIMESTAMP COMMENT 'Lock expiration time',
  PRIMARY KEY (`log_id`),
  UNIQUE KEY `OAUTH_TOKEN_REQUEST_LOG_USER_NAME_USER_TYPE` (`user_name`,`user_type`)
) ENGINE=InnoDB DEFAULT CHARSET=utf8mb3 COMMENT='Log of token request authentication failures.';

--
-- Dumping data for table `oauth_token_request_log`
--


--
-- Table structure for table `pagebuilder_template`
--

CREATE TABLE `pagebuilder_template` (
  `template_id` int NOT NULL AUTO_INCREMENT COMMENT 'Template ID Auto Increment',
  `name` varchar(1024) NOT NULL COMMENT 'Template Name',
  `preview_image` varchar(1024) DEFAULT NULL COMMENT 'Template Preview Image',
  `template` longtext NOT NULL COMMENT 'Master Format HTML',
  `created_for` varchar(255) DEFAULT NULL COMMENT 'Created For',
  `created_at` timestamp NOT NULL DEFAULT CURRENT_TIMESTAMP COMMENT 'Creation Time',
  `updated_at` timestamp NOT NULL DEFAULT CURRENT_TIMESTAMP ON UPDATE CURRENT_TIMESTAMP COMMENT 'Update Time',
  PRIMARY KEY (`template_id`),
  FULLTEXT KEY `PAGEBUILDER_TEMPLATE_NAME` (`name`)
) ENGINE=InnoDB AUTO_INCREMENT=2 DEFAULT CHARSET=utf8mb3 COMMENT='Page Builder Templates';

--
-- Dumping data for table `pagebuilder_template`
--

INSERT INTO `pagebuilder_template` VALUES (1,'social','.template-managersocial65f428fcaf4ab.jpg','<div data-content-type=\"html\" data-appearance=\"default\" data-element=\"main\">&lt;div class=\"socials-block\"&gt;\n            &lt;a href=\"https://www.facebook.com\"&gt;&lt;em class=\"fa fa-facebook\"&gt;&lt;/em&gt;&lt;/a&gt;\n            &lt;a href=\"https://twitter.com/\"&gt;&lt;em class=\"fa fa-twitter\"&gt;&lt;/em&gt;&lt;/a&gt;\n            &lt;a href=\"https://in.linkedin.com/\"&gt;&lt;em class=\"fa fa-linkedin\"&gt;&lt;/em&gt;&lt;/a&gt;\n            &lt;a href=\"https://vimeo.com/\"&gt;&lt;em class=\"fa fa-vimeo\"&gt;&lt;/em&gt;&lt;/a&gt;\n            &lt;a href=\"https://www.google.com/\"&gt;&lt;em class=\"fa fa-google\"&gt;&lt;/em&gt;&lt;/a&gt;\n        &lt;/div&gt;</div>','any','2024-03-15 10:54:52','2024-03-15 10:54:52');

--
-- Table structure for table `password_reset_request_event`
--

CREATE TABLE `password_reset_request_event` (
  `id` int unsigned NOT NULL AUTO_INCREMENT COMMENT 'Entity ID',
  `request_type` smallint unsigned NOT NULL COMMENT 'Type of the event under a security control',
  `account_reference` varchar(255) DEFAULT NULL COMMENT 'An identifier for existing account or another target',
  `created_at` timestamp NOT NULL DEFAULT CURRENT_TIMESTAMP COMMENT 'Timestamp when the event occurs',
  `ip` varchar(15) NOT NULL COMMENT 'Remote user IP',
  PRIMARY KEY (`id`),
  KEY `PASSWORD_RESET_REQUEST_EVENT_ACCOUNT_REFERENCE` (`account_reference`),
  KEY `PASSWORD_RESET_REQUEST_EVENT_CREATED_AT` (`created_at`)
) ENGINE=InnoDB DEFAULT CHARSET=utf8mb3 COMMENT='Password Reset Request Event under a security control';

--
-- Dumping data for table `password_reset_request_event`
--


--
-- Table structure for table `patch_list`
--

CREATE TABLE `patch_list` (
  `patch_id` int NOT NULL AUTO_INCREMENT COMMENT 'Patch Auto Increment',
  `patch_name` varchar(1024) NOT NULL COMMENT 'Patch Class Name',
  PRIMARY KEY (`patch_id`)
) ENGINE=InnoDB AUTO_INCREMENT=204 DEFAULT CHARSET=utf8mb3 COMMENT='List of data/schema patches';

--
-- Dumping data for table `patch_list`
--

INSERT INTO `patch_list` VALUES (1,'Magento\\Store\\Setup\\Patch\\Schema\\InitializeStoresAndWebsites'),(2,'Magento\\Catalog\\Setup\\Patch\\Schema\\EnableSegmentation'),(3,'Magento\\CatalogRule\\Setup\\Patch\\Schema\\CleanUpProductPriceReplicaTable'),(4,'Magento\\Bundle\\Setup\\Patch\\Schema\\UpdateBundleRelatedSchema'),(5,'Magento\\InventoryCatalog\\Setup\\Patch\\Schema\\CreateLegacyStockStatusView'),(6,'Magento\\InventoryCatalog\\Setup\\Patch\\Schema\\InitializeDefaultStock'),(7,'Magento\\InventoryCatalog\\Setup\\Patch\\Schema\\UpdateInventorySourceItem'),(8,'Magento\\InventoryCatalog\\Setup\\Patch\\Schema\\ReindexDefaultSource'),(9,'Magento\\InventorySales\\Setup\\Patch\\Schema\\InitializeWebsiteDefaultSock'),(10,'Magento\\Review\\Setup\\Patch\\Schema\\AddUniqueConstraintToReviewEntitySummary'),(11,'Magento\\TwoFactorAuth\\Setup\\Patch\\Schema\\CopyTablesFromOldModule'),(12,'Temando\\ShippingRemover\\Setup\\Patch\\Schema\\EmptyTablesRemoval'),(13,'Magento\\Store\\Setup\\Patch\\Data\\DisableSid'),(14,'Magento\\Store\\Setup\\Patch\\Data\\UpdateStoreGroupCodes'),(15,'Magento\\Config\\Setup\\Patch\\Data\\RemoveTinymceConfig'),(16,'Magento\\Config\\Setup\\Patch\\Data\\UnsetTinymce3'),(17,'Magento\\Config\\Setup\\Patch\\Data\\UpdateClassAliases'),(18,'Magento\\Directory\\Setup\\Patch\\Data\\InitializeDirectoryData'),(19,'Magento\\Directory\\Setup\\Patch\\Data\\AddCountriesCaribbeanCuracaoKosovoSintMaarten'),(20,'Magento\\Directory\\Setup\\Patch\\Data\\AddDataForAlbania'),(21,'Magento\\Directory\\Setup\\Patch\\Data\\AddDataForArgentina'),(22,'Magento\\Directory\\Setup\\Patch\\Data\\AddDataForCroatia'),(23,'Magento\\Directory\\Setup\\Patch\\Data\\AddDataForIndia'),(24,'Magento\\Directory\\Setup\\Patch\\Data\\AddDataForAustralia'),(25,'Magento\\Directory\\Setup\\Patch\\Data\\AddDataForBelarus'),(26,'Magento\\Directory\\Setup\\Patch\\Data\\AddDataForBelgium'),(27,'Magento\\Directory\\Setup\\Patch\\Data\\AddDataForBolivia'),(28,'Magento\\Directory\\Setup\\Patch\\Data\\AddDataForBulgaria'),(29,'Magento\\Directory\\Setup\\Patch\\Data\\AddDataForChile'),(30,'Magento\\Directory\\Setup\\Patch\\Data\\AddDataForChina'),(31,'Magento\\Directory\\Setup\\Patch\\Data\\AddDataForColombia'),(32,'Magento\\Directory\\Setup\\Patch\\Data\\AddDataForCzechia'),(33,'Magento\\Directory\\Setup\\Patch\\Data\\AddDataForDenmark'),(34,'Magento\\Directory\\Setup\\Patch\\Data\\AddDataForEcuador'),(35,'Magento\\Directory\\Setup\\Patch\\Data\\AddDataForGreece'),(36,'Magento\\Directory\\Setup\\Patch\\Data\\AddDataForGuyana'),(37,'Magento\\Directory\\Setup\\Patch\\Data\\AddDataForIceland'),(38,'Magento\\Directory\\Setup\\Patch\\Data\\AddDataForItaly'),(39,'Magento\\Directory\\Setup\\Patch\\Data\\AddDataForMexico'),(40,'Magento\\Directory\\Setup\\Patch\\Data\\AddDataForParaguay'),(41,'Magento\\Directory\\Setup\\Patch\\Data\\AddDataForPeru'),(42,'Magento\\Directory\\Setup\\Patch\\Data\\AddDataForPoland'),(43,'Magento\\Directory\\Setup\\Patch\\Data\\AddDataForPortugal'),(44,'Magento\\Directory\\Setup\\Patch\\Data\\AddDataForSuriname'),(45,'Magento\\Directory\\Setup\\Patch\\Data\\AddDataForSweden'),(46,'Magento\\Directory\\Setup\\Patch\\Data\\AddDataForUruguay'),(47,'Magento\\Directory\\Setup\\Patch\\Data\\AddDataForVenezuela'),(48,'Magento\\Directory\\Setup\\Patch\\Data\\UpdateRegionNamesForSwitzerland'),(49,'Magento\\Theme\\Setup\\Patch\\Data\\RegisterThemes'),(50,'Magento\\Theme\\Setup\\Patch\\Data\\ConvertSerializedData'),(51,'Magento\\User\\Setup\\Patch\\Data\\UpgradePasswordHashes'),(52,'Magento\\User\\Setup\\Patch\\Data\\UpgradeSerializedFields'),(53,'Magento\\Authorization\\Setup\\Patch\\Data\\InitializeAuthRoles'),(54,'Magento\\Eav\\Setup\\Patch\\Data\\InitializeAttributeModels'),(55,'Magento\\Customer\\Setup\\Patch\\Data\\DefaultCustomerGroupsAndAttributes'),(56,'Magento\\Customer\\Setup\\Patch\\Data\\UpdateCustomerAttributesMetadata'),(57,'Magento\\Customer\\Setup\\Patch\\Data\\AddNonSpecifiedGenderAttributeOption'),(58,'Magento\\Customer\\Setup\\Patch\\Data\\UpdateIdentifierCustomerAttributesVisibility'),(59,'Magento\\Customer\\Setup\\Patch\\Data\\AddCustomerUpdatedAtAttribute'),(60,'Magento\\Customer\\Setup\\Patch\\Data\\UpgradePasswordHashAndAddress'),(61,'Magento\\Customer\\Setup\\Patch\\Data\\RemoveCheckoutRegisterAndUpdateAttributes'),(62,'Magento\\Customer\\Setup\\Patch\\Data\\AddSecurityTrackingAttributes'),(63,'Magento\\Customer\\Setup\\Patch\\Data\\UpdateAutocompleteOnStorefrontConfigPath'),(64,'Magento\\Customer\\Setup\\Patch\\Data\\MigrateStoresAllowedCountriesToWebsite'),(65,'Magento\\Customer\\Setup\\Patch\\Data\\ConvertValidationRulesFromSerializedToJson'),(66,'Magento\\Customer\\Setup\\Patch\\Data\\SessionIDColumnCleanUp'),(67,'Magento\\Customer\\Setup\\Patch\\Data\\UpdateCustomerAddressAttributesSortOrder'),(68,'Magento\\Customer\\Setup\\Patch\\Data\\UpdateVATNumber'),(69,'Magento\\Customer\\Setup\\Patch\\Data\\UpdateCustomerAttributeInputFilters'),(70,'Magento\\Customer\\Setup\\Patch\\Data\\UpdateDefaultCustomerGroupInConfig'),(71,'Magento\\Indexer\\Setup\\Patch\\Data\\InitializeIndexerState'),(72,'Magento\\Cms\\Setup\\Patch\\Data\\CreateDefaultPages'),(73,'Magento\\Cms\\Setup\\Patch\\Data\\UpdatePrivacyPolicyPage'),(74,'Magento\\Cms\\Setup\\Patch\\Data\\ConvertWidgetConditionsToJson'),(75,'Magento\\Security\\Setup\\Patch\\Data\\SessionIDColumnCleanUp'),(76,'Magento\\Catalog\\Setup\\Patch\\Data\\InstallDefaultCategories'),(77,'Magento\\Catalog\\Setup\\Patch\\Data\\SetNewResourceModelsPaths'),(78,'Magento\\Catalog\\Setup\\Patch\\Data\\UpdateDefaultAttributeValue'),(79,'Magento\\Catalog\\Setup\\Patch\\Data\\UpdateMediaAttributesBackendTypes'),(80,'Magento\\Catalog\\Setup\\Patch\\Data\\UpdateProductAttributes'),(81,'Magento\\Catalog\\Setup\\Patch\\Data\\UpdateProductMetaDescription'),(82,'Magento\\Catalog\\Setup\\Patch\\Data\\ChangePriceAttributeDefaultScope'),(83,'Magento\\Catalog\\Setup\\Patch\\Data\\DisallowUsingHtmlForProductName'),(84,'Magento\\Catalog\\Setup\\Patch\\Data\\EnableDirectiveParsing'),(85,'Magento\\Catalog\\Setup\\Patch\\Data\\EnableSegmentation'),(86,'Magento\\Catalog\\Setup\\Patch\\Data\\UpdateCustomLayoutAttributes'),(87,'Magento\\Catalog\\Setup\\Patch\\Data\\UpdateMultiselectAttributesBackendTypes'),(88,'Magento\\Catalog\\Setup\\Patch\\Data\\UpdateProductDescriptionOrder'),(89,'Magento\\CatalogUrlRewrite\\Setup\\Patch\\Data\\CreateUrlAttributes'),(90,'Magento\\Catalog\\Setup\\Patch\\Data\\UpdateProductUrlKey'),(91,'Magento\\Catalog\\Setup\\Patch\\Data\\UpgradeWidgetData'),(92,'Magento\\Catalog\\Setup\\Patch\\Data\\UpgradeWebsiteAttributes'),(93,'Magento\\CatalogInventory\\Setup\\Patch\\Data\\CreateDefaultStock'),(94,'Magento\\CatalogInventory\\Setup\\Patch\\Data\\UpdateStockItemsWebsite'),(95,'Magento\\CatalogInventory\\Setup\\Patch\\Data\\ConvertSerializedDataToJson'),(96,'Magento\\CatalogRule\\Setup\\Patch\\Data\\UpdateClassAliasesForCatalogRules'),(97,'Magento\\CatalogRule\\Setup\\Patch\\Data\\ConvertSerializedDataToJson'),(98,'Magento\\Msrp\\Setup\\Patch\\Data\\InitializeMsrpAttributes'),(99,'Magento\\Msrp\\Setup\\Patch\\Data\\ChangeMsrpAttributeLabel'),(100,'Magento\\Msrp\\Setup\\Patch\\Data\\ChangePriceAttributeDefaultScope'),(101,'Magento\\CatalogSearch\\Setup\\Patch\\Data\\MySQLSearchRemovalNotification'),(102,'Magento\\CatalogSearch\\Setup\\Patch\\Data\\SetInitialSearchWeightForAttributes'),(103,'Magento\\CatalogUrlRewrite\\Setup\\Patch\\Data\\UpdateUrlKeyForProducts'),(104,'Magento\\CatalogUrlRewrite\\Setup\\Patch\\Data\\UpdateUrlKeySearchable'),(105,'Magento\\Quote\\Setup\\Patch\\Data\\InstallEntityTypes'),(106,'Magento\\Quote\\Setup\\Patch\\Data\\ConvertSerializedDataToJson'),(107,'Magento\\Quote\\Setup\\Patch\\Data\\WishlistDataCleanUp'),(108,'Magento\\MediaGalleryUi\\Setup\\Patch\\Data\\AddMediaGalleryPermissions'),(109,'Magento\\Integration\\Setup\\Patch\\Data\\RemoveInactiveTokens'),(110,'Magento\\Integration\\Setup\\Patch\\Data\\UpgradeConsumerSecret'),(111,'Magento\\Integration\\Setup\\Patch\\Data\\UpgradeOauthToken'),(112,'Magento\\Sales\\Setup\\Patch\\Data\\InstallOrderStatusesAndInitialSalesConfig'),(113,'Magento\\Sales\\Setup\\Patch\\Data\\UpdateEntityTypes'),(114,'Magento\\Sales\\Setup\\Patch\\Data\\ConvertSerializedDataToJson'),(115,'Magento\\Sales\\Setup\\Patch\\Data\\FillQuoteAddressIdInSalesOrderAddress'),(116,'Magento\\Sales\\Setup\\Patch\\Data\\UpdateEntityTypeModelForInvoice'),(117,'Magento\\Sales\\Setup\\Patch\\Data\\WishlistDataCleanUp'),(118,'Magento\\Checkout\\Setup\\Patch\\Data\\PrepareInitialCheckoutConfiguration'),(119,'Magento\\Widget\\Setup\\Patch\\Data\\UpgradeModelInstanceClassAliases'),(120,'Magento\\Widget\\Setup\\Patch\\Data\\ConvertSerializedData'),(121,'Magento\\Analytics\\Setup\\Patch\\Data\\PrepareInitialConfig'),(122,'Magento\\Analytics\\Setup\\Patch\\Data\\ActivateDataCollection'),(123,'Magento\\Downloadable\\Setup\\Patch\\Data\\AddDownloadableHostsConfig'),(124,'Magento\\Downloadable\\Setup\\Patch\\Data\\InstallDownloadableAttributes'),(125,'Magento\\Downloadable\\Setup\\Patch\\Data\\UpdateLinksExistDefaultAttributeValue'),(126,'Magento\\Dhl\\Setup\\Patch\\Data\\PrepareShipmentDays'),(127,'Magento\\Bundle\\Setup\\Patch\\Data\\ApplyAttributesUpdate'),(128,'Magento\\Bundle\\Setup\\Patch\\Data\\UpdateBundleRelatedEntityTypes'),(129,'Magento\\Elasticsearch\\Setup\\Patch\\Data\\InvalidateIndex'),(130,'Magento\\Email\\Setup\\Patch\\Data\\FlagLegacyTemplates'),(131,'Magento\\EncryptionKey\\Setup\\Patch\\Data\\SodiumChachaPatch'),(132,'Magento\\Fedex\\Setup\\Patch\\Data\\ConfigureFedexDefaults'),(133,'Magento\\GiftMessage\\Setup\\Patch\\Data\\AddGiftMessageAttributes'),(134,'Magento\\GiftMessage\\Setup\\Patch\\Data\\MoveGiftMessageToGiftOptionsGroup'),(135,'Magento\\GiftMessage\\Setup\\Patch\\Data\\UpdateGiftMessageAttribute'),(136,'Magento\\GroupedProduct\\Setup\\Patch\\Data\\InitializeGroupedProductLinks'),(137,'Magento\\GroupedProduct\\Setup\\Patch\\Data\\UpdateProductRelations'),(138,'Magento\\ConfigurableProduct\\Setup\\Patch\\Data\\InstallInitialConfigurableAttributes'),(139,'Magento\\ConfigurableProduct\\Setup\\Patch\\Data\\UpdateManufacturerAttribute'),(140,'Magento\\ConfigurableProduct\\Setup\\Patch\\Data\\UpdateTierPriceAttribute'),(141,'Magento\\InventoryLowQuantityNotification\\Setup\\Patch\\Data\\MigrateCatalogInventoryNotifyStockQuantityData'),(142,'Magento\\Reports\\Setup\\Patch\\Data\\InitializeReportEntityTypesAndPages'),(143,'Magento\\Reports\\Setup\\Patch\\Data\\ReportDisableNotification'),(144,'Magento\\Newsletter\\Setup\\Patch\\Data\\FlagLegacyTemplates'),(145,'Magento\\SalesRule\\Setup\\Patch\\Data\\PrepareRuleModelSerializedData'),(146,'Magento\\SalesRule\\Setup\\Patch\\Data\\ConvertSerializedDataToJson'),(147,'Magento\\SalesRule\\Setup\\Patch\\Data\\FillSalesRuleProductAttributeTable'),(148,'Magento\\PageBuilder\\Setup\\Patch\\Data\\UpdateProductAttribute'),(149,'Magento\\PageBuilder\\Setup\\Patch\\Data\\UpgradePageBuilderStripStyles'),(150,'Magento\\Vault\\Setup\\Patch\\Data\\SetCreditCardAsDefaultTokenType'),(151,'Magento\\Paypal\\Setup\\Patch\\Data\\AddPaypalOrderStatuses'),(152,'Magento\\Paypal\\Setup\\Patch\\Data\\UpdateBmltoPayLater'),(153,'Magento\\Paypal\\Setup\\Patch\\Data\\UpdatePaypalCreditOption'),(154,'Magento\\Paypal\\Setup\\Patch\\Data\\UpdateSmartButtonLabel'),(155,'Magento\\Paypal\\Setup\\Patch\\Data\\UpdateSmartButtonSize'),(156,'Magento\\ReCaptchaMigration\\Setup\\Patch\\Data\\MigrateConfigToRecaptchaModules'),(157,'Magento\\Review\\Setup\\Patch\\Data\\InitReviewStatusesAndData'),(158,'Magento\\OfflineShipping\\Setup\\Patch\\Data\\UpdateQuoteShippingAddresses'),(159,'Magento\\OfflineShipping\\Setup\\Patch\\Data\\UpdateShippingTablerate'),(160,'Magento\\UrlRewrite\\Setup\\Patch\\Data\\ConvertSerializedDataToJson'),(161,'Magento\\Swatches\\Setup\\Patch\\Data\\AddSwatchImageAttribute'),(162,'Magento\\Swatches\\Setup\\Patch\\Data\\AddSwatchImageToDefaultAttribtueSet'),(163,'Magento\\Swatches\\Setup\\Patch\\Data\\UpdateAdminTextSwatchValues'),(164,'Magento\\Swatches\\Setup\\Patch\\Data\\ConvertAdditionalDataToJson'),(165,'Magento\\Tax\\Setup\\Patch\\Data\\AddTaxAttributeAndTaxClasses'),(166,'Magento\\Tax\\Setup\\Patch\\Data\\UpdateTaxClassAttributeVisibility'),(167,'Magento\\Tax\\Setup\\Patch\\Data\\UpdateTaxRegionId'),(168,'Magento\\TwoFactorAuth\\Setup\\Patch\\Data\\CopyConfigFromOldModule'),(169,'Magento\\TwoFactorAuth\\Setup\\Patch\\Data\\EncryptConfiguration'),(170,'Magento\\TwoFactorAuth\\Setup\\Patch\\Data\\EncryptGoogleSecrets'),(171,'Magento\\TwoFactorAuth\\Setup\\Patch\\Data\\EncryptSecrets'),(172,'Magento\\TwoFactorAuth\\Setup\\Patch\\Data\\GenerateDuoSecurityKey'),(173,'Magento\\TwoFactorAuth\\Setup\\Patch\\Data\\PopulateCountryTable'),(174,'Magento\\TwoFactorAuth\\Setup\\Patch\\Data\\ResetU2fConfig'),(175,'Magento\\SampleData\\Setup\\Patch\\Data\\ClearSampleDataState'),(176,'Magento\\Usps\\Setup\\Patch\\Data\\UpdateAllowedMethods'),(177,'Magento\\Weee\\Setup\\Patch\\Data\\InitQuoteAndOrderAttributes'),(178,'Magento\\CurrencySymbol\\Setup\\Patch\\Data\\ConvertSerializedCustomCurrencySymbolToJson'),(179,'Magento\\Wishlist\\Setup\\Patch\\Data\\ConvertSerializedData'),(180,'Magento\\Wishlist\\Setup\\Patch\\Data\\WishlistDataCleanUp'),(181,'Temando\\ShippingRemover\\Setup\\Patch\\Data\\AttributesRemoval'),(182,'Temando\\ShippingRemover\\Setup\\Patch\\Data\\BookmarkCleaner'),(183,'Temando\\ShippingRemover\\Setup\\Patch\\Data\\ConfigRemoval'),(184,'Magento\\CatalogSampleData\\Setup\\Patch\\Data\\InstallCatalogSampleData'),(185,'Magento\\BundleSampleData\\Setup\\Patch\\Data\\InstallBundleSampleData'),(186,'Magento\\GroupedProductSampleData\\Setup\\Patch\\Data\\InstallGroupedProductSampleData'),(187,'Magento\\DownloadableSampleData\\Setup\\Patch\\Data\\InstallDownloadableSampleData'),(188,'Magento\\ThemeSampleData\\Setup\\Patch\\Data\\InstallThemeSampleData'),(189,'Magento\\ConfigurableSampleData\\Setup\\Patch\\Data\\InstallConfigurableSampleData'),(190,'Magento\\ReviewSampleData\\Setup\\Patch\\Data\\InstallReviewSampleData'),(191,'Magento\\OfflineShippingSampleData\\Setup\\Patch\\Data\\InstallOfflineShippingSampleData'),(192,'Magento\\CatalogRuleSampleData\\Setup\\Patch\\Data\\InstallCatalogRuleSampleData'),(193,'Magento\\TaxSampleData\\Setup\\Patch\\Data\\InstallTaxSampleData'),(194,'Magento\\SalesRuleSampleData\\Setup\\Patch\\Data\\InstallSalesRuleSampleData'),(195,'Magento\\SwatchesSampleData\\Setup\\Patch\\Data\\InstallSwatchesSampleData'),(196,'Magento\\MsrpSampleData\\Setup\\Patch\\Data\\InstallMsrpSampleData'),(197,'Magento\\CustomerSampleData\\Setup\\Patch\\Data\\InstallCustomerSampleData'),(198,'Magento\\CmsSampleData\\Setup\\Patch\\Data\\InstallCmsSampleData'),(199,'Magento\\SalesSampleData\\Setup\\Patch\\Data\\InstallSalesSampleData'),(200,'Magento\\ProductLinksSampleData\\Setup\\Patch\\Data\\InstallProductLinksSampleData'),(201,'Magento\\WidgetSampleData\\Setup\\Patch\\Data\\InstallWidgetSampleData'),(202,'Magento\\WishlistSampleData\\Setup\\Patch\\Data\\InstallWishlistSampleData'),(203,'Mageplaza\\Smtp\\Setup\\Patch\\Data\\UpgradeAttributeData');

--
-- Table structure for table `paypal_billing_agreement`
--

CREATE TABLE `paypal_billing_agreement` (
  `agreement_id` int unsigned NOT NULL AUTO_INCREMENT COMMENT 'Agreement ID',
  `customer_id` int unsigned NOT NULL COMMENT 'Customer ID',
  `method_code` varchar(32) NOT NULL COMMENT 'Method Code',
  `reference_id` varchar(32) NOT NULL COMMENT 'Reference ID',
  `status` varchar(20) NOT NULL COMMENT 'Status',
  `created_at` timestamp NOT NULL DEFAULT CURRENT_TIMESTAMP COMMENT 'Created At',
  `updated_at` timestamp NULL DEFAULT NULL COMMENT 'Updated At',
  `store_id` smallint unsigned DEFAULT NULL COMMENT 'Store ID',
  `agreement_label` varchar(255) DEFAULT NULL COMMENT 'Agreement Label',
  PRIMARY KEY (`agreement_id`),
  KEY `PAYPAL_BILLING_AGREEMENT_CUSTOMER_ID` (`customer_id`),
  KEY `PAYPAL_BILLING_AGREEMENT_STORE_ID` (`store_id`),
  CONSTRAINT `PAYPAL_BILLING_AGREEMENT_CUSTOMER_ID_CUSTOMER_ENTITY_ENTITY_ID` FOREIGN KEY (`customer_id`) REFERENCES `customer_entity` (`entity_id`) ON DELETE CASCADE,
  CONSTRAINT `PAYPAL_BILLING_AGREEMENT_STORE_ID_STORE_STORE_ID` FOREIGN KEY (`store_id`) REFERENCES `store` (`store_id`) ON DELETE SET NULL
) ENGINE=InnoDB DEFAULT CHARSET=utf8mb3 COMMENT='Sales Billing Agreement';

--
-- Dumping data for table `paypal_billing_agreement`
--


--
-- Table structure for table `paypal_billing_agreement_order`
--

CREATE TABLE `paypal_billing_agreement_order` (
  `agreement_id` int unsigned NOT NULL COMMENT 'Agreement ID',
  `order_id` int unsigned NOT NULL COMMENT 'Order ID',
  PRIMARY KEY (`agreement_id`,`order_id`),
  KEY `PAYPAL_BILLING_AGREEMENT_ORDER_ORDER_ID` (`order_id`),
  CONSTRAINT `PAYPAL_BILLING_AGREEMENT_ORDER_ORDER_ID_SALES_ORDER_ENTITY_ID` FOREIGN KEY (`order_id`) REFERENCES `sales_order` (`entity_id`) ON DELETE CASCADE,
  CONSTRAINT `PAYPAL_BILLING_AGRT_ORDER_AGRT_ID_PAYPAL_BILLING_AGRT_AGRT_ID` FOREIGN KEY (`agreement_id`) REFERENCES `paypal_billing_agreement` (`agreement_id`) ON DELETE CASCADE
) ENGINE=InnoDB DEFAULT CHARSET=utf8mb3 COMMENT='Sales Billing Agreement Order';

--
-- Dumping data for table `paypal_billing_agreement_order`
--


--
-- Table structure for table `paypal_cert`
--

CREATE TABLE `paypal_cert` (
  `cert_id` smallint unsigned NOT NULL AUTO_INCREMENT COMMENT 'Cert ID',
  `website_id` smallint unsigned NOT NULL DEFAULT '0' COMMENT 'Website ID',
  `content` text COMMENT 'Content',
  `updated_at` timestamp NULL DEFAULT NULL COMMENT 'Updated At',
  PRIMARY KEY (`cert_id`),
  KEY `PAYPAL_CERT_WEBSITE_ID` (`website_id`),
  CONSTRAINT `PAYPAL_CERT_WEBSITE_ID_STORE_WEBSITE_WEBSITE_ID` FOREIGN KEY (`website_id`) REFERENCES `store_website` (`website_id`) ON DELETE CASCADE
) ENGINE=InnoDB DEFAULT CHARSET=utf8mb3 COMMENT='Paypal Certificate Table';

--
-- Dumping data for table `paypal_cert`
--


--
-- Table structure for table `paypal_payment_transaction`
--

CREATE TABLE `paypal_payment_transaction` (
  `transaction_id` int unsigned NOT NULL AUTO_INCREMENT COMMENT 'Entity ID',
  `txn_id` varchar(100) DEFAULT NULL COMMENT 'Txn ID',
  `additional_information` blob COMMENT 'Additional Information',
  `created_at` timestamp NULL DEFAULT NULL COMMENT 'Created At',
  PRIMARY KEY (`transaction_id`),
  UNIQUE KEY `PAYPAL_PAYMENT_TRANSACTION_TXN_ID` (`txn_id`)
) ENGINE=InnoDB DEFAULT CHARSET=utf8mb3 COMMENT='PayPal Payflow Link Payment Transaction';

--
-- Dumping data for table `paypal_payment_transaction`
--


--
-- Table structure for table `paypal_settlement_report`
--

CREATE TABLE `paypal_settlement_report` (
  `report_id` int unsigned NOT NULL AUTO_INCREMENT COMMENT 'Report ID',
  `report_date` date DEFAULT NULL COMMENT 'Report Date',
  `account_id` varchar(64) DEFAULT NULL COMMENT 'Account ID',
  `filename` varchar(24) DEFAULT NULL COMMENT 'Filename',
  `last_modified` timestamp NULL DEFAULT NULL COMMENT 'Last Modified',
  PRIMARY KEY (`report_id`),
  UNIQUE KEY `PAYPAL_SETTLEMENT_REPORT_REPORT_DATE_ACCOUNT_ID` (`report_date`,`account_id`)
) ENGINE=InnoDB DEFAULT CHARSET=utf8mb3 COMMENT='Paypal Settlement Report Table';

--
-- Dumping data for table `paypal_settlement_report`
--


--
-- Table structure for table `paypal_settlement_report_row`
--

CREATE TABLE `paypal_settlement_report_row` (
  `row_id` int unsigned NOT NULL AUTO_INCREMENT COMMENT 'Row ID',
  `report_id` int unsigned NOT NULL COMMENT 'Report ID',
  `transaction_id` varchar(19) DEFAULT NULL COMMENT 'Transaction ID',
  `invoice_id` varchar(127) DEFAULT NULL COMMENT 'Invoice ID',
  `paypal_reference_id` varchar(19) DEFAULT NULL COMMENT 'Paypal Reference ID',
  `paypal_reference_id_type` varchar(3) DEFAULT NULL COMMENT 'Paypal Reference ID Type',
  `transaction_event_code` varchar(5) DEFAULT NULL COMMENT 'Transaction Event Code',
  `transaction_initiation_date` timestamp NULL DEFAULT NULL COMMENT 'Transaction Initiation Date',
  `transaction_completion_date` timestamp NULL DEFAULT NULL COMMENT 'Transaction Completion Date',
  `transaction_debit_or_credit` varchar(2) NOT NULL DEFAULT 'CR' COMMENT 'Transaction Debit Or Credit',
  `gross_transaction_amount` decimal(20,6) NOT NULL DEFAULT '0.000000' COMMENT 'Gross Transaction Amount',
  `gross_transaction_currency` varchar(3) DEFAULT NULL COMMENT 'Gross Transaction Currency',
  `fee_debit_or_credit` varchar(2) DEFAULT NULL COMMENT 'Fee Debit Or Credit',
  `fee_amount` decimal(20,6) NOT NULL DEFAULT '0.000000' COMMENT 'Fee Amount',
  `fee_currency` varchar(3) DEFAULT NULL COMMENT 'Fee Currency',
  `custom_field` varchar(255) DEFAULT NULL COMMENT 'Custom Field',
  `consumer_id` varchar(127) DEFAULT NULL COMMENT 'Consumer ID',
  `payment_tracking_id` varchar(255) DEFAULT NULL COMMENT 'Payment Tracking ID',
  `store_id` varchar(50) DEFAULT NULL COMMENT 'Store ID',
  PRIMARY KEY (`row_id`),
  KEY `PAYPAL_SETTLEMENT_REPORT_ROW_REPORT_ID` (`report_id`),
  CONSTRAINT `FK_E183E488F593E0DE10C6EBFFEBAC9B55` FOREIGN KEY (`report_id`) REFERENCES `paypal_settlement_report` (`report_id`) ON DELETE CASCADE
) ENGINE=InnoDB DEFAULT CHARSET=utf8mb3 COMMENT='Paypal Settlement Report Row Table';

--
-- Dumping data for table `paypal_settlement_report_row`
--


--
-- Table structure for table `persistent_session`
--

CREATE TABLE `persistent_session` (
  `persistent_id` int unsigned NOT NULL AUTO_INCREMENT COMMENT 'Session ID',
  `key` varchar(50) NOT NULL COMMENT 'Unique cookie key',
  `customer_id` int unsigned DEFAULT NULL COMMENT 'Customer ID',
  `website_id` smallint unsigned NOT NULL DEFAULT '0' COMMENT 'Website ID',
  `info` text COMMENT 'Session Data',
  `updated_at` timestamp NOT NULL DEFAULT CURRENT_TIMESTAMP ON UPDATE CURRENT_TIMESTAMP COMMENT 'Updated At',
  PRIMARY KEY (`persistent_id`),
  UNIQUE KEY `PERSISTENT_SESSION_KEY` (`key`),
  UNIQUE KEY `PERSISTENT_SESSION_CUSTOMER_ID` (`customer_id`),
  KEY `PERSISTENT_SESSION_WEBSITE_ID_STORE_WEBSITE_WEBSITE_ID` (`website_id`),
  KEY `PERSISTENT_SESSION_UPDATED_AT` (`updated_at`),
  CONSTRAINT `PERSISTENT_SESSION_CUSTOMER_ID_CUSTOMER_ENTITY_ENTITY_ID` FOREIGN KEY (`customer_id`) REFERENCES `customer_entity` (`entity_id`) ON DELETE CASCADE,
  CONSTRAINT `PERSISTENT_SESSION_WEBSITE_ID_STORE_WEBSITE_WEBSITE_ID` FOREIGN KEY (`website_id`) REFERENCES `store_website` (`website_id`) ON DELETE CASCADE
) ENGINE=InnoDB DEFAULT CHARSET=utf8mb3 COMMENT='Persistent Session';

--
-- Dumping data for table `persistent_session`
--


--
-- Table structure for table `product_alert_price`
--

CREATE TABLE `product_alert_price` (
  `alert_price_id` int unsigned NOT NULL AUTO_INCREMENT COMMENT 'Product alert price ID',
  `customer_id` int unsigned NOT NULL DEFAULT '0' COMMENT 'Customer ID',
  `product_id` int unsigned NOT NULL DEFAULT '0' COMMENT 'Product ID',
  `price` decimal(20,6) NOT NULL DEFAULT '0.000000' COMMENT 'Price amount',
  `website_id` smallint unsigned NOT NULL DEFAULT '0' COMMENT 'Website ID',
  `store_id` smallint unsigned DEFAULT '0' COMMENT 'Store ID',
  `add_date` timestamp NOT NULL DEFAULT CURRENT_TIMESTAMP COMMENT 'Product alert add date',
  `last_send_date` timestamp NULL DEFAULT NULL COMMENT 'Product alert last send date',
  `send_count` smallint unsigned NOT NULL DEFAULT '0' COMMENT 'Product alert send count',
  `status` smallint unsigned NOT NULL DEFAULT '0' COMMENT 'Product alert status',
  PRIMARY KEY (`alert_price_id`),
  KEY `PRODUCT_ALERT_PRICE_CUSTOMER_ID` (`customer_id`),
  KEY `PRODUCT_ALERT_PRICE_PRODUCT_ID` (`product_id`),
  KEY `PRODUCT_ALERT_PRICE_WEBSITE_ID` (`website_id`),
  KEY `PRODUCT_ALERT_PRICE_STORE_ID` (`store_id`),
  CONSTRAINT `PRODUCT_ALERT_PRICE_CUSTOMER_ID_CUSTOMER_ENTITY_ENTITY_ID` FOREIGN KEY (`customer_id`) REFERENCES `customer_entity` (`entity_id`) ON DELETE CASCADE,
  CONSTRAINT `PRODUCT_ALERT_PRICE_PRODUCT_ID_CATALOG_PRODUCT_ENTITY_ENTITY_ID` FOREIGN KEY (`product_id`) REFERENCES `catalog_product_entity` (`entity_id`) ON DELETE CASCADE,
  CONSTRAINT `PRODUCT_ALERT_PRICE_STORE_ID_STORE_STORE_ID` FOREIGN KEY (`store_id`) REFERENCES `store` (`store_id`) ON DELETE CASCADE,
  CONSTRAINT `PRODUCT_ALERT_PRICE_WEBSITE_ID_STORE_WEBSITE_WEBSITE_ID` FOREIGN KEY (`website_id`) REFERENCES `store_website` (`website_id`) ON DELETE CASCADE
) ENGINE=InnoDB DEFAULT CHARSET=utf8mb3 COMMENT='Product Alert Price';

--
-- Dumping data for table `product_alert_price`
--


--
-- Table structure for table `product_alert_stock`
--

CREATE TABLE `product_alert_stock` (
  `alert_stock_id` int unsigned NOT NULL AUTO_INCREMENT COMMENT 'Product alert stock ID',
  `customer_id` int unsigned NOT NULL DEFAULT '0' COMMENT 'Customer ID',
  `product_id` int unsigned NOT NULL DEFAULT '0' COMMENT 'Product ID',
  `website_id` smallint unsigned NOT NULL DEFAULT '0' COMMENT 'Website ID',
  `store_id` smallint unsigned DEFAULT '0' COMMENT 'Store ID',
  `add_date` timestamp NOT NULL DEFAULT CURRENT_TIMESTAMP COMMENT 'Product alert add date',
  `send_date` timestamp NULL DEFAULT NULL COMMENT 'Product alert send date',
  `send_count` smallint unsigned NOT NULL DEFAULT '0' COMMENT 'Send Count',
  `status` smallint unsigned NOT NULL DEFAULT '0' COMMENT 'Product alert status',
  PRIMARY KEY (`alert_stock_id`),
  KEY `PRODUCT_ALERT_STOCK_CUSTOMER_ID` (`customer_id`),
  KEY `PRODUCT_ALERT_STOCK_PRODUCT_ID` (`product_id`),
  KEY `PRODUCT_ALERT_STOCK_WEBSITE_ID` (`website_id`),
  KEY `PRODUCT_ALERT_STOCK_STORE_ID` (`store_id`),
  CONSTRAINT `PRODUCT_ALERT_STOCK_CUSTOMER_ID_CUSTOMER_ENTITY_ENTITY_ID` FOREIGN KEY (`customer_id`) REFERENCES `customer_entity` (`entity_id`) ON DELETE CASCADE,
  CONSTRAINT `PRODUCT_ALERT_STOCK_PRODUCT_ID_CATALOG_PRODUCT_ENTITY_ENTITY_ID` FOREIGN KEY (`product_id`) REFERENCES `catalog_product_entity` (`entity_id`) ON DELETE CASCADE,
  CONSTRAINT `PRODUCT_ALERT_STOCK_STORE_ID_STORE_STORE_ID` FOREIGN KEY (`store_id`) REFERENCES `store` (`store_id`) ON DELETE CASCADE,
  CONSTRAINT `PRODUCT_ALERT_STOCK_WEBSITE_ID_STORE_WEBSITE_WEBSITE_ID` FOREIGN KEY (`website_id`) REFERENCES `store_website` (`website_id`) ON DELETE CASCADE
) ENGINE=InnoDB DEFAULT CHARSET=utf8mb3 COMMENT='Product Alert Stock';

--
-- Dumping data for table `product_alert_stock`
--


--
-- Table structure for table `queue`
--

CREATE TABLE `queue` (
  `id` int unsigned NOT NULL AUTO_INCREMENT COMMENT 'Queue ID',
  `name` varchar(255) DEFAULT NULL COMMENT 'Queue name',
  PRIMARY KEY (`id`),
  UNIQUE KEY `QUEUE_NAME` (`name`)
) ENGINE=InnoDB AUTO_INCREMENT=20 DEFAULT CHARSET=utf8mb3 COMMENT='Table storing unique queues';

--
-- Dumping data for table `queue`
--

INSERT INTO `queue` VALUES (19,'async.operations.all'),(15,'codegenerator'),(4,'export'),(10,'inventory.indexer.sourceItem'),(11,'inventory.indexer.stock'),(6,'inventory.mass.update'),(7,'inventory.reservations.cleanup'),(8,'inventory.reservations.update'),(9,'inventory.reservations.updateSalabilityStatus'),(5,'inventory.source.items.cleanup'),(12,'media.content.synchronization'),(13,'media.gallery.renditions.update'),(14,'media.gallery.synchronization'),(3,'media.storage.catalog.image.resize'),(1,'product_action_attribute.update'),(2,'product_action_attribute.website.update'),(18,'product_alert.queue'),(17,'sales.rule.quote.trigger.recollect'),(16,'sales.rule.update.coupon.usage');

--
-- Table structure for table `queue_lock`
--

CREATE TABLE `queue_lock` (
  `id` int unsigned NOT NULL AUTO_INCREMENT COMMENT 'Message ID',
  `message_code` varchar(255) NOT NULL DEFAULT '' COMMENT 'Message Code',
  `created_at` timestamp NOT NULL DEFAULT CURRENT_TIMESTAMP ON UPDATE CURRENT_TIMESTAMP COMMENT 'Created At',
  PRIMARY KEY (`id`),
  UNIQUE KEY `QUEUE_LOCK_MESSAGE_CODE` (`message_code`)
) ENGINE=InnoDB DEFAULT CHARSET=utf8mb3 COMMENT='Messages that were processed are inserted here to be locked.';

--
-- Dumping data for table `queue_lock`
--


--
-- Table structure for table `queue_message`
--

CREATE TABLE `queue_message` (
  `id` bigint unsigned NOT NULL AUTO_INCREMENT COMMENT 'Message ID',
  `topic_name` varchar(255) DEFAULT NULL COMMENT 'Message topic',
  `body` longtext COMMENT 'Message body',
  PRIMARY KEY (`id`)
) ENGINE=InnoDB AUTO_INCREMENT=28 DEFAULT CHARSET=utf8mb3 COMMENT='Queue messages';

--
-- Dumping data for table `queue_message`
--

INSERT INTO `queue_message` VALUES (1,'sales.rule.update.coupon.usage','{\"id\":null,\"bulk_uuid\":\"6b6352bf-5bc9-44d4-b395-b64390675d76\",\"topic_name\":\"sales.rule.update.coupon.usage\",\"serialized_data\":\"{\\\"applied_rule_ids\\\":[\\\"1\\\"],\\\"coupon_code\\\":\\\"\\\",\\\"customer_id\\\":1,\\\"is_increment\\\":true}\",\"result_serialized_data\":null,\"status\":4,\"result_message\":null,\"error_code\":null}'),(2,'inventory.reservations.updateSalabilityStatus','{\"skus\":[],\"stock\":1}'),(3,'inventory.reservations.updateSalabilityStatus','{\"skus\":[\"WS03-XS-Red\"],\"stock\":1}'),(4,'sales.rule.update.coupon.usage','{\"id\":null,\"bulk_uuid\":\"1291c1ff-93e3-4c23-9dcc-8479646ec4eb\",\"topic_name\":\"sales.rule.update.coupon.usage\",\"serialized_data\":\"{\\\"applied_rule_ids\\\":[\\\"1\\\"],\\\"coupon_code\\\":\\\"\\\",\\\"customer_id\\\":1,\\\"is_increment\\\":true}\",\"result_serialized_data\":null,\"status\":4,\"result_message\":null,\"error_code\":null}'),(5,'inventory.reservations.updateSalabilityStatus','{\"skus\":[],\"stock\":1}'),(6,'inventory.reservations.updateSalabilityStatus','{\"skus\":[\"WS08-XS-Blue\"],\"stock\":1}'),(7,'sales.rule.update.coupon.usage','{\"id\":null,\"bulk_uuid\":\"de956161-cd6d-408f-83bb-c94682f67bcf\",\"topic_name\":\"sales.rule.update.coupon.usage\",\"serialized_data\":\"{\\\"applied_rule_ids\\\":[\\\"2\\\"],\\\"coupon_code\\\":\\\"\\\",\\\"customer_id\\\":0,\\\"is_increment\\\":true}\",\"result_serialized_data\":null,\"status\":4,\"result_message\":null,\"error_code\":null}'),(8,'inventory.reservations.updateSalabilityStatus','{\"skus\":[\"24-WB04\",\"24-UG05\"],\"stock\":1}'),(9,'inventory.reservations.updateSalabilityStatus','{\"skus\":[\"WSH07-28-Blue\"],\"stock\":1}'),(10,'inventory.reservations.updateSalabilityStatus','{\"skus\":[\"WSH07-28-Blue\"],\"stock\":1}'),(11,'inventory.reservations.updateSalabilityStatus','{\"skus\":[\"24-WB04\"],\"stock\":1}'),(12,'inventory.reservations.updateSalabilityStatus','{\"skus\":[\"WSH07-29-Purple\"],\"stock\":1}'),(13,'inventory.reservations.updateSalabilityStatus','{\"skus\":[\"MT07-S-Gray\"],\"stock\":1}'),(14,'sales.rule.update.coupon.usage','{\"id\":null,\"bulk_uuid\":\"2190bbdd-1c0a-470f-9e15-ca27f27280b1\",\"topic_name\":\"sales.rule.update.coupon.usage\",\"serialized_data\":\"{\\\"applied_rule_ids\\\":[\\\"2\\\"],\\\"coupon_code\\\":\\\"\\\",\\\"customer_id\\\":3,\\\"is_increment\\\":true}\",\"result_serialized_data\":null,\"status\":4,\"result_message\":null,\"error_code\":null}'),(15,'inventory.reservations.updateSalabilityStatus','{\"skus\":[\"MH07-S-Gray\"],\"stock\":1}'),(16,'inventory.reservations.updateSalabilityStatus','{\"skus\":[\"WSH10-29-Orange\"],\"stock\":1}'),(17,'inventory.reservations.updateSalabilityStatus','{\"skus\":[\"WSH09-29-Green\"],\"stock\":1}'),(18,'inventory.reservations.updateSalabilityStatus','{\"skus\":[\"WSH09-29-Green\"],\"stock\":1}'),(19,'sales.rule.update.coupon.usage','{\"id\":null,\"bulk_uuid\":\"b577edeb-0075-4757-8d12-bde23d7461d0\",\"topic_name\":\"sales.rule.update.coupon.usage\",\"serialized_data\":\"{\\\"applied_rule_ids\\\":[\\\"2\\\"],\\\"coupon_code\\\":\\\"\\\",\\\"customer_id\\\":0,\\\"is_increment\\\":true}\",\"result_serialized_data\":null,\"status\":4,\"result_message\":null,\"error_code\":null}'),(20,'inventory.reservations.updateSalabilityStatus','{\"skus\":[\"WSH10-28-Black\"],\"stock\":1}'),(21,'inventory.reservations.updateSalabilityStatus','{\"skus\":[\"WSH09-29-Green\"],\"stock\":1}'),(22,'inventory.reservations.updateSalabilityStatus','{\"skus\":[\"WSH08-28-Purple\"],\"stock\":1}'),(23,'inventory.reservations.updateSalabilityStatus','{\"skus\":[\"WSH11-28-Orange\"],\"stock\":1}'),(24,'inventory.reservations.updateSalabilityStatus','{\"skus\":[\"WSH08-29-Purple\"],\"stock\":1}'),(25,'inventory.reservations.updateSalabilityStatus','{\"skus\":[\"WSH08-28-Purple\"],\"stock\":1}'),(26,'sales.rule.update.coupon.usage','{\"id\":null,\"bulk_uuid\":\"c7f24798-adff-469d-88b7-2026dceb35a6\",\"topic_name\":\"sales.rule.update.coupon.usage\",\"serialized_data\":\"{\\\"applied_rule_ids\\\":[\\\"2\\\"],\\\"coupon_code\\\":\\\"\\\",\\\"customer_id\\\":7,\\\"is_increment\\\":true}\",\"result_serialized_data\":null,\"status\":4,\"result_message\":null,\"error_code\":null}'),(27,'inventory.reservations.updateSalabilityStatus','{\"skus\":[\"24-WG085\",\"24-MB06\"],\"stock\":1}');

--
-- Table structure for table `queue_message_status`
--

CREATE TABLE `queue_message_status` (
  `id` bigint unsigned NOT NULL AUTO_INCREMENT COMMENT 'Relation ID',
  `queue_id` int unsigned NOT NULL COMMENT 'Queue ID',
  `message_id` bigint unsigned NOT NULL COMMENT 'Message ID',
  `updated_at` timestamp NOT NULL DEFAULT CURRENT_TIMESTAMP ON UPDATE CURRENT_TIMESTAMP COMMENT 'Updated At',
  `status` smallint unsigned NOT NULL COMMENT 'Message status in particular queue',
  `number_of_trials` smallint unsigned NOT NULL DEFAULT '0' COMMENT 'Number of trials to processed failed message processing',
  PRIMARY KEY (`id`),
  UNIQUE KEY `QUEUE_MESSAGE_STATUS_QUEUE_ID_MESSAGE_ID` (`queue_id`,`message_id`),
  KEY `QUEUE_MESSAGE_STATUS_MESSAGE_ID_QUEUE_MESSAGE_ID` (`message_id`),
  KEY `QUEUE_MESSAGE_STATUS_STATUS_UPDATED_AT` (`status`,`updated_at`),
  CONSTRAINT `QUEUE_MESSAGE_STATUS_MESSAGE_ID_QUEUE_MESSAGE_ID` FOREIGN KEY (`message_id`) REFERENCES `queue_message` (`id`) ON DELETE CASCADE,
  CONSTRAINT `QUEUE_MESSAGE_STATUS_QUEUE_ID_QUEUE_ID` FOREIGN KEY (`queue_id`) REFERENCES `queue` (`id`) ON DELETE CASCADE
) ENGINE=InnoDB AUTO_INCREMENT=28 DEFAULT CHARSET=utf8mb3 COMMENT='Relation table to keep associations between queues and messages';

--
-- Dumping data for table `queue_message_status`
--

INSERT INTO `queue_message_status` VALUES (1,16,1,'2024-02-29 10:29:50',2,0),(2,9,2,'2024-02-29 10:29:50',2,0),(3,9,3,'2024-02-29 10:29:51',2,0),(4,16,4,'2024-02-29 10:29:51',2,0),(5,9,5,'2024-02-29 10:29:51',2,0),(6,9,6,'2024-02-29 10:29:51',2,0),(7,16,7,'2024-02-29 10:54:12',2,0),(8,9,8,'2024-02-29 10:54:12',2,0),(9,9,9,'2024-03-05 04:46:38',2,0),(10,9,10,'2024-03-05 04:47:19',2,0),(11,9,11,'2024-03-05 10:50:30',2,0),(12,9,12,'2024-03-05 10:59:32',2,0),(13,9,13,'2024-03-06 10:37:42',2,0),(14,16,14,'2024-03-06 11:20:46',2,0),(15,9,15,'2024-03-06 11:20:46',2,0),(16,9,16,'2024-03-06 12:05:09',2,0),(17,9,17,'2024-03-06 12:05:37',2,0),(18,9,18,'2024-03-06 12:06:48',2,0),(19,16,19,'2024-03-06 12:07:10',2,0),(20,9,20,'2024-03-06 12:07:10',2,0),(21,9,21,'2024-03-06 12:09:53',2,0),(22,9,22,'2024-03-06 12:09:58',2,0),(23,9,23,'2024-03-06 12:18:01',2,0),(24,9,24,'2024-03-06 12:18:49',2,0),(25,9,25,'2024-03-06 12:22:23',2,0),(26,16,26,'2024-08-30 09:51:41',2,0),(27,9,27,'2024-08-30 09:51:42',2,0);

--
-- Table structure for table `queue_poison_pill`
--

CREATE TABLE `queue_poison_pill` (
  `version` varchar(255) NOT NULL COMMENT 'Poison Pill version.'
) ENGINE=InnoDB DEFAULT CHARSET=utf8mb3 COMMENT='Sequence table for poison pill versions';

--
-- Dumping data for table `queue_poison_pill`
--

INSERT INTO `queue_poison_pill` VALUES ('version-65fae216e0acd');

--
-- Table structure for table `quote`
--

CREATE TABLE `quote` (
  `entity_id` int unsigned NOT NULL AUTO_INCREMENT COMMENT 'Entity ID',
  `store_id` smallint unsigned NOT NULL DEFAULT '0' COMMENT 'Store ID',
  `created_at` timestamp NOT NULL DEFAULT CURRENT_TIMESTAMP COMMENT 'Created At',
  `updated_at` timestamp NOT NULL DEFAULT CURRENT_TIMESTAMP ON UPDATE CURRENT_TIMESTAMP,
  `converted_at` timestamp NULL DEFAULT NULL COMMENT 'Converted At',
  `is_active` smallint unsigned DEFAULT '1' COMMENT 'Is Active',
  `is_virtual` smallint unsigned DEFAULT '0' COMMENT 'Is Virtual',
  `is_multi_shipping` smallint unsigned DEFAULT '0' COMMENT 'Is Multi Shipping',
  `items_count` int unsigned DEFAULT '0' COMMENT 'Items Count',
  `items_qty` decimal(12,4) DEFAULT '0.0000' COMMENT 'Items Qty',
  `orig_order_id` int unsigned DEFAULT '0' COMMENT 'Orig Order ID',
  `store_to_base_rate` decimal(12,4) DEFAULT '0.0000' COMMENT 'Store To Base Rate',
  `store_to_quote_rate` decimal(12,4) DEFAULT '0.0000' COMMENT 'Store To Quote Rate',
  `base_currency_code` varchar(255) DEFAULT NULL COMMENT 'Base Currency Code',
  `store_currency_code` varchar(255) DEFAULT NULL COMMENT 'Store Currency Code',
  `quote_currency_code` varchar(255) DEFAULT NULL COMMENT 'Quote Currency Code',
  `grand_total` decimal(20,4) DEFAULT '0.0000' COMMENT 'Grand Total',
  `base_grand_total` decimal(20,4) DEFAULT '0.0000' COMMENT 'Base Grand Total',
  `checkout_method` varchar(255) DEFAULT NULL COMMENT 'Checkout Method',
  `customer_id` int unsigned DEFAULT NULL COMMENT 'Customer ID',
  `customer_tax_class_id` int unsigned DEFAULT NULL COMMENT 'Customer Tax Class ID',
  `customer_group_id` int unsigned DEFAULT '0' COMMENT 'Customer Group ID',
  `customer_email` varchar(255) DEFAULT NULL COMMENT 'Customer Email',
  `customer_prefix` varchar(40) DEFAULT NULL COMMENT 'Customer Prefix',
  `customer_firstname` varchar(255) DEFAULT NULL COMMENT 'Customer Firstname',
  `customer_middlename` varchar(40) DEFAULT NULL COMMENT 'Customer Middlename',
  `customer_lastname` varchar(255) DEFAULT NULL COMMENT 'Customer Lastname',
  `customer_suffix` varchar(40) DEFAULT NULL COMMENT 'Customer Suffix',
  `customer_dob` datetime DEFAULT NULL COMMENT 'Customer Dob',
  `customer_note` text COMMENT 'Customer Note',
  `customer_note_notify` smallint unsigned DEFAULT '1' COMMENT 'Customer Note Notify',
  `customer_is_guest` smallint unsigned DEFAULT '0' COMMENT 'Customer Is Guest',
  `remote_ip` varchar(45) DEFAULT NULL COMMENT 'Remote Ip',
  `applied_rule_ids` varchar(255) DEFAULT NULL COMMENT 'Applied Rule Ids',
  `reserved_order_id` varchar(64) DEFAULT NULL COMMENT 'Reserved Order ID',
  `password_hash` varchar(255) DEFAULT NULL COMMENT 'Password Hash',
  `coupon_code` varchar(255) DEFAULT NULL COMMENT 'Coupon Code',
  `global_currency_code` varchar(255) DEFAULT NULL COMMENT 'Global Currency Code',
  `base_to_global_rate` decimal(20,4) DEFAULT NULL COMMENT 'Base To Global Rate',
  `base_to_quote_rate` decimal(20,4) DEFAULT NULL COMMENT 'Base To Quote Rate',
  `customer_taxvat` varchar(255) DEFAULT NULL COMMENT 'Customer Taxvat',
  `customer_gender` varchar(255) DEFAULT NULL COMMENT 'Customer Gender',
  `subtotal` decimal(20,4) DEFAULT NULL COMMENT 'Subtotal',
  `base_subtotal` decimal(20,4) DEFAULT NULL COMMENT 'Base Subtotal',
  `subtotal_with_discount` decimal(20,4) DEFAULT NULL COMMENT 'Subtotal With Discount',
  `base_subtotal_with_discount` decimal(20,4) DEFAULT NULL COMMENT 'Base Subtotal With Discount',
  `is_changed` int unsigned DEFAULT NULL COMMENT 'Is Changed',
  `trigger_recollect` smallint NOT NULL DEFAULT '0' COMMENT 'Trigger Recollect',
  `ext_shipping_info` text COMMENT 'Ext Shipping Info',
  `gift_message_id` int DEFAULT NULL COMMENT 'Gift Message ID',
  `is_persistent` smallint unsigned DEFAULT '0' COMMENT 'Is Quote Persistent',
  `mp_smtp_ace_token` smallint DEFAULT NULL COMMENT 'ACE Token',
  `mp_smtp_ace_sent` smallint DEFAULT '0' COMMENT 'ACE Sent',
  `mp_smtp_ace_log_ids` text COMMENT 'ACE Log Ids',
  `mp_smtp_ace_log_data` text COMMENT 'ACE Log Data',
  PRIMARY KEY (`entity_id`),
  KEY `QUOTE_CUSTOMER_ID_STORE_ID_IS_ACTIVE` (`customer_id`,`store_id`,`is_active`),
  KEY `QUOTE_STORE_ID` (`store_id`),
  CONSTRAINT `QUOTE_STORE_ID_STORE_STORE_ID` FOREIGN KEY (`store_id`) REFERENCES `store` (`store_id`) ON DELETE CASCADE
) ENGINE=InnoDB AUTO_INCREMENT=28 DEFAULT CHARSET=utf8mb3 COMMENT='Sales Flat Quote';

--
-- Dumping data for table `quote`
--

INSERT INTO `quote` VALUES (1,1,'2024-02-29 10:29:49','2024-02-29 10:29:50',NULL,0,0,0,1,1.0000,0,0.0000,0.0000,'USD','USD','USD',36.3900,36.3900,NULL,1,3,1,'roni_cost@example.com',NULL,'Veronica',NULL,'Costello',NULL,'1973-12-15 00:00:00',NULL,1,0,NULL,'1','000000001',NULL,NULL,'USD',1.0000,1.0000,NULL,'2',29.0000,29.0000,29.0000,29.0000,1,0,NULL,NULL,0,NULL,0,NULL,NULL),(2,1,'2024-02-29 10:29:51','2024-02-29 10:29:51',NULL,0,0,0,1,1.0000,0,0.0000,0.0000,'USD','USD','USD',39.6400,39.6400,NULL,1,3,1,'roni_cost@example.com',NULL,'Veronica',NULL,'Costello',NULL,'1973-12-15 00:00:00',NULL,1,0,NULL,'1','000000002',NULL,NULL,'USD',1.0000,1.0000,NULL,'2',32.0000,32.0000,32.0000,32.0000,1,0,NULL,NULL,0,NULL,0,NULL,NULL),(3,1,'2024-02-29 10:51:16','2024-02-29 10:54:13',NULL,0,0,0,2,3.0000,0,0.0000,0.0000,'USD','USD','USD',124.0000,124.0000,'guest',NULL,3,0,'palak.bansal@yirontechnologies.com',NULL,'palak',NULL,'bansal',NULL,NULL,NULL,1,1,'112.196.120.178','2','000000003',NULL,NULL,'USD',1.0000,1.0000,NULL,NULL,109.0000,109.0000,109.0000,109.0000,1,0,NULL,NULL,0,NULL,0,NULL,NULL),(4,1,'2024-02-29 11:01:54','2024-02-29 11:02:54',NULL,1,0,0,2,26.0000,0,0.0000,0.0000,'USD','USD','USD',301.6000,301.6000,NULL,NULL,3,0,NULL,NULL,NULL,NULL,NULL,NULL,NULL,NULL,1,1,'112.196.120.178','1,2,3',NULL,NULL,NULL,'USD',1.0000,1.0000,NULL,NULL,452.0000,452.0000,301.6000,301.6000,1,0,NULL,NULL,0,NULL,0,NULL,NULL),(5,1,'2024-02-29 11:35:07','2024-02-29 11:35:07',NULL,0,0,0,2,3.0000,0,0.0000,0.0000,'USD','USD','USD',124.0000,124.0000,NULL,NULL,3,0,'palak.bansal@yirontechnologies.com',NULL,NULL,NULL,NULL,NULL,NULL,NULL,1,1,NULL,'2',NULL,NULL,NULL,'USD',1.0000,1.0000,NULL,NULL,109.0000,109.0000,109.0000,109.0000,1,0,NULL,NULL,0,NULL,0,NULL,NULL),(6,1,'2024-03-05 04:45:57','2024-03-05 04:46:48',NULL,0,0,0,1,1.0000,0,0.0000,0.0000,'USD','USD','USD',29.0000,29.0000,NULL,2,3,1,'amit.kumar@yirontechnologies.com',NULL,'Amit',NULL,'kamboj',NULL,NULL,NULL,1,0,'59.89.31.141',NULL,'000000004',NULL,NULL,'USD',1.0000,1.0000,NULL,NULL,24.0000,24.0000,24.0000,24.0000,1,0,NULL,NULL,0,0,0,NULL,NULL),(7,1,'2024-03-05 10:46:15','2024-03-05 10:50:40',NULL,0,0,0,1,1.0000,0,0.0000,0.0000,'USD','USD','USD',50.0000,50.0000,'guest',NULL,3,0,'palak.bansal@yirontechnologies.com',NULL,'PAlak',NULL,'BAnsal',NULL,NULL,NULL,1,1,'112.196.120.178',NULL,'000000005',NULL,NULL,'USD',1.0000,1.0000,NULL,NULL,45.0000,45.0000,45.0000,45.0000,1,0,NULL,NULL,0,0,0,NULL,NULL),(8,1,'2024-03-05 10:58:43','2024-03-05 10:59:41',NULL,0,0,0,1,1.0000,0,0.0000,0.0000,'USD','USD','USD',29.0000,29.0000,NULL,3,3,1,'alert@jamboshop.com',NULL,'Amit',NULL,'kamboj',NULL,NULL,NULL,1,0,'59.89.31.141',NULL,'000000006',NULL,NULL,'USD',1.0000,1.0000,NULL,NULL,24.0000,24.0000,24.0000,24.0000,1,0,NULL,NULL,0,8,0,NULL,NULL),(9,1,'2024-03-05 10:59:03','2024-03-05 10:59:03',NULL,1,0,0,0,0.0000,0,0.0000,0.0000,'USD','USD','USD',0.0000,0.0000,NULL,NULL,NULL,0,NULL,NULL,NULL,NULL,NULL,NULL,NULL,NULL,1,0,NULL,NULL,NULL,NULL,NULL,'USD',1.0000,1.0000,NULL,NULL,0.0000,0.0000,0.0000,0.0000,1,0,NULL,NULL,0,0,0,NULL,NULL),(10,1,'2024-03-06 10:37:15','2024-03-06 10:37:57',NULL,0,0,0,1,1.0000,0,0.0000,0.0000,'USD','USD','USD',27.0000,27.0000,NULL,3,3,1,'alert@jamboshop.com',NULL,'Amit',NULL,'kamboj',NULL,NULL,NULL,1,0,'117.206.220.95',NULL,'000000007',NULL,NULL,'USD',1.0000,1.0000,NULL,NULL,22.0000,22.0000,22.0000,22.0000,1,0,NULL,NULL,0,0,0,NULL,NULL),(11,1,'2024-03-06 11:20:25','2024-03-06 11:21:00',NULL,0,0,0,1,1.0000,0,0.0000,0.0000,'USD','USD','USD',59.0000,59.0000,NULL,3,3,1,'alert@jamboshop.com',NULL,'Amit',NULL,'kamboj',NULL,NULL,NULL,1,0,'117.206.220.95','2','000000008',NULL,NULL,'USD',1.0000,1.0000,NULL,NULL,54.0000,54.0000,54.0000,54.0000,1,0,NULL,NULL,0,6,0,NULL,NULL),(12,1,'2024-03-06 12:04:49','2024-03-06 12:05:11',NULL,0,0,0,1,1.0000,0,0.0000,0.0000,'USD','USD','USD',45.0000,45.0000,NULL,3,3,1,'alert@jamboshop.com',NULL,'Amit',NULL,'kamboj',NULL,NULL,NULL,1,0,'59.91.250.16',NULL,'000000009',NULL,NULL,'USD',1.0000,1.0000,NULL,NULL,40.0000,40.0000,40.0000,40.0000,1,0,NULL,NULL,0,0,0,NULL,NULL),(13,1,'2024-03-06 12:05:05','2024-03-06 12:07:11',NULL,0,0,0,1,2.0000,0,0.0000,0.0000,'USD','USD','USD',90.0000,90.0000,'guest',NULL,3,0,'palak.bansal@yirontechnologies.com',NULL,'Palak',NULL,'Bansal',NULL,NULL,NULL,1,1,'112.196.120.178','2','000000012',NULL,NULL,'USD',1.0000,1.0000,NULL,NULL,80.0000,80.0000,80.0000,80.0000,1,0,NULL,NULL,0,5,0,NULL,NULL),(14,1,'2024-03-06 12:05:30','2024-03-06 12:05:40',NULL,0,0,0,1,1.0000,0,0.0000,0.0000,'USD','USD','USD',49.0000,49.0000,NULL,3,3,1,'alert@jamboshop.com',NULL,'Amit',NULL,'kamboj',NULL,NULL,NULL,1,0,'59.91.250.16',NULL,'000000010',NULL,NULL,'USD',1.0000,1.0000,NULL,NULL,44.0000,44.0000,44.0000,44.0000,1,0,NULL,NULL,0,7,0,NULL,NULL),(15,1,'2024-03-06 12:06:00','2024-03-06 12:06:50',NULL,0,0,0,1,1.0000,0,0.0000,0.0000,'USD','USD','USD',49.0000,49.0000,NULL,3,3,1,'alert@jamboshop.com',NULL,'Amit',NULL,'kamboj',NULL,NULL,NULL,1,0,'59.91.250.16',NULL,'000000011',NULL,NULL,'USD',1.0000,1.0000,NULL,NULL,44.0000,44.0000,44.0000,44.0000,1,0,NULL,NULL,0,0,0,NULL,NULL),(16,1,'2024-03-06 12:09:44','2024-03-06 12:09:53',NULL,0,0,0,1,1.0000,0,0.0000,0.0000,'USD','USD','USD',49.0000,49.0000,NULL,3,3,1,'alert@jamboshop.com',NULL,'Amit',NULL,'kamboj',NULL,NULL,NULL,1,0,'59.91.250.16',NULL,'000000013',NULL,NULL,'USD',1.0000,1.0000,NULL,NULL,44.0000,44.0000,44.0000,44.0000,1,0,NULL,NULL,0,4,0,NULL,NULL),(17,1,'2024-03-06 12:09:47','2024-03-06 12:09:59',NULL,0,0,0,1,1.0000,0,0.0000,0.0000,'USD','USD','USD',49.0000,49.0000,'guest',NULL,3,0,'palak.bansal@yirontechnologies.com',NULL,'Palak',NULL,'Bansal',NULL,NULL,NULL,1,1,'112.196.120.178',NULL,'000000014',NULL,NULL,'USD',1.0000,1.0000,NULL,NULL,44.0000,44.0000,44.0000,44.0000,1,0,NULL,NULL,0,4,0,NULL,NULL),(18,1,'2024-03-06 12:16:15','2024-03-06 12:18:01',NULL,0,0,0,1,1.0000,0,0.0000,0.0000,'USD','USD','USD',54.0000,54.0000,NULL,4,3,1,'plkbansal28@gmail.com',NULL,'palak',NULL,'bansal',NULL,NULL,NULL,1,0,'112.196.120.178',NULL,'000000015',NULL,NULL,'USD',1.0000,1.0000,NULL,NULL,49.0000,49.0000,49.0000,49.0000,1,0,NULL,NULL,0,NULL,0,NULL,NULL),(19,1,'2024-03-06 12:17:11','2024-03-06 12:17:11',NULL,1,0,0,0,0.0000,0,0.0000,0.0000,'USD','USD','USD',0.0000,0.0000,NULL,NULL,NULL,0,NULL,NULL,NULL,NULL,NULL,NULL,NULL,NULL,1,0,NULL,NULL,NULL,NULL,NULL,'USD',1.0000,1.0000,NULL,NULL,0.0000,0.0000,0.0000,0.0000,1,0,NULL,NULL,0,NULL,0,NULL,NULL),(20,1,'2024-03-06 12:18:40','2024-03-06 12:18:50',NULL,0,0,0,1,1.0000,0,0.0000,0.0000,'USD','USD','USD',49.0000,49.0000,NULL,3,3,1,'alert@jamboshop.com',NULL,'Amit',NULL,'kamboj',NULL,NULL,NULL,1,0,'59.91.250.16',NULL,'000000016',NULL,NULL,'USD',1.0000,1.0000,NULL,NULL,44.0000,44.0000,44.0000,44.0000,1,0,NULL,NULL,0,NULL,0,NULL,NULL),(21,1,'2024-03-06 12:20:58','2024-03-06 12:22:24',NULL,0,0,0,1,1.0000,0,0.0000,0.0000,'USD','USD','USD',49.0000,49.0000,NULL,5,3,1,'palak.bansal@yirontechnologies.com',NULL,'palak',NULL,'gupta',NULL,NULL,NULL,1,0,'112.196.120.178',NULL,'000000017',NULL,NULL,'USD',1.0000,1.0000,NULL,NULL,44.0000,44.0000,44.0000,44.0000,1,0,NULL,NULL,0,NULL,0,NULL,NULL),(22,1,'2024-03-07 09:34:16','2024-03-07 09:34:16',NULL,1,0,0,1,1.0000,0,0.0000,0.0000,'USD','USD','USD',44.0000,44.0000,NULL,NULL,3,0,NULL,NULL,NULL,NULL,NULL,NULL,NULL,NULL,1,1,'112.196.120.178',NULL,NULL,NULL,NULL,'USD',1.0000,1.0000,NULL,NULL,44.0000,44.0000,44.0000,44.0000,1,0,NULL,NULL,0,NULL,0,NULL,NULL),(23,1,'2024-03-13 06:24:28','2024-03-13 06:24:28',NULL,1,0,0,1,1.0000,0,0.0000,0.0000,'USD','USD','USD',34.0000,34.0000,NULL,NULL,3,0,NULL,NULL,NULL,NULL,NULL,NULL,NULL,NULL,1,1,'59.91.255.112',NULL,NULL,NULL,NULL,'USD',1.0000,1.0000,NULL,NULL,34.0000,34.0000,34.0000,34.0000,1,0,NULL,NULL,0,NULL,0,NULL,NULL),(24,1,'2024-08-30 06:53:17','2024-08-30 07:54:40',NULL,1,0,0,1,1.0000,0,0.0000,0.0000,'USD','USD','USD',29.0000,29.0000,NULL,6,3,1,'test@gmail.com',NULL,'test',NULL,'test',NULL,NULL,NULL,1,0,'112.196.120.178',NULL,NULL,NULL,NULL,'USD',1.0000,1.0000,NULL,NULL,29.0000,29.0000,29.0000,29.0000,1,0,NULL,NULL,0,NULL,0,NULL,NULL),(25,1,'2024-08-30 08:50:25','2024-08-30 09:51:45',NULL,0,0,0,2,11.0000,0,0.0000,0.0000,'USD','USD','USD',205.0000,205.0000,NULL,7,3,1,'testankush@yopmail.com',NULL,'Robin',NULL,'Sharma',NULL,NULL,NULL,1,0,'112.196.120.178','2','000000018',NULL,NULL,'USD',1.0000,1.0000,NULL,NULL,185.0000,185.0000,185.0000,185.0000,1,0,NULL,NULL,0,NULL,0,NULL,NULL),(26,1,'2024-08-30 09:45:49','2024-08-30 09:45:49',NULL,1,0,0,0,0.0000,0,0.0000,0.0000,'USD','USD','USD',0.0000,0.0000,NULL,NULL,NULL,0,NULL,NULL,NULL,NULL,NULL,NULL,NULL,NULL,1,0,NULL,NULL,NULL,NULL,NULL,'USD',1.0000,1.0000,NULL,NULL,0.0000,0.0000,0.0000,0.0000,1,0,NULL,NULL,0,NULL,0,NULL,NULL),(27,1,'2024-08-30 12:31:45','2024-08-30 12:31:45',NULL,1,0,0,0,0.0000,0,0.0000,0.0000,'USD','USD','USD',0.0000,0.0000,NULL,7,NULL,1,'testankush@yopmail.com',NULL,'Robin',NULL,'Sharma',NULL,NULL,NULL,1,0,'112.196.120.178',NULL,NULL,NULL,NULL,'USD',1.0000,1.0000,NULL,NULL,0.0000,0.0000,0.0000,0.0000,1,0,NULL,NULL,0,NULL,0,NULL,NULL);

--
-- Table structure for table `quote_address`
--

CREATE TABLE `quote_address` (
  `address_id` int unsigned NOT NULL AUTO_INCREMENT COMMENT 'Address ID',
  `quote_id` int unsigned NOT NULL DEFAULT '0' COMMENT 'Quote ID',
  `created_at` timestamp NOT NULL DEFAULT CURRENT_TIMESTAMP COMMENT 'Created At',
  `updated_at` timestamp NOT NULL DEFAULT CURRENT_TIMESTAMP ON UPDATE CURRENT_TIMESTAMP COMMENT 'Updated At',
  `customer_id` int unsigned DEFAULT NULL COMMENT 'Customer ID',
  `save_in_address_book` smallint DEFAULT '0' COMMENT 'Save In Address Book',
  `customer_address_id` int unsigned DEFAULT NULL COMMENT 'Customer Address ID',
  `address_type` varchar(10) DEFAULT NULL COMMENT 'Address Type',
  `email` varchar(255) DEFAULT NULL COMMENT 'Email',
  `prefix` varchar(40) DEFAULT NULL COMMENT 'Prefix',
  `firstname` varchar(255) DEFAULT NULL,
  `middlename` varchar(40) DEFAULT NULL,
  `lastname` varchar(255) DEFAULT NULL,
  `suffix` varchar(40) DEFAULT NULL COMMENT 'Suffix',
  `company` varchar(255) DEFAULT NULL COMMENT 'Company',
  `street` varchar(255) DEFAULT NULL COMMENT 'Street',
  `city` varchar(255) DEFAULT NULL,
  `region` varchar(255) DEFAULT NULL,
  `region_id` int unsigned DEFAULT NULL COMMENT 'Region ID',
  `postcode` varchar(20) DEFAULT NULL COMMENT 'Postcode',
  `country_id` varchar(30) DEFAULT NULL COMMENT 'Country ID',
  `telephone` varchar(255) DEFAULT NULL,
  `fax` varchar(255) DEFAULT NULL,
  `same_as_billing` smallint unsigned NOT NULL DEFAULT '0' COMMENT 'Same As Billing',
  `collect_shipping_rates` smallint unsigned NOT NULL DEFAULT '0' COMMENT 'Collect Shipping Rates',
  `shipping_method` varchar(120) DEFAULT NULL,
  `shipping_description` varchar(255) DEFAULT NULL COMMENT 'Shipping Description',
  `weight` decimal(12,4) NOT NULL DEFAULT '0.0000' COMMENT 'Weight',
  `subtotal` decimal(20,4) NOT NULL DEFAULT '0.0000' COMMENT 'Subtotal',
  `base_subtotal` decimal(20,4) NOT NULL DEFAULT '0.0000' COMMENT 'Base Subtotal',
  `subtotal_with_discount` decimal(20,4) NOT NULL DEFAULT '0.0000' COMMENT 'Subtotal With Discount',
  `base_subtotal_with_discount` decimal(20,4) NOT NULL DEFAULT '0.0000' COMMENT 'Base Subtotal With Discount',
  `tax_amount` decimal(20,4) NOT NULL DEFAULT '0.0000' COMMENT 'Tax Amount',
  `base_tax_amount` decimal(20,4) NOT NULL DEFAULT '0.0000' COMMENT 'Base Tax Amount',
  `shipping_amount` decimal(20,4) NOT NULL DEFAULT '0.0000' COMMENT 'Shipping Amount',
  `base_shipping_amount` decimal(20,4) NOT NULL DEFAULT '0.0000' COMMENT 'Base Shipping Amount',
  `shipping_tax_amount` decimal(20,4) DEFAULT NULL COMMENT 'Shipping Tax Amount',
  `base_shipping_tax_amount` decimal(20,4) DEFAULT NULL COMMENT 'Base Shipping Tax Amount',
  `discount_amount` decimal(20,4) NOT NULL DEFAULT '0.0000' COMMENT 'Discount Amount',
  `base_discount_amount` decimal(20,4) NOT NULL DEFAULT '0.0000' COMMENT 'Base Discount Amount',
  `grand_total` decimal(20,4) NOT NULL DEFAULT '0.0000' COMMENT 'Grand Total',
  `base_grand_total` decimal(20,4) NOT NULL DEFAULT '0.0000' COMMENT 'Base Grand Total',
  `customer_notes` text COMMENT 'Customer Notes',
  `applied_taxes` text COMMENT 'Applied Taxes',
  `discount_description` varchar(255) DEFAULT NULL COMMENT 'Discount Description',
  `shipping_discount_amount` decimal(20,4) DEFAULT NULL COMMENT 'Shipping Discount Amount',
  `base_shipping_discount_amount` decimal(20,4) DEFAULT NULL COMMENT 'Base Shipping Discount Amount',
  `subtotal_incl_tax` decimal(20,4) DEFAULT NULL COMMENT 'Subtotal Incl Tax',
  `base_subtotal_total_incl_tax` decimal(20,4) DEFAULT NULL COMMENT 'Base Subtotal Total Incl Tax',
  `discount_tax_compensation_amount` decimal(20,4) DEFAULT NULL COMMENT 'Discount Tax Compensation Amount',
  `base_discount_tax_compensation_amount` decimal(20,4) DEFAULT NULL COMMENT 'Base Discount Tax Compensation Amount',
  `shipping_discount_tax_compensation_amount` decimal(20,4) DEFAULT NULL COMMENT 'Shipping Discount Tax Compensation Amount',
  `base_shipping_discount_tax_compensation_amnt` decimal(20,4) DEFAULT NULL COMMENT 'Base Shipping Discount Tax Compensation Amount',
  `shipping_incl_tax` decimal(20,4) DEFAULT NULL COMMENT 'Shipping Incl Tax',
  `base_shipping_incl_tax` decimal(20,4) DEFAULT NULL COMMENT 'Base Shipping Incl Tax',
  `vat_id` text COMMENT 'Vat ID',
  `vat_is_valid` smallint DEFAULT NULL COMMENT 'Vat Is Valid',
  `vat_request_id` text COMMENT 'Vat Request ID',
  `vat_request_date` text COMMENT 'Vat Request Date',
  `vat_request_success` smallint DEFAULT NULL COMMENT 'Vat Request Success',
  `validated_country_code` text COMMENT 'Validated Country Code',
  `validated_vat_number` text COMMENT 'Validated Vat Number',
  `gift_message_id` int DEFAULT NULL COMMENT 'Gift Message ID',
  `free_shipping` smallint unsigned NOT NULL DEFAULT '0' COMMENT 'Free Shipping',
  PRIMARY KEY (`address_id`),
  KEY `QUOTE_ADDRESS_QUOTE_ID` (`quote_id`),
  CONSTRAINT `QUOTE_ADDRESS_QUOTE_ID_QUOTE_ENTITY_ID` FOREIGN KEY (`quote_id`) REFERENCES `quote` (`entity_id`) ON DELETE CASCADE
) ENGINE=InnoDB AUTO_INCREMENT=71 DEFAULT CHARSET=utf8mb3 COMMENT='Sales Flat Quote Address';

--
-- Dumping data for table `quote_address`
--

INSERT INTO `quote_address` VALUES (1,1,'2024-02-29 10:29:49','2024-02-29 10:29:49',1,0,1,'billing','roni_cost@example.com',NULL,'Veronica',NULL,'Costello',NULL,NULL,'6146 Honey Bluff Parkway','Calder','Michigan',33,'49628-7978','US','(555) 229-3326',NULL,0,0,NULL,NULL,0.0000,0.0000,0.0000,0.0000,0.0000,0.0000,0.0000,0.0000,0.0000,0.0000,0.0000,0.0000,0.0000,0.0000,0.0000,NULL,'null',NULL,0.0000,0.0000,0.0000,0.0000,0.0000,0.0000,0.0000,NULL,0.0000,0.0000,NULL,NULL,NULL,NULL,NULL,NULL,NULL,NULL,0),(2,1,'2024-02-29 10:29:49','2024-02-29 10:29:50',1,0,1,'shipping','roni_cost@example.com',NULL,'Veronica',NULL,'Costello',NULL,NULL,'6146 Honey Bluff Parkway','Calder','Michigan',33,'49628-7978','US','(555) 229-3326',NULL,1,0,'flatrate_flatrate','Flat Rate - Fixed',1.0000,29.0000,29.0000,29.0000,29.0000,2.3900,2.3900,5.0000,5.0000,0.0000,0.0000,0.0000,0.0000,36.3900,36.3900,NULL,'{\"US-MI-*-Rate 1\":{\"amount\":2.39,\"base_amount\":2.39,\"percent\":8.25,\"id\":\"US-MI-*-Rate 1\",\"rates\":[{\"percent\":8.25,\"code\":\"US-MI-*-Rate 1\",\"title\":\"US-MI-*-Rate 1\"}],\"item_id\":null,\"item_type\":\"product\",\"associated_item_id\":null,\"process\":0}}',NULL,0.0000,0.0000,31.3900,31.3900,0.0000,0.0000,0.0000,NULL,5.0000,5.0000,NULL,NULL,NULL,NULL,NULL,NULL,NULL,NULL,0),(3,2,'2024-02-29 10:29:51','2024-02-29 10:29:51',1,0,1,'billing','roni_cost@example.com',NULL,'Veronica',NULL,'Costello',NULL,NULL,'6146 Honey Bluff Parkway','Calder','Michigan',33,'49628-7978','US','(555) 229-3326',NULL,0,0,NULL,NULL,0.0000,0.0000,0.0000,0.0000,0.0000,0.0000,0.0000,0.0000,0.0000,0.0000,0.0000,0.0000,0.0000,0.0000,0.0000,NULL,'null',NULL,0.0000,0.0000,0.0000,0.0000,0.0000,0.0000,0.0000,NULL,0.0000,0.0000,NULL,NULL,NULL,NULL,NULL,NULL,NULL,NULL,0),(4,2,'2024-02-29 10:29:51','2024-02-29 10:29:51',1,0,1,'shipping','roni_cost@example.com',NULL,'Veronica',NULL,'Costello',NULL,NULL,'6146 Honey Bluff Parkway','Calder','Michigan',33,'49628-7978','US','(555) 229-3326',NULL,1,0,'flatrate_flatrate','Flat Rate - Fixed',1.0000,32.0000,32.0000,32.0000,32.0000,2.6400,2.6400,5.0000,5.0000,0.0000,0.0000,0.0000,0.0000,39.6400,39.6400,NULL,'{\"US-MI-*-Rate 1\":{\"amount\":2.64,\"base_amount\":2.64,\"percent\":8.25,\"id\":\"US-MI-*-Rate 1\",\"rates\":[{\"percent\":8.25,\"code\":\"US-MI-*-Rate 1\",\"title\":\"US-MI-*-Rate 1\"}],\"item_id\":null,\"item_type\":\"product\",\"associated_item_id\":null,\"process\":0}}',NULL,0.0000,0.0000,34.6400,34.6400,0.0000,0.0000,0.0000,NULL,5.0000,5.0000,NULL,NULL,NULL,NULL,NULL,NULL,NULL,NULL,0),(6,3,'2024-02-29 10:51:16','2024-02-29 10:54:13',NULL,0,NULL,'shipping','palak.bansal@yirontechnologies.com',NULL,'palak',NULL,'bansal',NULL,'test','test','chandigarh','Chandigarh',574,'160101','IN','8278289860',NULL,1,0,'flatrate_flatrate','Flat Rate - Fixed',0.0000,109.0000,109.0000,109.0000,109.0000,0.0000,0.0000,15.0000,15.0000,0.0000,0.0000,0.0000,0.0000,124.0000,124.0000,NULL,'[]',NULL,0.0000,0.0000,109.0000,109.0000,0.0000,0.0000,0.0000,NULL,15.0000,15.0000,NULL,NULL,NULL,NULL,NULL,NULL,NULL,NULL,1),(7,3,'2024-02-29 10:54:12','2024-02-29 10:54:12',NULL,NULL,NULL,'billing','palak.bansal@yirontechnologies.com',NULL,'palak',NULL,'bansal',NULL,'test','test','chandigarh','Chandigarh',574,'160101','IN','8278289860',NULL,0,0,NULL,NULL,0.0000,0.0000,0.0000,0.0000,0.0000,0.0000,0.0000,0.0000,0.0000,0.0000,0.0000,0.0000,0.0000,0.0000,0.0000,NULL,'null',NULL,0.0000,0.0000,0.0000,0.0000,0.0000,0.0000,0.0000,NULL,0.0000,0.0000,NULL,NULL,NULL,NULL,NULL,NULL,NULL,NULL,0),(8,4,'2024-02-29 11:01:54','2024-02-29 11:01:54',NULL,0,NULL,'billing',NULL,NULL,NULL,NULL,NULL,NULL,NULL,NULL,NULL,NULL,NULL,NULL,NULL,NULL,NULL,0,0,NULL,NULL,0.0000,0.0000,0.0000,0.0000,0.0000,0.0000,0.0000,0.0000,0.0000,0.0000,0.0000,0.0000,0.0000,0.0000,0.0000,NULL,'null',NULL,0.0000,0.0000,0.0000,0.0000,0.0000,0.0000,0.0000,NULL,0.0000,0.0000,NULL,NULL,NULL,NULL,NULL,NULL,NULL,NULL,0),(9,4,'2024-02-29 11:01:54','2024-02-29 11:01:54',NULL,0,NULL,'shipping',NULL,NULL,NULL,NULL,NULL,NULL,NULL,NULL,NULL,NULL,NULL,NULL,NULL,NULL,NULL,1,1,NULL,NULL,14.0000,452.0000,452.0000,301.6000,301.6000,0.0000,0.0000,0.0000,0.0000,0.0000,0.0000,-150.4000,-150.4000,301.6000,301.6000,NULL,'[]',NULL,0.0000,0.0000,452.0000,452.0000,0.0000,0.0000,0.0000,NULL,0.0000,0.0000,NULL,NULL,NULL,NULL,NULL,NULL,NULL,NULL,1),(10,5,'2024-02-29 11:35:07','2024-02-29 11:35:07',NULL,0,NULL,'billing','palak.bansal@yirontechnologies.com',NULL,'palak',NULL,'bansal',NULL,'test','test','chandigarh','Chandigarh',574,'160101','IN','8278289860',NULL,0,0,NULL,NULL,0.0000,0.0000,0.0000,0.0000,0.0000,0.0000,0.0000,0.0000,0.0000,0.0000,0.0000,0.0000,0.0000,0.0000,0.0000,NULL,'null',NULL,0.0000,0.0000,0.0000,0.0000,0.0000,0.0000,0.0000,NULL,0.0000,0.0000,NULL,NULL,NULL,NULL,NULL,NULL,NULL,NULL,0),(11,5,'2024-02-29 11:35:07','2024-02-29 11:35:07',NULL,0,NULL,'shipping','palak.bansal@yirontechnologies.com',NULL,'palak',NULL,'bansal',NULL,'test','test','chandigarh','Chandigarh',574,'160101','IN','8278289860',NULL,1,0,'flatrate_flatrate','Flat Rate - Fixed',0.0000,109.0000,109.0000,109.0000,109.0000,0.0000,0.0000,15.0000,15.0000,0.0000,0.0000,0.0000,0.0000,124.0000,124.0000,NULL,'[]',NULL,0.0000,0.0000,109.0000,109.0000,0.0000,0.0000,0.0000,NULL,15.0000,15.0000,NULL,NULL,NULL,NULL,NULL,NULL,NULL,NULL,1),(13,6,'2024-03-05 04:45:57','2024-03-05 04:46:34',2,0,2,'shipping','amit.kumar@yirontechnologies.com',NULL,'Amit',NULL,'kamboj',NULL,'Test','Test','WESTLANDS',NULL,NULL,'33122','MU','7307163659',NULL,1,0,'flatrate_flatrate','Flat Rate - Fixed',1.0000,24.0000,24.0000,24.0000,24.0000,0.0000,0.0000,5.0000,5.0000,0.0000,0.0000,0.0000,0.0000,29.0000,29.0000,NULL,'[]',NULL,0.0000,0.0000,24.0000,24.0000,0.0000,0.0000,0.0000,NULL,5.0000,5.0000,NULL,NULL,NULL,NULL,NULL,NULL,NULL,NULL,0),(14,6,'2024-03-05 04:46:38','2024-03-05 04:46:38',2,NULL,2,'billing','amit.kumar@yirontechnologies.com',NULL,'Amit',NULL,'kamboj',NULL,'Test','Test','WESTLANDS',NULL,NULL,'33122','MU','7307163659',NULL,0,0,NULL,NULL,0.0000,0.0000,0.0000,0.0000,0.0000,0.0000,0.0000,0.0000,0.0000,0.0000,0.0000,0.0000,0.0000,0.0000,0.0000,NULL,'null',NULL,0.0000,0.0000,0.0000,0.0000,0.0000,0.0000,0.0000,NULL,0.0000,0.0000,NULL,NULL,NULL,NULL,NULL,NULL,NULL,NULL,0),(16,7,'2024-03-05 10:46:15','2024-03-05 10:50:40',NULL,0,NULL,'shipping','palak.bansal@yirontechnologies.com',NULL,'PAlak',NULL,'BAnsal',NULL,NULL,'fcs','chandigarh','Chandigarh',574,'160101','IN','8278289868',NULL,1,0,'flatrate_flatrate','Flat Rate - Fixed',0.0000,45.0000,45.0000,45.0000,45.0000,0.0000,0.0000,5.0000,5.0000,0.0000,0.0000,0.0000,0.0000,50.0000,50.0000,NULL,'[]',NULL,0.0000,0.0000,45.0000,45.0000,0.0000,0.0000,0.0000,NULL,5.0000,5.0000,NULL,NULL,NULL,NULL,NULL,NULL,NULL,NULL,0),(17,7,'2024-03-05 10:50:29','2024-03-05 10:50:29',NULL,NULL,NULL,'billing','palak.bansal@yirontechnologies.com',NULL,'PAlak',NULL,'BAnsal',NULL,NULL,'fcs','chandigarh','Chandigarh',574,'160101','IN','8278289868',NULL,0,0,NULL,NULL,0.0000,0.0000,0.0000,0.0000,0.0000,0.0000,0.0000,0.0000,0.0000,0.0000,0.0000,0.0000,0.0000,0.0000,0.0000,NULL,'null',NULL,0.0000,0.0000,0.0000,0.0000,0.0000,0.0000,0.0000,NULL,0.0000,0.0000,NULL,NULL,NULL,NULL,NULL,NULL,NULL,NULL,0),(19,8,'2024-03-05 10:58:43','2024-03-05 10:59:24',3,0,3,'shipping','alert@jamboshop.com',NULL,'Amit',NULL,'kamboj',NULL,'Test','Test','WESTLANDS',NULL,NULL,'33122','MU','7307163659',NULL,1,0,'flatrate_flatrate','Flat Rate - Fixed',1.0000,24.0000,24.0000,24.0000,24.0000,0.0000,0.0000,5.0000,5.0000,0.0000,0.0000,0.0000,0.0000,29.0000,29.0000,NULL,'[]',NULL,0.0000,0.0000,24.0000,24.0000,0.0000,0.0000,0.0000,NULL,5.0000,5.0000,NULL,NULL,NULL,NULL,NULL,NULL,NULL,NULL,0),(20,9,'2024-03-05 10:59:03','2024-03-05 10:59:03',NULL,0,NULL,'shipping',NULL,NULL,NULL,NULL,NULL,NULL,NULL,NULL,NULL,NULL,NULL,NULL,NULL,NULL,NULL,1,0,NULL,NULL,0.0000,0.0000,0.0000,0.0000,0.0000,0.0000,0.0000,0.0000,0.0000,NULL,NULL,0.0000,0.0000,0.0000,0.0000,NULL,NULL,NULL,NULL,NULL,NULL,NULL,NULL,NULL,NULL,NULL,NULL,NULL,NULL,NULL,NULL,NULL,NULL,NULL,NULL,NULL,0),(21,9,'2024-03-05 10:59:03','2024-03-05 10:59:03',NULL,0,NULL,'billing',NULL,NULL,NULL,NULL,NULL,NULL,NULL,NULL,NULL,NULL,NULL,NULL,NULL,NULL,NULL,0,0,NULL,NULL,0.0000,0.0000,0.0000,0.0000,0.0000,0.0000,0.0000,0.0000,0.0000,NULL,NULL,0.0000,0.0000,0.0000,0.0000,NULL,NULL,NULL,NULL,NULL,NULL,NULL,NULL,NULL,NULL,NULL,NULL,NULL,NULL,NULL,NULL,NULL,NULL,NULL,NULL,NULL,0),(22,8,'2024-03-05 10:59:32','2024-03-05 10:59:32',3,NULL,3,'billing','alert@jamboshop.com',NULL,'Amit',NULL,'kamboj',NULL,'Test','Test','WESTLANDS',NULL,NULL,'33122','MU','7307163659',NULL,0,0,NULL,NULL,0.0000,0.0000,0.0000,0.0000,0.0000,0.0000,0.0000,0.0000,0.0000,0.0000,0.0000,0.0000,0.0000,0.0000,0.0000,NULL,'null',NULL,0.0000,0.0000,0.0000,0.0000,0.0000,0.0000,0.0000,NULL,0.0000,0.0000,NULL,NULL,NULL,NULL,NULL,NULL,NULL,NULL,0),(24,10,'2024-03-06 10:37:15','2024-03-06 10:37:38',3,0,3,'shipping','alert@jamboshop.com',NULL,'Amit',NULL,'kamboj',NULL,'Test','Test','WESTLANDS',NULL,NULL,'33122','MU','7307163659',NULL,1,0,'flatrate_flatrate','Flat Rate - Fixed',1.0000,22.0000,22.0000,22.0000,22.0000,0.0000,0.0000,5.0000,5.0000,0.0000,0.0000,0.0000,0.0000,27.0000,27.0000,NULL,'[]',NULL,0.0000,0.0000,22.0000,22.0000,0.0000,0.0000,0.0000,NULL,5.0000,5.0000,NULL,NULL,NULL,NULL,NULL,NULL,NULL,NULL,0),(25,10,'2024-03-06 10:37:42','2024-03-06 10:37:42',3,NULL,3,'billing','alert@jamboshop.com',NULL,'Amit',NULL,'kamboj',NULL,'Test','Test','WESTLANDS',NULL,NULL,'33122','MU','7307163659',NULL,0,0,NULL,NULL,0.0000,0.0000,0.0000,0.0000,0.0000,0.0000,0.0000,0.0000,0.0000,0.0000,0.0000,0.0000,0.0000,0.0000,0.0000,NULL,'null',NULL,0.0000,0.0000,0.0000,0.0000,0.0000,0.0000,0.0000,NULL,0.0000,0.0000,NULL,NULL,NULL,NULL,NULL,NULL,NULL,NULL,0),(27,11,'2024-03-06 11:20:25','2024-03-06 11:20:43',3,0,3,'shipping','alert@jamboshop.com',NULL,'Amit',NULL,'kamboj',NULL,'Test','Test','WESTLANDS',NULL,NULL,'33122','MU','7307163659',NULL,1,0,'flatrate_flatrate','Flat Rate - Fixed',1.0000,54.0000,54.0000,54.0000,54.0000,0.0000,0.0000,5.0000,5.0000,0.0000,0.0000,0.0000,0.0000,59.0000,59.0000,NULL,'[]',NULL,0.0000,0.0000,54.0000,54.0000,0.0000,0.0000,0.0000,NULL,5.0000,5.0000,NULL,NULL,NULL,NULL,NULL,NULL,NULL,NULL,1),(28,11,'2024-03-06 11:20:46','2024-03-06 11:20:46',3,NULL,3,'billing','alert@jamboshop.com',NULL,'Amit',NULL,'kamboj',NULL,'Test','Test','WESTLANDS',NULL,NULL,'33122','MU','7307163659',NULL,0,0,NULL,NULL,0.0000,0.0000,0.0000,0.0000,0.0000,0.0000,0.0000,0.0000,0.0000,0.0000,0.0000,0.0000,0.0000,0.0000,0.0000,NULL,'null',NULL,0.0000,0.0000,0.0000,0.0000,0.0000,0.0000,0.0000,NULL,0.0000,0.0000,NULL,NULL,NULL,NULL,NULL,NULL,NULL,NULL,0),(30,12,'2024-03-06 12:04:49','2024-03-06 12:05:04',3,0,3,'shipping','alert@jamboshop.com',NULL,'Amit',NULL,'kamboj',NULL,'Test','Test','WESTLANDS',NULL,NULL,'33122','MU','7307163659',NULL,1,0,'flatrate_flatrate','Flat Rate - Fixed',1.0000,40.0000,40.0000,40.0000,40.0000,0.0000,0.0000,5.0000,5.0000,0.0000,0.0000,0.0000,0.0000,45.0000,45.0000,NULL,'[]',NULL,0.0000,0.0000,40.0000,40.0000,0.0000,0.0000,0.0000,NULL,5.0000,5.0000,NULL,NULL,NULL,NULL,NULL,NULL,NULL,NULL,0),(32,13,'2024-03-06 12:05:05','2024-03-06 12:07:11',NULL,0,NULL,'shipping','palak.bansal@yirontechnologies.com',NULL,'Palak',NULL,'Bansal',NULL,NULL,'Fcs Building','chandigarh','Chandigarh',574,'160101','IN','8278289868',NULL,1,0,'flatrate_flatrate','Flat Rate - Fixed',2.0000,80.0000,80.0000,80.0000,80.0000,0.0000,0.0000,10.0000,10.0000,0.0000,0.0000,0.0000,0.0000,90.0000,90.0000,NULL,'[]',NULL,0.0000,0.0000,80.0000,80.0000,0.0000,0.0000,0.0000,NULL,10.0000,10.0000,NULL,NULL,NULL,NULL,NULL,NULL,NULL,NULL,1),(33,12,'2024-03-06 12:05:09','2024-03-06 12:05:09',3,NULL,3,'billing','alert@jamboshop.com',NULL,'Amit',NULL,'kamboj',NULL,'Test','Test','WESTLANDS',NULL,NULL,'33122','MU','7307163659',NULL,0,0,NULL,NULL,0.0000,0.0000,0.0000,0.0000,0.0000,0.0000,0.0000,0.0000,0.0000,0.0000,0.0000,0.0000,0.0000,0.0000,0.0000,NULL,'null',NULL,0.0000,0.0000,0.0000,0.0000,0.0000,0.0000,0.0000,NULL,0.0000,0.0000,NULL,NULL,NULL,NULL,NULL,NULL,NULL,NULL,0),(35,14,'2024-03-06 12:05:30','2024-03-06 12:05:35',3,0,3,'shipping','alert@jamboshop.com',NULL,'Amit',NULL,'kamboj',NULL,'Test','Test','WESTLANDS',NULL,NULL,'33122','MU','7307163659',NULL,1,0,'flatrate_flatrate','Flat Rate - Fixed',1.0000,44.0000,44.0000,44.0000,44.0000,0.0000,0.0000,5.0000,5.0000,0.0000,0.0000,0.0000,0.0000,49.0000,49.0000,NULL,'[]',NULL,0.0000,0.0000,44.0000,44.0000,0.0000,0.0000,0.0000,NULL,5.0000,5.0000,NULL,NULL,NULL,NULL,NULL,NULL,NULL,NULL,0),(36,14,'2024-03-06 12:05:36','2024-03-06 12:05:36',3,NULL,3,'billing','alert@jamboshop.com',NULL,'Amit',NULL,'kamboj',NULL,'Test','Test','WESTLANDS',NULL,NULL,'33122','MU','7307163659',NULL,0,0,NULL,NULL,0.0000,0.0000,0.0000,0.0000,0.0000,0.0000,0.0000,0.0000,0.0000,0.0000,0.0000,0.0000,0.0000,0.0000,0.0000,NULL,'null',NULL,0.0000,0.0000,0.0000,0.0000,0.0000,0.0000,0.0000,NULL,0.0000,0.0000,NULL,NULL,NULL,NULL,NULL,NULL,NULL,NULL,0),(38,15,'2024-03-06 12:06:00','2024-03-06 12:06:19',3,0,3,'shipping','alert@jamboshop.com',NULL,'Amit',NULL,'kamboj',NULL,'Test','Test','WESTLANDS',NULL,NULL,'33122','MU','7307163659',NULL,1,0,'flatrate_flatrate','Flat Rate - Fixed',1.0000,44.0000,44.0000,44.0000,44.0000,0.0000,0.0000,5.0000,5.0000,0.0000,0.0000,0.0000,0.0000,49.0000,49.0000,NULL,'[]',NULL,0.0000,0.0000,44.0000,44.0000,0.0000,0.0000,0.0000,NULL,5.0000,5.0000,NULL,NULL,NULL,NULL,NULL,NULL,NULL,NULL,0),(39,15,'2024-03-06 12:06:48','2024-03-06 12:06:48',3,NULL,3,'billing','alert@jamboshop.com',NULL,'Amit',NULL,'kamboj',NULL,'Test','Test','WESTLANDS',NULL,NULL,'33122','MU','7307163659',NULL,0,0,NULL,NULL,0.0000,0.0000,0.0000,0.0000,0.0000,0.0000,0.0000,0.0000,0.0000,0.0000,0.0000,0.0000,0.0000,0.0000,0.0000,NULL,'null',NULL,0.0000,0.0000,0.0000,0.0000,0.0000,0.0000,0.0000,NULL,0.0000,0.0000,NULL,NULL,NULL,NULL,NULL,NULL,NULL,NULL,0),(40,13,'2024-03-06 12:07:10','2024-03-06 12:07:10',NULL,NULL,NULL,'billing','palak.bansal@yirontechnologies.com',NULL,'Palak',NULL,'Bansal',NULL,NULL,'Fcs Building','chandigarh','Chandigarh',574,'160101','IN','8278289868',NULL,0,0,NULL,NULL,0.0000,0.0000,0.0000,0.0000,0.0000,0.0000,0.0000,0.0000,0.0000,0.0000,0.0000,0.0000,0.0000,0.0000,0.0000,NULL,'null',NULL,0.0000,0.0000,0.0000,0.0000,0.0000,0.0000,0.0000,NULL,0.0000,0.0000,NULL,NULL,NULL,NULL,NULL,NULL,NULL,NULL,0),(42,16,'2024-03-06 12:09:44','2024-03-06 12:09:50',3,0,3,'shipping','alert@jamboshop.com',NULL,'Amit',NULL,'kamboj',NULL,'Test','Test','WESTLANDS',NULL,NULL,'33122','MU','7307163659',NULL,1,0,'flatrate_flatrate','Flat Rate - Fixed',1.0000,44.0000,44.0000,44.0000,44.0000,0.0000,0.0000,5.0000,5.0000,0.0000,0.0000,0.0000,0.0000,49.0000,49.0000,NULL,'[]',NULL,0.0000,0.0000,44.0000,44.0000,0.0000,0.0000,0.0000,NULL,5.0000,5.0000,NULL,NULL,NULL,NULL,NULL,NULL,NULL,NULL,0),(44,17,'2024-03-06 12:09:47','2024-03-06 12:09:59',NULL,0,NULL,'shipping','palak.bansal@yirontechnologies.com',NULL,'Palak',NULL,'Bansal',NULL,NULL,'Fcs Building','chandigarh','Chandigarh',574,'160101','IN','8278289868',NULL,1,0,'flatrate_flatrate','Flat Rate - Fixed',1.0000,44.0000,44.0000,44.0000,44.0000,0.0000,0.0000,5.0000,5.0000,0.0000,0.0000,0.0000,0.0000,49.0000,49.0000,NULL,'[]',NULL,0.0000,0.0000,44.0000,44.0000,0.0000,0.0000,0.0000,NULL,5.0000,5.0000,NULL,NULL,NULL,NULL,NULL,NULL,NULL,NULL,0),(45,16,'2024-03-06 12:09:53','2024-03-06 12:09:53',3,NULL,3,'billing','alert@jamboshop.com',NULL,'Amit',NULL,'kamboj',NULL,'Test','Test','WESTLANDS',NULL,NULL,'33122','MU','7307163659',NULL,0,0,NULL,NULL,0.0000,0.0000,0.0000,0.0000,0.0000,0.0000,0.0000,0.0000,0.0000,0.0000,0.0000,0.0000,0.0000,0.0000,0.0000,NULL,'null',NULL,0.0000,0.0000,0.0000,0.0000,0.0000,0.0000,0.0000,NULL,0.0000,0.0000,NULL,NULL,NULL,NULL,NULL,NULL,NULL,NULL,0),(46,17,'2024-03-06 12:09:58','2024-03-06 12:09:58',NULL,NULL,NULL,'billing','palak.bansal@yirontechnologies.com',NULL,'Palak',NULL,'Bansal',NULL,NULL,'Fcs Building','chandigarh','Chandigarh',574,'160101','IN','8278289868',NULL,0,0,NULL,NULL,0.0000,0.0000,0.0000,0.0000,0.0000,0.0000,0.0000,0.0000,0.0000,0.0000,0.0000,0.0000,0.0000,0.0000,0.0000,NULL,'null',NULL,0.0000,0.0000,0.0000,0.0000,0.0000,0.0000,0.0000,NULL,0.0000,0.0000,NULL,NULL,NULL,NULL,NULL,NULL,NULL,NULL,0),(48,18,'2024-03-06 12:16:15','2024-03-06 12:17:57',4,1,4,'shipping','plkbansal28@gmail.com',NULL,'palak',NULL,'bansal',NULL,NULL,'fcs','chandigarh','Chandigarh',574,'160101','IN','827828968',NULL,1,0,'flatrate_flatrate','Flat Rate - Fixed',1.0000,49.0000,49.0000,49.0000,49.0000,0.0000,0.0000,5.0000,5.0000,0.0000,0.0000,0.0000,0.0000,54.0000,54.0000,NULL,'[]',NULL,0.0000,0.0000,49.0000,49.0000,0.0000,0.0000,0.0000,NULL,5.0000,5.0000,NULL,NULL,NULL,NULL,NULL,NULL,NULL,NULL,0),(49,19,'2024-03-06 12:17:11','2024-03-06 12:17:11',NULL,0,NULL,'shipping',NULL,NULL,NULL,NULL,NULL,NULL,NULL,NULL,NULL,NULL,NULL,NULL,NULL,NULL,NULL,1,0,NULL,NULL,0.0000,0.0000,0.0000,0.0000,0.0000,0.0000,0.0000,0.0000,0.0000,NULL,NULL,0.0000,0.0000,0.0000,0.0000,NULL,NULL,NULL,NULL,NULL,NULL,NULL,NULL,NULL,NULL,NULL,NULL,NULL,NULL,NULL,NULL,NULL,NULL,NULL,NULL,NULL,0),(50,19,'2024-03-06 12:17:11','2024-03-06 12:17:11',NULL,0,NULL,'billing',NULL,NULL,NULL,NULL,NULL,NULL,NULL,NULL,NULL,NULL,NULL,NULL,NULL,NULL,NULL,0,0,NULL,NULL,0.0000,0.0000,0.0000,0.0000,0.0000,0.0000,0.0000,0.0000,0.0000,NULL,NULL,0.0000,0.0000,0.0000,0.0000,NULL,NULL,NULL,NULL,NULL,NULL,NULL,NULL,NULL,NULL,NULL,NULL,NULL,NULL,NULL,NULL,NULL,NULL,NULL,NULL,NULL,0),(51,18,'2024-03-06 12:18:00','2024-03-06 12:18:00',4,NULL,4,'billing','plkbansal28@gmail.com',NULL,'palak',NULL,'bansal',NULL,NULL,'fcs','chandigarh','Chandigarh',574,'160101','IN','827828968',NULL,0,0,NULL,NULL,0.0000,0.0000,0.0000,0.0000,0.0000,0.0000,0.0000,0.0000,0.0000,0.0000,0.0000,0.0000,0.0000,0.0000,0.0000,NULL,'null',NULL,0.0000,0.0000,0.0000,0.0000,0.0000,0.0000,0.0000,NULL,0.0000,0.0000,NULL,NULL,NULL,NULL,NULL,NULL,NULL,NULL,0),(53,20,'2024-03-06 12:18:40','2024-03-06 12:18:46',3,0,3,'shipping','alert@jamboshop.com',NULL,'Amit',NULL,'kamboj',NULL,'Test','Test','WESTLANDS',NULL,NULL,'33122','MU','7307163659',NULL,1,0,'flatrate_flatrate','Flat Rate - Fixed',1.0000,44.0000,44.0000,44.0000,44.0000,0.0000,0.0000,5.0000,5.0000,0.0000,0.0000,0.0000,0.0000,49.0000,49.0000,NULL,'[]',NULL,0.0000,0.0000,44.0000,44.0000,0.0000,0.0000,0.0000,NULL,5.0000,5.0000,NULL,NULL,NULL,NULL,NULL,NULL,NULL,NULL,0),(54,20,'2024-03-06 12:18:49','2024-03-06 12:18:49',3,NULL,3,'billing','alert@jamboshop.com',NULL,'Amit',NULL,'kamboj',NULL,'Test','Test','WESTLANDS',NULL,NULL,'33122','MU','7307163659',NULL,0,0,NULL,NULL,0.0000,0.0000,0.0000,0.0000,0.0000,0.0000,0.0000,0.0000,0.0000,0.0000,0.0000,0.0000,0.0000,0.0000,0.0000,NULL,'null',NULL,0.0000,0.0000,0.0000,0.0000,0.0000,0.0000,0.0000,NULL,0.0000,0.0000,NULL,NULL,NULL,NULL,NULL,NULL,NULL,NULL,0),(56,21,'2024-03-06 12:20:58','2024-03-06 12:22:19',5,1,5,'shipping','palak.bansal@yirontechnologies.com',NULL,'palak',NULL,'gupta',NULL,NULL,'fcs','chandigarh','Chandigarh',574,'160101','IN','8278289868',NULL,1,0,'flatrate_flatrate','Flat Rate - Fixed',1.0000,44.0000,44.0000,44.0000,44.0000,0.0000,0.0000,5.0000,5.0000,0.0000,0.0000,0.0000,0.0000,49.0000,49.0000,NULL,'[]',NULL,0.0000,0.0000,44.0000,44.0000,0.0000,0.0000,0.0000,NULL,5.0000,5.0000,NULL,NULL,NULL,NULL,NULL,NULL,NULL,NULL,0),(57,21,'2024-03-06 12:22:23','2024-03-06 12:22:23',5,NULL,5,'billing','palak.bansal@yirontechnologies.com',NULL,'palak',NULL,'gupta',NULL,NULL,'fcs','chandigarh','Chandigarh',574,'160101','IN','8278289868',NULL,0,0,NULL,NULL,0.0000,0.0000,0.0000,0.0000,0.0000,0.0000,0.0000,0.0000,0.0000,0.0000,0.0000,0.0000,0.0000,0.0000,0.0000,NULL,'null',NULL,0.0000,0.0000,0.0000,0.0000,0.0000,0.0000,0.0000,NULL,0.0000,0.0000,NULL,NULL,NULL,NULL,NULL,NULL,NULL,NULL,0),(58,22,'2024-03-07 09:34:16','2024-03-07 09:34:16',NULL,0,NULL,'billing',NULL,NULL,NULL,NULL,NULL,NULL,NULL,NULL,NULL,NULL,NULL,NULL,NULL,NULL,NULL,0,0,NULL,NULL,0.0000,0.0000,0.0000,0.0000,0.0000,0.0000,0.0000,0.0000,0.0000,0.0000,0.0000,0.0000,0.0000,0.0000,0.0000,NULL,'null',NULL,0.0000,0.0000,0.0000,0.0000,0.0000,0.0000,0.0000,NULL,0.0000,0.0000,NULL,NULL,NULL,NULL,NULL,NULL,NULL,NULL,0),(59,22,'2024-03-07 09:34:16','2024-03-07 09:34:16',NULL,0,NULL,'shipping',NULL,NULL,NULL,NULL,NULL,NULL,NULL,NULL,NULL,NULL,NULL,NULL,NULL,NULL,NULL,1,0,NULL,NULL,1.0000,44.0000,44.0000,44.0000,44.0000,0.0000,0.0000,0.0000,0.0000,0.0000,0.0000,0.0000,0.0000,44.0000,44.0000,NULL,'[]',NULL,0.0000,0.0000,44.0000,44.0000,0.0000,0.0000,0.0000,NULL,0.0000,0.0000,NULL,NULL,NULL,NULL,NULL,NULL,NULL,NULL,0),(60,23,'2024-03-13 06:24:28','2024-03-13 06:24:28',NULL,0,NULL,'billing',NULL,NULL,NULL,NULL,NULL,NULL,NULL,NULL,NULL,NULL,NULL,NULL,NULL,NULL,NULL,0,0,NULL,NULL,0.0000,0.0000,0.0000,0.0000,0.0000,0.0000,0.0000,0.0000,0.0000,0.0000,0.0000,0.0000,0.0000,0.0000,0.0000,NULL,'null',NULL,0.0000,0.0000,0.0000,0.0000,0.0000,0.0000,0.0000,NULL,0.0000,0.0000,NULL,NULL,NULL,NULL,NULL,NULL,NULL,NULL,0),(61,23,'2024-03-13 06:24:28','2024-03-13 06:24:28',NULL,0,NULL,'shipping',NULL,NULL,NULL,NULL,NULL,NULL,NULL,NULL,NULL,NULL,NULL,NULL,NULL,NULL,NULL,1,0,NULL,NULL,1.0000,34.0000,34.0000,34.0000,34.0000,0.0000,0.0000,0.0000,0.0000,0.0000,0.0000,0.0000,0.0000,34.0000,34.0000,NULL,'[]',NULL,0.0000,0.0000,34.0000,34.0000,0.0000,0.0000,0.0000,NULL,0.0000,0.0000,NULL,NULL,NULL,NULL,NULL,NULL,NULL,NULL,0),(62,24,'2024-08-30 06:53:17','2024-08-30 06:53:17',6,0,NULL,'billing','test@gmail.com',NULL,NULL,NULL,NULL,NULL,NULL,NULL,NULL,NULL,NULL,NULL,NULL,NULL,NULL,0,0,NULL,NULL,0.0000,0.0000,0.0000,0.0000,0.0000,0.0000,0.0000,0.0000,0.0000,0.0000,0.0000,0.0000,0.0000,0.0000,0.0000,NULL,'null',NULL,0.0000,0.0000,0.0000,0.0000,0.0000,0.0000,0.0000,NULL,0.0000,0.0000,NULL,NULL,NULL,NULL,NULL,NULL,NULL,NULL,0),(63,24,'2024-08-30 06:53:17','2024-08-30 06:53:17',6,0,NULL,'shipping','test@gmail.com',NULL,NULL,NULL,NULL,NULL,NULL,NULL,NULL,NULL,NULL,NULL,NULL,NULL,NULL,1,1,NULL,NULL,1.0000,29.0000,29.0000,29.0000,29.0000,0.0000,0.0000,0.0000,0.0000,0.0000,0.0000,0.0000,0.0000,29.0000,29.0000,NULL,'[]',NULL,0.0000,0.0000,29.0000,29.0000,0.0000,0.0000,0.0000,NULL,0.0000,0.0000,NULL,NULL,NULL,NULL,NULL,NULL,NULL,NULL,0),(65,25,'2024-08-30 08:50:25','2024-08-30 09:51:26',7,1,6,'shipping','testankush@yopmail.com',NULL,'Robin',NULL,'Sharma',NULL,NULL,'dfd','ddfdf','Alaska',2,'458596','US','258965896',NULL,1,0,'tablerate_bestway','Best Way - Table Rate',0.0000,185.0000,185.0000,185.0000,185.0000,0.0000,0.0000,20.0000,20.0000,0.0000,0.0000,0.0000,0.0000,205.0000,205.0000,NULL,'[]',NULL,0.0000,0.0000,185.0000,185.0000,0.0000,0.0000,0.0000,NULL,20.0000,20.0000,NULL,NULL,NULL,NULL,NULL,NULL,NULL,NULL,1),(66,26,'2024-08-30 09:45:49','2024-08-30 09:45:49',NULL,0,NULL,'shipping',NULL,NULL,NULL,NULL,NULL,NULL,NULL,NULL,NULL,NULL,NULL,NULL,NULL,NULL,NULL,1,0,NULL,NULL,0.0000,0.0000,0.0000,0.0000,0.0000,0.0000,0.0000,0.0000,0.0000,NULL,NULL,0.0000,0.0000,0.0000,0.0000,NULL,NULL,NULL,NULL,NULL,NULL,NULL,NULL,NULL,NULL,NULL,NULL,NULL,NULL,NULL,NULL,NULL,NULL,NULL,NULL,NULL,0),(67,26,'2024-08-30 09:45:49','2024-08-30 09:45:49',NULL,0,NULL,'billing',NULL,NULL,NULL,NULL,NULL,NULL,NULL,NULL,NULL,NULL,NULL,NULL,NULL,NULL,NULL,0,0,NULL,NULL,0.0000,0.0000,0.0000,0.0000,0.0000,0.0000,0.0000,0.0000,0.0000,NULL,NULL,0.0000,0.0000,0.0000,0.0000,NULL,NULL,NULL,NULL,NULL,NULL,NULL,NULL,NULL,NULL,NULL,NULL,NULL,NULL,NULL,NULL,NULL,NULL,NULL,NULL,NULL,0),(68,25,'2024-08-30 09:51:39','2024-08-30 09:51:39',7,NULL,6,'billing','testankush@yopmail.com',NULL,'Robin',NULL,'Sharma',NULL,NULL,'dfd','ddfdf','Alaska',2,'458596','US','258965896',NULL,0,0,NULL,NULL,0.0000,0.0000,0.0000,0.0000,0.0000,0.0000,0.0000,0.0000,0.0000,0.0000,0.0000,0.0000,0.0000,0.0000,0.0000,NULL,'null',NULL,0.0000,0.0000,0.0000,0.0000,0.0000,0.0000,0.0000,NULL,0.0000,0.0000,NULL,NULL,NULL,NULL,NULL,NULL,NULL,NULL,0),(69,27,'2024-08-30 12:31:45','2024-08-30 12:31:45',7,0,NULL,'billing','testankush@yopmail.com',NULL,NULL,NULL,NULL,NULL,NULL,NULL,NULL,NULL,NULL,NULL,NULL,NULL,NULL,0,0,NULL,NULL,0.0000,0.0000,0.0000,0.0000,0.0000,0.0000,0.0000,0.0000,0.0000,0.0000,0.0000,0.0000,0.0000,0.0000,0.0000,NULL,'null',NULL,0.0000,0.0000,0.0000,0.0000,0.0000,0.0000,0.0000,NULL,0.0000,0.0000,NULL,NULL,NULL,NULL,NULL,NULL,NULL,NULL,0),(70,27,'2024-08-30 12:31:45','2024-08-30 12:31:45',7,0,NULL,'shipping','testankush@yopmail.com',NULL,NULL,NULL,NULL,NULL,NULL,NULL,NULL,NULL,NULL,NULL,NULL,NULL,NULL,1,0,NULL,NULL,0.0000,0.0000,0.0000,0.0000,0.0000,0.0000,0.0000,0.0000,0.0000,0.0000,0.0000,0.0000,0.0000,0.0000,0.0000,NULL,'null',NULL,0.0000,0.0000,0.0000,0.0000,0.0000,0.0000,0.0000,NULL,0.0000,0.0000,NULL,NULL,NULL,NULL,NULL,NULL,NULL,NULL,0);

--
-- Table structure for table `quote_address_item`
--

CREATE TABLE `quote_address_item` (
  `address_item_id` int unsigned NOT NULL AUTO_INCREMENT COMMENT 'Address Item ID',
  `parent_item_id` int unsigned DEFAULT NULL COMMENT 'Parent Item ID',
  `quote_address_id` int unsigned NOT NULL DEFAULT '0' COMMENT 'Quote Address ID',
  `quote_item_id` int unsigned NOT NULL DEFAULT '0' COMMENT 'Quote Item ID',
  `created_at` timestamp NOT NULL DEFAULT CURRENT_TIMESTAMP COMMENT 'Created At',
  `updated_at` timestamp NOT NULL DEFAULT CURRENT_TIMESTAMP ON UPDATE CURRENT_TIMESTAMP COMMENT 'Updated At',
  `applied_rule_ids` text COMMENT 'Applied Rule Ids',
  `additional_data` text COMMENT 'Additional Data',
  `weight` decimal(12,4) DEFAULT '0.0000' COMMENT 'Weight',
  `qty` decimal(12,4) NOT NULL DEFAULT '0.0000' COMMENT 'Qty',
  `discount_amount` decimal(20,4) DEFAULT '0.0000' COMMENT 'Discount Amount',
  `tax_amount` decimal(20,4) DEFAULT '0.0000' COMMENT 'Tax Amount',
  `row_total` decimal(20,4) NOT NULL DEFAULT '0.0000' COMMENT 'Row Total',
  `base_row_total` decimal(20,4) NOT NULL DEFAULT '0.0000' COMMENT 'Base Row Total',
  `row_total_with_discount` decimal(20,4) DEFAULT '0.0000' COMMENT 'Row Total With Discount',
  `base_discount_amount` decimal(20,4) DEFAULT '0.0000' COMMENT 'Base Discount Amount',
  `base_tax_amount` decimal(20,4) DEFAULT '0.0000' COMMENT 'Base Tax Amount',
  `row_weight` decimal(12,4) DEFAULT '0.0000' COMMENT 'Row Weight',
  `product_id` int unsigned DEFAULT NULL COMMENT 'Product ID',
  `super_product_id` int unsigned DEFAULT NULL COMMENT 'Super Product ID',
  `parent_product_id` int unsigned DEFAULT NULL COMMENT 'Parent Product ID',
  `store_id` smallint unsigned DEFAULT NULL COMMENT 'Store ID',
  `sku` varchar(255) DEFAULT NULL COMMENT 'Sku',
  `image` varchar(255) DEFAULT NULL COMMENT 'Image',
  `name` varchar(255) DEFAULT NULL COMMENT 'Name',
  `description` text COMMENT 'Description',
  `is_qty_decimal` int unsigned DEFAULT NULL COMMENT 'Is Qty Decimal',
  `price` decimal(12,4) DEFAULT NULL COMMENT 'Price',
  `discount_percent` decimal(12,4) DEFAULT NULL COMMENT 'Discount Percent',
  `no_discount` int unsigned DEFAULT NULL COMMENT 'No Discount',
  `tax_percent` decimal(12,4) DEFAULT NULL COMMENT 'Tax Percent',
  `base_price` decimal(12,4) DEFAULT NULL COMMENT 'Base Price',
  `base_cost` decimal(12,4) DEFAULT NULL COMMENT 'Base Cost',
  `price_incl_tax` decimal(20,4) DEFAULT NULL COMMENT 'Price Incl Tax',
  `base_price_incl_tax` decimal(20,4) DEFAULT NULL COMMENT 'Base Price Incl Tax',
  `row_total_incl_tax` decimal(20,4) DEFAULT NULL COMMENT 'Row Total Incl Tax',
  `base_row_total_incl_tax` decimal(20,4) DEFAULT NULL COMMENT 'Base Row Total Incl Tax',
  `discount_tax_compensation_amount` decimal(20,4) DEFAULT NULL COMMENT 'Discount Tax Compensation Amount',
  `base_discount_tax_compensation_amount` decimal(20,4) DEFAULT NULL COMMENT 'Base Discount Tax Compensation Amount',
  `gift_message_id` int DEFAULT NULL COMMENT 'Gift Message ID',
  `free_shipping` int unsigned DEFAULT NULL COMMENT 'Free Shipping',
  PRIMARY KEY (`address_item_id`),
  KEY `QUOTE_ADDRESS_ITEM_QUOTE_ADDRESS_ID` (`quote_address_id`),
  KEY `QUOTE_ADDRESS_ITEM_PARENT_ITEM_ID` (`parent_item_id`),
  KEY `QUOTE_ADDRESS_ITEM_QUOTE_ITEM_ID` (`quote_item_id`),
  KEY `QUOTE_ADDRESS_ITEM_STORE_ID` (`store_id`),
  CONSTRAINT `QUOTE_ADDR_ITEM_PARENT_ITEM_ID_QUOTE_ADDR_ITEM_ADDR_ITEM_ID` FOREIGN KEY (`parent_item_id`) REFERENCES `quote_address_item` (`address_item_id`) ON DELETE CASCADE,
  CONSTRAINT `QUOTE_ADDRESS_ITEM_QUOTE_ADDRESS_ID_QUOTE_ADDRESS_ADDRESS_ID` FOREIGN KEY (`quote_address_id`) REFERENCES `quote_address` (`address_id`) ON DELETE CASCADE,
  CONSTRAINT `QUOTE_ADDRESS_ITEM_QUOTE_ITEM_ID_QUOTE_ITEM_ITEM_ID` FOREIGN KEY (`quote_item_id`) REFERENCES `quote_item` (`item_id`) ON DELETE CASCADE
) ENGINE=InnoDB DEFAULT CHARSET=utf8mb3 COMMENT='Sales Flat Quote Address Item';

--
-- Dumping data for table `quote_address_item`
--


--
-- Table structure for table `quote_id_mask`
--

CREATE TABLE `quote_id_mask` (
  `entity_id` int unsigned NOT NULL AUTO_INCREMENT COMMENT 'Entity ID',
  `quote_id` int unsigned NOT NULL COMMENT 'Quote ID',
  `masked_id` varchar(32) DEFAULT NULL COMMENT 'Masked ID',
  PRIMARY KEY (`entity_id`,`quote_id`),
  KEY `QUOTE_ID_MASK_QUOTE_ID` (`quote_id`),
  KEY `QUOTE_ID_MASK_MASKED_ID` (`masked_id`),
  CONSTRAINT `QUOTE_ID_MASK_QUOTE_ID_QUOTE_ENTITY_ID` FOREIGN KEY (`quote_id`) REFERENCES `quote` (`entity_id`) ON DELETE CASCADE
) ENGINE=InnoDB AUTO_INCREMENT=12 DEFAULT CHARSET=utf8mb3 COMMENT='Quote ID and masked ID mapping';

--
-- Dumping data for table `quote_id_mask`
--

INSERT INTO `quote_id_mask` VALUES (9,23,'1yDgS7lIZf66WNjvypaRnNsySeKPdzkZ'),(2,4,'AUyovIrn5Ns1Cd5MYIm6Yk8TtUFHBHT1'),(6,13,'BWqL15UrYiRSw3di7FGfpTB0xlcp1SYr'),(3,7,'HbSwkmgeNHp3UEY8mgLAlxrL6yWC9yZt'),(7,17,'hua6rZg6MajFrRU3iq5XJFkjmlxoNKlZ'),(4,10,'ki6MpkGV8FR7rMUurXWsWwowvCyWKe7o'),(5,11,'NvurpXuO9KV2QJJTpixYODHHIGZnBiHM'),(1,3,'o0YA2lNQwvdQ139bGwGSoq5TNlsjKVKf'),(10,24,'pyhFIHvJFRRULIH2qMRhqTk8gysigUJh'),(11,25,'VMDxD2YJgOMsry9IEPDQmlW5JSAtKQOd'),(8,22,'ZbTkbST6k1wFGSkzCbnTzLIzndkXVtX2');

--
-- Table structure for table `quote_item`
--

CREATE TABLE `quote_item` (
  `item_id` int unsigned NOT NULL AUTO_INCREMENT COMMENT 'Item ID',
  `quote_id` int unsigned NOT NULL DEFAULT '0' COMMENT 'Quote ID',
  `created_at` timestamp NOT NULL DEFAULT CURRENT_TIMESTAMP COMMENT 'Created At',
  `updated_at` timestamp NOT NULL DEFAULT CURRENT_TIMESTAMP ON UPDATE CURRENT_TIMESTAMP COMMENT 'Updated At',
  `product_id` int unsigned DEFAULT NULL COMMENT 'Product ID',
  `store_id` smallint unsigned DEFAULT NULL COMMENT 'Store ID',
  `parent_item_id` int unsigned DEFAULT NULL COMMENT 'Parent Item ID',
  `is_virtual` smallint unsigned DEFAULT NULL COMMENT 'Is Virtual',
  `sku` varchar(255) DEFAULT NULL COMMENT 'Sku',
  `name` varchar(255) DEFAULT NULL COMMENT 'Name',
  `description` text COMMENT 'Description',
  `applied_rule_ids` text COMMENT 'Applied Rule Ids',
  `additional_data` text COMMENT 'Additional Data',
  `is_qty_decimal` smallint unsigned DEFAULT NULL COMMENT 'Is Qty Decimal',
  `no_discount` smallint unsigned DEFAULT '0' COMMENT 'No Discount',
  `weight` decimal(12,4) DEFAULT '0.0000' COMMENT 'Weight',
  `qty` decimal(12,4) NOT NULL DEFAULT '0.0000' COMMENT 'Qty',
  `price` decimal(12,4) NOT NULL DEFAULT '0.0000' COMMENT 'Price',
  `base_price` decimal(12,4) NOT NULL DEFAULT '0.0000' COMMENT 'Base Price',
  `custom_price` decimal(12,4) DEFAULT NULL COMMENT 'Custom Price',
  `discount_percent` decimal(12,4) DEFAULT '0.0000' COMMENT 'Discount Percent',
  `discount_amount` decimal(20,4) DEFAULT '0.0000' COMMENT 'Discount Amount',
  `base_discount_amount` decimal(20,4) DEFAULT '0.0000' COMMENT 'Base Discount Amount',
  `tax_percent` decimal(12,4) DEFAULT '0.0000' COMMENT 'Tax Percent',
  `tax_amount` decimal(20,4) DEFAULT '0.0000' COMMENT 'Tax Amount',
  `base_tax_amount` decimal(20,4) DEFAULT '0.0000' COMMENT 'Base Tax Amount',
  `row_total` decimal(20,4) NOT NULL DEFAULT '0.0000' COMMENT 'Row Total',
  `base_row_total` decimal(20,4) NOT NULL DEFAULT '0.0000' COMMENT 'Base Row Total',
  `row_total_with_discount` decimal(20,4) DEFAULT '0.0000' COMMENT 'Row Total With Discount',
  `row_weight` decimal(12,4) DEFAULT '0.0000' COMMENT 'Row Weight',
  `product_type` varchar(255) DEFAULT NULL COMMENT 'Product Type',
  `base_tax_before_discount` decimal(20,4) DEFAULT NULL COMMENT 'Base Tax Before Discount',
  `tax_before_discount` decimal(20,4) DEFAULT NULL COMMENT 'Tax Before Discount',
  `original_custom_price` decimal(12,4) DEFAULT NULL COMMENT 'Original Custom Price',
  `redirect_url` varchar(255) DEFAULT NULL COMMENT 'Redirect Url',
  `base_cost` decimal(12,4) DEFAULT NULL COMMENT 'Base Cost',
  `price_incl_tax` decimal(20,4) DEFAULT NULL COMMENT 'Price Incl Tax',
  `base_price_incl_tax` decimal(20,4) DEFAULT NULL COMMENT 'Base Price Incl Tax',
  `row_total_incl_tax` decimal(20,4) DEFAULT NULL COMMENT 'Row Total Incl Tax',
  `base_row_total_incl_tax` decimal(20,4) DEFAULT NULL COMMENT 'Base Row Total Incl Tax',
  `discount_tax_compensation_amount` decimal(20,4) DEFAULT NULL COMMENT 'Discount Tax Compensation Amount',
  `base_discount_tax_compensation_amount` decimal(20,4) DEFAULT NULL COMMENT 'Base Discount Tax Compensation Amount',
  `gift_message_id` int DEFAULT NULL COMMENT 'Gift Message ID',
  `free_shipping` smallint unsigned NOT NULL DEFAULT '0' COMMENT 'Free Shipping',
  `weee_tax_applied` text COMMENT 'Weee Tax Applied',
  `weee_tax_applied_amount` decimal(12,4) DEFAULT NULL COMMENT 'Weee Tax Applied Amount',
  `weee_tax_applied_row_amount` decimal(12,4) DEFAULT NULL COMMENT 'Weee Tax Applied Row Amount',
  `weee_tax_disposition` decimal(12,4) DEFAULT NULL COMMENT 'Weee Tax Disposition',
  `weee_tax_row_disposition` decimal(12,4) DEFAULT NULL COMMENT 'Weee Tax Row Disposition',
  `base_weee_tax_applied_amount` decimal(12,4) DEFAULT NULL COMMENT 'Base Weee Tax Applied Amount',
  `base_weee_tax_applied_row_amnt` decimal(12,4) DEFAULT NULL COMMENT 'Base Weee Tax Applied Row Amnt',
  `base_weee_tax_disposition` decimal(12,4) DEFAULT NULL COMMENT 'Base Weee Tax Disposition',
  `base_weee_tax_row_disposition` decimal(12,4) DEFAULT NULL COMMENT 'Base Weee Tax Row Disposition',
  PRIMARY KEY (`item_id`),
  KEY `QUOTE_ITEM_PARENT_ITEM_ID` (`parent_item_id`),
  KEY `QUOTE_ITEM_PRODUCT_ID` (`product_id`),
  KEY `QUOTE_ITEM_QUOTE_ID` (`quote_id`),
  KEY `QUOTE_ITEM_STORE_ID` (`store_id`),
  CONSTRAINT `QUOTE_ITEM_PARENT_ITEM_ID_QUOTE_ITEM_ITEM_ID` FOREIGN KEY (`parent_item_id`) REFERENCES `quote_item` (`item_id`) ON DELETE CASCADE,
  CONSTRAINT `QUOTE_ITEM_QUOTE_ID_QUOTE_ENTITY_ID` FOREIGN KEY (`quote_id`) REFERENCES `quote` (`entity_id`) ON DELETE CASCADE,
  CONSTRAINT `QUOTE_ITEM_STORE_ID_STORE_STORE_ID` FOREIGN KEY (`store_id`) REFERENCES `store` (`store_id`) ON DELETE SET NULL
) ENGINE=InnoDB AUTO_INCREMENT=47 DEFAULT CHARSET=utf8mb3 COMMENT='Sales Flat Quote Item';

--
-- Dumping data for table `quote_item`
--

INSERT INTO `quote_item` VALUES (1,1,'2024-02-29 10:29:50','2024-02-29 10:29:50',1428,1,NULL,0,'WS03-XS-Red','Iris Workout Top',NULL,'1',NULL,0,0,1.0000,1.0000,29.0000,29.0000,NULL,0.0000,0.0000,0.0000,8.2500,2.3900,2.3900,29.0000,29.0000,0.0000,1.0000,'configurable',NULL,NULL,NULL,NULL,NULL,31.3900,31.3900,31.3900,31.3900,0.0000,0.0000,NULL,0,NULL,NULL,NULL,NULL,NULL,NULL,NULL,NULL,NULL),(2,1,'2024-02-29 10:29:50','2024-02-29 10:29:50',1415,1,1,0,'WS03-XS-Red','Iris Workout Top-XS-Red',NULL,NULL,NULL,0,0,1.0000,1.0000,0.0000,0.0000,NULL,0.0000,0.0000,0.0000,0.0000,0.0000,0.0000,0.0000,0.0000,0.0000,0.0000,'simple',NULL,NULL,NULL,NULL,NULL,NULL,NULL,NULL,NULL,NULL,NULL,NULL,0,NULL,NULL,NULL,NULL,NULL,NULL,NULL,NULL,NULL),(3,2,'2024-02-29 10:29:51','2024-02-29 10:29:51',1492,1,NULL,0,'WS08-XS-Blue','Minerva LumaTech&trade; V-Tee',NULL,'1',NULL,0,0,1.0000,1.0000,32.0000,32.0000,NULL,0.0000,0.0000,0.0000,8.2500,2.6400,2.6400,32.0000,32.0000,0.0000,1.0000,'configurable',NULL,NULL,NULL,NULL,NULL,34.6400,34.6400,34.6400,34.6400,0.0000,0.0000,NULL,0,NULL,NULL,NULL,NULL,NULL,NULL,NULL,NULL,NULL),(4,2,'2024-02-29 10:29:51','2024-02-29 10:29:51',1478,1,3,0,'WS08-XS-Blue','Minerva LumaTech&trade; V-Tee-XS-Blue',NULL,NULL,NULL,0,0,1.0000,1.0000,0.0000,0.0000,NULL,0.0000,0.0000,0.0000,0.0000,0.0000,0.0000,0.0000,0.0000,0.0000,0.0000,'simple',NULL,NULL,NULL,NULL,NULL,NULL,NULL,NULL,NULL,NULL,NULL,NULL,0,NULL,NULL,NULL,NULL,NULL,NULL,NULL,NULL,NULL),(5,3,'2024-02-29 10:51:16','2024-02-29 10:51:57',14,1,NULL,0,'24-WB04','Push It Messenger Bag',NULL,'2',NULL,0,0,NULL,2.0000,45.0000,45.0000,NULL,0.0000,0.0000,0.0000,0.0000,0.0000,0.0000,90.0000,90.0000,0.0000,0.0000,'simple',NULL,NULL,NULL,NULL,NULL,45.0000,45.0000,90.0000,90.0000,0.0000,0.0000,NULL,0,NULL,NULL,NULL,NULL,NULL,NULL,NULL,NULL,NULL),(6,3,'2024-02-29 10:52:04','2024-02-29 10:52:04',19,1,NULL,0,'24-UG05','Go-Get\'r Pushup Grips',NULL,'2',NULL,0,0,NULL,1.0000,19.0000,19.0000,NULL,0.0000,0.0000,0.0000,0.0000,0.0000,0.0000,19.0000,19.0000,0.0000,0.0000,'simple',NULL,NULL,NULL,NULL,NULL,19.0000,19.0000,19.0000,19.0000,0.0000,0.0000,NULL,0,NULL,NULL,NULL,NULL,NULL,NULL,NULL,NULL,NULL),(7,4,'2024-02-29 11:01:54','2024-02-29 11:02:20',1556,1,NULL,0,'WS12-S-Orange','Radiant Tee',NULL,'1,2,3',NULL,0,0,1.0000,14.0000,22.0000,22.0000,NULL,20.0000,114.4000,114.4000,0.0000,0.0000,0.0000,308.0000,308.0000,0.0000,0.0000,'configurable',NULL,NULL,NULL,NULL,NULL,22.0000,22.0000,308.0000,308.0000,0.0000,0.0000,NULL,0,NULL,NULL,NULL,NULL,NULL,NULL,NULL,NULL,NULL),(8,4,'2024-02-29 11:01:54','2024-02-29 11:01:54',1545,1,7,0,'WS12-S-Orange','Radiant Tee-S-Orange',NULL,NULL,NULL,0,0,1.0000,1.0000,0.0000,0.0000,NULL,0.0000,0.0000,0.0000,0.0000,0.0000,0.0000,0.0000,0.0000,0.0000,0.0000,'simple',NULL,NULL,NULL,NULL,NULL,NULL,NULL,NULL,NULL,NULL,NULL,NULL,0,NULL,NULL,NULL,NULL,NULL,NULL,NULL,NULL,NULL),(9,4,'2024-02-29 11:02:33','2024-02-29 11:02:54',16,1,NULL,0,'24-UG07','Dual Handle Cardio Ball',NULL,'1,2',NULL,0,0,NULL,12.0000,12.0000,12.0000,NULL,0.0000,36.0000,36.0000,0.0000,0.0000,0.0000,144.0000,144.0000,0.0000,0.0000,'simple',NULL,NULL,NULL,NULL,NULL,12.0000,12.0000,144.0000,144.0000,0.0000,0.0000,NULL,0,NULL,NULL,NULL,NULL,NULL,NULL,NULL,NULL,NULL),(10,5,'2024-02-29 11:35:07','2024-02-29 11:35:07',14,1,NULL,0,'24-WB04','Push It Messenger Bag',NULL,'2',NULL,0,0,NULL,2.0000,45.0000,45.0000,NULL,0.0000,0.0000,0.0000,0.0000,0.0000,0.0000,90.0000,90.0000,0.0000,0.0000,'simple',NULL,NULL,NULL,NULL,NULL,45.0000,45.0000,90.0000,90.0000,0.0000,0.0000,NULL,0,NULL,NULL,NULL,NULL,NULL,NULL,NULL,NULL,NULL),(11,5,'2024-02-29 11:35:07','2024-02-29 11:35:07',19,1,NULL,0,'24-UG05','Go-Get\'r Pushup Grips',NULL,'2',NULL,0,0,NULL,1.0000,19.0000,19.0000,NULL,0.0000,0.0000,0.0000,0.0000,0.0000,0.0000,19.0000,19.0000,0.0000,0.0000,'simple',NULL,NULL,NULL,NULL,NULL,19.0000,19.0000,19.0000,19.0000,0.0000,0.0000,NULL,0,NULL,NULL,NULL,NULL,NULL,NULL,NULL,NULL,NULL),(12,6,'2024-03-05 04:46:21','2024-03-05 04:46:21',1997,1,NULL,0,'WSH07-28-Blue','Echo Fit Compression Short',NULL,NULL,NULL,0,0,1.0000,1.0000,24.0000,24.0000,NULL,0.0000,0.0000,0.0000,0.0000,0.0000,0.0000,24.0000,24.0000,0.0000,1.0000,'configurable',NULL,NULL,NULL,NULL,NULL,24.0000,24.0000,24.0000,24.0000,0.0000,0.0000,NULL,0,NULL,NULL,NULL,NULL,NULL,NULL,NULL,NULL,NULL),(13,6,'2024-03-05 04:46:21','2024-03-05 04:46:21',1992,1,12,0,'WSH07-28-Blue','Echo Fit Compression Short-28-Blue',NULL,NULL,NULL,0,0,1.0000,1.0000,0.0000,0.0000,NULL,0.0000,0.0000,0.0000,0.0000,0.0000,0.0000,0.0000,0.0000,0.0000,0.0000,'simple',NULL,NULL,NULL,NULL,NULL,NULL,NULL,NULL,NULL,NULL,NULL,NULL,0,NULL,NULL,NULL,NULL,NULL,NULL,NULL,NULL,NULL),(14,7,'2024-03-05 10:46:15','2024-03-05 10:46:15',14,1,NULL,0,'24-WB04','Push It Messenger Bag',NULL,NULL,NULL,0,0,NULL,1.0000,45.0000,45.0000,NULL,0.0000,0.0000,0.0000,0.0000,0.0000,0.0000,45.0000,45.0000,0.0000,0.0000,'simple',NULL,NULL,NULL,NULL,NULL,45.0000,45.0000,45.0000,45.0000,0.0000,0.0000,NULL,0,NULL,NULL,NULL,NULL,NULL,NULL,NULL,NULL,NULL),(15,8,'2024-03-05 10:59:11','2024-03-05 10:59:11',1997,1,NULL,0,'WSH07-29-Purple','Echo Fit Compression Short',NULL,NULL,NULL,0,0,1.0000,1.0000,24.0000,24.0000,NULL,0.0000,0.0000,0.0000,0.0000,0.0000,0.0000,24.0000,24.0000,0.0000,1.0000,'configurable',NULL,NULL,NULL,NULL,NULL,24.0000,24.0000,24.0000,24.0000,0.0000,0.0000,NULL,0,NULL,NULL,NULL,NULL,NULL,NULL,NULL,NULL,NULL),(16,8,'2024-03-05 10:59:11','2024-03-05 10:59:11',1996,1,15,0,'WSH07-29-Purple','Echo Fit Compression Short-29-Purple',NULL,NULL,NULL,0,0,1.0000,1.0000,0.0000,0.0000,NULL,0.0000,0.0000,0.0000,0.0000,0.0000,0.0000,0.0000,0.0000,0.0000,0.0000,'simple',NULL,NULL,NULL,NULL,NULL,NULL,NULL,NULL,NULL,NULL,NULL,NULL,0,NULL,NULL,NULL,NULL,NULL,NULL,NULL,NULL,NULL),(17,10,'2024-03-06 10:37:15','2024-03-06 10:37:15',694,1,NULL,0,'MT07-S-Gray','Argus All-Weather Tank',NULL,NULL,NULL,0,0,1.0000,1.0000,22.0000,22.0000,NULL,0.0000,0.0000,0.0000,0.0000,0.0000,0.0000,22.0000,22.0000,0.0000,1.0000,'configurable',NULL,NULL,NULL,NULL,NULL,22.0000,22.0000,22.0000,22.0000,0.0000,0.0000,NULL,0,NULL,NULL,NULL,NULL,NULL,NULL,NULL,NULL,NULL),(18,10,'2024-03-06 10:37:15','2024-03-06 10:37:15',690,1,17,0,'MT07-S-Gray','Argus All-Weather Tank-S-Gray',NULL,NULL,NULL,0,0,1.0000,1.0000,0.0000,0.0000,NULL,0.0000,0.0000,0.0000,0.0000,0.0000,0.0000,0.0000,0.0000,0.0000,0.0000,'simple',NULL,NULL,NULL,NULL,NULL,NULL,NULL,NULL,NULL,NULL,NULL,NULL,0,NULL,NULL,NULL,NULL,NULL,NULL,NULL,NULL,NULL),(19,11,'2024-03-06 11:20:25','2024-03-06 11:20:25',158,1,NULL,0,'MH07-S-Gray','Hero Hoodie',NULL,'2',NULL,0,0,1.0000,1.0000,54.0000,54.0000,NULL,0.0000,0.0000,0.0000,0.0000,0.0000,0.0000,54.0000,54.0000,0.0000,0.0000,'configurable',NULL,NULL,NULL,NULL,NULL,54.0000,54.0000,54.0000,54.0000,0.0000,0.0000,NULL,0,NULL,NULL,NULL,NULL,NULL,NULL,NULL,NULL,NULL),(20,11,'2024-03-06 11:20:25','2024-03-06 11:20:25',147,1,19,0,'MH07-S-Gray','Hero Hoodie-S-Gray',NULL,NULL,NULL,0,0,1.0000,1.0000,0.0000,0.0000,NULL,0.0000,0.0000,0.0000,0.0000,0.0000,0.0000,0.0000,0.0000,0.0000,0.0000,'simple',NULL,NULL,NULL,NULL,NULL,NULL,NULL,NULL,NULL,NULL,NULL,NULL,0,NULL,NULL,NULL,NULL,NULL,NULL,NULL,NULL,NULL),(21,12,'2024-03-06 12:04:49','2024-03-06 12:04:49',2017,1,NULL,0,'WSH10-29-Orange','Ana Running Short',NULL,NULL,NULL,0,0,1.0000,1.0000,40.0000,40.0000,NULL,0.0000,0.0000,0.0000,0.0000,0.0000,0.0000,40.0000,40.0000,0.0000,1.0000,'configurable',NULL,NULL,NULL,NULL,NULL,40.0000,40.0000,40.0000,40.0000,0.0000,0.0000,NULL,0,NULL,NULL,NULL,NULL,NULL,NULL,NULL,NULL,NULL),(22,12,'2024-03-06 12:04:49','2024-03-06 12:04:49',2015,1,21,0,'WSH10-29-Orange','Ana Running Short-29-Orange',NULL,NULL,NULL,0,0,1.0000,1.0000,0.0000,0.0000,NULL,0.0000,0.0000,0.0000,0.0000,0.0000,0.0000,0.0000,0.0000,0.0000,0.0000,'simple',NULL,NULL,NULL,NULL,NULL,NULL,NULL,NULL,NULL,NULL,NULL,NULL,0,NULL,NULL,NULL,NULL,NULL,NULL,NULL,NULL,NULL),(23,13,'2024-03-06 12:05:05','2024-03-06 12:05:05',2017,1,NULL,0,'WSH10-28-Black','Ana Running Short',NULL,'2',NULL,0,0,1.0000,2.0000,40.0000,40.0000,NULL,0.0000,0.0000,0.0000,0.0000,0.0000,0.0000,80.0000,80.0000,0.0000,0.0000,'configurable',NULL,NULL,NULL,NULL,NULL,40.0000,40.0000,80.0000,80.0000,0.0000,0.0000,NULL,0,NULL,NULL,NULL,NULL,NULL,NULL,NULL,NULL,NULL),(24,13,'2024-03-06 12:05:05','2024-03-06 12:05:05',2011,1,23,0,'WSH10-28-Black','Ana Running Short-28-Black',NULL,NULL,NULL,0,0,1.0000,1.0000,0.0000,0.0000,NULL,0.0000,0.0000,0.0000,0.0000,0.0000,0.0000,0.0000,0.0000,0.0000,0.0000,'simple',NULL,NULL,NULL,NULL,NULL,NULL,NULL,NULL,NULL,NULL,NULL,NULL,0,NULL,NULL,NULL,NULL,NULL,NULL,NULL,NULL,NULL),(25,14,'2024-03-06 12:05:30','2024-03-06 12:05:30',2010,1,NULL,0,'WSH09-29-Green','Mimi All-Purpose Short',NULL,NULL,NULL,0,0,1.0000,1.0000,44.0000,44.0000,NULL,0.0000,0.0000,0.0000,0.0000,0.0000,0.0000,44.0000,44.0000,0.0000,1.0000,'configurable',NULL,NULL,NULL,NULL,NULL,44.0000,44.0000,44.0000,44.0000,0.0000,0.0000,NULL,0,NULL,NULL,NULL,NULL,NULL,NULL,NULL,NULL,NULL),(26,14,'2024-03-06 12:05:30','2024-03-06 12:05:30',2008,1,25,0,'WSH09-29-Green','Mimi All-Purpose Short-29-Green',NULL,NULL,NULL,0,0,1.0000,1.0000,0.0000,0.0000,NULL,0.0000,0.0000,0.0000,0.0000,0.0000,0.0000,0.0000,0.0000,0.0000,0.0000,'simple',NULL,NULL,NULL,NULL,NULL,NULL,NULL,NULL,NULL,NULL,NULL,NULL,0,NULL,NULL,NULL,NULL,NULL,NULL,NULL,NULL,NULL),(27,15,'2024-03-06 12:06:00','2024-03-06 12:06:00',2010,1,NULL,0,'WSH09-29-Green','Mimi All-Purpose Short',NULL,NULL,NULL,0,0,1.0000,1.0000,44.0000,44.0000,NULL,0.0000,0.0000,0.0000,0.0000,0.0000,0.0000,44.0000,44.0000,0.0000,1.0000,'configurable',NULL,NULL,NULL,NULL,NULL,44.0000,44.0000,44.0000,44.0000,0.0000,0.0000,NULL,0,NULL,NULL,NULL,NULL,NULL,NULL,NULL,NULL,NULL),(28,15,'2024-03-06 12:06:00','2024-03-06 12:06:00',2008,1,27,0,'WSH09-29-Green','Mimi All-Purpose Short-29-Green',NULL,NULL,NULL,0,0,1.0000,1.0000,0.0000,0.0000,NULL,0.0000,0.0000,0.0000,0.0000,0.0000,0.0000,0.0000,0.0000,0.0000,0.0000,'simple',NULL,NULL,NULL,NULL,NULL,NULL,NULL,NULL,NULL,NULL,NULL,NULL,0,NULL,NULL,NULL,NULL,NULL,NULL,NULL,NULL,NULL),(29,16,'2024-03-06 12:09:44','2024-03-06 12:09:44',2010,1,NULL,0,'WSH09-29-Green','Mimi All-Purpose Short',NULL,NULL,NULL,0,0,1.0000,1.0000,44.0000,44.0000,NULL,0.0000,0.0000,0.0000,0.0000,0.0000,0.0000,44.0000,44.0000,0.0000,1.0000,'configurable',NULL,NULL,NULL,NULL,NULL,44.0000,44.0000,44.0000,44.0000,0.0000,0.0000,NULL,0,NULL,NULL,NULL,NULL,NULL,NULL,NULL,NULL,NULL),(30,16,'2024-03-06 12:09:44','2024-03-06 12:09:44',2008,1,29,0,'WSH09-29-Green','Mimi All-Purpose Short-29-Green',NULL,NULL,NULL,0,0,1.0000,1.0000,0.0000,0.0000,NULL,0.0000,0.0000,0.0000,0.0000,0.0000,0.0000,0.0000,0.0000,0.0000,0.0000,'simple',NULL,NULL,NULL,NULL,NULL,NULL,NULL,NULL,NULL,NULL,NULL,NULL,0,NULL,NULL,NULL,NULL,NULL,NULL,NULL,NULL,NULL),(31,17,'2024-03-06 12:09:47','2024-03-06 12:09:47',2003,1,NULL,0,'WSH08-28-Purple','Sybil Running Short',NULL,NULL,NULL,0,0,1.0000,1.0000,44.0000,44.0000,NULL,0.0000,0.0000,0.0000,0.0000,0.0000,0.0000,44.0000,44.0000,0.0000,1.0000,'configurable',NULL,NULL,NULL,NULL,NULL,44.0000,44.0000,44.0000,44.0000,0.0000,0.0000,NULL,0,NULL,NULL,NULL,NULL,NULL,NULL,NULL,NULL,NULL),(32,17,'2024-03-06 12:09:47','2024-03-06 12:09:47',1998,1,31,0,'WSH08-28-Purple','Sybil Running Short-28-Purple',NULL,NULL,NULL,0,0,1.0000,1.0000,0.0000,0.0000,NULL,0.0000,0.0000,0.0000,0.0000,0.0000,0.0000,0.0000,0.0000,0.0000,0.0000,'simple',NULL,NULL,NULL,NULL,NULL,NULL,NULL,NULL,NULL,NULL,NULL,NULL,0,NULL,NULL,NULL,NULL,NULL,NULL,NULL,NULL,NULL),(33,18,'2024-03-06 12:17:15','2024-03-06 12:17:15',2024,1,NULL,0,'WSH11-28-Orange','Ina Compression Short',NULL,NULL,NULL,0,0,1.0000,1.0000,49.0000,49.0000,NULL,0.0000,0.0000,0.0000,0.0000,0.0000,0.0000,49.0000,49.0000,0.0000,1.0000,'configurable',NULL,NULL,NULL,NULL,NULL,49.0000,49.0000,49.0000,49.0000,0.0000,0.0000,NULL,0,NULL,NULL,NULL,NULL,NULL,NULL,NULL,NULL,NULL),(34,18,'2024-03-06 12:17:15','2024-03-06 12:17:15',2019,1,33,0,'WSH11-28-Orange','Ina Compression Short-28-Orange',NULL,NULL,NULL,0,0,1.0000,1.0000,0.0000,0.0000,NULL,0.0000,0.0000,0.0000,0.0000,0.0000,0.0000,0.0000,0.0000,0.0000,0.0000,'simple',NULL,NULL,NULL,NULL,NULL,NULL,NULL,NULL,NULL,NULL,NULL,NULL,0,NULL,NULL,NULL,NULL,NULL,NULL,NULL,NULL,NULL),(35,20,'2024-03-06 12:18:40','2024-03-06 12:18:40',2003,1,NULL,0,'WSH08-29-Purple','Sybil Running Short',NULL,NULL,NULL,0,0,1.0000,1.0000,44.0000,44.0000,NULL,0.0000,0.0000,0.0000,0.0000,0.0000,0.0000,44.0000,44.0000,0.0000,1.0000,'configurable',NULL,NULL,NULL,NULL,NULL,44.0000,44.0000,44.0000,44.0000,0.0000,0.0000,NULL,0,NULL,NULL,NULL,NULL,NULL,NULL,NULL,NULL,NULL),(36,20,'2024-03-06 12:18:40','2024-03-06 12:18:40',1999,1,35,0,'WSH08-29-Purple','Sybil Running Short-29-Purple',NULL,NULL,NULL,0,0,1.0000,1.0000,0.0000,0.0000,NULL,0.0000,0.0000,0.0000,0.0000,0.0000,0.0000,0.0000,0.0000,0.0000,0.0000,'simple',NULL,NULL,NULL,NULL,NULL,NULL,NULL,NULL,NULL,NULL,NULL,NULL,0,NULL,NULL,NULL,NULL,NULL,NULL,NULL,NULL,NULL),(37,21,'2024-03-06 12:21:40','2024-03-06 12:21:40',2003,1,NULL,0,'WSH08-28-Purple','Sybil Running Short',NULL,NULL,NULL,0,0,1.0000,1.0000,44.0000,44.0000,NULL,0.0000,0.0000,0.0000,0.0000,0.0000,0.0000,44.0000,44.0000,0.0000,1.0000,'configurable',NULL,NULL,NULL,NULL,NULL,44.0000,44.0000,44.0000,44.0000,0.0000,0.0000,NULL,0,NULL,NULL,NULL,NULL,NULL,NULL,NULL,NULL,NULL),(38,21,'2024-03-06 12:21:40','2024-03-06 12:21:40',1998,1,37,0,'WSH08-28-Purple','Sybil Running Short-28-Purple',NULL,NULL,NULL,0,0,1.0000,1.0000,0.0000,0.0000,NULL,0.0000,0.0000,0.0000,0.0000,0.0000,0.0000,0.0000,0.0000,0.0000,0.0000,'simple',NULL,NULL,NULL,NULL,NULL,NULL,NULL,NULL,NULL,NULL,NULL,NULL,0,NULL,NULL,NULL,NULL,NULL,NULL,NULL,NULL,NULL),(39,22,'2024-03-07 09:34:16','2024-03-07 09:34:16',2003,1,NULL,0,'WSH08-30-Purple','Sybil Running Short',NULL,NULL,NULL,0,0,1.0000,1.0000,44.0000,44.0000,NULL,0.0000,0.0000,0.0000,0.0000,0.0000,0.0000,44.0000,44.0000,0.0000,1.0000,'configurable',NULL,NULL,NULL,NULL,NULL,44.0000,44.0000,44.0000,44.0000,0.0000,0.0000,NULL,0,NULL,NULL,NULL,NULL,NULL,NULL,NULL,NULL,NULL),(40,22,'2024-03-07 09:34:16','2024-03-07 09:34:16',2000,1,39,0,'WSH08-30-Purple','Sybil Running Short-30-Purple',NULL,NULL,NULL,0,0,1.0000,1.0000,0.0000,0.0000,NULL,0.0000,0.0000,0.0000,0.0000,0.0000,0.0000,0.0000,0.0000,0.0000,0.0000,'simple',NULL,NULL,NULL,NULL,NULL,NULL,NULL,NULL,NULL,NULL,NULL,NULL,0,NULL,NULL,NULL,NULL,NULL,NULL,NULL,NULL,NULL),(41,23,'2024-03-13 06:24:28','2024-03-13 06:24:28',1812,1,NULL,0,'WT09-XS-White','Breathe-Easy Tank',NULL,NULL,NULL,0,0,1.0000,1.0000,34.0000,34.0000,NULL,0.0000,0.0000,0.0000,0.0000,0.0000,0.0000,34.0000,34.0000,0.0000,1.0000,'configurable',NULL,NULL,NULL,NULL,NULL,34.0000,34.0000,34.0000,34.0000,0.0000,0.0000,NULL,0,NULL,NULL,NULL,NULL,NULL,NULL,NULL,NULL,NULL),(42,23,'2024-03-13 06:24:28','2024-03-13 06:24:28',1798,1,41,0,'WT09-XS-White','Breathe-Easy Tank-XS-White',NULL,NULL,NULL,0,0,1.0000,1.0000,0.0000,0.0000,NULL,0.0000,0.0000,0.0000,0.0000,0.0000,0.0000,0.0000,0.0000,0.0000,0.0000,'simple',NULL,NULL,NULL,NULL,NULL,NULL,NULL,NULL,NULL,NULL,NULL,NULL,0,NULL,NULL,NULL,NULL,NULL,NULL,NULL,NULL,NULL),(43,24,'2024-08-30 06:53:17','2024-08-30 06:53:17',706,1,NULL,0,'MT09-S-Blue','Sinbad Fitness Tank',NULL,NULL,NULL,0,0,1.0000,1.0000,29.0000,29.0000,NULL,0.0000,0.0000,0.0000,0.0000,0.0000,0.0000,29.0000,29.0000,0.0000,1.0000,'configurable',NULL,NULL,NULL,NULL,NULL,29.0000,29.0000,29.0000,29.0000,0.0000,0.0000,NULL,0,NULL,NULL,NULL,NULL,NULL,NULL,NULL,NULL,NULL),(44,24,'2024-08-30 06:53:17','2024-08-30 06:53:17',702,1,43,0,'MT09-S-Blue','Sinbad Fitness Tank-S-Blue',NULL,NULL,NULL,0,0,1.0000,1.0000,0.0000,0.0000,NULL,0.0000,0.0000,0.0000,0.0000,0.0000,0.0000,0.0000,0.0000,0.0000,0.0000,'simple',NULL,NULL,NULL,NULL,NULL,NULL,NULL,NULL,NULL,NULL,NULL,NULL,0,NULL,NULL,NULL,NULL,NULL,NULL,NULL,NULL,NULL),(45,25,'2024-08-30 08:50:25','2024-08-30 08:50:25',33,1,NULL,0,'24-WG085','Sprite Yoga Strap 6 foot',NULL,'2',NULL,0,0,NULL,10.0000,14.0000,14.0000,NULL,0.0000,0.0000,0.0000,0.0000,0.0000,0.0000,140.0000,140.0000,0.0000,0.0000,'simple',NULL,NULL,NULL,NULL,NULL,14.0000,14.0000,140.0000,140.0000,0.0000,0.0000,NULL,0,NULL,NULL,NULL,NULL,NULL,NULL,NULL,NULL,NULL),(46,25,'2024-08-30 09:18:14','2024-08-30 09:18:14',5,1,NULL,0,'24-MB06','Rival Field Messenger',NULL,'2',NULL,0,0,NULL,1.0000,45.0000,45.0000,NULL,0.0000,0.0000,0.0000,0.0000,0.0000,0.0000,45.0000,45.0000,0.0000,0.0000,'simple',NULL,NULL,NULL,NULL,NULL,45.0000,45.0000,45.0000,45.0000,0.0000,0.0000,NULL,0,NULL,NULL,NULL,NULL,NULL,NULL,NULL,NULL,NULL);

--
-- Table structure for table `quote_item_option`
--

CREATE TABLE `quote_item_option` (
  `option_id` int unsigned NOT NULL AUTO_INCREMENT COMMENT 'Option ID',
  `item_id` int unsigned NOT NULL COMMENT 'Item ID',
  `product_id` int unsigned NOT NULL COMMENT 'Product ID',
  `code` varchar(255) NOT NULL COMMENT 'Code',
  `value` text COMMENT 'Value',
  PRIMARY KEY (`option_id`),
  KEY `QUOTE_ITEM_OPTION_ITEM_ID` (`item_id`),
  CONSTRAINT `QUOTE_ITEM_OPTION_ITEM_ID_QUOTE_ITEM_ITEM_ID` FOREIGN KEY (`item_id`) REFERENCES `quote_item` (`item_id`) ON DELETE CASCADE
) ENGINE=InnoDB AUTO_INCREMENT=124 DEFAULT CHARSET=utf8mb3 COMMENT='Sales Flat Quote Item Option';

--
-- Dumping data for table `quote_item_option`
--

INSERT INTO `quote_item_option` VALUES (1,1,1428,'info_buyRequest','{\"qty\":1,\"super_attribute\":{\"144\":\"166\",\"93\":\"58\"}}'),(2,1,1428,'attributes','{\"144\":\"166\",\"93\":\"58\"}'),(3,1,1415,'product_qty_1415','1'),(4,1,1415,'simple_product','1415'),(5,2,1415,'info_buyRequest','{\"qty\":1,\"super_attribute\":{\"144\":\"166\",\"93\":\"58\"}}'),(6,2,1415,'parent_product_id','1428'),(7,3,1492,'info_buyRequest','{\"qty\":1,\"super_attribute\":{\"144\":\"166\",\"93\":\"50\"}}'),(8,3,1492,'attributes','{\"144\":\"166\",\"93\":\"50\"}'),(9,3,1478,'product_qty_1478','1'),(10,3,1478,'simple_product','1478'),(11,4,1478,'info_buyRequest','{\"qty\":1,\"super_attribute\":{\"144\":\"166\",\"93\":\"50\"}}'),(12,4,1478,'parent_product_id','1492'),(13,5,14,'info_buyRequest','{\"uenc\":\"aHR0cDovL2EyenN1cHBsaWVzLnlpcm9uZGVtb3MuY29tL3B1c2gtaXQtbWVzc2VuZ2VyLWJhZy5odG1s\",\"product\":\"14\",\"selected_configurable_option\":\"\",\"related_product\":\"\",\"item\":\"14\",\"qty\":\"1\"}'),(14,6,19,'info_buyRequest','{\"uenc\":\"aHR0cDovL2EyenN1cHBsaWVzLnlpcm9uZGVtb3MuY29tL2NoZWNrb3V0L2NhcnQv\",\"product\":\"19\",\"in_cart\":\"1\",\"qty\":1}'),(15,7,1556,'info_buyRequest','{\"uenc\":\"aHR0cDovL2EyenN1cHBsaWVzLnlpcm9uZGVtb3MuY29tLw~~\",\"product\":\"1556\",\"super_attribute\":{\"144\":\"167\",\"93\":\"56\"},\"qty\":1}'),(16,7,1556,'attributes','{\"144\":\"167\",\"93\":\"56\"}'),(17,7,1545,'product_qty_1545','1'),(18,7,1545,'simple_product','1545'),(19,8,1545,'info_buyRequest','{\"uenc\":\"aHR0cDovL2EyenN1cHBsaWVzLnlpcm9uZGVtb3MuY29tLw~~\",\"product\":\"1556\",\"super_attribute\":{\"144\":\"167\",\"93\":\"56\"},\"qty\":1}'),(20,8,1545,'parent_product_id','1556'),(21,9,16,'info_buyRequest','{\"uenc\":\"aHR0cDovL2EyenN1cHBsaWVzLnlpcm9uZGVtb3MuY29tL2NoZWNrb3V0L2NhcnQv\",\"product\":\"16\",\"in_cart\":\"1\",\"qty\":1}'),(22,10,14,'info_buyRequest','{\"uenc\":\"aHR0cDovL2EyenN1cHBsaWVzLnlpcm9uZGVtb3MuY29tL3B1c2gtaXQtbWVzc2VuZ2VyLWJhZy5odG1s\",\"product\":\"14\",\"selected_configurable_option\":\"\",\"related_product\":\"\",\"item\":\"14\",\"qty\":2}'),(23,11,19,'info_buyRequest','{\"uenc\":\"aHR0cDovL2EyenN1cHBsaWVzLnlpcm9uZGVtb3MuY29tL2NoZWNrb3V0L2NhcnQv\",\"product\":\"19\",\"in_cart\":\"1\",\"qty\":1}'),(24,12,1997,'info_buyRequest','{\"uenc\":\"aHR0cDovL2EyenN1cHBsaWVzLnlpcm9uZGVtb3MuY29tL3doYXQtaXMtbmV3Lmh0bWw~\",\"product\":\"1997\",\"super_attribute\":{\"144\":\"171\",\"93\":\"50\"},\"qty\":1}'),(25,12,1997,'attributes','{\"144\":\"171\",\"93\":\"50\"}'),(26,12,1992,'product_qty_1992','1'),(27,12,1992,'simple_product','1992'),(28,13,1992,'info_buyRequest','{\"uenc\":\"aHR0cDovL2EyenN1cHBsaWVzLnlpcm9uZGVtb3MuY29tL3doYXQtaXMtbmV3Lmh0bWw~\",\"product\":\"1997\",\"super_attribute\":{\"144\":\"171\",\"93\":\"50\"},\"qty\":1}'),(29,13,1992,'parent_product_id','1997'),(30,14,14,'info_buyRequest','{\"uenc\":\"aHR0cDovL2EyenN1cHBsaWVzLnlpcm9uZGVtb3MuY29tL3B1c2gtaXQtbWVzc2VuZ2VyLWJhZy5odG1s\",\"product\":\"14\",\"selected_configurable_option\":\"\",\"related_product\":\"\",\"item\":\"14\",\"qty\":\"1\"}'),(31,15,1997,'info_buyRequest','{\"uenc\":\"aHR0cDovL2EyenN1cHBsaWVzLnlpcm9uZGVtb3MuY29tL2VjaG8tZml0LWNvbXByZXNzaW9uLXNob3J0Lmh0bWw~\",\"product\":\"1997\",\"selected_configurable_option\":\"\",\"related_product\":\"\",\"item\":\"1997\",\"super_attribute\":{\"144\":\"172\",\"93\":\"57\"},\"qty\":\"1\"}'),(32,15,1997,'attributes','{\"144\":\"172\",\"93\":\"57\"}'),(33,15,1996,'product_qty_1996','1'),(34,15,1996,'simple_product','1996'),(35,16,1996,'info_buyRequest','{\"uenc\":\"aHR0cDovL2EyenN1cHBsaWVzLnlpcm9uZGVtb3MuY29tL2VjaG8tZml0LWNvbXByZXNzaW9uLXNob3J0Lmh0bWw~\",\"product\":\"1997\",\"selected_configurable_option\":\"\",\"related_product\":\"\",\"item\":\"1997\",\"super_attribute\":{\"144\":\"172\",\"93\":\"57\"},\"qty\":\"1\"}'),(36,16,1996,'parent_product_id','1997'),(37,17,694,'info_buyRequest','{\"uenc\":\"aHR0cDovL2EyenN1cHBsaWVzLnlpcm9uZGVtb3MuY29tL2FyZ3VzLWFsbC13ZWF0aGVyLXRhbmsuaHRtbA~~\",\"product\":\"694\",\"selected_configurable_option\":\"\",\"related_product\":\"\",\"item\":\"694\",\"super_attribute\":{\"144\":\"167\",\"93\":\"52\"},\"qty\":\"1\"}'),(38,17,694,'attributes','{\"144\":\"167\",\"93\":\"52\"}'),(39,17,690,'product_qty_690','1'),(40,17,690,'simple_product','690'),(41,18,690,'info_buyRequest','{\"uenc\":\"aHR0cDovL2EyenN1cHBsaWVzLnlpcm9uZGVtb3MuY29tL2FyZ3VzLWFsbC13ZWF0aGVyLXRhbmsuaHRtbA~~\",\"product\":\"694\",\"selected_configurable_option\":\"\",\"related_product\":\"\",\"item\":\"694\",\"super_attribute\":{\"144\":\"167\",\"93\":\"52\"},\"qty\":\"1\"}'),(42,18,690,'parent_product_id','694'),(43,19,158,'info_buyRequest','{\"uenc\":\"aHR0cDovL2EyenN1cHBsaWVzLnlpcm9uZGVtb3MuY29tLw~~\",\"product\":\"158\",\"super_attribute\":{\"144\":\"167\",\"93\":\"52\"},\"qty\":1}'),(44,19,158,'attributes','{\"144\":\"167\",\"93\":\"52\"}'),(45,19,147,'product_qty_147','1'),(46,19,147,'simple_product','147'),(47,20,147,'info_buyRequest','{\"uenc\":\"aHR0cDovL2EyenN1cHBsaWVzLnlpcm9uZGVtb3MuY29tLw~~\",\"product\":\"158\",\"super_attribute\":{\"144\":\"167\",\"93\":\"52\"},\"qty\":1}'),(48,20,147,'parent_product_id','158'),(49,21,2017,'info_buyRequest','{\"item\":\"1\",\"qty\":1,\"product\":\"2017\",\"selected_configurable_option\":\"\",\"related_product\":\"\",\"super_attribute\":{\"144\":\"172\",\"93\":\"56\"},\"uenc\":\"aHR0cDovL2EyenN1cHBsaWVzLnlpcm9uZGVtb3MuY29tLw~~\",\"action\":\"add\",\"original_qty\":\"1.0000\"}'),(50,21,2017,'attributes','{\"144\":\"172\",\"93\":\"56\"}'),(51,21,2015,'product_qty_2015','1'),(52,21,2015,'simple_product','2015'),(53,22,2015,'info_buyRequest','{\"item\":\"1\",\"qty\":1,\"product\":\"2017\",\"selected_configurable_option\":\"\",\"related_product\":\"\",\"super_attribute\":{\"144\":\"172\",\"93\":\"56\"},\"uenc\":\"aHR0cDovL2EyenN1cHBsaWVzLnlpcm9uZGVtb3MuY29tLw~~\",\"action\":\"add\",\"original_qty\":\"1.0000\"}'),(54,22,2015,'parent_product_id','2017'),(55,23,2017,'info_buyRequest','{\"uenc\":\"aHR0cDovL2EyenN1cHBsaWVzLnlpcm9uZGVtb3MuY29tL2FuYS1ydW5uaW5nLXNob3J0Lmh0bWw~\",\"product\":\"2017\",\"selected_configurable_option\":\"\",\"related_product\":\"\",\"item\":\"2017\",\"super_attribute\":{\"144\":\"171\",\"93\":\"49\"},\"qty\":\"2\"}'),(56,23,2017,'attributes','{\"144\":\"171\",\"93\":\"49\"}'),(57,23,2011,'product_qty_2011','1'),(58,23,2011,'simple_product','2011'),(59,24,2011,'info_buyRequest','{\"uenc\":\"aHR0cDovL2EyenN1cHBsaWVzLnlpcm9uZGVtb3MuY29tL2FuYS1ydW5uaW5nLXNob3J0Lmh0bWw~\",\"product\":\"2017\",\"selected_configurable_option\":\"\",\"related_product\":\"\",\"item\":\"2017\",\"super_attribute\":{\"144\":\"171\",\"93\":\"49\"},\"qty\":\"2\"}'),(60,24,2011,'parent_product_id','2017'),(61,25,2010,'info_buyRequest','{\"uenc\":\"aHR0cDovL2EyenN1cHBsaWVzLnlpcm9uZGVtb3MuY29tL21pbWktYWxsLXB1cnBvc2Utc2hvcnQuaHRtbA~~\",\"product\":\"2010\",\"selected_configurable_option\":\"\",\"related_product\":\"\",\"item\":\"2010\",\"super_attribute\":{\"144\":\"172\",\"93\":\"53\"},\"qty\":\"1\"}'),(62,25,2010,'attributes','{\"144\":\"172\",\"93\":\"53\"}'),(63,25,2008,'product_qty_2008','1'),(64,25,2008,'simple_product','2008'),(65,26,2008,'info_buyRequest','{\"uenc\":\"aHR0cDovL2EyenN1cHBsaWVzLnlpcm9uZGVtb3MuY29tL21pbWktYWxsLXB1cnBvc2Utc2hvcnQuaHRtbA~~\",\"product\":\"2010\",\"selected_configurable_option\":\"\",\"related_product\":\"\",\"item\":\"2010\",\"super_attribute\":{\"144\":\"172\",\"93\":\"53\"},\"qty\":\"1\"}'),(66,26,2008,'parent_product_id','2010'),(67,27,2010,'info_buyRequest','{\"uenc\":\"aHR0cDovL2EyenN1cHBsaWVzLnlpcm9uZGVtb3MuY29tL21pbWktYWxsLXB1cnBvc2Utc2hvcnQuaHRtbA~~\",\"product\":\"2010\",\"selected_configurable_option\":\"\",\"related_product\":\"\",\"item\":\"2010\",\"super_attribute\":{\"144\":\"172\",\"93\":\"53\"},\"qty\":\"1\"}'),(68,27,2010,'attributes','{\"144\":\"172\",\"93\":\"53\"}'),(69,27,2008,'product_qty_2008','1'),(70,27,2008,'simple_product','2008'),(71,28,2008,'info_buyRequest','{\"uenc\":\"aHR0cDovL2EyenN1cHBsaWVzLnlpcm9uZGVtb3MuY29tL21pbWktYWxsLXB1cnBvc2Utc2hvcnQuaHRtbA~~\",\"product\":\"2010\",\"selected_configurable_option\":\"\",\"related_product\":\"\",\"item\":\"2010\",\"super_attribute\":{\"144\":\"172\",\"93\":\"53\"},\"qty\":\"1\"}'),(72,28,2008,'parent_product_id','2010'),(73,29,2010,'info_buyRequest','{\"uenc\":\"aHR0cDovL2EyenN1cHBsaWVzLnlpcm9uZGVtb3MuY29tL21pbWktYWxsLXB1cnBvc2Utc2hvcnQuaHRtbA~~\",\"product\":\"2010\",\"selected_configurable_option\":\"\",\"related_product\":\"\",\"item\":\"2010\",\"super_attribute\":{\"144\":\"172\",\"93\":\"53\"},\"qty\":\"1\"}'),(74,29,2010,'attributes','{\"144\":\"172\",\"93\":\"53\"}'),(75,29,2008,'product_qty_2008','1'),(76,29,2008,'simple_product','2008'),(77,30,2008,'info_buyRequest','{\"uenc\":\"aHR0cDovL2EyenN1cHBsaWVzLnlpcm9uZGVtb3MuY29tL21pbWktYWxsLXB1cnBvc2Utc2hvcnQuaHRtbA~~\",\"product\":\"2010\",\"selected_configurable_option\":\"\",\"related_product\":\"\",\"item\":\"2010\",\"super_attribute\":{\"144\":\"172\",\"93\":\"53\"},\"qty\":\"1\"}'),(78,30,2008,'parent_product_id','2010'),(79,31,2003,'info_buyRequest','{\"uenc\":\"aHR0cDovL2EyenN1cHBsaWVzLnlpcm9uZGVtb3MuY29tL3N5YmlsLXJ1bm5pbmctc2hvcnQuaHRtbA~~\",\"product\":\"2003\",\"selected_configurable_option\":\"\",\"related_product\":\"\",\"item\":\"2003\",\"super_attribute\":{\"144\":\"171\",\"93\":\"57\"},\"qty\":\"1\"}'),(80,31,2003,'attributes','{\"144\":\"171\",\"93\":\"57\"}'),(81,31,1998,'product_qty_1998','1'),(82,31,1998,'simple_product','1998'),(83,32,1998,'info_buyRequest','{\"uenc\":\"aHR0cDovL2EyenN1cHBsaWVzLnlpcm9uZGVtb3MuY29tL3N5YmlsLXJ1bm5pbmctc2hvcnQuaHRtbA~~\",\"product\":\"2003\",\"selected_configurable_option\":\"\",\"related_product\":\"\",\"item\":\"2003\",\"super_attribute\":{\"144\":\"171\",\"93\":\"57\"},\"qty\":\"1\"}'),(84,32,1998,'parent_product_id','2003'),(85,33,2024,'info_buyRequest','{\"uenc\":\"aHR0cDovL2EyenN1cHBsaWVzLnlpcm9uZGVtb3MuY29tL2luYS1jb21wcmVzc2lvbi1zaG9ydC5odG1s\",\"product\":\"2024\",\"selected_configurable_option\":\"\",\"related_product\":\"\",\"item\":\"2024\",\"super_attribute\":{\"144\":\"171\",\"93\":\"56\"},\"qty\":\"1\"}'),(86,33,2024,'attributes','{\"144\":\"171\",\"93\":\"56\"}'),(87,33,2019,'product_qty_2019','1'),(88,33,2019,'simple_product','2019'),(89,34,2019,'info_buyRequest','{\"uenc\":\"aHR0cDovL2EyenN1cHBsaWVzLnlpcm9uZGVtb3MuY29tL2luYS1jb21wcmVzc2lvbi1zaG9ydC5odG1s\",\"product\":\"2024\",\"selected_configurable_option\":\"\",\"related_product\":\"\",\"item\":\"2024\",\"super_attribute\":{\"144\":\"171\",\"93\":\"56\"},\"qty\":\"1\"}'),(90,34,2019,'parent_product_id','2024'),(91,35,2003,'info_buyRequest','{\"uenc\":\"aHR0cDovL2EyenN1cHBsaWVzLnlpcm9uZGVtb3MuY29tL3N5YmlsLXJ1bm5pbmctc2hvcnQuaHRtbA~~\",\"product\":\"2003\",\"selected_configurable_option\":\"\",\"related_product\":\"\",\"item\":\"2003\",\"super_attribute\":{\"144\":\"172\",\"93\":\"57\"},\"qty\":\"1\"}'),(92,35,2003,'attributes','{\"144\":\"172\",\"93\":\"57\"}'),(93,35,1999,'product_qty_1999','1'),(94,35,1999,'simple_product','1999'),(95,36,1999,'info_buyRequest','{\"uenc\":\"aHR0cDovL2EyenN1cHBsaWVzLnlpcm9uZGVtb3MuY29tL3N5YmlsLXJ1bm5pbmctc2hvcnQuaHRtbA~~\",\"product\":\"2003\",\"selected_configurable_option\":\"\",\"related_product\":\"\",\"item\":\"2003\",\"super_attribute\":{\"144\":\"172\",\"93\":\"57\"},\"qty\":\"1\"}'),(96,36,1999,'parent_product_id','2003'),(97,37,2003,'info_buyRequest','{\"uenc\":\"aHR0cDovL2EyenN1cHBsaWVzLnlpcm9uZGVtb3MuY29tL3N5YmlsLXJ1bm5pbmctc2hvcnQuaHRtbA~~\",\"product\":\"2003\",\"selected_configurable_option\":\"\",\"related_product\":\"\",\"item\":\"2003\",\"super_attribute\":{\"144\":\"171\",\"93\":\"57\"},\"qty\":\"1\"}'),(98,37,2003,'attributes','{\"144\":\"171\",\"93\":\"57\"}'),(99,37,1998,'product_qty_1998','1'),(100,37,1998,'simple_product','1998'),(101,38,1998,'info_buyRequest','{\"uenc\":\"aHR0cDovL2EyenN1cHBsaWVzLnlpcm9uZGVtb3MuY29tL3N5YmlsLXJ1bm5pbmctc2hvcnQuaHRtbA~~\",\"product\":\"2003\",\"selected_configurable_option\":\"\",\"related_product\":\"\",\"item\":\"2003\",\"super_attribute\":{\"144\":\"171\",\"93\":\"57\"},\"qty\":\"1\"}'),(102,38,1998,'parent_product_id','2003'),(103,39,2003,'info_buyRequest','{\"uenc\":\"aHR0cDovL2EyenN1cHBsaWVzLnlpcm9uZGVtb3MuY29tL3N5YmlsLXJ1bm5pbmctc2hvcnQuaHRtbA~~\",\"product\":\"2003\",\"selected_configurable_option\":\"\",\"related_product\":\"\",\"item\":\"2003\",\"super_attribute\":{\"144\":\"173\",\"93\":\"57\"},\"qty\":\"1\"}'),(104,39,2003,'attributes','{\"144\":\"173\",\"93\":\"57\"}'),(105,39,2000,'product_qty_2000','1'),(106,39,2000,'simple_product','2000'),(107,40,2000,'info_buyRequest','{\"uenc\":\"aHR0cDovL2EyenN1cHBsaWVzLnlpcm9uZGVtb3MuY29tL3N5YmlsLXJ1bm5pbmctc2hvcnQuaHRtbA~~\",\"product\":\"2003\",\"selected_configurable_option\":\"\",\"related_product\":\"\",\"item\":\"2003\",\"super_attribute\":{\"144\":\"173\",\"93\":\"57\"},\"qty\":\"1\"}'),(108,40,2000,'parent_product_id','2003'),(109,41,1812,'info_buyRequest','{\"uenc\":\"aHR0cDovL2EyenN1cHBsaWVzLnlpcm9uZGVtb3MuY29tL2JyZWF0aGUtZWFzeS10YW5rLmh0bWw~\",\"product\":\"1812\",\"selected_configurable_option\":\"\",\"related_product\":\"\",\"item\":\"1812\",\"super_attribute\":{\"144\":\"166\",\"93\":\"59\"},\"qty\":\"1\"}'),(110,41,1812,'attributes','{\"144\":\"166\",\"93\":\"59\"}'),(111,41,1798,'product_qty_1798','1'),(112,41,1798,'simple_product','1798'),(113,42,1798,'info_buyRequest','{\"uenc\":\"aHR0cDovL2EyenN1cHBsaWVzLnlpcm9uZGVtb3MuY29tL2JyZWF0aGUtZWFzeS10YW5rLmh0bWw~\",\"product\":\"1812\",\"selected_configurable_option\":\"\",\"related_product\":\"\",\"item\":\"1812\",\"super_attribute\":{\"144\":\"166\",\"93\":\"59\"},\"qty\":\"1\"}'),(114,42,1798,'parent_product_id','1812'),(115,43,706,'info_buyRequest','{\"uenc\":\"aHR0cDovL2EyenN1cHBsaWVzLnlpcm9uZGVtb3MuY29tL3NpbmJhZC1maXRuZXNzLXRhbmsuaHRtbA~~\",\"product\":\"706\",\"selected_configurable_option\":\"\",\"related_product\":\"\",\"item\":\"706\",\"super_attribute\":{\"144\":\"167\",\"93\":\"50\"},\"qty\":\"1\"}'),(116,43,706,'attributes','{\"144\":\"167\",\"93\":\"50\"}'),(117,43,702,'product_qty_702','1'),(118,43,702,'simple_product','702'),(119,44,702,'info_buyRequest','{\"uenc\":\"aHR0cDovL2EyenN1cHBsaWVzLnlpcm9uZGVtb3MuY29tL3NpbmJhZC1maXRuZXNzLXRhbmsuaHRtbA~~\",\"product\":\"706\",\"selected_configurable_option\":\"\",\"related_product\":\"\",\"item\":\"706\",\"super_attribute\":{\"144\":\"167\",\"93\":\"50\"},\"qty\":\"1\"}'),(120,44,702,'parent_product_id','706'),(121,45,33,'info_buyRequest','{\"super_product_config\":{\"product_type\":\"grouped\",\"product_id\":\"46\"}}'),(122,45,46,'product_type','grouped'),(123,46,5,'info_buyRequest','{\"uenc\":\"aHR0cDovL2EyenN1cHBsaWVzLnlpcm9uZGVtb3MuY29tL3JpdmFsLWZpZWxkLW1lc3Nlbmdlci5odG1s\",\"product\":\"5\",\"selected_configurable_option\":\"\",\"related_product\":\"\",\"item\":\"5\",\"qty\":\"1\"}');

--
-- Table structure for table `quote_payment`
--

CREATE TABLE `quote_payment` (
  `payment_id` int unsigned NOT NULL AUTO_INCREMENT COMMENT 'Payment ID',
  `quote_id` int unsigned NOT NULL DEFAULT '0' COMMENT 'Quote ID',
  `created_at` timestamp NOT NULL DEFAULT CURRENT_TIMESTAMP COMMENT 'Created At',
  `updated_at` timestamp NOT NULL DEFAULT CURRENT_TIMESTAMP ON UPDATE CURRENT_TIMESTAMP COMMENT 'Updated At',
  `method` varchar(255) DEFAULT NULL COMMENT 'Method',
  `cc_type` varchar(255) DEFAULT NULL COMMENT 'Cc Type',
  `cc_number_enc` varchar(255) DEFAULT NULL COMMENT 'Cc Number Enc',
  `cc_last_4` varchar(255) DEFAULT NULL COMMENT 'Cc Last 4',
  `cc_cid_enc` varchar(255) DEFAULT NULL COMMENT 'Cc Cid Enc',
  `cc_owner` varchar(255) DEFAULT NULL COMMENT 'Cc Owner',
  `cc_exp_month` varchar(255) DEFAULT NULL COMMENT 'Cc Exp Month',
  `cc_exp_year` smallint unsigned DEFAULT '0' COMMENT 'Cc Exp Year',
  `cc_ss_owner` varchar(255) DEFAULT NULL COMMENT 'Cc Ss Owner',
  `cc_ss_start_month` smallint unsigned DEFAULT '0' COMMENT 'Cc Ss Start Month',
  `cc_ss_start_year` smallint unsigned DEFAULT '0' COMMENT 'Cc Ss Start Year',
  `po_number` varchar(255) DEFAULT NULL COMMENT 'Po Number',
  `additional_data` text COMMENT 'Additional Data',
  `cc_ss_issue` varchar(255) DEFAULT NULL COMMENT 'Cc Ss Issue',
  `additional_information` text COMMENT 'Additional Information',
  `paypal_payer_id` varchar(255) DEFAULT NULL COMMENT 'Paypal Payer ID',
  `paypal_payer_status` varchar(255) DEFAULT NULL COMMENT 'Paypal Payer Status',
  `paypal_correlation_id` varchar(255) DEFAULT NULL COMMENT 'Paypal Correlation ID',
  PRIMARY KEY (`payment_id`),
  KEY `QUOTE_PAYMENT_QUOTE_ID` (`quote_id`),
  CONSTRAINT `QUOTE_PAYMENT_QUOTE_ID_QUOTE_ENTITY_ID` FOREIGN KEY (`quote_id`) REFERENCES `quote` (`entity_id`) ON DELETE CASCADE
) ENGINE=InnoDB AUTO_INCREMENT=20 DEFAULT CHARSET=utf8mb3 COMMENT='Sales Flat Quote Payment';

--
-- Dumping data for table `quote_payment`
--

INSERT INTO `quote_payment` VALUES (1,1,'2024-02-29 10:29:50','2024-02-29 10:29:50','checkmo',NULL,NULL,NULL,NULL,NULL,NULL,0,NULL,0,0,NULL,NULL,NULL,'null',NULL,NULL,NULL),(2,2,'2024-02-29 10:29:51','2024-02-29 10:29:51','checkmo',NULL,NULL,NULL,NULL,NULL,NULL,0,NULL,0,0,NULL,NULL,NULL,'null',NULL,NULL,NULL),(3,3,'2024-02-29 10:54:04','2024-02-29 10:54:04','checkmo',NULL,NULL,NULL,NULL,NULL,NULL,0,NULL,0,0,NULL,NULL,NULL,'null',NULL,NULL,NULL),(4,5,'2024-02-29 11:35:09','2024-02-29 11:35:09','checkmo',NULL,NULL,NULL,NULL,NULL,NULL,0,NULL,0,0,NULL,NULL,NULL,'null',NULL,NULL,NULL),(5,6,'2024-03-05 04:46:37','2024-03-05 04:46:37','cashondelivery',NULL,NULL,NULL,NULL,NULL,NULL,0,NULL,0,0,NULL,NULL,NULL,'null',NULL,NULL,NULL),(6,7,'2024-03-05 10:50:27','2024-03-05 10:50:27','cashondelivery',NULL,NULL,NULL,NULL,NULL,NULL,0,NULL,0,0,NULL,NULL,NULL,'null',NULL,NULL,NULL),(7,8,'2024-03-05 10:59:30','2024-03-05 10:59:30','cashondelivery',NULL,NULL,NULL,NULL,NULL,NULL,0,NULL,0,0,NULL,NULL,NULL,'null',NULL,NULL,NULL),(8,10,'2024-03-06 10:37:41','2024-03-06 10:37:41','cashondelivery',NULL,NULL,NULL,NULL,NULL,NULL,0,NULL,0,0,NULL,NULL,NULL,'null',NULL,NULL,NULL),(9,11,'2024-03-06 11:20:45','2024-03-06 11:20:45','cashondelivery',NULL,NULL,NULL,NULL,NULL,NULL,0,NULL,0,0,NULL,NULL,NULL,'null',NULL,NULL,NULL),(10,12,'2024-03-06 12:05:07','2024-03-06 12:05:07','cashondelivery',NULL,NULL,NULL,NULL,NULL,NULL,0,NULL,0,0,NULL,NULL,NULL,'null',NULL,NULL,NULL),(11,14,'2024-03-06 12:05:35','2024-03-06 12:05:35','cashondelivery',NULL,NULL,NULL,NULL,NULL,NULL,0,NULL,0,0,NULL,NULL,NULL,'null',NULL,NULL,NULL),(12,15,'2024-03-06 12:06:19','2024-03-06 12:06:19','checkmo',NULL,NULL,NULL,NULL,NULL,NULL,0,NULL,0,0,NULL,NULL,NULL,'null',NULL,NULL,NULL),(13,13,'2024-03-06 12:07:08','2024-03-06 12:07:08','cashondelivery',NULL,NULL,NULL,NULL,NULL,NULL,0,NULL,0,0,NULL,NULL,NULL,'null',NULL,NULL,NULL),(14,16,'2024-03-06 12:09:51','2024-03-06 12:09:51','checkmo',NULL,NULL,NULL,NULL,NULL,NULL,0,NULL,0,0,NULL,NULL,NULL,'null',NULL,NULL,NULL),(15,17,'2024-03-06 12:09:55','2024-03-06 12:09:55','cashondelivery',NULL,NULL,NULL,NULL,NULL,NULL,0,NULL,0,0,NULL,NULL,NULL,'null',NULL,NULL,NULL),(16,18,'2024-03-06 12:17:59','2024-03-06 12:17:59','cashondelivery',NULL,NULL,NULL,NULL,NULL,NULL,0,NULL,0,0,NULL,NULL,NULL,'null',NULL,NULL,NULL),(17,20,'2024-03-06 12:18:48','2024-03-06 12:18:48','cashondelivery',NULL,NULL,NULL,NULL,NULL,NULL,0,NULL,0,0,NULL,NULL,NULL,'null',NULL,NULL,NULL),(18,21,'2024-03-06 12:22:21','2024-03-06 12:22:21','cashondelivery',NULL,NULL,NULL,NULL,NULL,NULL,0,NULL,0,0,NULL,NULL,NULL,'null',NULL,NULL,NULL),(19,25,'2024-08-30 09:51:35','2024-08-30 09:51:35','checkmo',NULL,NULL,NULL,NULL,NULL,NULL,0,NULL,0,0,NULL,NULL,NULL,'null',NULL,NULL,NULL);

--
-- Table structure for table `quote_shipping_rate`
--

CREATE TABLE `quote_shipping_rate` (
  `rate_id` int unsigned NOT NULL AUTO_INCREMENT COMMENT 'Rate ID',
  `address_id` int unsigned NOT NULL DEFAULT '0' COMMENT 'Address ID',
  `created_at` timestamp NOT NULL DEFAULT CURRENT_TIMESTAMP COMMENT 'Created At',
  `updated_at` timestamp NOT NULL DEFAULT CURRENT_TIMESTAMP ON UPDATE CURRENT_TIMESTAMP COMMENT 'Updated At',
  `carrier` varchar(255) DEFAULT NULL COMMENT 'Carrier',
  `carrier_title` varchar(255) DEFAULT NULL COMMENT 'Carrier Title',
  `code` varchar(255) DEFAULT NULL COMMENT 'Code',
  `method` varchar(255) DEFAULT NULL COMMENT 'Method',
  `method_description` text COMMENT 'Method Description',
  `price` decimal(20,4) NOT NULL DEFAULT '0.0000' COMMENT 'Price',
  `error_message` text COMMENT 'Error Message',
  `method_title` text COMMENT 'Method Title',
  PRIMARY KEY (`rate_id`),
  KEY `QUOTE_SHIPPING_RATE_ADDRESS_ID` (`address_id`),
  CONSTRAINT `QUOTE_SHIPPING_RATE_ADDRESS_ID_QUOTE_ADDRESS_ADDRESS_ID` FOREIGN KEY (`address_id`) REFERENCES `quote_address` (`address_id`) ON DELETE CASCADE
) ENGINE=InnoDB AUTO_INCREMENT=56 DEFAULT CHARSET=utf8mb3 COMMENT='Sales Flat Quote Shipping Rate';

--
-- Dumping data for table `quote_shipping_rate`
--

INSERT INTO `quote_shipping_rate` VALUES (1,2,'2024-02-29 10:29:50','2024-02-29 10:29:50','flatrate','Flat Rate','flatrate_flatrate','flatrate',NULL,5.0000,NULL,'Fixed'),(2,2,'2024-02-29 10:29:50','2024-02-29 10:29:50','tablerate','Best Way','tablerate_bestway','bestway',NULL,15.0000,NULL,'Table Rate'),(3,4,'2024-02-29 10:29:51','2024-02-29 10:29:51','flatrate','Flat Rate','flatrate_flatrate','flatrate',NULL,5.0000,NULL,'Fixed'),(4,4,'2024-02-29 10:29:51','2024-02-29 10:29:51','tablerate','Best Way','tablerate_bestway','bestway',NULL,15.0000,NULL,'Table Rate'),(7,6,'2024-02-29 10:54:12','2024-02-29 10:54:12','flatrate','Flat Rate','flatrate_flatrate','flatrate',NULL,15.0000,NULL,'Fixed'),(8,11,'2024-02-29 11:35:07','2024-02-29 11:35:07','flatrate','Flat Rate','flatrate_flatrate','flatrate',NULL,15.0000,NULL,'Fixed'),(11,13,'2024-03-05 04:46:38','2024-03-05 04:46:38','flatrate','Flat Rate','flatrate_flatrate','flatrate',NULL,5.0000,NULL,'Fixed'),(14,16,'2024-03-05 10:50:29','2024-03-05 10:50:29','flatrate','Flat Rate','flatrate_flatrate','flatrate',NULL,5.0000,NULL,'Fixed'),(17,19,'2024-03-05 10:59:32','2024-03-05 10:59:32','flatrate','Flat Rate','flatrate_flatrate','flatrate',NULL,5.0000,NULL,'Fixed'),(20,24,'2024-03-06 10:37:42','2024-03-06 10:37:42','flatrate','Flat Rate','flatrate_flatrate','flatrate',NULL,5.0000,NULL,'Fixed'),(23,27,'2024-03-06 11:20:46','2024-03-06 11:20:46','flatrate','Flat Rate','flatrate_flatrate','flatrate',NULL,5.0000,NULL,'Fixed'),(26,30,'2024-03-06 12:05:09','2024-03-06 12:05:09','flatrate','Flat Rate','flatrate_flatrate','flatrate',NULL,5.0000,NULL,'Fixed'),(29,35,'2024-03-06 12:05:36','2024-03-06 12:05:36','flatrate','Flat Rate','flatrate_flatrate','flatrate',NULL,5.0000,NULL,'Fixed'),(33,38,'2024-03-06 12:06:48','2024-03-06 12:06:48','flatrate','Flat Rate','flatrate_flatrate','flatrate',NULL,5.0000,NULL,'Fixed'),(36,32,'2024-03-06 12:07:10','2024-03-06 12:07:10','flatrate','Flat Rate','flatrate_flatrate','flatrate',NULL,10.0000,NULL,'Fixed'),(39,42,'2024-03-06 12:09:53','2024-03-06 12:09:53','flatrate','Flat Rate','flatrate_flatrate','flatrate',NULL,5.0000,NULL,'Fixed'),(42,44,'2024-03-06 12:09:58','2024-03-06 12:09:58','flatrate','Flat Rate','flatrate_flatrate','flatrate',NULL,5.0000,NULL,'Fixed'),(45,48,'2024-03-06 12:18:00','2024-03-06 12:18:00','flatrate','Flat Rate','flatrate_flatrate','flatrate',NULL,5.0000,NULL,'Fixed'),(48,53,'2024-03-06 12:18:49','2024-03-06 12:18:49','flatrate','Flat Rate','flatrate_flatrate','flatrate',NULL,5.0000,NULL,'Fixed'),(51,56,'2024-03-06 12:22:23','2024-03-06 12:22:23','flatrate','Flat Rate','flatrate_flatrate','flatrate',NULL,5.0000,NULL,'Fixed'),(55,65,'2024-08-30 09:51:39','2024-08-30 09:51:39','tablerate','Best Way','tablerate_bestway','bestway',NULL,20.0000,NULL,'Table Rate');

--
-- Table structure for table `rating`
--

CREATE TABLE `rating` (
  `rating_id` smallint unsigned NOT NULL AUTO_INCREMENT COMMENT 'Rating ID',
  `entity_id` smallint unsigned NOT NULL DEFAULT '0' COMMENT 'Entity ID',
  `rating_code` varchar(64) NOT NULL COMMENT 'Rating Code',
  `position` smallint unsigned NOT NULL DEFAULT '0' COMMENT 'Rating Position On Storefront',
  `is_active` smallint NOT NULL DEFAULT '1' COMMENT 'Rating is active.',
  PRIMARY KEY (`rating_id`),
  UNIQUE KEY `RATING_RATING_CODE` (`rating_code`),
  KEY `RATING_ENTITY_ID` (`entity_id`),
  CONSTRAINT `RATING_ENTITY_ID_RATING_ENTITY_ENTITY_ID` FOREIGN KEY (`entity_id`) REFERENCES `rating_entity` (`entity_id`) ON DELETE CASCADE
) ENGINE=InnoDB AUTO_INCREMENT=5 DEFAULT CHARSET=utf8mb3 COMMENT='Ratings';

--
-- Dumping data for table `rating`
--

INSERT INTO `rating` VALUES (1,1,'Quality',0,1),(2,1,'Value',0,1),(3,1,'Price',0,1),(4,1,'Rating',0,1);

--
-- Table structure for table `rating_entity`
--

CREATE TABLE `rating_entity` (
  `entity_id` smallint unsigned NOT NULL AUTO_INCREMENT COMMENT 'Entity ID',
  `entity_code` varchar(64) NOT NULL COMMENT 'Entity Code',
  PRIMARY KEY (`entity_id`),
  UNIQUE KEY `RATING_ENTITY_ENTITY_CODE` (`entity_code`)
) ENGINE=InnoDB AUTO_INCREMENT=4 DEFAULT CHARSET=utf8mb3 COMMENT='Rating entities';

--
-- Dumping data for table `rating_entity`
--

INSERT INTO `rating_entity` VALUES (1,'product'),(2,'product_review'),(3,'review');

--
-- Table structure for table `rating_option`
--

CREATE TABLE `rating_option` (
  `option_id` int unsigned NOT NULL AUTO_INCREMENT COMMENT 'Rating Option ID',
  `rating_id` smallint unsigned NOT NULL DEFAULT '0' COMMENT 'Rating ID',
  `code` varchar(32) NOT NULL COMMENT 'Rating Option Code',
  `value` smallint unsigned NOT NULL DEFAULT '0' COMMENT 'Rating Option Value',
  `position` smallint unsigned NOT NULL DEFAULT '0' COMMENT 'Ration option position on Storefront',
  PRIMARY KEY (`option_id`),
  KEY `RATING_OPTION_RATING_ID` (`rating_id`),
  CONSTRAINT `RATING_OPTION_RATING_ID_RATING_RATING_ID` FOREIGN KEY (`rating_id`) REFERENCES `rating` (`rating_id`) ON DELETE CASCADE
) ENGINE=InnoDB AUTO_INCREMENT=21 DEFAULT CHARSET=utf8mb3 COMMENT='Rating options';

--
-- Dumping data for table `rating_option`
--

INSERT INTO `rating_option` VALUES (1,1,'1',1,1),(2,1,'2',2,2),(3,1,'3',3,3),(4,1,'4',4,4),(5,1,'5',5,5),(6,2,'1',1,1),(7,2,'2',2,2),(8,2,'3',3,3),(9,2,'4',4,4),(10,2,'5',5,5),(11,3,'1',1,1),(12,3,'2',2,2),(13,3,'3',3,3),(14,3,'4',4,4),(15,3,'5',5,5),(16,4,'1',1,1),(17,4,'2',2,2),(18,4,'3',3,3),(19,4,'4',4,4),(20,4,'5',5,5);

--
-- Table structure for table `rating_option_vote`
--

CREATE TABLE `rating_option_vote` (
  `vote_id` bigint unsigned NOT NULL AUTO_INCREMENT COMMENT 'Vote ID',
  `option_id` int unsigned NOT NULL DEFAULT '0' COMMENT 'Vote option ID',
  `remote_ip` varchar(16) NOT NULL COMMENT 'Customer IP',
  `remote_ip_long` bigint NOT NULL DEFAULT '0' COMMENT 'Customer IP converted to long integer format',
  `customer_id` int unsigned DEFAULT '0' COMMENT 'Customer ID',
  `entity_pk_value` bigint unsigned NOT NULL DEFAULT '0' COMMENT 'Product ID',
  `rating_id` smallint unsigned NOT NULL DEFAULT '0' COMMENT 'Rating ID',
  `review_id` bigint unsigned DEFAULT NULL COMMENT 'Review ID',
  `percent` smallint NOT NULL DEFAULT '0' COMMENT 'Percent amount',
  `value` smallint NOT NULL DEFAULT '0' COMMENT 'Vote option value',
  PRIMARY KEY (`vote_id`),
  KEY `RATING_OPTION_VOTE_REVIEW_ID_REVIEW_REVIEW_ID` (`review_id`),
  KEY `RATING_OPTION_VOTE_OPTION_ID` (`option_id`),
  CONSTRAINT `RATING_OPTION_VOTE_OPTION_ID_RATING_OPTION_OPTION_ID` FOREIGN KEY (`option_id`) REFERENCES `rating_option` (`option_id`) ON DELETE CASCADE,
  CONSTRAINT `RATING_OPTION_VOTE_REVIEW_ID_REVIEW_REVIEW_ID` FOREIGN KEY (`review_id`) REFERENCES `review` (`review_id`) ON DELETE CASCADE
) ENGINE=InnoDB AUTO_INCREMENT=348 DEFAULT CHARSET=utf8mb3 COMMENT='Rating option values';

--
-- Dumping data for table `rating_option_vote`
--

INSERT INTO `rating_option_vote` VALUES (1,17,'',0,NULL,1,4,1,40,2),(2,18,'',0,NULL,1,4,2,60,3),(3,20,'',0,NULL,6,4,3,100,5),(4,18,'',0,NULL,6,4,4,60,3),(5,17,'',0,NULL,6,4,5,40,2),(6,19,'',0,NULL,3,4,6,80,4),(7,18,'',0,NULL,3,4,7,60,3),(8,18,'',0,NULL,3,4,8,60,3),(9,20,'',0,NULL,2,4,9,100,5),(10,19,'',0,NULL,2,4,10,80,4),(11,16,'',0,NULL,4,4,11,20,1),(12,19,'',0,NULL,4,4,12,80,4),(13,20,'',0,NULL,4,4,13,100,5),(14,20,'',0,NULL,5,4,14,100,5),(15,17,'',0,NULL,5,4,15,40,2),(16,20,'',0,NULL,37,4,16,100,5),(17,20,'',0,NULL,37,4,17,100,5),(18,18,'',0,NULL,37,4,18,60,3),(19,19,'',0,NULL,40,4,19,80,4),(20,19,'',0,NULL,40,4,20,80,4),(21,18,'',0,NULL,40,4,21,60,3),(22,18,'',0,NULL,38,4,22,60,3),(23,17,'',0,NULL,38,4,23,40,2),(24,17,'',0,NULL,38,4,24,40,2),(25,19,'',0,NULL,36,4,25,80,4),(26,19,'',0,NULL,36,4,26,80,4),(27,20,'',0,NULL,39,4,27,100,5),(28,19,'',0,NULL,39,4,28,80,4),(29,17,'',0,NULL,39,4,29,40,2),(30,17,'',0,NULL,39,4,30,40,2),(31,20,'',0,NULL,270,4,31,100,5),(32,19,'',0,NULL,270,4,32,80,4),(33,20,'',0,NULL,286,4,33,100,5),(34,19,'',0,NULL,286,4,34,80,4),(35,17,'',0,NULL,414,4,35,40,2),(36,17,'',0,NULL,414,4,36,40,2),(37,19,'',0,NULL,414,4,37,80,4),(38,20,'',0,NULL,302,4,38,100,5),(39,19,'',0,NULL,302,4,39,80,4),(40,20,'',0,NULL,302,4,40,100,5),(41,20,'',0,NULL,398,4,41,100,5),(42,18,'',0,NULL,398,4,42,60,3),(43,19,'',0,NULL,398,4,43,80,4),(44,17,'',0,NULL,318,4,44,40,2),(45,18,'',0,NULL,318,4,45,60,3),(46,18,'',0,NULL,334,4,46,60,3),(47,18,'',0,NULL,334,4,47,60,3),(48,19,'',0,NULL,334,4,48,80,4),(49,19,'',0,NULL,350,4,49,80,4),(50,18,'',0,NULL,350,4,50,60,3),(51,19,'',0,NULL,366,4,51,80,4),(52,18,'',0,NULL,366,4,52,60,3),(53,17,'',0,NULL,737,4,53,40,2),(54,19,'',0,NULL,737,4,54,80,4),(55,16,'',0,NULL,737,4,55,20,1),(56,17,'',0,NULL,750,4,56,40,2),(57,17,'',0,NULL,750,4,57,40,2),(58,18,'',0,NULL,750,4,58,60,3),(59,19,'',0,NULL,763,4,59,80,4),(60,18,'',0,NULL,763,4,60,60,3),(61,19,'',0,NULL,776,4,61,80,4),(62,20,'',0,NULL,776,4,62,100,5),(63,19,'',0,NULL,776,4,63,80,4),(64,19,'',0,NULL,789,4,64,80,4),(65,19,'',0,NULL,789,4,65,80,4),(66,18,'',0,NULL,789,4,66,60,3),(67,18,'',0,NULL,558,4,67,60,3),(68,19,'',0,NULL,558,4,68,80,4),(69,20,'',0,NULL,558,4,69,100,5),(70,20,'',0,NULL,574,4,70,100,5),(71,19,'',0,NULL,574,4,71,80,4),(72,20,'',0,NULL,526,4,72,100,5),(73,16,'',0,NULL,526,4,73,20,1),(74,20,'',0,NULL,446,4,74,100,5),(75,17,'',0,NULL,446,4,75,40,2),(76,18,'',0,NULL,446,4,76,60,3),(77,20,'',0,NULL,462,4,77,100,5),(78,19,'',0,NULL,462,4,78,80,4),(79,18,'',0,NULL,462,4,79,60,3),(80,18,'',0,NULL,542,4,80,60,3),(81,19,'',0,NULL,542,4,81,80,4),(82,18,'',0,NULL,606,4,82,60,3),(83,18,'',0,NULL,606,4,83,60,3),(84,19,'',0,NULL,606,4,84,80,4),(85,20,'',0,NULL,622,4,85,100,5),(86,18,'',0,NULL,622,4,86,60,3),(87,18,'',0,NULL,622,4,87,60,3),(88,17,'',0,NULL,622,4,88,40,2),(89,19,'',0,NULL,478,4,89,80,4),(90,17,'',0,NULL,478,4,90,40,2),(91,20,'',0,NULL,478,4,91,100,5),(92,20,'',0,NULL,590,4,92,100,5),(93,16,'',0,NULL,590,4,93,20,1),(94,18,'',0,NULL,590,4,94,60,3),(95,19,'',0,NULL,494,4,95,80,4),(96,18,'',0,NULL,494,4,96,60,3),(97,20,'',0,NULL,494,4,97,100,5),(98,16,'',0,NULL,510,4,98,20,1),(99,17,'',0,NULL,510,4,99,40,2),(100,20,'',0,NULL,510,4,100,100,5),(101,19,'',0,NULL,893,4,101,80,4),(102,19,'',0,NULL,893,4,102,80,4),(103,19,'',0,NULL,893,4,103,80,4),(104,18,'',0,NULL,911,4,104,60,3),(105,19,'',0,NULL,911,4,105,80,4),(106,19,'',0,NULL,911,4,106,80,4),(107,17,'',0,NULL,924,4,107,40,2),(108,18,'',0,NULL,924,4,108,60,3),(109,19,'',0,NULL,924,4,109,80,4),(110,20,'',0,NULL,937,4,110,100,5),(111,17,'',0,NULL,937,4,111,40,2),(112,19,'',0,NULL,937,4,112,80,4),(113,18,'',0,NULL,950,4,113,60,3),(114,19,'',0,NULL,950,4,114,80,4),(115,20,'',0,NULL,963,4,115,100,5),(116,20,'',0,NULL,963,4,116,100,5),(117,18,'',0,NULL,963,4,117,60,3),(118,19,'',0,NULL,976,4,118,80,4),(119,17,'',0,NULL,976,4,119,40,2),(120,18,'',0,NULL,989,4,120,60,3),(121,18,'',0,NULL,989,4,121,60,3),(122,19,'',0,NULL,989,4,122,80,4),(123,16,'',0,NULL,638,4,123,20,1),(124,19,'',0,NULL,638,4,124,80,4),(125,18,'',0,NULL,638,4,125,60,3),(126,18,'',0,NULL,638,4,126,60,3),(127,18,'',0,NULL,654,4,127,60,3),(128,19,'',0,NULL,654,4,128,80,4),(129,20,'',0,NULL,654,4,129,100,5),(130,18,'',0,NULL,670,4,130,60,3),(131,18,'',0,NULL,670,4,131,60,3),(132,17,'',0,NULL,670,4,132,40,2),(133,17,'',0,NULL,676,4,133,40,2),(134,18,'',0,NULL,676,4,134,60,3),(135,19,'',0,NULL,676,4,135,80,4),(136,20,'',0,NULL,676,4,136,100,5),(137,20,'',0,NULL,7,4,137,100,5),(138,19,'',0,NULL,7,4,138,80,4),(139,18,'',0,NULL,7,4,139,60,3),(140,20,'',0,NULL,20,4,140,100,5),(141,19,'',0,NULL,20,4,141,80,4),(142,16,'',0,NULL,20,4,142,20,1),(143,18,'',0,NULL,18,4,143,60,3),(144,18,'',0,NULL,18,4,144,60,3),(145,20,'',0,NULL,23,4,145,100,5),(146,16,'',0,NULL,23,4,146,20,1),(147,18,'',0,NULL,23,4,147,60,3),(148,19,'',0,NULL,17,4,148,80,4),(149,20,'',0,NULL,17,4,149,100,5),(150,20,'',0,NULL,17,4,150,100,5),(151,20,'',0,NULL,19,4,151,100,5),(152,18,'',0,NULL,19,4,152,60,3),(153,20,'',0,NULL,19,4,153,100,5),(154,18,'',0,NULL,15,4,154,60,3),(155,20,'',0,NULL,16,4,155,100,5),(156,20,'',0,NULL,16,4,156,100,5),(157,19,'',0,NULL,8,4,157,80,4),(158,18,'',0,NULL,8,4,158,60,3),(159,18,'',0,NULL,8,4,159,60,3),(160,19,'',0,NULL,9,4,160,80,4),(161,18,'',0,NULL,9,4,161,60,3),(162,20,'',0,NULL,12,4,162,100,5),(163,19,'',0,NULL,12,4,163,80,4),(164,19,'',0,NULL,14,4,164,80,4),(165,18,'',0,NULL,14,4,165,60,3),(166,18,'',0,NULL,14,4,166,60,3),(167,20,'',0,NULL,10,4,167,100,5),(168,18,'',0,NULL,10,4,168,60,3),(169,20,'',0,NULL,11,4,169,100,5),(170,20,'',0,NULL,11,4,170,100,5),(171,16,'',0,NULL,11,4,171,20,1),(172,17,'',0,NULL,13,4,172,40,2),(173,19,'',0,NULL,13,4,173,80,4),(174,18,'',0,NULL,13,4,174,60,3),(175,19,'',0,NULL,42,4,175,80,4),(176,18,'',0,NULL,42,4,176,60,3),(177,18,'',0,NULL,42,4,177,60,3),(178,20,'',0,NULL,44,4,178,100,5),(179,17,'',0,NULL,44,4,179,40,2),(180,17,'',0,NULL,43,4,180,40,2),(181,18,'',0,NULL,43,4,181,60,3),(182,18,'',0,NULL,43,4,182,60,3),(183,19,'',0,NULL,41,4,183,80,4),(184,19,'',0,NULL,41,4,184,80,4),(185,18,'',0,NULL,1044,4,185,60,3),(186,20,'',0,NULL,1044,4,186,100,5),(187,20,'',0,NULL,1044,4,187,100,5),(188,20,'',0,NULL,1060,4,188,100,5),(189,16,'',0,NULL,1060,4,189,20,1),(190,19,'',0,NULL,1060,4,190,80,4),(191,19,'',0,NULL,1076,4,191,80,4),(192,18,'',0,NULL,1076,4,192,60,3),(193,17,'',0,NULL,1076,4,193,40,2),(194,17,'',0,NULL,1092,4,194,40,2),(195,19,'',0,NULL,1092,4,195,80,4),(196,18,'',0,NULL,1092,4,196,60,3),(197,19,'',0,NULL,1108,4,197,80,4),(198,19,'',0,NULL,1108,4,198,80,4),(199,19,'',0,NULL,1108,4,199,80,4),(200,19,'',0,NULL,1114,4,200,80,4),(201,19,'',0,NULL,1114,4,201,80,4),(202,18,'',0,NULL,1220,4,202,60,3),(203,19,'',0,NULL,1220,4,203,80,4),(204,18,'',0,NULL,1220,4,204,60,3),(205,20,'',0,NULL,1236,4,205,100,5),(206,17,'',0,NULL,1236,4,206,40,2),(207,18,'',0,NULL,1236,4,207,60,3),(208,19,'',0,NULL,1236,4,208,80,4),(209,20,'',0,NULL,1252,4,209,100,5),(210,20,'',0,NULL,1252,4,210,100,5),(211,18,'',0,NULL,1252,4,211,60,3),(212,20,'',0,NULL,1268,4,212,100,5),(213,19,'',0,NULL,1268,4,213,80,4),(214,19,'',0,NULL,1284,4,214,80,4),(215,19,'',0,NULL,1284,4,215,80,4),(216,20,'',0,NULL,1284,4,216,100,5),(217,18,'',0,NULL,1380,4,217,60,3),(218,20,'',0,NULL,1380,4,218,100,5),(219,20,'',0,NULL,1380,4,219,100,5),(220,18,'',0,NULL,1300,4,220,60,3),(221,17,'',0,NULL,1300,4,221,40,2),(222,20,'',0,NULL,1300,4,222,100,5),(223,20,'',0,NULL,1316,4,223,100,5),(224,16,'',0,NULL,1316,4,224,20,1),(225,19,'',0,NULL,1332,4,225,80,4),(226,19,'',0,NULL,1332,4,226,80,4),(227,20,'',0,NULL,1332,4,227,100,5),(228,18,'',0,NULL,1348,4,228,60,3),(229,18,'',0,NULL,1348,4,229,60,3),(230,18,'',0,NULL,1348,4,230,60,3),(231,20,'',0,NULL,1364,4,231,100,5),(232,18,'',0,NULL,1364,4,232,60,3),(233,20,'',0,NULL,1364,4,233,100,5),(234,19,'',0,NULL,1819,4,234,80,4),(235,19,'',0,NULL,1819,4,235,80,4),(236,20,'',0,NULL,1826,4,236,100,5),(237,19,'',0,NULL,1826,4,237,80,4),(238,20,'',0,NULL,1826,4,238,100,5),(239,20,'',0,NULL,1833,4,239,100,5),(240,19,'',0,NULL,1833,4,240,80,4),(241,16,'',0,NULL,1833,4,241,20,1),(242,19,'',0,NULL,1840,4,242,80,4),(243,20,'',0,NULL,1840,4,243,100,5),(244,20,'',0,NULL,1840,4,244,100,5),(245,17,'',0,NULL,1840,4,245,40,2),(246,18,'',0,NULL,1847,4,246,60,3),(247,18,'',0,NULL,1847,4,247,60,3),(248,18,'',0,NULL,1854,4,248,60,3),(249,17,'',0,NULL,1854,4,249,40,2),(250,20,'',0,NULL,1854,4,250,100,5),(251,20,'',0,NULL,1572,4,251,100,5),(252,19,'',0,NULL,1572,4,252,80,4),(253,19,'',0,NULL,1572,4,253,80,4),(254,19,'',0,NULL,1412,4,254,80,4),(255,18,'',0,NULL,1412,4,255,60,3),(256,19,'',0,NULL,1412,4,256,80,4),(257,20,'',0,NULL,1428,4,257,100,5),(258,17,'',0,NULL,1428,4,258,40,2),(259,18,'',0,NULL,1428,4,259,60,3),(260,17,'',0,NULL,1428,4,260,40,2),(261,17,'',0,NULL,1444,4,261,40,2),(262,19,'',0,NULL,1444,4,262,80,4),(263,19,'',0,NULL,1588,4,263,80,4),(264,20,'',0,NULL,1588,4,264,100,5),(265,17,'',0,NULL,1588,4,265,40,2),(266,17,'',0,NULL,1476,4,266,40,2),(267,19,'',0,NULL,1476,4,267,80,4),(268,19,'',0,NULL,1492,4,268,80,4),(269,16,'',0,NULL,1492,4,269,20,1),(270,17,'',0,NULL,1492,4,270,40,2),(271,19,'',0,NULL,1508,4,271,80,4),(272,18,'',0,NULL,1508,4,272,60,3),(273,19,'',0,NULL,1508,4,273,80,4),(274,20,'',0,NULL,1524,4,274,100,5),(275,19,'',0,NULL,1524,4,275,80,4),(276,18,'',0,NULL,1524,4,276,60,3),(277,18,'',0,NULL,1540,4,277,60,3),(278,20,'',0,NULL,1540,4,278,100,5),(279,20,'',0,NULL,1540,4,279,100,5),(280,18,'',0,NULL,1556,4,280,60,3),(281,17,'',0,NULL,1556,4,281,40,2),(282,19,'',0,NULL,1556,4,282,80,4),(283,19,'',0,NULL,1919,4,283,80,4),(284,18,'',0,NULL,1919,4,284,60,3),(285,17,'',0,NULL,1919,4,285,40,2),(286,20,'',0,NULL,1935,4,286,100,5),(287,20,'',0,NULL,1935,4,287,100,5),(288,17,'',0,NULL,1935,4,288,40,2),(289,20,'',0,NULL,1951,4,289,100,5),(290,19,'',0,NULL,1951,4,290,80,4),(291,19,'',0,NULL,1967,4,291,80,4),(292,19,'',0,NULL,1967,4,292,80,4),(293,17,'',0,NULL,1983,4,293,40,2),(294,19,'',0,NULL,1983,4,294,80,4),(295,20,'',0,NULL,1983,4,295,100,5),(296,18,'',0,NULL,1990,4,296,60,3),(297,19,'',0,NULL,1990,4,297,80,4),(298,20,'',0,NULL,1997,4,298,100,5),(299,17,'',0,NULL,1997,4,299,40,2),(300,18,'',0,NULL,1997,4,300,60,3),(301,20,'',0,NULL,2003,4,301,100,5),(302,19,'',0,NULL,2003,4,302,80,4),(303,20,'',0,NULL,2003,4,303,100,5),(304,16,'',0,NULL,2010,4,304,20,1),(305,19,'',0,NULL,2010,4,305,80,4),(306,20,'',0,NULL,2010,4,306,100,5),(307,19,'',0,NULL,2017,4,307,80,4),(308,20,'',0,NULL,2017,4,308,100,5),(309,18,'',0,NULL,2017,4,309,60,3),(310,20,'',0,NULL,2024,4,310,100,5),(311,19,'',0,NULL,2024,4,311,80,4),(312,17,'',0,NULL,2024,4,312,40,2),(313,16,'',0,NULL,2040,4,313,20,1),(314,18,'',0,NULL,2040,4,314,60,3),(315,20,'',0,NULL,2040,4,315,100,5),(316,18,'',0,NULL,1604,4,316,60,3),(317,19,'',0,NULL,1604,4,317,80,4),(318,19,'',0,NULL,1604,4,318,80,4),(319,19,'',0,NULL,1604,4,319,80,4),(320,17,'',0,NULL,1620,4,320,40,2),(321,16,'',0,NULL,1620,4,321,20,1),(322,20,'',0,NULL,1620,4,322,100,5),(323,19,'',0,NULL,1620,4,323,80,4),(324,19,'',0,NULL,1636,4,324,80,4),(325,17,'',0,NULL,1636,4,325,40,2),(326,19,'',0,NULL,1636,4,326,80,4),(327,17,'',0,NULL,1652,4,327,40,2),(328,19,'',0,NULL,1652,4,328,80,4),(329,18,'',0,NULL,1652,4,329,60,3),(330,16,'',0,NULL,1668,4,330,20,1),(331,17,'',0,NULL,1668,4,331,40,2),(332,18,'',0,NULL,1668,4,332,60,3),(333,20,'',0,NULL,1764,4,333,100,5),(334,19,'',0,NULL,1764,4,334,80,4),(335,17,'',0,NULL,1764,4,335,40,2),(336,19,'',0,NULL,1780,4,336,80,4),(337,17,'',0,NULL,1796,4,337,40,2),(338,18,'',0,NULL,1796,4,338,60,3),(339,19,'',0,NULL,1796,4,339,80,4),(340,19,'',0,NULL,1812,4,340,80,4),(341,18,'',0,NULL,1812,4,341,60,3),(342,19,'',0,NULL,1684,4,342,80,4),(343,19,'',0,NULL,1684,4,343,80,4),(344,18,'',0,NULL,1700,4,344,60,3),(345,17,'',0,NULL,1700,4,345,40,2),(346,18,'',0,NULL,1700,4,346,60,3),(347,20,'112.196.120.178',1891924146,NULL,1162,4,347,100,5);

--
-- Table structure for table `rating_option_vote_aggregated`
--

CREATE TABLE `rating_option_vote_aggregated` (
  `primary_id` int NOT NULL AUTO_INCREMENT COMMENT 'Vote aggregation ID',
  `rating_id` smallint unsigned NOT NULL DEFAULT '0' COMMENT 'Rating ID',
  `entity_pk_value` bigint unsigned NOT NULL DEFAULT '0' COMMENT 'Product ID',
  `vote_count` int unsigned NOT NULL DEFAULT '0' COMMENT 'Vote dty',
  `vote_value_sum` int unsigned NOT NULL DEFAULT '0' COMMENT 'General vote sum',
  `percent` smallint NOT NULL DEFAULT '0' COMMENT 'Vote percent',
  `percent_approved` smallint DEFAULT '0' COMMENT 'Vote percent approved by admin',
  `store_id` smallint unsigned NOT NULL DEFAULT '0' COMMENT 'Store ID',
  PRIMARY KEY (`primary_id`),
  KEY `RATING_OPTION_VOTE_AGGREGATED_RATING_ID` (`rating_id`),
  KEY `RATING_OPTION_VOTE_AGGREGATED_STORE_ID` (`store_id`),
  CONSTRAINT `RATING_OPTION_VOTE_AGGREGATED_RATING_ID_RATING_RATING_ID` FOREIGN KEY (`rating_id`) REFERENCES `rating` (`rating_id`) ON DELETE CASCADE,
  CONSTRAINT `RATING_OPTION_VOTE_AGGREGATED_STORE_ID_STORE_STORE_ID` FOREIGN KEY (`store_id`) REFERENCES `store` (`store_id`) ON DELETE CASCADE
) ENGINE=InnoDB AUTO_INCREMENT=253 DEFAULT CHARSET=utf8mb3 COMMENT='Rating vote aggregated';

--
-- Dumping data for table `rating_option_vote_aggregated`
--

INSERT INTO `rating_option_vote_aggregated` VALUES (1,4,1,2,5,50,50,0),(2,4,1,2,5,50,50,1),(3,4,6,3,10,67,67,0),(4,4,6,3,10,67,67,1),(5,4,3,3,10,67,67,0),(6,4,3,3,10,67,67,1),(7,4,2,2,9,90,90,0),(8,4,2,2,9,90,90,1),(9,4,4,3,10,67,67,0),(10,4,4,3,10,67,67,1),(11,4,5,2,7,70,70,0),(12,4,5,2,7,70,70,1),(13,4,37,3,13,87,87,0),(14,4,37,3,13,87,87,1),(15,4,40,3,11,73,73,0),(16,4,40,3,11,73,73,1),(17,4,38,3,7,47,47,0),(18,4,38,3,7,47,47,1),(19,4,36,2,8,80,80,0),(20,4,36,2,8,80,80,1),(21,4,39,4,13,65,65,0),(22,4,39,4,13,65,65,1),(23,4,270,2,9,90,90,0),(24,4,270,2,9,90,90,1),(25,4,286,2,9,90,90,0),(26,4,286,2,9,90,90,1),(27,4,414,3,8,53,53,0),(28,4,414,3,8,53,53,1),(29,4,302,3,14,93,93,0),(30,4,302,3,14,93,93,1),(31,4,398,3,12,80,80,0),(32,4,398,3,12,80,80,1),(33,4,318,2,5,50,50,0),(34,4,318,2,5,50,50,1),(35,4,334,3,10,67,67,0),(36,4,334,3,10,67,67,1),(37,4,350,2,7,70,70,0),(38,4,350,2,7,70,70,1),(39,4,366,2,7,70,70,0),(40,4,366,2,7,70,70,1),(41,4,737,3,7,47,47,0),(42,4,737,3,7,47,47,1),(43,4,750,3,7,47,47,0),(44,4,750,3,7,47,47,1),(45,4,763,2,7,70,70,0),(46,4,763,2,7,70,70,1),(47,4,776,3,13,87,87,0),(48,4,776,3,13,87,87,1),(49,4,789,3,11,73,73,0),(50,4,789,3,11,73,73,1),(51,4,558,3,12,80,80,0),(52,4,558,3,12,80,80,1),(53,4,574,2,9,90,90,0),(54,4,574,2,9,90,90,1),(55,4,526,2,6,60,60,0),(56,4,526,2,6,60,60,1),(57,4,446,3,10,67,67,0),(58,4,446,3,10,67,67,1),(59,4,462,3,12,80,80,0),(60,4,462,3,12,80,80,1),(61,4,542,2,7,70,70,0),(62,4,542,2,7,70,70,1),(63,4,606,3,10,67,67,0),(64,4,606,3,10,67,67,1),(65,4,622,4,13,65,65,0),(66,4,622,4,13,65,65,1),(67,4,478,3,11,73,73,0),(68,4,478,3,11,73,73,1),(69,4,590,3,9,60,60,0),(70,4,590,3,9,60,60,1),(71,4,494,3,12,80,80,0),(72,4,494,3,12,80,80,1),(73,4,510,3,8,53,53,0),(74,4,510,3,8,53,53,1),(75,4,893,3,12,80,80,0),(76,4,893,3,12,80,80,1),(77,4,911,3,11,73,73,0),(78,4,911,3,11,73,73,1),(79,4,924,3,9,60,60,0),(80,4,924,3,9,60,60,1),(81,4,937,3,11,73,73,0),(82,4,937,3,11,73,73,1),(83,4,950,2,7,70,70,0),(84,4,950,2,7,70,70,1),(85,4,963,3,13,87,87,0),(86,4,963,3,13,87,87,1),(87,4,976,2,6,60,60,0),(88,4,976,2,6,60,60,1),(89,4,989,3,10,67,67,0),(90,4,989,3,10,67,67,1),(91,4,638,4,11,55,55,0),(92,4,638,4,11,55,55,1),(93,4,654,3,12,80,80,0),(94,4,654,3,12,80,80,1),(95,4,670,3,8,53,53,0),(96,4,670,3,8,53,53,1),(97,4,676,4,14,70,70,0),(98,4,676,4,14,70,70,1),(99,4,7,3,12,80,80,0),(100,4,7,3,12,80,80,1),(101,4,20,3,10,67,67,0),(102,4,20,3,10,67,67,1),(103,4,18,2,6,60,60,0),(104,4,18,2,6,60,60,1),(105,4,23,3,9,60,60,0),(106,4,23,3,9,60,60,1),(107,4,17,3,14,93,93,0),(108,4,17,3,14,93,93,1),(109,4,19,3,13,87,87,0),(110,4,19,3,13,87,87,1),(111,4,15,1,3,60,60,0),(112,4,15,1,3,60,60,1),(113,4,16,2,10,100,100,0),(114,4,16,2,10,100,100,1),(115,4,8,3,10,67,67,0),(116,4,8,3,10,67,67,1),(117,4,9,2,7,70,70,0),(118,4,9,2,7,70,70,1),(119,4,12,2,9,90,90,0),(120,4,12,2,9,90,90,1),(121,4,14,3,10,67,67,0),(122,4,14,3,10,67,67,1),(123,4,10,2,8,80,80,0),(124,4,10,2,8,80,80,1),(125,4,11,3,11,73,73,0),(126,4,11,3,11,73,73,1),(127,4,13,3,9,60,60,0),(128,4,13,3,9,60,60,1),(129,4,42,3,10,67,67,0),(130,4,42,3,10,67,67,1),(131,4,44,2,7,70,70,0),(132,4,44,2,7,70,70,1),(133,4,43,3,8,53,53,0),(134,4,43,3,8,53,53,1),(135,4,41,2,8,80,80,0),(136,4,41,2,8,80,80,1),(137,4,1044,3,13,87,87,0),(138,4,1044,3,13,87,87,1),(139,4,1060,3,10,67,67,0),(140,4,1060,3,10,67,67,1),(141,4,1076,3,9,60,60,0),(142,4,1076,3,9,60,60,1),(143,4,1092,3,9,60,60,0),(144,4,1092,3,9,60,60,1),(145,4,1108,3,12,80,80,0),(146,4,1108,3,12,80,80,1),(147,4,1114,2,8,80,80,0),(148,4,1114,2,8,80,80,1),(149,4,1220,3,10,67,67,0),(150,4,1220,3,10,67,67,1),(151,4,1236,4,14,70,70,0),(152,4,1236,4,14,70,70,1),(153,4,1252,3,13,87,87,0),(154,4,1252,3,13,87,87,1),(155,4,1268,2,9,90,90,0),(156,4,1268,2,9,90,90,1),(157,4,1284,3,13,87,87,0),(158,4,1284,3,13,87,87,1),(159,4,1380,3,13,87,87,0),(160,4,1380,3,13,87,87,1),(161,4,1300,3,10,67,67,0),(162,4,1300,3,10,67,67,1),(163,4,1316,2,6,60,60,0),(164,4,1316,2,6,60,60,1),(165,4,1332,3,13,87,87,0),(166,4,1332,3,13,87,87,1),(167,4,1348,3,9,60,60,0),(168,4,1348,3,9,60,60,1),(169,4,1364,3,13,87,87,0),(170,4,1364,3,13,87,87,1),(171,4,1819,2,8,80,80,0),(172,4,1819,2,8,80,80,1),(173,4,1826,3,14,93,93,0),(174,4,1826,3,14,93,93,1),(175,4,1833,3,10,67,67,0),(176,4,1833,3,10,67,67,1),(177,4,1840,4,16,80,80,0),(178,4,1840,4,16,80,80,1),(179,4,1847,2,6,60,60,0),(180,4,1847,2,6,60,60,1),(181,4,1854,3,10,67,67,0),(182,4,1854,3,10,67,67,1),(183,4,1572,3,13,87,87,0),(184,4,1572,3,13,87,87,1),(185,4,1412,3,11,73,73,0),(186,4,1412,3,11,73,73,1),(187,4,1428,4,12,60,60,0),(188,4,1428,4,12,60,60,1),(189,4,1444,2,6,60,60,0),(190,4,1444,2,6,60,60,1),(191,4,1588,3,11,73,73,0),(192,4,1588,3,11,73,73,1),(193,4,1476,2,6,60,60,0),(194,4,1476,2,6,60,60,1),(195,4,1492,3,7,47,47,0),(196,4,1492,3,7,47,47,1),(197,4,1508,3,11,73,73,0),(198,4,1508,3,11,73,73,1),(199,4,1524,3,12,80,80,0),(200,4,1524,3,12,80,80,1),(201,4,1540,3,13,87,87,0),(202,4,1540,3,13,87,87,1),(203,4,1556,3,9,60,60,0),(204,4,1556,3,9,60,60,1),(205,4,1919,3,9,60,60,0),(206,4,1919,3,9,60,60,1),(207,4,1935,3,12,80,80,0),(208,4,1935,3,12,80,80,1),(209,4,1951,2,9,90,90,0),(210,4,1951,2,9,90,90,1),(211,4,1967,2,8,80,80,0),(212,4,1967,2,8,80,80,1),(213,4,1983,3,11,73,73,0),(214,4,1983,3,11,73,73,1),(215,4,1990,2,7,70,70,0),(216,4,1990,2,7,70,70,1),(217,4,1997,3,10,67,67,0),(218,4,1997,3,10,67,67,1),(219,4,2003,3,14,93,93,0),(220,4,2003,3,14,93,93,1),(221,4,2010,3,10,67,67,0),(222,4,2010,3,10,67,67,1),(223,4,2017,3,12,80,80,0),(224,4,2017,3,12,80,80,1),(225,4,2024,3,11,73,73,0),(226,4,2024,3,11,73,73,1),(227,4,2040,3,9,60,60,0),(228,4,2040,3,9,60,60,1),(229,4,1604,4,15,75,75,0),(230,4,1604,4,15,75,75,1),(231,4,1620,4,12,60,60,0),(232,4,1620,4,12,60,60,1),(233,4,1636,3,10,67,67,0),(234,4,1636,3,10,67,67,1),(235,4,1652,3,9,60,60,0),(236,4,1652,3,9,60,60,1),(237,4,1668,3,6,40,40,0),(238,4,1668,3,6,40,40,1),(239,4,1764,3,11,73,73,0),(240,4,1764,3,11,73,73,1),(241,4,1780,1,4,80,80,0),(242,4,1780,1,4,80,80,1),(243,4,1796,3,9,60,60,0),(244,4,1796,3,9,60,60,1),(245,4,1812,2,7,70,70,0),(246,4,1812,2,7,70,70,1),(247,4,1684,2,8,80,80,0),(248,4,1684,2,8,80,80,1),(249,4,1700,3,8,53,53,0),(250,4,1700,3,8,53,53,1),(251,4,1162,1,5,100,0,1),(252,4,1162,1,5,100,0,0);

--
