
--
-- Table structure for table `catalog_product_index_price_tmp`
--

CREATE TABLE `catalog_product_index_price_tmp` (
  `entity_id` int unsigned NOT NULL COMMENT 'Product ID',
  `customer_group_id` int unsigned NOT NULL DEFAULT '0' COMMENT 'Customer Group ID',
  `website_id` smallint unsigned NOT NULL COMMENT 'Website ID',
  `tax_class_id` smallint unsigned DEFAULT '0' COMMENT 'Tax Class ID',
  `price` decimal(20,6) DEFAULT NULL COMMENT 'Price',
  `final_price` decimal(20,6) DEFAULT NULL COMMENT 'Final Price',
  `min_price` decimal(20,6) DEFAULT NULL COMMENT 'Min Price',
  `max_price` decimal(20,6) DEFAULT NULL COMMENT 'Max Price',
  `tier_price` decimal(20,6) DEFAULT NULL COMMENT 'Tier Price',
  `id` int unsigned NOT NULL AUTO_INCREMENT COMMENT 'ID',
  PRIMARY KEY (`id`)
) ENGINE=InnoDB DEFAULT CHARSET=utf8mb3 COMMENT='Catalog Product Price Indexer Temp Table';

--
-- Dumping data for table `catalog_product_index_price_tmp`
--


--
-- Table structure for table `catalog_product_index_tier_price`
--

CREATE TABLE `catalog_product_index_tier_price` (
  `entity_id` int unsigned NOT NULL COMMENT 'Entity ID',
  `customer_group_id` int unsigned NOT NULL COMMENT 'Customer Group ID',
  `website_id` smallint unsigned NOT NULL COMMENT 'Website ID',
  `min_price` decimal(20,6) DEFAULT NULL COMMENT 'Min Price',
  PRIMARY KEY (`entity_id`,`customer_group_id`,`website_id`),
  KEY `CATALOG_PRODUCT_INDEX_TIER_PRICE_CUSTOMER_GROUP_ID` (`customer_group_id`),
  KEY `CATALOG_PRODUCT_INDEX_TIER_PRICE_WEBSITE_ID` (`website_id`),
  CONSTRAINT `CAT_PRD_IDX_TIER_PRICE_CSTR_GROUP_ID_CSTR_GROUP_CSTR_GROUP_ID` FOREIGN KEY (`customer_group_id`) REFERENCES `customer_group` (`customer_group_id`) ON DELETE CASCADE,
  CONSTRAINT `CAT_PRD_IDX_TIER_PRICE_ENTT_ID_CAT_PRD_ENTT_ENTT_ID` FOREIGN KEY (`entity_id`) REFERENCES `catalog_product_entity` (`entity_id`) ON DELETE CASCADE,
  CONSTRAINT `CAT_PRD_IDX_TIER_PRICE_WS_ID_STORE_WS_WS_ID` FOREIGN KEY (`website_id`) REFERENCES `store_website` (`website_id`) ON DELETE CASCADE
) ENGINE=InnoDB DEFAULT CHARSET=utf8mb3 COMMENT='Catalog Product Tier Price Index Table';

--
-- Dumping data for table `catalog_product_index_tier_price`
--


--
-- Table structure for table `catalog_product_index_website`
--

CREATE TABLE `catalog_product_index_website` (
  `website_id` smallint unsigned NOT NULL COMMENT 'Website ID',
  `default_store_id` smallint unsigned NOT NULL COMMENT 'Default store ID for website',
  `website_date` date DEFAULT NULL COMMENT 'Website Date',
  `rate` float DEFAULT '1' COMMENT 'Rate',
  PRIMARY KEY (`website_id`),
  KEY `CATALOG_PRODUCT_INDEX_WEBSITE_WEBSITE_DATE` (`website_date`),
  CONSTRAINT `CAT_PRD_IDX_WS_WS_ID_STORE_WS_WS_ID` FOREIGN KEY (`website_id`) REFERENCES `store_website` (`website_id`) ON DELETE CASCADE
) ENGINE=InnoDB DEFAULT CHARSET=utf8mb3 COMMENT='Catalog Product Website Index Table';

--
-- Dumping data for table `catalog_product_index_website`
--

INSERT INTO `catalog_product_index_website` VALUES (1,1,'2024-03-20',1);

--
-- Table structure for table `catalog_product_link`
--

CREATE TABLE `catalog_product_link` (
  `link_id` int unsigned NOT NULL AUTO_INCREMENT COMMENT 'Link ID',
  `product_id` int unsigned NOT NULL DEFAULT '0' COMMENT 'Product ID',
  `linked_product_id` int unsigned NOT NULL DEFAULT '0' COMMENT 'Linked Product ID',
  `link_type_id` smallint unsigned NOT NULL DEFAULT '0' COMMENT 'Link Type ID',
  PRIMARY KEY (`link_id`),
  UNIQUE KEY `CATALOG_PRODUCT_LINK_LINK_TYPE_ID_PRODUCT_ID_LINKED_PRODUCT_ID` (`link_type_id`,`product_id`,`linked_product_id`),
  KEY `CATALOG_PRODUCT_LINK_PRODUCT_ID` (`product_id`),
  KEY `CATALOG_PRODUCT_LINK_LINKED_PRODUCT_ID` (`linked_product_id`),
  CONSTRAINT `CAT_PRD_LNK_LNK_TYPE_ID_CAT_PRD_LNK_TYPE_LNK_TYPE_ID` FOREIGN KEY (`link_type_id`) REFERENCES `catalog_product_link_type` (`link_type_id`) ON DELETE CASCADE,
  CONSTRAINT `CAT_PRD_LNK_LNKED_PRD_ID_CAT_PRD_ENTT_ENTT_ID` FOREIGN KEY (`linked_product_id`) REFERENCES `catalog_product_entity` (`entity_id`) ON DELETE CASCADE,
  CONSTRAINT `CATALOG_PRODUCT_LINK_PRODUCT_ID_CATALOG_PRODUCT_ENTITY_ENTITY_ID` FOREIGN KEY (`product_id`) REFERENCES `catalog_product_entity` (`entity_id`) ON DELETE CASCADE
) ENGINE=InnoDB AUTO_INCREMENT=2361 DEFAULT CHARSET=utf8mb3 COMMENT='Catalog Product To Product Linkage Table';

--
-- Dumping data for table `catalog_product_link`
--

INSERT INTO `catalog_product_link` VALUES (2281,15,16,1),(2282,15,17,1),(2283,15,32,1),(2284,15,34,1),(2289,16,15,1),(2290,16,18,1),(2291,16,24,1),(2292,16,46,1),(2265,17,19,1),(2266,17,24,1),(2267,17,28,1),(2268,17,45,1),(2249,18,15,1),(2250,18,16,1),(2251,18,21,1),(2252,18,24,1),(2273,19,21,1),(2274,19,24,1),(2275,19,32,1),(2276,19,45,1),(2241,20,17,1),(2242,20,19,1),(2243,20,28,1),(2244,20,34,1),(2321,21,15,1),(2322,21,16,1),(2323,21,23,1),(2324,21,46,1),(2353,22,18,1),(2354,22,20,1),(2355,22,23,1),(2356,22,45,1),(2257,23,15,1),(2258,23,20,1),(2259,23,33,1),(2260,23,34,1),(2297,24,20,1),(2298,24,23,1),(2299,24,35,1),(2300,24,46,1),(2305,28,20,1),(2306,28,21,1),(2307,28,22,1),(2308,28,46,1),(2313,32,21,1),(2314,32,22,1),(2315,32,28,1),(2316,32,34,1),(2329,33,15,1),(2330,33,17,1),(2331,33,22,1),(2332,33,34,1),(2337,34,17,1),(2338,34,19,1),(2339,34,23,1),(2340,34,33,1),(2345,35,32,1),(2346,35,33,1),(2347,35,34,1),(2348,35,45,1),(1278,62,510,1),(1277,62,542,1),(1275,62,802,1),(1276,62,867,1),(1286,78,558,1),(1284,78,606,1),(1285,78,828,1),(1283,78,841,1),(1293,94,446,1),(1291,94,622,1),(1294,94,789,1),(1292,94,815,1),(1299,110,462,1),(1300,110,510,1),(1301,110,815,1),(1302,110,828,1),(1308,126,478,1),(1307,126,574,1),(1310,126,737,1),(1309,126,776,1),(1315,142,558,1),(1317,142,622,1),(1318,142,828,1),(1316,142,867,1),(1325,158,558,1),(1326,158,622,1),(1323,158,750,1),(1324,158,841,1),(1331,174,510,1),(1333,174,558,1),(1332,174,763,1),(1334,174,789,1),(1341,190,446,1),(1340,190,526,1),(1342,190,763,1),(1339,190,880,1),(1350,206,446,1),(1348,206,542,1),(1347,206,776,1),(1349,206,880,1),(1355,222,526,1),(1356,222,558,1),(1357,222,815,1),(1358,222,854,1),(1366,238,478,1),(1365,238,606,1),(1363,238,750,1),(1364,238,828,1),(1373,254,478,1),(1371,254,494,1),(1372,254,763,1),(1374,254,867,1),(1379,270,110,1),(1380,270,222,1),(1381,270,789,1),(1382,270,867,1),(1387,286,126,1),(1388,286,206,1),(1389,286,763,1),(1390,286,802,1),(1403,302,78,1),(1404,302,222,1),(1405,302,828,1),(1406,302,880,1),(1419,318,94,1),(1420,318,174,1),(1421,318,802,1),(1422,318,854,1),(1427,334,190,1),(1428,334,238,1),(1429,334,841,1),(1430,334,854,1),(1435,350,142,1),(1436,350,222,1),(1437,350,841,1),(1438,350,854,1),(1443,366,78,1),(1444,366,110,1),(1445,366,737,1),(1446,366,841,1),(1451,382,174,1),(1452,382,238,1),(1453,382,737,1),(1454,382,880,1),(1411,398,142,1),(1412,398,254,1),(1413,398,815,1),(1414,398,841,1),(1395,414,190,1),(1396,414,206,1),(1397,414,815,1),(1398,414,867,1),(1459,430,62,1),(1460,430,190,1),(1461,430,763,1),(1462,430,789,1),(1564,638,478,1),(1565,638,590,1),(1566,638,911,1),(1567,638,1015,1),(1572,654,526,1),(1573,654,606,1),(1574,654,963,1),(1575,654,989,1),(1580,670,510,1),(1581,670,622,1),(1582,670,1015,1),(1583,670,1028,1),(1588,676,510,1),(1589,676,558,1),(1590,676,911,1),(1591,676,989,1),(1596,682,478,1),(1597,682,590,1),(1598,682,898,1),(1599,682,963,1),(1604,688,446,1),(1605,688,590,1),(1606,688,937,1),(1607,688,1002,1),(1612,694,446,1),(1613,694,510,1),(1614,694,898,1),(1615,694,1028,1),(1620,700,510,1),(1621,700,622,1),(1622,700,1015,1),(1623,700,1028,1),(1628,706,606,1),(1629,706,622,1),(1630,706,911,1),(1631,706,976,1),(1636,712,542,1),(1637,712,558,1),(1638,712,893,1),(1639,712,963,1),(1644,718,462,1),(1645,718,478,1),(1646,718,976,1),(1647,718,1028,1),(1652,724,590,1),(1653,724,606,1),(1654,724,963,1),(1655,724,1015,1),(1776,893,446,1),(1777,893,478,1),(1774,893,654,1),(1775,893,676,1),(1785,898,478,1),(1784,898,526,1),(1783,898,654,1),(1782,898,682,1),(1791,911,510,1),(1790,911,590,1),(1792,911,670,1),(1793,911,700,1),(1798,924,526,1),(1801,924,542,1),(1799,924,682,1),(1800,924,712,1),(1807,937,510,1),(1806,937,526,1),(1809,937,682,1),(1808,937,688,1),(1815,950,590,1),(1816,950,606,1),(1817,950,670,1),(1814,950,688,1),(1825,963,446,1),(1823,963,542,1),(1822,963,670,1),(1824,963,700,1),(1831,976,574,1),(1832,976,590,1),(1833,976,654,1),(1830,976,724,1),(1839,989,590,1),(1841,989,622,1),(1840,989,694,1),(1838,989,718,1),(1847,1002,446,1),(1848,1002,494,1),(1846,1002,670,1),(1849,1002,724,1),(1857,1015,542,1),(1854,1015,574,1),(1855,1015,676,1),(1856,1015,700,1),(1862,1028,446,1),(1865,1028,542,1),(1864,1028,682,1),(1863,1028,688,1),(644,1044,1412,1),(645,1044,1588,1),(643,1044,1854,1),(646,1044,1875,1),(652,1060,1428,1),(654,1060,1444,1),(653,1060,1847,1),(651,1060,1882,1),(661,1076,1412,1),(662,1076,1508,1),(659,1076,1889,1),(660,1076,1903,1),(669,1092,1428,1),(668,1092,1508,1),(670,1092,1889,1),(667,1092,1896,1),(676,1108,1492,1),(675,1108,1540,1),(678,1108,1875,1),(677,1108,1889,1),(684,1114,1444,1),(685,1114,1524,1),(686,1114,1868,1),(683,1114,1882,1),(693,1130,1428,1),(694,1130,1588,1),(692,1130,1861,1),(691,1130,1903,1),(702,1146,1412,1),(700,1146,1524,1),(701,1146,1861,1),(699,1146,1882,1),(710,1162,1412,1),(709,1162,1524,1),(707,1162,1833,1),(708,1162,1889,1),(715,1178,1492,1),(717,1178,1556,1),(716,1178,1847,1),(718,1178,1868,1),(726,1194,1444,1),(723,1194,1572,1),(724,1194,1840,1),(725,1194,1847,1),(732,1210,1476,1),(733,1210,1524,1),(734,1210,1819,1),(731,1210,1889,1),(1870,1220,1108,1),(1871,1220,1178,1),(1872,1220,1819,1),(1873,1220,1833,1),(1878,1236,1092,1),(1879,1236,1130,1),(1880,1236,1882,1),(1881,1236,1889,1),(1886,1252,1114,1),(1887,1252,1178,1),(1888,1252,1840,1),(1889,1252,1875,1),(1894,1268,1146,1),(1895,1268,1178,1),(1896,1268,1861,1),(1897,1268,1903,1),(1902,1284,1108,1),(1903,1284,1146,1),(1904,1284,1840,1),(1905,1284,1875,1),(1918,1300,1130,1),(1919,1300,1194,1),(1920,1300,1847,1),(1921,1300,1882,1),(1926,1316,1044,1),(1927,1316,1114,1),(1928,1316,1854,1),(1929,1316,1903,1),(1934,1332,1130,1),(1935,1332,1146,1),(1936,1332,1847,1),(1937,1332,1861,1),(1942,1348,1044,1),(1943,1348,1092,1),(1944,1348,1178,1),(1945,1348,1840,1),(1946,1348,1889,1),(1951,1364,1060,1),(1952,1364,1146,1),(1953,1364,1833,1),(1954,1364,1875,1),(1910,1380,1076,1),(1911,1380,1130,1),(1912,1380,1861,1),(1913,1380,1875,1),(1959,1396,1060,1),(1960,1396,1076,1),(1961,1396,1826,1),(1962,1396,1854,1),(943,1604,1540,1),(944,1604,1572,1),(945,1604,1935,1),(946,1604,1967,1),(951,1620,1444,1),(952,1620,1572,1),(953,1620,1967,1),(954,1620,2017,1),(959,1636,1476,1),(960,1636,1588,1),(961,1636,2017,1),(962,1636,2024,1),(967,1652,1412,1),(968,1652,1556,1),(969,1652,2003,1),(970,1652,2040,1),(975,1668,1412,1),(976,1668,1476,1),(977,1668,1967,1),(978,1668,2017,1),(983,1684,1412,1),(984,1684,1428,1),(985,1684,1919,1),(986,1684,2040,1),(991,1700,1476,1),(992,1700,1492,1),(993,1700,1990,1),(994,1700,2003,1),(999,1716,1492,1),(1000,1716,1524,1),(1001,1716,2010,1),(1002,1716,2040,1),(1007,1732,1540,1),(1008,1732,1572,1),(1009,1732,1951,1),(1010,1732,2040,1),(1015,1748,1412,1),(1016,1748,1444,1),(1017,1748,1919,1),(1018,1748,1990,1),(1023,1764,1492,1),(1024,1764,1572,1),(1025,1764,1919,1),(1026,1764,1951,1),(1031,1780,1428,1),(1032,1780,1588,1),(1033,1780,1935,1),(1034,1780,1983,1),(1039,1796,1524,1),(1040,1796,1556,1),(1041,1796,1990,1),(1042,1796,2024,1),(1047,1812,1412,1),(1048,1812,1476,1),(1049,1812,2010,1),(1050,1812,2017,1),(1181,1919,1508,1),(1182,1919,1540,1),(1180,1919,1668,1),(1179,1919,1780,1),(1190,1935,1460,1),(1189,1935,1572,1),(1188,1935,1716,1),(1187,1935,1748,1),(1197,1951,1524,1),(1198,1951,1572,1),(1196,1951,1652,1),(1195,1951,1780,1),(1206,1967,1428,1),(1205,1967,1508,1),(1203,1967,1620,1),(1204,1967,1732,1),(1211,1983,1460,1),(1212,1983,1476,1),(1214,1983,1604,1),(1213,1983,1780,1),(1222,1990,1460,1),(1221,1990,1636,1),(1219,1990,1716,1),(1220,1990,1732,1),(1228,1997,1508,1),(1229,1997,1588,1),(1227,1997,1652,1),(1230,1997,1748,1),(1235,2003,1508,1),(1236,2003,1540,1),(1237,2003,1620,1),(1238,2003,1764,1),(1245,2010,1508,1),(1246,2010,1540,1),(1244,2010,1716,1),(1243,2010,1748,1),(1254,2017,1524,1),(1253,2017,1556,1),(1252,2017,1668,1),(1251,2017,1716,1),(1261,2024,1412,1),(1262,2024,1556,1),(1259,2024,1620,1),(1260,2024,1716,1),(1268,2040,1428,1),(1267,2040,1508,1),(1270,2040,1764,1),(1269,2040,1812,1),(1,46,33,3),(2,46,34,3),(3,46,35,3),(2106,1,3,4),(2107,1,4,4),(2108,1,5,4),(2109,1,6,4),(2110,1,7,4),(2111,1,12,4),(2112,1,13,4),(2113,1,14,4),(2133,2,1,4),(2134,2,3,4),(2135,2,4,4),(2136,2,5,4),(2137,2,6,4),(2138,2,7,4),(2139,2,11,4),(2140,2,12,4),(2141,2,13,4),(2142,2,14,4),(2123,3,4,4),(2124,3,5,4),(2125,3,6,4),(2126,3,7,4),(2127,3,13,4),(2128,3,14,4),(2147,4,6,4),(2148,4,7,4),(2153,5,6,4),(2154,5,7,4),(2118,6,7,4),(2163,8,1,4),(2164,8,3,4),(2165,8,4,4),(2166,8,5,4),(2167,8,6,4),(2168,8,7,4),(2169,8,11,4),(2170,8,12,4),(2171,8,13,4),(2172,8,14,4),(2177,9,1,4),(2178,9,3,4),(2179,9,4,4),(2180,9,5,4),(2181,9,6,4),(2182,9,7,4),(2183,9,11,4),(2184,9,12,4),(2185,9,13,4),(2186,9,14,4),(2208,10,1,4),(2209,10,3,4),(2210,10,4,4),(2211,10,5,4),(2212,10,6,4),(2213,10,7,4),(2214,10,11,4),(2215,10,12,4),(2216,10,13,4),(2217,10,14,4),(2222,11,1,4),(2223,11,3,4),(2224,11,4,4),(2225,11,5,4),(2226,11,6,4),(2227,11,7,4),(2228,11,12,4),(2229,11,13,4),(2230,11,14,4),(2191,12,3,4),(2192,12,4,4),(2193,12,5,4),(2194,12,6,4),(2195,12,7,4),(2196,12,13,4),(2197,12,14,4),(2235,13,6,4),(2236,13,7,4),(2202,14,6,4),(2203,14,7,4),(1498,446,478,4),(1496,446,606,4),(1497,446,622,4),(1504,462,446,4),(1508,462,478,4),(1509,462,510,4),(1503,462,526,4),(1505,462,542,4),(1506,462,606,4),(1507,462,622,4),(1529,478,606,4),(1530,478,622,4),(1547,494,446,4),(1551,494,478,4),(1552,494,510,4),(1546,494,526,4),(1548,494,542,4),(1549,494,606,4),(1550,494,622,4),(1557,510,478,4),(1558,510,606,4),(1559,510,622,4),(1489,526,478,4),(1490,526,606,4),(1491,526,622,4),(1514,542,478,4),(1515,542,606,4),(1516,542,622,4),(1468,558,446,4),(1472,558,478,4),(1473,558,510,4),(1467,558,526,4),(1469,558,542,4),(1470,558,606,4),(1471,558,622,4),(1479,574,446,4),(1483,574,478,4),(1484,574,510,4),(1478,574,526,4),(1480,574,542,4),(1481,574,606,4),(1482,574,622,4),(1536,590,446,4),(1540,590,478,4),(1541,590,510,4),(1535,590,526,4),(1537,590,542,4),(1538,590,606,4),(1539,590,622,4),(1660,737,750,4),(1661,737,763,4),(1662,737,776,4),(1663,737,789,4),(1664,737,815,4),(1665,737,828,4),(1666,737,841,4),(1667,737,854,4),(1668,737,867,4),(1669,737,880,4),(1674,750,763,4),(1675,750,789,4),(1676,750,815,4),(1677,750,828,4),(1678,750,841,4),(1679,750,854,4),(1680,750,867,4),(1681,750,880,4),(1686,763,789,4),(1687,763,815,4),(1688,763,828,4),(1689,763,841,4),(1690,763,854,4),(1691,763,867,4),(1696,776,750,4),(1697,776,763,4),(1698,776,789,4),(1699,776,815,4),(1700,776,828,4),(1701,776,841,4),(1702,776,854,4),(1703,776,867,4),(1704,776,880,4),(1709,789,815,4),(1710,789,828,4),(1711,789,841,4),(1712,789,854,4),(1713,789,867,4),(1718,802,737,4),(1719,802,750,4),(1720,802,763,4),(1721,802,776,4),(1722,802,789,4),(1723,802,815,4),(1724,802,828,4),(1725,802,841,4),(1726,802,854,4),(1727,802,867,4),(1728,802,880,4),(1733,815,828,4),(1734,815,841,4),(1735,815,867,4),(1744,841,828,4),(1749,854,815,4),(1750,854,828,4),(1751,854,841,4),(1752,854,867,4),(1757,867,828,4),(1758,867,841,4),(1763,880,763,4),(1764,880,789,4),(1765,880,815,4),(1766,880,828,4),(1767,880,841,4),(1768,880,854,4),(1769,880,867,4),(848,1412,1428,4),(849,1412,1444,4),(850,1412,1460,4),(851,1412,1476,4),(852,1412,1524,4),(857,1428,1476,4),(858,1428,1524,4),(863,1444,1476,4),(864,1444,1524,4),(881,1460,1476,4),(882,1460,1524,4),(891,1492,1412,4),(892,1492,1428,4),(893,1492,1444,4),(894,1492,1460,4),(895,1492,1476,4),(896,1492,1524,4),(897,1492,1540,4),(902,1508,1412,4),(903,1508,1428,4),(904,1508,1444,4),(905,1508,1460,4),(906,1508,1476,4),(907,1508,1492,4),(908,1508,1524,4),(909,1508,1540,4),(914,1524,1476,4),(919,1540,1428,4),(920,1540,1444,4),(921,1540,1460,4),(922,1540,1476,4),(923,1540,1524,4),(929,1556,1412,4),(930,1556,1428,4),(931,1556,1444,4),(933,1556,1460,4),(934,1556,1476,4),(935,1556,1492,4),(936,1556,1508,4),(937,1556,1524,4),(938,1556,1540,4),(928,1556,1572,4),(932,1556,1588,4),(836,1572,1412,4),(837,1572,1428,4),(838,1572,1444,4),(839,1572,1460,4),(840,1572,1476,4),(841,1572,1492,4),(842,1572,1524,4),(843,1572,1540,4),(869,1588,1412,4),(870,1588,1428,4),(871,1588,1444,4),(872,1588,1460,4),(873,1588,1476,4),(874,1588,1492,4),(875,1588,1524,4),(876,1588,1540,4),(1055,1819,1826,4),(1056,1819,1833,4),(1057,1819,1840,4),(1058,1819,1847,4),(1059,1819,1854,4),(1060,1819,1861,4),(1061,1819,1868,4),(1062,1819,1875,4),(1063,1819,1882,4),(1064,1819,1889,4),(1065,1819,1896,4),(1066,1819,1903,4),(1071,1826,1833,4),(1072,1826,1840,4),(1073,1826,1847,4),(1074,1826,1854,4),(1075,1826,1861,4),(1076,1826,1868,4),(1077,1826,1875,4),(1078,1826,1882,4),(1079,1826,1896,4),(1080,1826,1903,4),(1085,1833,1840,4),(1086,1833,1847,4),(1087,1833,1854,4),(1088,1833,1875,4),(1089,1833,1882,4),(1090,1833,1896,4),(1091,1833,1903,4),(1104,1854,1840,4),(1105,1854,1847,4),(1106,1854,1896,4),(1111,1861,1840,4),(1112,1861,1847,4),(1113,1861,1854,4),(1114,1861,1875,4),(1115,1861,1882,4),(1116,1861,1896,4),(1117,1861,1903,4),(1122,1868,1840,4),(1123,1868,1847,4),(1124,1868,1854,4),(1125,1868,1875,4),(1126,1868,1882,4),(1127,1868,1896,4),(1128,1868,1903,4),(1133,1875,1840,4),(1134,1875,1847,4),(1135,1875,1854,4),(1136,1875,1896,4),(1141,1882,1840,4),(1142,1882,1847,4),(1143,1882,1854,4),(1144,1882,1896,4),(1149,1889,1833,4),(1150,1889,1840,4),(1151,1889,1847,4),(1152,1889,1854,4),(1153,1889,1861,4),(1154,1889,1868,4),(1155,1889,1875,4),(1156,1889,1882,4),(1157,1889,1896,4),(1158,1889,1903,4),(1163,1896,1840,4),(1164,1896,1847,4),(1169,1903,1840,4),(1170,1903,1847,4),(1171,1903,1854,4),(1172,1903,1875,4),(1173,1903,1882,4),(1174,1903,1896,4),(2116,1,20,5),(2115,1,32,5),(2114,1,34,5),(2117,1,46,5),(2146,2,17,5),(2144,2,19,5),(2143,2,23,5),(2145,2,45,5),(2129,3,15,5),(2132,3,18,5),(2130,3,21,5),(2131,3,35,5),(2149,4,17,5),(2150,4,22,5),(2152,4,24,5),(2151,4,35,5),(2155,5,16,5),(2156,5,35,5),(2157,5,45,5),(2158,5,46,5),(2121,6,17,5),(2119,6,18,5),(2122,6,19,5),(2120,6,23,5),(2161,7,15,5),(2162,7,18,5),(2159,7,22,5),(2160,7,46,5),(2173,8,16,5),(2174,8,28,5),(2175,8,35,5),(2176,8,46,5),(2188,9,20,5),(2189,9,21,5),(2187,9,22,5),(2190,9,28,5),(2219,10,22,5),(2220,10,28,5),(2218,10,33,5),(2221,10,35,5),(2234,11,18,5),(2231,11,21,5),(2233,11,32,5),(2232,11,46,5),(2199,12,21,5),(2198,12,23,5),(2201,12,33,5),(2200,12,35,5),(2239,13,15,5),(2240,13,18,5),(2238,13,32,5),(2237,13,46,5),(2207,14,15,5),(2206,14,18,5),(2205,14,19,5),(2204,14,28,5),(2287,15,16,5),(2288,15,23,5),(2286,15,35,5),(2285,15,45,5),(2296,16,22,5),(2293,16,24,5),(2295,16,28,5),(2294,16,33,5),(2270,17,20,5),(2271,17,22,5),(2272,17,23,5),(2269,17,28,5),(2253,18,20,5),(2255,18,33,5),(2254,18,34,5),(2256,18,46,5),(2277,19,20,5),(2278,19,21,5),(2279,19,34,5),(2280,19,45,5),(2246,20,15,5),(2248,20,22,5),(2245,20,24,5),(2247,20,45,5),(2328,21,23,5),(2326,21,24,5),(2325,21,32,5),(2327,21,45,5),(2360,22,15,5),(2358,22,20,5),(2357,22,23,5),(2359,22,46,5),(2261,23,17,5),(2263,23,20,5),(2262,23,45,5),(2264,23,46,5),(2304,24,19,5),(2302,24,22,5),(2303,24,34,5),(2301,24,46,5),(2309,28,15,5),(2311,28,18,5),(2310,28,21,5),(2312,28,34,5),(2320,32,21,5),(2317,32,22,5),(2318,32,28,5),(2319,32,34,5),(2335,33,15,5),(2336,33,16,5),(2333,33,24,5),(2334,33,46,5),(2342,34,15,5),(2343,34,18,5),(2341,34,21,5),(2344,34,45,5),(2352,35,20,5),(2351,35,24,5),(2350,35,33,5),(2349,35,45,5),(1282,62,15,5),(1279,62,24,5),(1281,62,45,5),(1280,62,46,5),(1290,78,21,5),(1289,78,32,5),(1287,78,45,5),(1288,78,46,5),(1298,94,15,5),(1295,94,33,5),(1297,94,34,5),(1296,94,35,5),(1305,110,17,5),(1304,110,20,5),(1303,110,24,5),(1306,110,34,5),(1311,126,18,5),(1313,126,32,5),(1314,126,34,5),(1312,126,45,5),(1322,142,15,5),(1320,142,17,5),(1319,142,32,5),(1321,142,33,5),(1327,158,15,5),(1328,158,16,5),(1329,158,22,5),(1330,158,45,5),(1337,174,15,5),(1336,174,16,5),(1338,174,23,5),(1335,174,24,5),(1346,190,18,5),(1343,190,21,5),(1345,190,28,5),(1344,190,35,5),(1352,206,20,5),(1351,206,22,5),(1353,206,28,5),(1354,206,34,5),(1359,222,15,5),(1362,222,19,5),(1361,222,23,5),(1360,222,46,5),(1367,238,15,5),(1368,238,28,5),(1369,238,32,5),(1370,238,35,5),(1376,254,18,5),(1375,254,23,5),(1378,254,24,5),(1377,254,34,5),(1385,270,16,5),(1386,270,17,5),(1383,270,28,5),(1384,270,34,5),(1393,286,20,5),(1392,286,22,5),(1394,286,24,5),(1391,286,28,5),(1409,302,20,5),(1407,302,21,5),(1410,302,33,5),(1408,302,46,5),(1425,318,21,5),(1424,318,34,5),(1426,318,35,5),(1423,318,45,5),(1433,334,15,5),(1432,334,32,5),(1431,334,33,5),(1434,334,46,5),(1439,350,15,5),(1440,350,16,5),(1441,350,24,5),(1442,350,34,5),(1450,366,16,5),(1448,366,18,5),(1447,366,21,5),(1449,366,34,5),(1455,382,15,5),(1456,382,20,5),(1457,382,22,5),(1458,382,23,5),(1415,398,21,5),(1417,398,33,5),(1418,398,34,5),(1416,398,46,5),(1401,414,15,5),(1400,414,18,5),(1399,414,32,5),(1402,414,33,5),(1466,430,16,5),(1464,430,24,5),(1465,430,32,5),(1463,430,33,5),(1499,446,15,5),(1500,446,23,5),(1501,446,28,5),(1502,446,32,5),(1511,462,15,5),(1513,462,17,5),(1512,462,23,5),(1510,462,28,5),(1532,478,20,5),(1531,478,21,5),(1533,478,35,5),(1534,478,46,5),(1553,494,15,5),(1554,494,23,5),(1556,494,24,5),(1555,494,32,5),(1560,510,16,5),(1562,510,22,5),(1563,510,28,5),(1561,510,32,5),(1493,526,15,5),(1495,526,18,5),(1492,526,35,5),(1494,526,46,5),(1520,542,18,5),(1517,542,19,5),(1519,542,20,5),(1518,542,35,5),(1474,558,15,5),(1477,558,16,5),(1476,558,19,5),(1475,558,34,5),(1488,574,15,5),(1487,574,16,5),(1485,574,23,5),(1486,574,24,5),(1542,590,20,5),(1543,590,22,5),(1544,590,34,5),(1545,590,46,5),(1521,606,19,5),(1524,606,20,5),(1522,606,32,5),(1523,606,33,5),(1525,622,20,5),(1528,622,28,5),(1526,622,32,5),(1527,622,46,5),(1570,638,20,5),(1571,638,22,5),(1568,638,24,5),(1569,638,46,5),(1576,654,15,5),(1579,654,17,5),(1577,654,22,5),(1578,654,35,5),(1586,670,15,5),(1584,670,16,5),(1587,670,20,5),(1585,670,32,5),(1592,676,16,5),(1595,676,19,5),(1593,676,32,5),(1594,676,33,5),(1603,682,23,5),(1600,682,24,5),(1602,682,35,5),(1601,682,45,5),(1611,688,15,5),(1609,688,16,5),(1610,688,32,5),(1608,688,45,5),(1617,694,22,5),(1619,694,28,5),(1618,694,34,5),(1616,694,46,5),(1624,700,16,5),(1625,700,22,5),(1627,700,32,5),(1626,700,33,5),(1632,706,15,5),(1635,706,17,5),(1633,706,19,5),(1634,706,23,5),(1641,712,16,5),(1640,712,17,5),(1643,712,23,5),(1642,712,35,5),(1650,718,21,5),(1651,718,23,5),(1648,718,24,5),(1649,718,32,5),(1658,724,15,5),(1659,724,17,5),(1657,724,22,5),(1656,724,46,5),(1671,737,16,5),(1670,737,18,5),(1673,737,22,5),(1672,737,35,5),(1682,750,17,5),(1685,750,18,5),(1684,750,23,5),(1683,750,46,5),(1692,763,15,5),(1695,763,22,5),(1693,763,24,5),(1694,763,33,5),(1708,776,19,5),(1705,776,23,5),(1706,776,32,5),(1707,776,33,5),(1714,789,15,5),(1717,789,28,5),(1716,789,34,5),(1715,789,35,5),(1731,802,15,5),(1732,802,17,5),(1730,802,21,5),(1729,802,22,5),(1739,815,23,5),(1736,815,24,5),(1737,815,34,5),(1738,815,45,5),(1742,828,15,5),(1740,828,16,5),(1741,828,24,5),(1743,828,35,5),(1746,841,18,5),(1748,841,19,5),(1747,841,24,5),(1745,841,28,5),(1753,854,15,5),(1755,854,24,5),(1756,854,33,5),(1754,854,45,5),(1762,867,15,5),(1761,867,17,5),(1759,867,20,5),(1760,867,33,5),(1771,880,15,5),(1772,880,19,5),(1770,880,21,5),(1773,880,45,5),(1780,893,17,5),(1781,893,22,5),(1779,893,23,5),(1778,893,45,5),(1786,898,17,5),(1788,898,18,5),(1789,898,21,5),(1787,898,34,5),(1797,911,15,5),(1795,911,18,5),(1794,911,19,5),(1796,911,32,5),(1803,924,15,5),(1804,924,19,5),(1805,924,20,5),(1802,924,45,5),(1812,937,15,5),(1811,937,20,5),(1810,937,22,5),(1813,937,28,5),(1818,950,18,5),(1821,950,19,5),(1820,950,23,5),(1819,950,32,5),(1827,963,15,5),(1828,963,20,5),(1826,963,23,5),(1829,963,33,5),(1834,976,15,5),(1836,976,16,5),(1837,976,22,5),(1835,976,23,5),(1843,989,18,5),(1844,989,19,5),(1845,989,22,5),(1842,989,28,5),(1850,1002,15,5),(1853,1002,16,5),(1851,1002,17,5),(1852,1002,46,5),(1859,1015,15,5),(1858,1015,19,5),(1861,1015,32,5),(1860,1015,35,5),(1869,1028,15,5),(1868,1028,17,5),(1866,1028,20,5),(1867,1028,45,5),(647,1044,15,5),(649,1044,18,5),(648,1044,21,5),(650,1044,32,5),(657,1060,21,5),(658,1060,32,5),(656,1060,33,5),(655,1060,45,5),(666,1076,15,5),(663,1076,19,5),(665,1076,32,5),(664,1076,46,5),(673,1092,15,5),(671,1092,18,5),(674,1092,28,5),(672,1092,35,5),(679,1108,24,5),(681,1108,28,5),(680,1108,35,5),(682,1108,45,5),(689,1114,18,5),(690,1114,28,5),(687,1114,32,5),(688,1114,45,5),(695,1130,21,5),(696,1130,24,5),(697,1130,34,5),(698,1130,35,5),(704,1146,20,5),(705,1146,23,5),(703,1146,32,5),(706,1146,34,5),(712,1162,17,5),(714,1162,28,5),(713,1162,33,5),(711,1162,35,5),(719,1178,20,5),(720,1178,32,5),(721,1178,35,5),(722,1178,45,5),(729,1194,20,5),(727,1194,23,5),(728,1194,24,5),(730,1194,33,5),(735,1210,15,5),(738,1210,19,5),(737,1210,22,5),(736,1210,46,5),(1874,1220,18,5),(1875,1220,19,5),(1876,1220,21,5),(1877,1220,23,5),(1882,1236,15,5),(1883,1236,17,5),(1884,1236,34,5),(1885,1236,35,5),(1890,1252,28,5),(1891,1252,33,5),(1892,1252,34,5),(1893,1252,35,5),(1898,1268,28,5),(1899,1268,32,5),(1900,1268,33,5),(1901,1268,35,5),(1906,1284,15,5),(1907,1284,17,5),(1908,1284,21,5),(1909,1284,35,5),(1922,1300,15,5),(1923,1300,19,5),(1924,1300,22,5),(1925,1300,46,5),(1930,1316,17,5),(1931,1316,18,5),(1932,1316,32,5),(1933,1316,34,5),(1938,1332,21,5),(1939,1332,22,5),(1940,1332,24,5),(1941,1332,46,5),(1947,1348,16,5),(1948,1348,19,5),(1949,1348,22,5),(1950,1348,23,5),(1955,1364,18,5),(1956,1364,19,5),(1957,1364,24,5),(1958,1364,35,5),(1914,1380,15,5),(1915,1380,16,5),(1916,1380,20,5),(1917,1380,35,5),(1963,1396,18,5),(1964,1396,21,5),(1965,1396,22,5),(1966,1396,46,5),(855,1412,16,5),(856,1412,19,5),(854,1412,21,5),(853,1412,28,5),(861,1428,24,5),(860,1428,32,5),(859,1428,33,5),(862,1428,46,5),(866,1444,15,5),(865,1444,18,5),(868,1444,28,5),(867,1444,35,5),(884,1460,15,5),(886,1460,20,5),(885,1460,28,5),(883,1460,45,5),(889,1476,17,5),(887,1476,22,5),(888,1476,24,5),(890,1476,32,5),(898,1492,15,5),(901,1492,28,5),(900,1492,33,5),(899,1492,35,5),(911,1508,17,5),(912,1508,24,5),(913,1508,28,5),(910,1508,46,5),(917,1524,22,5),(918,1524,23,5),(915,1524,24,5),(916,1524,46,5),(926,1540,15,5),(925,1540,18,5),(924,1540,22,5),(927,1540,28,5),(940,1556,15,5),(941,1556,16,5),(942,1556,21,5),(939,1556,35,5),(844,1572,22,5),(846,1572,23,5),(847,1572,28,5),(845,1572,46,5),(880,1588,16,5),(879,1588,17,5),(878,1588,21,5),(877,1588,35,5),(949,1604,16,5),(947,1604,20,5),(948,1604,24,5),(950,1604,35,5),(957,1620,15,5),(956,1620,16,5),(958,1620,33,5),(955,1620,35,5),(966,1636,18,5),(965,1636,28,5),(963,1636,33,5),(964,1636,35,5),(974,1652,15,5),(972,1652,17,5),(973,1652,19,5),(971,1652,23,5),(982,1668,19,5),(980,1668,22,5),(981,1668,32,5),(979,1668,33,5),(987,1684,15,5),(989,1684,16,5),(988,1684,24,5),(990,1684,28,5),(997,1700,20,5),(995,1700,22,5),(996,1700,33,5),(998,1700,45,5),(1003,1716,18,5),(1006,1716,21,5),(1005,1716,22,5),(1004,1716,32,5),(1011,1732,15,5),(1014,1732,17,5),(1012,1732,21,5),(1013,1732,32,5),(1021,1748,16,5),(1022,1748,23,5),(1020,1748,33,5),(1019,1748,46,5),(1029,1764,15,5),(1027,1764,19,5),(1028,1764,20,5),(1030,1764,32,5),(1038,1780,15,5),(1036,1780,20,5),(1037,1780,23,5),(1035,1780,46,5),(1046,1796,15,5),(1045,1796,16,5),(1043,1796,18,5),(1044,1796,35,5),(1054,1812,16,5),(1051,1812,17,5),(1052,1812,21,5),(1053,1812,32,5),(1067,1819,17,5),(1069,1819,20,5),(1068,1819,21,5),(1070,1819,28,5),(1082,1826,15,5),(1084,1826,22,5),(1083,1826,34,5),(1081,1826,35,5),(1095,1833,15,5),(1092,1833,16,5),(1093,1833,18,5),(1094,1833,23,5),(1099,1840,16,5),(1096,1840,17,5),(1098,1840,21,5),(1097,1840,33,5),(1102,1847,15,5),(1100,1847,20,5),(1103,1847,28,5),(1101,1847,32,5),(1108,1854,18,5),(1110,1854,21,5),(1107,1854,23,5),(1109,1854,24,5),(1118,1861,15,5),(1119,1861,20,5),(1121,1861,21,5),(1120,1861,28,5),(1129,1868,15,5),(1130,1868,19,5),(1131,1868,21,5),(1132,1868,22,5),(1140,1875,16,5),(1138,1875,17,5),(1139,1875,21,5),(1137,1875,24,5),(1145,1882,15,5),(1146,1882,20,5),(1148,1882,33,5),(1147,1882,35,5),(1161,1889,17,5),(1159,1889,19,5),(1160,1889,21,5),(1162,1889,23,5),(1166,1896,15,5),(1167,1896,18,5),(1168,1896,32,5),(1165,1896,45,5),(1178,1903,15,5),(1175,1903,16,5),(1177,1903,23,5),(1176,1903,32,5),(1185,1919,18,5),(1184,1919,20,5),(1183,1919,23,5),(1186,1919,33,5),(1191,1935,20,5),(1192,1935,24,5),(1194,1935,28,5),(1193,1935,34,5),(1202,1951,17,5),(1200,1951,22,5),(1201,1951,32,5),(1199,1951,34,5),(1209,1967,19,5),(1210,1967,22,5),(1207,1967,33,5),(1208,1967,45,5),(1217,1983,15,5),(1218,1983,16,5),(1216,1983,19,5),(1215,1983,32,5),(1225,1990,17,5),(1224,1990,23,5),(1223,1990,24,5),(1226,1990,45,5),(1232,1997,15,5),(1231,1997,19,5),(1233,1997,23,5),(1234,1997,35,5),(1240,2003,19,5),(1242,2003,32,5),(1241,2003,35,5),(1239,2003,45,5),(1248,2010,20,5),(1250,2010,34,5),(1247,2010,35,5),(1249,2010,46,5),(1255,2017,15,5),(1256,2017,16,5),(1257,2017,17,5),(1258,2017,20,5),(1266,2024,15,5),(1265,2024,17,5),(1264,2024,20,5),(1263,2024,32,5),(1272,2040,19,5),(1273,2040,21,5),(1274,2040,32,5),(1271,2040,33,5);
DELIMITER ;;
/*!50003 CREATE*/ /*!50017 DEFINER=`root`@`localhost`*/ /*!50003 TRIGGER `trg_catalog_product_link_after_insert` AFTER INSERT ON `catalog_product_link` FOR EACH ROW BEGIN
INSERT IGNORE INTO `catalogsearch_fulltext_cl` (`entity_id`) VALUES (NEW.`product_id`);
INSERT IGNORE INTO `catalog_product_attribute_cl` (`entity_id`) VALUES (NEW.`product_id`);
INSERT IGNORE INTO `catalogrule_product_cl` (`entity_id`) VALUES (NEW.`product_id`);
INSERT IGNORE INTO `cataloginventory_stock_cl` (`entity_id`) VALUES (NEW.`product_id`);
INSERT IGNORE INTO `catalog_product_price_cl` (`entity_id`) VALUES (NEW.`product_id`);
END */;;
DELIMITER ;
DELIMITER ;;
/*!50003 CREATE*/ /*!50017 DEFINER=`root`@`localhost`*/ /*!50003 TRIGGER `trg_catalog_product_link_after_update` AFTER UPDATE ON `catalog_product_link` FOR EACH ROW BEGIN
IF (NOT(NEW.`link_id` <=> OLD.`link_id`) OR NOT(NEW.`product_id` <=> OLD.`product_id`) OR NOT(NEW.`linked_product_id` <=> OLD.`linked_product_id`) OR NOT(NEW.`link_type_id` <=> OLD.`link_type_id`)) THEN INSERT IGNORE INTO `catalogsearch_fulltext_cl` (`entity_id`) VALUES (NEW.`product_id`); END IF;
IF (NOT(NEW.`link_id` <=> OLD.`link_id`) OR NOT(NEW.`product_id` <=> OLD.`product_id`) OR NOT(NEW.`linked_product_id` <=> OLD.`linked_product_id`) OR NOT(NEW.`link_type_id` <=> OLD.`link_type_id`)) THEN INSERT IGNORE INTO `catalog_product_attribute_cl` (`entity_id`) VALUES (NEW.`product_id`); END IF;
IF (NOT(NEW.`link_id` <=> OLD.`link_id`) OR NOT(NEW.`product_id` <=> OLD.`product_id`) OR NOT(NEW.`linked_product_id` <=> OLD.`linked_product_id`) OR NOT(NEW.`link_type_id` <=> OLD.`link_type_id`)) THEN INSERT IGNORE INTO `catalogrule_product_cl` (`entity_id`) VALUES (NEW.`product_id`); END IF;
IF (NOT(NEW.`link_id` <=> OLD.`link_id`) OR NOT(NEW.`product_id` <=> OLD.`product_id`) OR NOT(NEW.`linked_product_id` <=> OLD.`linked_product_id`) OR NOT(NEW.`link_type_id` <=> OLD.`link_type_id`)) THEN INSERT IGNORE INTO `cataloginventory_stock_cl` (`entity_id`) VALUES (NEW.`product_id`); END IF;
IF (NOT(NEW.`link_id` <=> OLD.`link_id`) OR NOT(NEW.`product_id` <=> OLD.`product_id`) OR NOT(NEW.`linked_product_id` <=> OLD.`linked_product_id`) OR NOT(NEW.`link_type_id` <=> OLD.`link_type_id`)) THEN INSERT IGNORE INTO `catalog_product_price_cl` (`entity_id`) VALUES (NEW.`product_id`); END IF;
END */;;
DELIMITER ;
DELIMITER ;;
/*!50003 CREATE*/ /*!50017 DEFINER=`root`@`localhost`*/ /*!50003 TRIGGER `trg_catalog_product_link_after_delete` AFTER DELETE ON `catalog_product_link` FOR EACH ROW BEGIN
INSERT IGNORE INTO `catalogsearch_fulltext_cl` (`entity_id`) VALUES (OLD.`product_id`);
INSERT IGNORE INTO `catalog_product_attribute_cl` (`entity_id`) VALUES (OLD.`product_id`);
INSERT IGNORE INTO `catalogrule_product_cl` (`entity_id`) VALUES (OLD.`product_id`);
INSERT IGNORE INTO `cataloginventory_stock_cl` (`entity_id`) VALUES (OLD.`product_id`);
INSERT IGNORE INTO `catalog_product_price_cl` (`entity_id`) VALUES (OLD.`product_id`);
END */;;
DELIMITER ;

--
-- Table structure for table `catalog_product_link_attribute`
--

CREATE TABLE `catalog_product_link_attribute` (
  `product_link_attribute_id` smallint unsigned NOT NULL AUTO_INCREMENT COMMENT 'Product Link Attribute ID',
  `link_type_id` smallint unsigned NOT NULL DEFAULT '0' COMMENT 'Link Type ID',
  `product_link_attribute_code` varchar(32) DEFAULT NULL COMMENT 'Product Link Attribute Code',
  `data_type` varchar(32) DEFAULT NULL COMMENT 'Data Type',
  PRIMARY KEY (`product_link_attribute_id`),
  KEY `CATALOG_PRODUCT_LINK_ATTRIBUTE_LINK_TYPE_ID` (`link_type_id`),
  CONSTRAINT `CAT_PRD_LNK_ATTR_LNK_TYPE_ID_CAT_PRD_LNK_TYPE_LNK_TYPE_ID` FOREIGN KEY (`link_type_id`) REFERENCES `catalog_product_link_type` (`link_type_id`) ON DELETE CASCADE
) ENGINE=InnoDB AUTO_INCREMENT=6 DEFAULT CHARSET=utf8mb3 COMMENT='Catalog Product Link Attribute Table';

--
-- Dumping data for table `catalog_product_link_attribute`
--

INSERT INTO `catalog_product_link_attribute` VALUES (1,1,'position','int'),(2,4,'position','int'),(3,5,'position','int'),(4,3,'position','int'),(5,3,'qty','decimal');

--
-- Table structure for table `catalog_product_link_attribute_decimal`
--

CREATE TABLE `catalog_product_link_attribute_decimal` (
  `value_id` int unsigned NOT NULL AUTO_INCREMENT COMMENT 'Value ID',
  `product_link_attribute_id` smallint unsigned DEFAULT NULL COMMENT 'Product Link Attribute ID',
  `link_id` int unsigned NOT NULL COMMENT 'Link ID',
  `value` decimal(20,6) NOT NULL DEFAULT '0.000000' COMMENT 'Value',
  PRIMARY KEY (`value_id`),
  UNIQUE KEY `CAT_PRD_LNK_ATTR_DEC_PRD_LNK_ATTR_ID_LNK_ID` (`product_link_attribute_id`,`link_id`),
  KEY `CATALOG_PRODUCT_LINK_ATTRIBUTE_DECIMAL_LINK_ID` (`link_id`),
  CONSTRAINT `CAT_PRD_LNK_ATTR_DEC_LNK_ID_CAT_PRD_LNK_LNK_ID` FOREIGN KEY (`link_id`) REFERENCES `catalog_product_link` (`link_id`) ON DELETE CASCADE,
  CONSTRAINT `FK_AB2EFA9A14F7BCF1D5400056203D14B6` FOREIGN KEY (`product_link_attribute_id`) REFERENCES `catalog_product_link_attribute` (`product_link_attribute_id`) ON DELETE CASCADE
) ENGINE=InnoDB AUTO_INCREMENT=7 DEFAULT CHARSET=utf8mb3 COMMENT='Catalog Product Link Decimal Attribute Table';

--
-- Dumping data for table `catalog_product_link_attribute_decimal`
--

INSERT INTO `catalog_product_link_attribute_decimal` VALUES (1,5,1,0.000000),(2,5,2,0.000000),(3,5,3,0.000000);

--
-- Table structure for table `catalog_product_link_attribute_int`
--

CREATE TABLE `catalog_product_link_attribute_int` (
  `value_id` int unsigned NOT NULL AUTO_INCREMENT COMMENT 'Value ID',
  `product_link_attribute_id` smallint unsigned DEFAULT NULL COMMENT 'Product Link Attribute ID',
  `link_id` int unsigned NOT NULL COMMENT 'Link ID',
  `value` int NOT NULL DEFAULT '0' COMMENT 'Value',
  PRIMARY KEY (`value_id`),
  UNIQUE KEY `CAT_PRD_LNK_ATTR_INT_PRD_LNK_ATTR_ID_LNK_ID` (`product_link_attribute_id`,`link_id`),
  KEY `CATALOG_PRODUCT_LINK_ATTRIBUTE_INT_LINK_ID` (`link_id`),
  CONSTRAINT `CAT_PRD_LNK_ATTR_INT_LNK_ID_CAT_PRD_LNK_LNK_ID` FOREIGN KEY (`link_id`) REFERENCES `catalog_product_link` (`link_id`) ON DELETE CASCADE,
  CONSTRAINT `FK_D6D878F8BA2A4282F8DDED7E6E3DE35C` FOREIGN KEY (`product_link_attribute_id`) REFERENCES `catalog_product_link_attribute` (`product_link_attribute_id`) ON DELETE CASCADE
) ENGINE=InnoDB AUTO_INCREMENT=2364 DEFAULT CHARSET=utf8mb3 COMMENT='Catalog Product Link Integer Attribute Table';

--
-- Dumping data for table `catalog_product_link_attribute_int`
--

INSERT INTO `catalog_product_link_attribute_int` VALUES (1,4,1,0),(2,4,2,1),(3,4,3,2),(646,1,643,1),(647,1,644,2),(648,1,645,3),(649,1,646,4),(650,3,647,1),(651,3,648,2),(652,3,649,3),(653,3,650,4),(654,1,651,1),(655,1,652,2),(656,1,653,3),(657,1,654,4),(658,3,655,1),(659,3,656,2),(660,3,657,3),(661,3,658,4),(662,1,659,1),(663,1,660,2),(664,1,661,3),(665,1,662,4),(666,3,663,1),(667,3,664,2),(668,3,665,3),(669,3,666,4),(670,1,667,1),(671,1,668,2),(672,1,669,3),(673,1,670,4),(674,3,671,1),(675,3,672,2),(676,3,673,3),(677,3,674,4),(678,1,675,1),(679,1,676,2),(680,1,677,3),(681,1,678,4),(682,3,679,1),(683,3,680,2),(684,3,681,3),(685,3,682,4),(686,1,683,1),(687,1,684,2),(688,1,685,3),(689,1,686,4),(690,3,687,1),(691,3,688,2),(692,3,689,3),(693,3,690,4),(694,1,691,1),(695,1,692,2),(696,1,693,3),(697,1,694,4),(698,3,695,1),(699,3,696,2),(700,3,697,3),(701,3,698,4),(702,1,699,1),(703,1,700,2),(704,1,701,3),(705,1,702,4),(706,3,703,1),(707,3,704,2),(708,3,705,3),(709,3,706,4),(710,1,707,1),(711,1,708,2),(712,1,709,3),(713,1,710,4),(714,3,711,1),(715,3,712,2),(716,3,713,3),(717,3,714,4),(718,1,715,1),(719,1,716,2),(720,1,717,3),(721,1,718,4),(722,3,719,1),(723,3,720,2),(724,3,721,3),(725,3,722,4),(726,1,723,1),(727,1,724,2),(728,1,725,3),(729,1,726,4),(730,3,727,1),(731,3,728,2),(732,3,729,3),(733,3,730,4),(734,1,731,1),(735,1,732,2),(736,1,733,3),(737,1,734,4),(738,3,735,1),(739,3,736,2),(740,3,737,3),(741,3,738,4),(839,2,836,1),(840,2,837,2),(841,2,838,3),(842,2,839,4),(843,2,840,5),(844,2,841,6),(845,2,842,7),(846,2,843,8),(847,3,844,1),(848,3,845,2),(849,3,846,3),(850,3,847,4),(851,2,848,1),(852,2,849,2),(853,2,850,3),(854,2,851,4),(855,2,852,5),(856,3,853,1),(857,3,854,2),(858,3,855,3),(859,3,856,4),(860,2,857,1),(861,2,858,2),(862,3,859,1),(863,3,860,2),(864,3,861,3),(865,3,862,4),(866,2,863,1),(867,2,864,2),(868,3,865,1),(869,3,866,2),(870,3,867,3),(871,3,868,4),(872,2,869,1),(873,2,870,2),(874,2,871,3),(875,2,872,4),(876,2,873,5),(877,2,874,6),(878,2,875,7),(879,2,876,8),(880,3,877,1),(881,3,878,2),(882,3,879,3),(883,3,880,4),(884,2,881,1),(885,2,882,2),(886,3,883,1),(887,3,884,2),(888,3,885,3),(889,3,886,4),(890,3,887,1),(891,3,888,2),(892,3,889,3),(893,3,890,4),(894,2,891,1),(895,2,892,2),(896,2,893,3),(897,2,894,4),(898,2,895,5),(899,2,896,6),(900,2,897,7),(901,3,898,1),(902,3,899,2),(903,3,900,3),(904,3,901,4),(905,2,902,1),(906,2,903,2),(907,2,904,3),(908,2,905,4),(909,2,906,5),(910,2,907,6),(911,2,908,7),(912,2,909,8),(913,3,910,1),(914,3,911,2),(915,3,912,3),(916,3,913,4),(917,2,914,1),(918,3,915,1),(919,3,916,2),(920,3,917,3),(921,3,918,4),(922,2,919,1),(923,2,920,2),(924,2,921,3),(925,2,922,4),(926,2,923,5),(927,3,924,1),(928,3,925,2),(929,3,926,3),(930,3,927,4),(931,2,928,1),(932,2,929,2),(933,2,930,3),(934,2,931,4),(935,2,932,5),(936,2,933,6),(937,2,934,7),(938,2,935,8),(939,2,936,9),(940,2,937,10),(941,2,938,11),(942,3,939,1),(943,3,940,2),(944,3,941,3),(945,3,942,4),(946,1,943,1),(947,1,944,2),(948,1,945,4),(949,1,946,3),(950,3,947,1),(951,3,948,2),(952,3,949,3),(953,3,950,4),(954,1,951,4),(955,1,952,3),(956,1,953,2),(957,1,954,1),(958,3,955,1),(959,3,956,2),(960,3,957,3),(961,3,958,4),(962,1,959,1),(963,1,960,2),(964,1,961,3),(965,1,962,4),(966,3,963,1),(967,3,964,2),(968,3,965,3),(969,3,966,4),(970,1,967,1),(971,1,968,4),(972,1,969,3),(973,1,970,2),(974,3,971,1),(975,3,972,2),(976,3,973,3),(977,3,974,4),(978,1,975,2),(979,1,976,1),(980,1,977,3),(981,1,978,4),(982,3,979,1),(983,3,980,2),(984,3,981,3),(985,3,982,4),(986,1,983,3),(987,1,984,4),(988,1,985,2),(989,1,986,1),(990,3,987,1),(991,3,988,2),(992,3,989,3),(993,3,990,4),(994,1,991,4),(995,1,992,2),(996,1,993,1),(997,1,994,3),(998,3,995,1),(999,3,996,2),(1000,3,997,3),(1001,3,998,4),(1002,1,999,3),(1003,1,1000,2),(1004,1,1001,1),(1005,1,1002,4),(1006,3,1003,1),(1007,3,1004,2),(1008,3,1005,3),(1009,3,1006,4),(1010,1,1007,1),(1011,1,1008,4),(1012,1,1009,2),(1013,1,1010,3),(1014,3,1011,1),(1015,3,1012,2),(1016,3,1013,3),(1017,3,1014,4),(1018,1,1015,3),(1019,1,1016,2),(1020,1,1017,4),(1021,1,1018,1),(1022,3,1019,1),(1023,3,1020,2),(1024,3,1021,3),(1025,3,1022,4),(1026,1,1023,4),(1027,1,1024,3),(1028,1,1025,1),(1029,1,1026,2),(1030,3,1027,1),(1031,3,1028,2),(1032,3,1029,3),(1033,3,1030,4),(1034,1,1031,1),(1035,1,1032,4),(1036,1,1033,3),(1037,1,1034,2),(1038,3,1035,1),(1039,3,1036,2),(1040,3,1037,3),(1041,3,1038,4),(1042,1,1039,4),(1043,1,1040,2),(1044,1,1041,1),(1045,1,1042,3),(1046,3,1043,1),(1047,3,1044,2),(1048,3,1045,3),(1049,3,1046,4),(1050,1,1047,2),(1051,1,1048,4),(1052,1,1049,1),(1053,1,1050,3),(1054,3,1051,1),(1055,3,1052,2),(1056,3,1053,3),(1057,3,1054,4),(1058,2,1055,1),(1059,2,1056,2),(1060,2,1057,3),(1061,2,1058,4),(1062,2,1059,5),(1063,2,1060,6),(1064,2,1061,7),(1065,2,1062,8),(1066,2,1063,9),(1067,2,1064,10),(1068,2,1065,11),(1069,2,1066,12),(1070,3,1067,1),(1071,3,1068,2),(1072,3,1069,3),(1073,3,1070,4),(1074,2,1071,1),(1075,2,1072,2),(1076,2,1073,3),(1077,2,1074,4),(1078,2,1075,5),(1079,2,1076,6),(1080,2,1077,7),(1081,2,1078,8),(1082,2,1079,9),(1083,2,1080,10),(1084,3,1081,1),(1085,3,1082,2),(1086,3,1083,3),(1087,3,1084,4),(1088,2,1085,1),(1089,2,1086,2),(1090,2,1087,3),(1091,2,1088,4),(1092,2,1089,5),(1093,2,1090,6),(1094,2,1091,7),(1095,3,1092,1),(1096,3,1093,2),(1097,3,1094,3),(1098,3,1095,4),(1099,3,1096,1),(1100,3,1097,2),(1101,3,1098,3),(1102,3,1099,4),(1103,3,1100,1),(1104,3,1101,2),(1105,3,1102,3),(1106,3,1103,4),(1107,2,1104,1),(1108,2,1105,2),(1109,2,1106,3),(1110,3,1107,1),(1111,3,1108,2),(1112,3,1109,3),(1113,3,1110,4),(1114,2,1111,1),(1115,2,1112,2),(1116,2,1113,3),(1117,2,1114,4),(1118,2,1115,5),(1119,2,1116,6),(1120,2,1117,7),(1121,3,1118,1),(1122,3,1119,2),(1123,3,1120,3),(1124,3,1121,4),(1125,2,1122,1),(1126,2,1123,2),(1127,2,1124,3),(1128,2,1125,4),(1129,2,1126,5),(1130,2,1127,6),(1131,2,1128,7),(1132,3,1129,1),(1133,3,1130,2),(1134,3,1131,3),(1135,3,1132,4),(1136,2,1133,1),(1137,2,1134,2),(1138,2,1135,3),(1139,2,1136,4),(1140,3,1137,1),(1141,3,1138,2),(1142,3,1139,3),(1143,3,1140,4),(1144,2,1141,1),(1145,2,1142,2),(1146,2,1143,3),(1147,2,1144,4),(1148,3,1145,1),(1149,3,1146,2),(1150,3,1147,3),(1151,3,1148,4),(1152,2,1149,1),(1153,2,1150,2),(1154,2,1151,3),(1155,2,1152,4),(1156,2,1153,5),(1157,2,1154,6),(1158,2,1155,7),(1159,2,1156,8),(1160,2,1157,9),(1161,2,1158,10),(1162,3,1159,1),(1163,3,1160,2),(1164,3,1161,3),(1165,3,1162,4),(1166,2,1163,1),(1167,2,1164,2),(1168,3,1165,1),(1169,3,1166,2),(1170,3,1167,3),(1171,3,1168,4),(1172,2,1169,1),(1173,2,1170,2),(1174,2,1171,3),(1175,2,1172,4),(1176,2,1173,5),(1177,2,1174,6),(1178,3,1175,1),(1179,3,1176,2),(1180,3,1177,3),(1181,3,1178,4),(1182,1,1179,1),(1183,1,1180,2),(1184,1,1181,3),(1185,1,1182,4),(1186,3,1183,1),(1187,3,1184,2),(1188,3,1185,3),(1189,3,1186,4),(1190,1,1187,1),(1191,1,1188,2),(1192,1,1189,3),(1193,1,1190,4),(1194,3,1191,1),(1195,3,1192,2),(1196,3,1193,3),(1197,3,1194,4),(1198,1,1195,1),(1199,1,1196,2),(1200,1,1197,3),(1201,1,1198,4),(1202,3,1199,1),(1203,3,1200,2),(1204,3,1201,3),(1205,3,1202,4),(1206,1,1203,1),(1207,1,1204,2),(1208,1,1205,3),(1209,1,1206,4),(1210,3,1207,1),(1211,3,1208,2),(1212,3,1209,3),(1213,3,1210,4),(1214,1,1211,1),(1215,1,1212,2),(1216,1,1213,3),(1217,1,1214,4),(1218,3,1215,1),(1219,3,1216,2),(1220,3,1217,3),(1221,3,1218,4),(1222,1,1219,1),(1223,1,1220,2),(1224,1,1221,3),(1225,1,1222,4),(1226,3,1223,1),(1227,3,1224,2),(1228,3,1225,3),(1229,3,1226,4),(1230,1,1227,1),(1231,1,1228,2),(1232,1,1229,3),(1233,1,1230,4),(1234,3,1231,1),(1235,3,1232,2),(1236,3,1233,3),(1237,3,1234,4),(1238,1,1235,1),(1239,1,1236,2),(1240,1,1237,3),(1241,1,1238,4),(1242,3,1239,1),(1243,3,1240,2),(1244,3,1241,3),(1245,3,1242,4),(1246,1,1243,1),(1247,1,1244,2),(1248,1,1245,3),(1249,1,1246,4),(1250,3,1247,1),(1251,3,1248,2),(1252,3,1249,3),(1253,3,1250,4),(1254,1,1251,1),(1255,1,1252,2),(1256,1,1253,3),(1257,1,1254,4),(1258,3,1255,1),(1259,3,1256,2),(1260,3,1257,3),(1261,3,1258,4),(1262,1,1259,1),(1263,1,1260,2),(1264,1,1261,3),(1265,1,1262,4),(1266,3,1263,1),(1267,3,1264,2),(1268,3,1265,3),(1269,3,1266,4),(1270,1,1267,1),(1271,1,1268,2),(1272,1,1269,3),(1273,1,1270,4),(1274,3,1271,1),(1275,3,1272,2),(1276,3,1273,3),(1277,3,1274,4),(1278,1,1275,1),(1279,1,1276,2),(1280,1,1277,3),(1281,1,1278,4),(1282,3,1279,1),(1283,3,1280,2),(1284,3,1281,3),(1285,3,1282,4),(1286,1,1283,1),(1287,1,1284,2),(1288,1,1285,3),(1289,1,1286,4),(1290,3,1287,1),(1291,3,1288,2),(1292,3,1289,3),(1293,3,1290,4),(1294,1,1291,1),(1295,1,1292,2),(1296,1,1293,3),(1297,1,1294,4),(1298,3,1295,1),(1299,3,1296,2),(1300,3,1297,3),(1301,3,1298,4),(1302,1,1299,1),(1303,1,1300,2),(1304,1,1301,3),(1305,1,1302,4),(1306,3,1303,1),(1307,3,1304,2),(1308,3,1305,3),(1309,3,1306,4),(1310,1,1307,1),(1311,1,1308,2),(1312,1,1309,3),(1313,1,1310,4),(1314,3,1311,1),(1315,3,1312,2),(1316,3,1313,3),(1317,3,1314,4),(1318,1,1315,1),(1319,1,1316,2),(1320,1,1317,3),(1321,1,1318,4),(1322,3,1319,1),(1323,3,1320,2),(1324,3,1321,3),(1325,3,1322,4),(1326,1,1323,1),(1327,1,1324,2),(1328,1,1325,3),(1329,1,1326,4),(1330,3,1327,1),(1331,3,1328,2),(1332,3,1329,3),(1333,3,1330,4),(1334,1,1331,1),(1335,1,1332,2),(1336,1,1333,3),(1337,1,1334,4),(1338,3,1335,1),(1339,3,1336,2),(1340,3,1337,3),(1341,3,1338,4),(1342,1,1339,1),(1343,1,1340,2),(1344,1,1341,3),(1345,1,1342,4),(1346,3,1343,1),(1347,3,1344,2),(1348,3,1345,3),(1349,3,1346,4),(1350,1,1347,1),(1351,1,1348,2),(1352,1,1349,3),(1353,1,1350,4),(1354,3,1351,1),(1355,3,1352,2),(1356,3,1353,3),(1357,3,1354,4),(1358,1,1355,1),(1359,1,1356,2),(1360,1,1357,3),(1361,1,1358,4),(1362,3,1359,1),(1363,3,1360,2),(1364,3,1361,3),(1365,3,1362,4),(1366,1,1363,1),(1367,1,1364,2),(1368,1,1365,3),(1369,1,1366,4),(1370,3,1367,1),(1371,3,1368,2),(1372,3,1369,3),(1373,3,1370,4),(1374,1,1371,1),(1375,1,1372,2),(1376,1,1373,3),(1377,1,1374,4),(1378,3,1375,1),(1379,3,1376,2),(1380,3,1377,3),(1381,3,1378,4),(1382,1,1379,3),(1383,1,1380,4),(1384,1,1381,2),(1385,1,1382,1),(1386,3,1383,1),(1387,3,1384,2),(1388,3,1385,3),(1389,3,1386,4),(1390,1,1387,2),(1391,1,1388,1),(1392,1,1389,4),(1393,1,1390,3),(1394,3,1391,1),(1395,3,1392,2),(1396,3,1393,3),(1397,3,1394,4),(1398,1,1395,3),(1399,1,1396,1),(1400,1,1397,4),(1401,1,1398,2),(1402,3,1399,1),(1403,3,1400,2),(1404,3,1401,3),(1405,3,1402,4),(1406,1,1403,3),(1407,1,1404,2),(1408,1,1405,4),(1409,1,1406,1),(1410,3,1407,1),(1411,3,1408,2),(1412,3,1409,3),(1413,3,1410,4),(1414,1,1411,1),(1415,1,1412,3),(1416,1,1413,2),(1417,1,1414,4),(1418,3,1415,1),(1419,3,1416,2),(1420,3,1417,3),(1421,3,1418,4),(1422,1,1419,4),(1423,1,1420,3),(1424,1,1421,2),(1425,1,1422,1),(1426,3,1423,1),(1427,3,1424,2),(1428,3,1425,3),(1429,3,1426,4),(1430,1,1427,4),(1431,1,1428,2),(1432,1,1429,3),(1433,1,1430,1),(1434,3,1431,1),(1435,3,1432,2),(1436,3,1433,3),(1437,3,1434,4),(1438,1,1435,4),(1439,1,1436,2),(1440,1,1437,1),(1441,1,1438,3),(1442,3,1439,1),(1443,3,1440,2),(1444,3,1441,3),(1445,3,1442,4),(1446,1,1443,3),(1447,1,1444,4),(1448,1,1445,1),(1449,1,1446,2),(1450,3,1447,1),(1451,3,1448,2),(1452,3,1449,3),(1453,3,1450,4),(1454,1,1451,4),(1455,1,1452,3),(1456,1,1453,1),(1457,1,1454,2),(1458,3,1455,1),(1459,3,1456,2),(1460,3,1457,3),(1461,3,1458,4),(1462,1,1459,2),(1463,1,1460,1),(1464,1,1461,3),(1465,1,1462,4),(1466,3,1463,1),(1467,3,1464,2),(1468,3,1465,3),(1469,3,1466,4),(1470,2,1467,1),(1471,2,1468,2),(1472,2,1469,3),(1473,2,1470,4),(1474,2,1471,5),(1475,2,1472,6),(1476,2,1473,7),(1477,3,1474,1),(1478,3,1475,2),(1479,3,1476,3),(1480,3,1477,4),(1481,2,1478,1),(1482,2,1479,2),(1483,2,1480,3),(1484,2,1481,4),(1485,2,1482,5),(1486,2,1483,6),(1487,2,1484,7),(1488,3,1485,1),(1489,3,1486,2),(1490,3,1487,3),(1491,3,1488,4),(1492,2,1489,3),(1493,2,1490,1),(1494,2,1491,2),(1495,3,1492,1),(1496,3,1493,2),(1497,3,1494,3),(1498,3,1495,4),(1499,2,1496,1),(1500,2,1497,2),(1501,2,1498,3),(1502,3,1499,1),(1503,3,1500,2),(1504,3,1501,3),(1505,3,1502,4),(1506,2,1503,1),(1507,2,1504,2),(1508,2,1505,3),(1509,2,1506,4),(1510,2,1507,5),(1511,2,1508,6),(1512,2,1509,7),(1513,3,1510,1),(1514,3,1511,2),(1515,3,1512,3),(1516,3,1513,4),(1517,2,1514,3),(1518,2,1515,1),(1519,2,1516,2),(1520,3,1517,1),(1521,3,1518,2),(1522,3,1519,3),(1523,3,1520,4),(1524,3,1521,1),(1525,3,1522,2),(1526,3,1523,3),(1527,3,1524,4),(1528,3,1525,1),(1529,3,1526,2),(1530,3,1527,3),(1531,3,1528,4),(1532,2,1529,1),(1533,2,1530,2),(1534,3,1531,1),(1535,3,1532,2),(1536,3,1533,3),(1537,3,1534,4),(1538,2,1535,1),(1539,2,1536,2),(1540,2,1537,3),(1541,2,1538,4),(1542,2,1539,5),(1543,2,1540,6),(1544,2,1541,7),(1545,3,1542,1),(1546,3,1543,2),(1547,3,1544,3),(1548,3,1545,4),(1549,2,1546,1),(1550,2,1547,2),(1551,2,1548,3),(1552,2,1549,4),(1553,2,1550,5),(1554,2,1551,6),(1555,2,1552,7),(1556,3,1553,1),(1557,3,1554,2),(1558,3,1555,3),(1559,3,1556,4),(1560,2,1557,3),(1561,2,1558,1),(1562,2,1559,2),(1563,3,1560,1),(1564,3,1561,2),(1565,3,1562,3),(1566,3,1563,4),(1567,1,1564,2),(1568,1,1565,4),(1569,1,1566,1),(1570,1,1567,3),(1571,3,1568,1),(1572,3,1569,2),(1573,3,1570,3),(1574,3,1571,4),(1575,1,1572,3),(1576,1,1573,2),(1577,1,1574,1),(1578,1,1575,4),(1579,3,1576,1),(1580,3,1577,2),(1581,3,1578,3),(1582,3,1579,4),(1583,1,1580,2),(1584,1,1581,1),(1585,1,1582,3),(1586,1,1583,4),(1587,3,1584,1),(1588,3,1585,2),(1589,3,1586,3),(1590,3,1587,4),(1591,1,1588,1),(1592,1,1589,3),(1593,1,1590,2),(1594,1,1591,4),(1595,3,1592,1),(1596,3,1593,2),(1597,3,1594,3),(1598,3,1595,4),(1599,1,1596,1),(1600,1,1597,2),(1601,1,1598,4),(1602,1,1599,3),(1603,3,1600,1),(1604,3,1601,2),(1605,3,1602,3),(1606,3,1603,4),(1607,1,1604,1),(1608,1,1605,2),(1609,1,1606,4),(1610,1,1607,3),(1611,3,1608,1),(1612,3,1609,2),(1613,3,1610,3),(1614,3,1611,4),(1615,1,1612,4),(1616,1,1613,3),(1617,1,1614,1),(1618,1,1615,2),(1619,3,1616,1),(1620,3,1617,2),(1621,3,1618,3),(1622,3,1619,4),(1623,1,1620,2),(1624,1,1621,3),(1625,1,1622,4),(1626,1,1623,1),(1627,3,1624,1),(1628,3,1625,2),(1629,3,1626,3),(1630,3,1627,4),(1631,1,1628,2),(1632,1,1629,1),(1633,1,1630,4),(1634,1,1631,3),(1635,3,1632,1),(1636,3,1633,2),(1637,3,1634,3),(1638,3,1635,4),(1639,1,1636,1),(1640,1,1637,2),(1641,1,1638,3),(1642,1,1639,4),(1643,3,1640,1),(1644,3,1641,2),(1645,3,1642,3),(1646,3,1643,4),(1647,1,1644,1),(1648,1,1645,3),(1649,1,1646,4),(1650,1,1647,2),(1651,3,1648,1),(1652,3,1649,2),(1653,3,1650,3),(1654,3,1651,4),(1655,1,1652,2),(1656,1,1653,1),(1657,1,1654,4),(1658,1,1655,3),(1659,3,1656,1),(1660,3,1657,2),(1661,3,1658,3),(1662,3,1659,4),(1663,2,1660,1),(1664,2,1661,2),(1665,2,1662,3),(1666,2,1663,4),(1667,2,1664,5),(1668,2,1665,6),(1669,2,1666,7),(1670,2,1667,8),(1671,2,1668,9),(1672,2,1669,10),(1673,3,1670,1),(1674,3,1671,2),(1675,3,1672,3),(1676,3,1673,4),(1677,2,1674,1),(1678,2,1675,2),(1679,2,1676,3),(1680,2,1677,4),(1681,2,1678,5),(1682,2,1679,6),(1683,2,1680,7),(1684,2,1681,8),(1685,3,1682,1),(1686,3,1683,2),(1687,3,1684,3),(1688,3,1685,4),(1689,2,1686,1),(1690,2,1687,2),(1691,2,1688,3),(1692,2,1689,4),(1693,2,1690,5),(1694,2,1691,6),(1695,3,1692,1),(1696,3,1693,2),(1697,3,1694,3),(1698,3,1695,4),(1699,2,1696,1),(1700,2,1697,2),(1701,2,1698,3),(1702,2,1699,4),(1703,2,1700,5),(1704,2,1701,6),(1705,2,1702,7),(1706,2,1703,8),(1707,2,1704,9),(1708,3,1705,1),(1709,3,1706,2),(1710,3,1707,3),(1711,3,1708,4),(1712,2,1709,1),(1713,2,1710,2),(1714,2,1711,3),(1715,2,1712,4),(1716,2,1713,5),(1717,3,1714,1),(1718,3,1715,2),(1719,3,1716,3),(1720,3,1717,4),(1721,2,1718,1),(1722,2,1719,2),(1723,2,1720,3),(1724,2,1721,4),(1725,2,1722,5),(1726,2,1723,6),(1727,2,1724,7),(1728,2,1725,8),(1729,2,1726,9),(1730,2,1727,10),(1731,2,1728,11),(1732,3,1729,1),(1733,3,1730,2),(1734,3,1731,3),(1735,3,1732,4),(1736,2,1733,1),(1737,2,1734,2),(1738,2,1735,3),(1739,3,1736,1),(1740,3,1737,2),(1741,3,1738,3),(1742,3,1739,4),(1743,3,1740,1),(1744,3,1741,2),(1745,3,1742,3),(1746,3,1743,4),(1747,2,1744,1),(1748,3,1745,1),(1749,3,1746,2),(1750,3,1747,3),(1751,3,1748,4),(1752,2,1749,1),(1753,2,1750,2),(1754,2,1751,3),(1755,2,1752,4),(1756,3,1753,1),(1757,3,1754,2),(1758,3,1755,3),(1759,3,1756,4),(1760,2,1757,1),(1761,2,1758,2),(1762,3,1759,1),(1763,3,1760,2),(1764,3,1761,3),(1765,3,1762,4),(1766,2,1763,1),(1767,2,1764,2),(1768,2,1765,3),(1769,2,1766,4),(1770,2,1767,5),(1771,2,1768,6),(1772,2,1769,7),(1773,3,1770,1),(1774,3,1771,2),(1775,3,1772,3),(1776,3,1773,4),(1777,1,1774,1),(1778,1,1775,2),(1779,1,1776,3),(1780,1,1777,4),(1781,3,1778,1),(1782,3,1779,2),(1783,3,1780,3),(1784,3,1781,4),(1785,1,1782,1),(1786,1,1783,2),(1787,1,1784,3),(1788,1,1785,4),(1789,3,1786,1),(1790,3,1787,2),(1791,3,1788,3),(1792,3,1789,4),(1793,1,1790,1),(1794,1,1791,2),(1795,1,1792,3),(1796,1,1793,4),(1797,3,1794,1),(1798,3,1795,2),(1799,3,1796,3),(1800,3,1797,4),(1801,1,1798,1),(1802,1,1799,2),(1803,1,1800,3),(1804,1,1801,4),(1805,3,1802,1),(1806,3,1803,2),(1807,3,1804,3),(1808,3,1805,4),(1809,1,1806,1),(1810,1,1807,2),(1811,1,1808,3),(1812,1,1809,4),(1813,3,1810,1),(1814,3,1811,2),(1815,3,1812,3),(1816,3,1813,4),(1817,1,1814,1),(1818,1,1815,2),(1819,1,1816,3),(1820,1,1817,4),(1821,3,1818,1),(1822,3,1819,2),(1823,3,1820,3),(1824,3,1821,4),(1825,1,1822,1),(1826,1,1823,2),(1827,1,1824,3),(1828,1,1825,4),(1829,3,1826,1),(1830,3,1827,2),(1831,3,1828,3),(1832,3,1829,4),(1833,1,1830,1),(1834,1,1831,2),(1835,1,1832,3),(1836,1,1833,4),(1837,3,1834,1),(1838,3,1835,2),(1839,3,1836,3),(1840,3,1837,4),(1841,1,1838,1),(1842,1,1839,2),(1843,1,1840,3),(1844,1,1841,4),(1845,3,1842,1),(1846,3,1843,2),(1847,3,1844,3),(1848,3,1845,4),(1849,1,1846,1),(1850,1,1847,2),(1851,1,1848,3),(1852,1,1849,4),(1853,3,1850,1),(1854,3,1851,2),(1855,3,1852,3),(1856,3,1853,4),(1857,1,1854,1),(1858,1,1855,2),(1859,1,1856,3),(1860,1,1857,4),(1861,3,1858,1),(1862,3,1859,2),(1863,3,1860,3),(1864,3,1861,4),(1865,1,1862,1),(1866,1,1863,2),(1867,1,1864,3),(1868,1,1865,4),(1869,3,1866,1),(1870,3,1867,2),(1871,3,1868,3),(1872,3,1869,4),(1873,1,1870,1),(1874,1,1871,2),(1875,1,1872,3),(1876,1,1873,4),(1877,3,1874,2),(1878,3,1875,4),(1879,3,1876,3),(1880,3,1877,1),(1881,1,1878,4),(1882,1,1879,2),(1883,1,1880,1),(1884,1,1881,3),(1885,3,1882,1),(1886,3,1883,2),(1887,3,1884,4),(1888,3,1885,3),(1889,1,1886,2),(1890,1,1887,1),(1891,1,1888,3),(1892,1,1889,4),(1893,3,1890,4),(1894,3,1891,2),(1895,3,1892,3),(1896,3,1893,1),(1897,1,1894,2),(1898,1,1895,3),(1899,1,1896,1),(1900,1,1897,4),(1901,3,1898,2),(1902,3,1899,4),(1903,3,1900,1),(1904,3,1901,3),(1905,1,1902,3),(1906,1,1903,4),(1907,1,1904,2),(1908,1,1905,1),(1909,3,1906,1),(1910,3,1907,3),(1911,3,1908,4),(1912,3,1909,2),(1913,1,1910,3),(1914,1,1911,4),(1915,1,1912,2),(1916,1,1913,1),(1917,3,1914,2),(1918,3,1915,1),(1919,3,1916,4),(1920,3,1917,3),(1921,1,1918,1),(1922,1,1919,3),(1923,1,1920,2),(1924,1,1921,4),(1925,3,1922,1),(1926,3,1923,3),(1927,3,1924,4),(1928,3,1925,2),(1929,1,1926,4),(1930,1,1927,3),(1931,1,1928,1),(1932,1,1929,2),(1933,3,1930,1),(1934,3,1931,4),(1935,3,1932,2),(1936,3,1933,3),(1937,1,1934,3),(1938,1,1935,2),(1939,1,1936,1),(1940,1,1937,4),(1941,3,1938,1),(1942,3,1939,4),(1943,3,1940,3),(1944,3,1941,2),(1945,1,1942,3),(1946,1,1943,4),(1947,1,1944,5),(1948,1,1945,1),(1949,1,1946,2),(1950,3,1947,3),(1951,3,1948,1),(1952,3,1949,4),(1953,3,1950,2),(1954,1,1951,2),(1955,1,1952,4),(1956,1,1953,3),(1957,1,1954,1),(1958,3,1955,1),(1959,3,1956,2),(1960,3,1957,4),(1961,3,1958,3),(1962,1,1959,3),(1963,1,1960,4),(1964,1,1961,2),(1965,1,1962,1),(1966,3,1963,1),(1967,3,1964,3),(1968,3,1965,2),(1969,3,1966,4),(2109,2,2106,2),(2110,2,2107,3),(2111,2,2108,4),(2112,2,2109,1),(2113,2,2110,5),(2114,2,2111,6),(2115,2,2112,8),(2116,2,2113,7),(2117,3,2114,1),(2118,3,2115,2),(2119,3,2116,3),(2120,3,2117,4),(2121,2,2118,1),(2122,3,2119,1),(2123,3,2120,2),(2124,3,2121,3),(2125,3,2122,4),(2126,2,2123,2),(2127,2,2124,3),(2128,2,2125,1),(2129,2,2126,4),(2130,2,2127,6),(2131,2,2128,5),(2132,3,2129,1),(2133,3,2130,2),(2134,3,2131,3),(2135,3,2132,4),(2136,2,2133,1),(2137,2,2134,3),(2138,2,2135,4),(2139,2,2136,5),(2140,2,2137,2),(2141,2,2138,6),(2142,2,2139,9),(2143,2,2140,7),(2144,2,2141,10),(2145,2,2142,8),(2146,3,2143,1),(2147,3,2144,2),(2148,3,2145,3),(2149,3,2146,4),(2150,2,2147,1),(2151,2,2148,2),(2152,3,2149,1),(2153,3,2150,2),(2154,3,2151,3),(2155,3,2152,4),(2156,2,2153,1),(2157,2,2154,2),(2158,3,2155,1),(2159,3,2156,2),(2160,3,2157,3),(2161,3,2158,4),(2162,3,2159,1),(2163,3,2160,2),(2164,3,2161,3),(2165,3,2162,4),(2166,2,2163,1),(2167,2,2164,3),(2168,2,2165,4),(2169,2,2166,5),(2170,2,2167,2),(2171,2,2168,6),(2172,2,2169,9),(2173,2,2170,7),(2174,2,2171,10),(2175,2,2172,8),(2176,3,2173,1),(2177,3,2174,2),(2178,3,2175,3),(2179,3,2176,4),(2180,2,2177,1),(2181,2,2178,3),(2182,2,2179,4),(2183,2,2180,5),(2184,2,2181,2),(2185,2,2182,6),(2186,2,2183,9),(2187,2,2184,7),(2188,2,2185,10),(2189,2,2186,8),(2190,3,2187,1),(2191,3,2188,2),(2192,3,2189,3),(2193,3,2190,4),(2194,2,2191,2),(2195,2,2192,3),(2196,2,2193,4),(2197,2,2194,1),(2198,2,2195,5),(2199,2,2196,7),(2200,2,2197,6),(2201,3,2198,1),(2202,3,2199,2),(2203,3,2200,3),(2204,3,2201,4),(2205,2,2202,1),(2206,2,2203,2),(2207,3,2204,1),(2208,3,2205,2),(2209,3,2206,3),(2210,3,2207,4),(2211,2,2208,1),(2212,2,2209,3),(2213,2,2210,4),(2214,2,2211,5),(2215,2,2212,2),(2216,2,2213,6),(2217,2,2214,9),(2218,2,2215,7),(2219,2,2216,10),(2220,2,2217,8),(2221,3,2218,1),(2222,3,2219,2),(2223,3,2220,3),(2224,3,2221,4),(2225,2,2222,1),(2226,2,2223,3),(2227,2,2224,4),(2228,2,2225,5),(2229,2,2226,2),(2230,2,2227,6),(2231,2,2228,7),(2232,2,2229,9),(2233,2,2230,8),(2234,3,2231,1),(2235,3,2232,2),(2236,3,2233,3),(2237,3,2234,4),(2238,2,2235,1),(2239,2,2236,2),(2240,3,2237,1),(2241,3,2238,2),(2242,3,2239,3),(2243,3,2240,4),(2244,1,2241,2),(2245,1,2242,4),(2246,1,2243,3),(2247,1,2244,1),(2248,3,2245,1),(2249,3,2246,2),(2250,3,2247,3),(2251,3,2248,4),(2252,1,2249,1),(2253,1,2250,2),(2254,1,2251,3),(2255,1,2252,4),(2256,3,2253,1),(2257,3,2254,2),(2258,3,2255,3),(2259,3,2256,4),(2260,1,2257,1),(2261,1,2258,2),(2262,1,2259,4),(2263,1,2260,3),(2264,3,2261,1),(2265,3,2262,2),(2266,3,2263,3),(2267,3,2264,4),(2268,1,2265,4),(2269,1,2266,1),(2270,1,2267,2),(2271,1,2268,3),(2272,3,2269,1),(2273,3,2270,2),(2274,3,2271,3),(2275,3,2272,4),(2276,1,2273,3),(2277,1,2274,2),(2278,1,2275,4),(2279,1,2276,1),(2280,3,2277,1),(2281,3,2278,2),(2282,3,2279,3),(2283,3,2280,4),(2284,1,2281,4),(2285,1,2282,1),(2286,1,2283,3),(2287,1,2284,2),(2288,3,2285,1),(2289,3,2286,2),(2290,3,2287,3),(2291,3,2288,4),(2292,1,2289,4),(2293,1,2290,2),(2294,1,2291,1),(2295,1,2292,3),(2296,3,2293,1),(2297,3,2294,2),(2298,3,2295,3),(2299,3,2296,4),(2300,1,2297,2),(2301,1,2298,3),(2302,1,2299,4),(2303,1,2300,1),(2304,3,2301,1),(2305,3,2302,2),(2306,3,2303,3),(2307,3,2304,4),(2308,1,2305,1),(2309,1,2306,4),(2310,1,2307,3),(2311,1,2308,2),(2312,3,2309,1),(2313,3,2310,2),(2314,3,2311,3),(2315,3,2312,4),(2316,1,2313,3),(2317,1,2314,1),(2318,1,2315,2),(2319,1,2316,4),(2320,3,2317,1),(2321,3,2318,2),(2322,3,2319,3),(2323,3,2320,4),(2324,1,2321,1),(2325,1,2322,4),(2326,1,2323,3),(2327,1,2324,2),(2328,3,2325,1),(2329,3,2326,2),(2330,3,2327,3),(2331,3,2328,4),(2332,1,2329,4),(2333,1,2330,1),(2334,1,2331,3),(2335,1,2332,2),(2336,3,2333,1),(2337,3,2334,2),(2338,3,2335,3),(2339,3,2336,4),(2340,1,2337,2),(2341,1,2338,3),(2342,1,2339,1),(2343,1,2340,4),(2344,3,2341,1),(2345,3,2342,2),(2346,3,2343,3),(2347,3,2344,4),(2348,1,2345,4),(2349,1,2346,1),(2350,1,2347,2),(2351,1,2348,3),(2352,3,2349,1),(2353,3,2350,2),(2354,3,2351,3),(2355,3,2352,4),(2356,1,2353,4),(2357,1,2354,1),(2358,1,2355,2),(2359,1,2356,3),(2360,3,2357,1),(2361,3,2358,2),(2362,3,2359,3),(2363,3,2360,4);

--
-- Table structure for table `catalog_product_link_attribute_varchar`
--

CREATE TABLE `catalog_product_link_attribute_varchar` (
  `value_id` int unsigned NOT NULL AUTO_INCREMENT COMMENT 'Value ID',
  `product_link_attribute_id` smallint unsigned NOT NULL DEFAULT '0' COMMENT 'Product Link Attribute ID',
  `link_id` int unsigned NOT NULL COMMENT 'Link ID',
  `value` varchar(255) DEFAULT NULL COMMENT 'Value',
  PRIMARY KEY (`value_id`),
  UNIQUE KEY `CAT_PRD_LNK_ATTR_VCHR_PRD_LNK_ATTR_ID_LNK_ID` (`product_link_attribute_id`,`link_id`),
  KEY `CATALOG_PRODUCT_LINK_ATTRIBUTE_VARCHAR_LINK_ID` (`link_id`),
  CONSTRAINT `CAT_PRD_LNK_ATTR_VCHR_LNK_ID_CAT_PRD_LNK_LNK_ID` FOREIGN KEY (`link_id`) REFERENCES `catalog_product_link` (`link_id`) ON DELETE CASCADE,
  CONSTRAINT `FK_DEE9C4DA61CFCC01DFCF50F0D79CEA51` FOREIGN KEY (`product_link_attribute_id`) REFERENCES `catalog_product_link_attribute` (`product_link_attribute_id`) ON DELETE CASCADE
) ENGINE=InnoDB DEFAULT CHARSET=utf8mb3 COMMENT='Catalog Product Link Varchar Attribute Table';

--
-- Dumping data for table `catalog_product_link_attribute_varchar`
--


--
-- Table structure for table `catalog_product_link_type`
--

CREATE TABLE `catalog_product_link_type` (
  `link_type_id` smallint unsigned NOT NULL AUTO_INCREMENT COMMENT 'Link Type ID',
  `code` varchar(32) DEFAULT NULL COMMENT 'Code',
  PRIMARY KEY (`link_type_id`)
) ENGINE=InnoDB AUTO_INCREMENT=6 DEFAULT CHARSET=utf8mb3 COMMENT='Catalog Product Link Type Table';

--
-- Dumping data for table `catalog_product_link_type`
--

INSERT INTO `catalog_product_link_type` VALUES (1,'relation'),(3,'super'),(4,'up_sell'),(5,'cross_sell');

--
-- Table structure for table `catalog_product_option`
--

CREATE TABLE `catalog_product_option` (
  `option_id` int unsigned NOT NULL AUTO_INCREMENT COMMENT 'Option ID',
  `product_id` int unsigned NOT NULL DEFAULT '0' COMMENT 'Product ID',
  `type` varchar(50) DEFAULT NULL COMMENT 'Type',
  `is_require` smallint NOT NULL DEFAULT '1' COMMENT 'Is Required',
  `sku` varchar(64) DEFAULT NULL COMMENT 'SKU',
  `max_characters` int unsigned DEFAULT NULL COMMENT 'Max Characters',
  `file_extension` varchar(50) DEFAULT NULL COMMENT 'File Extension',
  `image_size_x` smallint unsigned DEFAULT NULL COMMENT 'Image Size X',
  `image_size_y` smallint unsigned DEFAULT NULL COMMENT 'Image Size Y',
  `sort_order` int unsigned NOT NULL DEFAULT '0' COMMENT 'Sort Order',
  PRIMARY KEY (`option_id`),
  KEY `CATALOG_PRODUCT_OPTION_PRODUCT_ID` (`product_id`),
  CONSTRAINT `CAT_PRD_OPT_PRD_ID_CAT_PRD_ENTT_ENTT_ID` FOREIGN KEY (`product_id`) REFERENCES `catalog_product_entity` (`entity_id`) ON DELETE CASCADE
) ENGINE=InnoDB DEFAULT CHARSET=utf8mb3 COMMENT='Catalog Product Option Table';

--
-- Dumping data for table `catalog_product_option`
--


--
-- Table structure for table `catalog_product_option_price`
--

CREATE TABLE `catalog_product_option_price` (
  `option_price_id` int unsigned NOT NULL AUTO_INCREMENT COMMENT 'Option Price ID',
  `option_id` int unsigned NOT NULL DEFAULT '0' COMMENT 'Option ID',
  `store_id` smallint unsigned NOT NULL DEFAULT '0' COMMENT 'Store ID',
  `price` decimal(20,6) NOT NULL DEFAULT '0.000000' COMMENT 'Price',
  `price_type` varchar(7) NOT NULL DEFAULT 'fixed' COMMENT 'Price Type',
  PRIMARY KEY (`option_price_id`),
  UNIQUE KEY `CATALOG_PRODUCT_OPTION_PRICE_OPTION_ID_STORE_ID` (`option_id`,`store_id`),
  KEY `CATALOG_PRODUCT_OPTION_PRICE_STORE_ID` (`store_id`),
  CONSTRAINT `CAT_PRD_OPT_PRICE_OPT_ID_CAT_PRD_OPT_OPT_ID` FOREIGN KEY (`option_id`) REFERENCES `catalog_product_option` (`option_id`) ON DELETE CASCADE,
  CONSTRAINT `CATALOG_PRODUCT_OPTION_PRICE_STORE_ID_STORE_STORE_ID` FOREIGN KEY (`store_id`) REFERENCES `store` (`store_id`) ON DELETE CASCADE
) ENGINE=InnoDB DEFAULT CHARSET=utf8mb3 COMMENT='Catalog Product Option Price Table';

--
-- Dumping data for table `catalog_product_option_price`
--


--
-- Table structure for table `catalog_product_option_title`
--

CREATE TABLE `catalog_product_option_title` (
  `option_title_id` int unsigned NOT NULL AUTO_INCREMENT COMMENT 'Option Title ID',
  `option_id` int unsigned NOT NULL DEFAULT '0' COMMENT 'Option ID',
  `store_id` smallint unsigned NOT NULL DEFAULT '0' COMMENT 'Store ID',
  `title` varchar(255) DEFAULT NULL COMMENT 'Title',
  PRIMARY KEY (`option_title_id`),
  UNIQUE KEY `CATALOG_PRODUCT_OPTION_TITLE_OPTION_ID_STORE_ID` (`option_id`,`store_id`),
  KEY `CATALOG_PRODUCT_OPTION_TITLE_STORE_ID` (`store_id`),
  CONSTRAINT `CAT_PRD_OPT_TTL_OPT_ID_CAT_PRD_OPT_OPT_ID` FOREIGN KEY (`option_id`) REFERENCES `catalog_product_option` (`option_id`) ON DELETE CASCADE,
  CONSTRAINT `CATALOG_PRODUCT_OPTION_TITLE_STORE_ID_STORE_STORE_ID` FOREIGN KEY (`store_id`) REFERENCES `store` (`store_id`) ON DELETE CASCADE
) ENGINE=InnoDB DEFAULT CHARSET=utf8mb3 COMMENT='Catalog Product Option Title Table';

--
-- Dumping data for table `catalog_product_option_title`
--


--
-- Table structure for table `catalog_product_option_type_price`
--

CREATE TABLE `catalog_product_option_type_price` (
  `option_type_price_id` int unsigned NOT NULL AUTO_INCREMENT COMMENT 'Option Type Price ID',
  `option_type_id` int unsigned NOT NULL DEFAULT '0' COMMENT 'Option Type ID',
  `store_id` smallint unsigned NOT NULL DEFAULT '0' COMMENT 'Store ID',
  `price` decimal(20,6) NOT NULL DEFAULT '0.000000' COMMENT 'Price',
  `price_type` varchar(7) NOT NULL DEFAULT 'fixed' COMMENT 'Price Type',
  PRIMARY KEY (`option_type_price_id`),
  UNIQUE KEY `CATALOG_PRODUCT_OPTION_TYPE_PRICE_OPTION_TYPE_ID_STORE_ID` (`option_type_id`,`store_id`),
  KEY `CATALOG_PRODUCT_OPTION_TYPE_PRICE_STORE_ID` (`store_id`),
  CONSTRAINT `CATALOG_PRODUCT_OPTION_TYPE_PRICE_STORE_ID_STORE_STORE_ID` FOREIGN KEY (`store_id`) REFERENCES `store` (`store_id`) ON DELETE CASCADE,
  CONSTRAINT `FK_B523E3378E8602F376CC415825576B7F` FOREIGN KEY (`option_type_id`) REFERENCES `catalog_product_option_type_value` (`option_type_id`) ON DELETE CASCADE
) ENGINE=InnoDB DEFAULT CHARSET=utf8mb3 COMMENT='Catalog Product Option Type Price Table';

--
-- Dumping data for table `catalog_product_option_type_price`
--


--
-- Table structure for table `catalog_product_option_type_title`
--

CREATE TABLE `catalog_product_option_type_title` (
  `option_type_title_id` int unsigned NOT NULL AUTO_INCREMENT COMMENT 'Option Type Title ID',
  `option_type_id` int unsigned NOT NULL DEFAULT '0' COMMENT 'Option Type ID',
  `store_id` smallint unsigned NOT NULL DEFAULT '0' COMMENT 'Store ID',
  `title` varchar(255) DEFAULT NULL COMMENT 'Title',
  PRIMARY KEY (`option_type_title_id`),
  UNIQUE KEY `CATALOG_PRODUCT_OPTION_TYPE_TITLE_OPTION_TYPE_ID_STORE_ID` (`option_type_id`,`store_id`),
  KEY `CATALOG_PRODUCT_OPTION_TYPE_TITLE_STORE_ID` (`store_id`),
  CONSTRAINT `CATALOG_PRODUCT_OPTION_TYPE_TITLE_STORE_ID_STORE_STORE_ID` FOREIGN KEY (`store_id`) REFERENCES `store` (`store_id`) ON DELETE CASCADE,
  CONSTRAINT `FK_C085B9CF2C2A302E8043FDEA1937D6A2` FOREIGN KEY (`option_type_id`) REFERENCES `catalog_product_option_type_value` (`option_type_id`) ON DELETE CASCADE
) ENGINE=InnoDB DEFAULT CHARSET=utf8mb3 COMMENT='Catalog Product Option Type Title Table';

--
-- Dumping data for table `catalog_product_option_type_title`
--


--
-- Table structure for table `catalog_product_option_type_value`
--

CREATE TABLE `catalog_product_option_type_value` (
  `option_type_id` int unsigned NOT NULL AUTO_INCREMENT COMMENT 'Option Type ID',
  `option_id` int unsigned NOT NULL DEFAULT '0' COMMENT 'Option ID',
  `sku` varchar(64) DEFAULT NULL COMMENT 'SKU',
  `sort_order` int unsigned NOT NULL DEFAULT '0' COMMENT 'Sort Order',
  PRIMARY KEY (`option_type_id`),
  KEY `CATALOG_PRODUCT_OPTION_TYPE_VALUE_OPTION_ID` (`option_id`),
  CONSTRAINT `CAT_PRD_OPT_TYPE_VAL_OPT_ID_CAT_PRD_OPT_OPT_ID` FOREIGN KEY (`option_id`) REFERENCES `catalog_product_option` (`option_id`) ON DELETE CASCADE
) ENGINE=InnoDB DEFAULT CHARSET=utf8mb3 COMMENT='Catalog Product Option Type Value Table';

--
-- Dumping data for table `catalog_product_option_type_value`
--


--
-- Table structure for table `catalog_product_price_cl`
--

CREATE TABLE `catalog_product_price_cl` (
  `version_id` int unsigned NOT NULL AUTO_INCREMENT COMMENT 'Version ID',
  `entity_id` int unsigned NOT NULL DEFAULT '0' COMMENT 'Entity ID',
  PRIMARY KEY (`version_id`)
) ENGINE=InnoDB AUTO_INCREMENT=25 DEFAULT CHARSET=utf8mb3 COMMENT='catalog_product_price_cl';

--
-- Dumping data for table `catalog_product_price_cl`
--

INSERT INTO `catalog_product_price_cl` VALUES (1,2041),(2,2041),(3,2041),(4,2041),(5,2041),(6,2041),(7,2041),(8,2041),(9,2041),(17,2043),(18,2043),(19,2043),(20,2043),(21,2043),(22,2043),(23,2043),(24,2043);

--
-- Table structure for table `catalog_product_relation`
--

CREATE TABLE `catalog_product_relation` (
  `parent_id` int unsigned NOT NULL COMMENT 'Parent ID',
  `child_id` int unsigned NOT NULL COMMENT 'Child ID',
  PRIMARY KEY (`parent_id`,`child_id`),
  KEY `CATALOG_PRODUCT_RELATION_CHILD_ID` (`child_id`),
  CONSTRAINT `CAT_PRD_RELATION_CHILD_ID_CAT_PRD_ENTT_ENTT_ID` FOREIGN KEY (`child_id`) REFERENCES `catalog_product_entity` (`entity_id`) ON DELETE CASCADE,
  CONSTRAINT `CAT_PRD_RELATION_PARENT_ID_CAT_PRD_ENTT_ENTT_ID` FOREIGN KEY (`parent_id`) REFERENCES `catalog_product_entity` (`entity_id`) ON DELETE CASCADE
) ENGINE=InnoDB DEFAULT CHARSET=utf8mb3 COMMENT='Catalog Product Relation Table';

--
-- Dumping data for table `catalog_product_relation`
--

INSERT INTO `catalog_product_relation` VALUES (45,21),(45,22),(45,26),(45,29),(45,32),(45,33),(46,33),(45,34),(46,34),(45,35),(46,35),(62,47),(62,48),(62,49),(62,50),(62,51),(62,52),(62,53),(62,54),(62,55),(62,56),(62,57),(62,58),(62,59),(62,60),(62,61),(78,63),(78,64),(78,65),(78,66),(78,67),(78,68),(78,69),(78,70),(78,71),(78,72),(78,73),(78,74),(78,75),(78,76),(78,77),(94,79),(94,80),(94,81),(94,82),(94,83),(94,84),(94,85),(94,86),(94,87),(94,88),(94,89),(94,90),(94,91),(94,92),(94,93),(110,95),(110,96),(110,97),(110,98),(110,99),(110,100),(110,101),(110,102),(110,103),(110,104),(110,105),(110,106),(110,107),(110,108),(110,109),(126,111),(126,112),(126,113),(126,114),(126,115),(126,116),(126,117),(126,118),(126,119),(126,120),(126,121),(126,122),(126,123),(126,124),(126,125),(142,127),(142,128),(142,129),(142,130),(142,131),(142,132),(142,133),(142,134),(142,135),(142,136),(142,137),(142,138),(142,139),(142,140),(142,141),(158,143),(158,144),(158,145),(158,146),(158,147),(158,148),(158,149),(158,150),(158,151),(158,152),(158,153),(158,154),(158,155),(158,156),(158,157),(174,159),(174,160),(174,161),(174,162),(174,163),(174,164),(174,165),(174,166),(174,167),(174,168),(174,169),(174,170),(174,171),(174,172),(174,173),(190,175),(190,176),(190,177),(190,178),(190,179),(190,180),(190,181),(190,182),(190,183),(190,184),(190,185),(190,186),(190,187),(190,188),(190,189),(206,191),(206,192),(206,193),(206,194),(206,195),(206,196),(206,197),(206,198),(206,199),(206,200),(206,201),(206,202),(206,203),(206,204),(206,205),(222,207),(222,208),(222,209),(222,210),(222,211),(222,212),(222,213),(222,214),(222,215),(222,216),(222,217),(222,218),(222,219),(222,220),(222,221),(238,223),(238,224),(238,225),(238,226),(238,227),(238,228),(238,229),(238,230),(238,231),(238,232),(238,233),(238,234),(238,235),(238,236),(238,237),(254,239),(254,240),(254,241),(254,242),(254,243),(254,244),(254,245),(254,246),(254,247),(254,248),(254,249),(254,250),(254,251),(254,252),(254,253),(270,255),(270,256),(270,257),(270,258),(270,259),(270,260),(270,261),(270,262),(270,263),(270,264),(270,265),(270,266),(270,267),(270,268),(270,269),(286,271),(286,272),(286,273),(286,274),(286,275),(286,276),(286,277),(286,278),(286,279),(286,280),(286,281),(286,282),(286,283),(286,284),(286,285),(302,287),(302,288),(302,289),(302,290),(302,291),(302,292),(302,293),(302,294),(302,295),(302,296),(302,297),(302,298),(302,299),(302,300),(302,301),(318,303),(318,304),(318,305),(318,306),(318,307),(318,308),(318,309),(318,310),(318,311),(318,312),(318,313),(318,314),(318,315),(318,316),(318,317),(334,319),(334,320),(334,321),(334,322),(334,323),(334,324),(334,325),(334,326),(334,327),(334,328),(334,329),(334,330),(334,331),(334,332),(334,333),(350,335),(350,336),(350,337),(350,338),(350,339),(350,340),(350,341),(350,342),(350,343),(350,344),(350,345),(350,346),(350,347),(350,348),(350,349),(366,351),(366,352),(366,353),(366,354),(366,355),(366,356),(366,357),(366,358),(366,359),(366,360),(366,361),(366,362),(366,363),(366,364),(366,365),(382,367),(382,368),(382,369),(382,370),(382,371),(382,372),(382,373),(382,374),(382,375),(382,376),(382,377),(382,378),(382,379),(382,380),(382,381),(398,383),(398,384),(398,385),(398,386),(398,387),(398,388),(398,389),(398,390),(398,391),(398,392),(398,393),(398,394),(398,395),(398,396),(398,397),(414,399),(414,400),(414,401),(414,402),(414,403),(414,404),(414,405),(414,406),(414,407),(414,408),(414,409),(414,410),(414,411),(414,412),(414,413),(430,415),(430,416),(430,417),(430,418),(430,419),(430,420),(430,421),(430,422),(430,423),(430,424),(430,425),(430,426),(430,427),(430,428),(430,429),(446,431),(446,432),(446,433),(446,434),(446,435),(446,436),(446,437),(446,438),(446,439),(446,440),(446,441),(446,442),(446,443),(446,444),(446,445),(462,447),(462,448),(462,449),(462,450),(462,451),(462,452),(462,453),(462,454),(462,455),(462,456),(462,457),(462,458),(462,459),(462,460),(462,461),(478,463),(478,464),(478,465),(478,466),(478,467),(478,468),(478,469),(478,470),(478,471),(478,472),(478,473),(478,474),(478,475),(478,476),(478,477),(494,479),(494,480),(494,481),(494,482),(494,483),(494,484),(494,485),(494,486),(494,487),(494,488),(494,489),(494,490),(494,491),(494,492),(494,493),(510,495),(510,496),(510,497),(510,498),(510,499),(510,500),(510,501),(510,502),(510,503),(510,504),(510,505),(510,506),(510,507),(510,508),(510,509),(526,511),(526,512),(526,513),(526,514),(526,515),(526,516),(526,517),(526,518),(526,519),(526,520),(526,521),(526,522),(526,523),(526,524),(526,525),(542,527),(542,528),(542,529),(542,530),(542,531),(542,532),(542,533),(542,534),(542,535),(542,536),(542,537),(542,538),(542,539),(542,540),(542,541),(558,543),(558,544),(558,545),(558,546),(558,547),(558,548),(558,549),(558,550),(558,551),(558,552),(558,553),(558,554),(558,555),(558,556),(558,557),(574,559),(574,560),(574,561),(574,562),(574,563),(574,564),(574,565),(574,566),(574,567),(574,568),(574,569),(574,570),(574,571),(574,572),(574,573),(590,575),(590,576),(590,577),(590,578),(590,579),(590,580),(590,581),(590,582),(590,583),(590,584),(590,585),(590,586),(590,587),(590,588),(590,589),(606,591),(606,592),(606,593),(606,594),(606,595),(606,596),(606,597),(606,598),(606,599),(606,600),(606,601),(606,602),(606,603),(606,604),(606,605),(622,607),(622,608),(622,609),(622,610),(622,611),(622,612),(622,613),(622,614),(622,615),(622,616),(622,617),(622,618),(622,619),(622,620),(622,621),(638,623),(638,624),(638,625),(638,626),(638,627),(638,628),(638,629),(638,630),(638,631),(638,632),(638,633),(638,634),(638,635),(638,636),(638,637),(654,639),(654,640),(654,641),(654,642),(654,643),(654,644),(654,645),(654,646),(654,647),(654,648),(654,649),(654,650),(654,651),(654,652),(654,653),(670,655),(670,656),(670,657),(670,658),(670,659),(670,660),(670,661),(670,662),(670,663),(670,664),(670,665),(670,666),(670,667),(670,668),(670,669),(676,671),(676,672),(676,673),(676,674),(676,675),(682,677),(682,678),(682,679),(682,680),(682,681),(688,683),(688,684),(688,685),(688,686),(688,687),(694,689),(694,690),(694,691),(694,692),(694,693),(700,695),(700,696),(700,697),(700,698),(700,699),(706,701),(706,702),(706,703),(706,704),(706,705),(712,707),(712,708),(712,709),(712,710),(712,711),(718,713),(718,714),(718,715),(718,716),(718,717),(724,719),(724,720),(724,721),(724,722),(724,723),(737,725),(737,726),(737,727),(737,728),(737,729),(737,730),(737,731),(737,732),(737,733),(737,734),(737,735),(737,736),(750,738),(750,739),(750,740),(750,741),(750,742),(750,743),(750,744),(750,745),(750,746),(750,747),(750,748),(750,749),(763,751),(763,752),(763,753),(763,754),(763,755),(763,756),(763,757),(763,758),(763,759),(763,760),(763,761),(763,762),(776,764),(776,765),(776,766),(776,767),(776,768),(776,769),(776,770),(776,771),(776,772),(776,773),(776,774),(776,775),(789,777),(789,778),(789,779),(789,780),(789,781),(789,782),(789,783),(789,784),(789,785),(789,786),(789,787),(789,788),(802,790),(802,791),(802,792),(802,793),(802,794),(802,795),(802,796),(802,797),(802,798),(802,799),(802,800),(802,801),(815,803),(815,804),(815,805),(815,806),(815,807),(815,808),(815,809),(815,810),(815,811),(815,812),(815,813),(815,814),(828,816),(828,817),(828,818),(828,819),(828,820),(828,821),(828,822),(828,823),(828,824),(828,825),(828,826),(828,827),(841,829),(841,830),(841,831),(841,832),(841,833),(841,834),(841,835),(841,836),(841,837),(841,838),(841,839),(841,840),(854,842),(854,843),(854,844),(854,845),(854,846),(854,847),(854,848),(854,849),(854,850),(854,851),(854,852),(854,853),(867,855),(867,856),(867,857),(867,858),(867,859),(867,860),(867,861),(867,862),(867,863),(867,864),(867,865),(867,866),(880,868),(880,869),(880,870),(880,871),(880,872),(880,873),(880,874),(880,875),(880,876),(880,877),(880,878),(880,879),(893,881),(893,882),(893,883),(893,884),(893,885),(893,886),(893,887),(893,888),(893,889),(893,890),(893,891),(893,892),(898,894),(898,895),(898,896),(898,897),(911,899),(911,900),(911,901),(911,902),(911,903),(911,904),(911,905),(911,906),(911,907),(911,908),(911,909),(911,910),(924,912),(924,913),(924,914),(924,915),(924,916),(924,917),(924,918),(924,919),(924,920),(924,921),(924,922),(924,923),(937,925),(937,926),(937,927),(937,928),(937,929),(937,930),(937,931),(937,932),(937,933),(937,934),(937,935),(937,936),(950,938),(950,939),(950,940),(950,941),(950,942),(950,943),(950,944),(950,945),(950,946),(950,947),(950,948),(950,949),(963,951),(963,952),(963,953),(963,954),(963,955),(963,956),(963,957),(963,958),(963,959),(963,960),(963,961),(963,962),(976,964),(976,965),(976,966),(976,967),(976,968),(976,969),(976,970),(976,971),(976,972),(976,973),(976,974),(976,975),(989,977),(989,978),(989,979),(989,980),(989,981),(989,982),(989,983),(989,984),(989,985),(989,986),(989,987),(989,988),(1002,990),(1002,991),(1002,992),(1002,993),(1002,994),(1002,995),(1002,996),(1002,997),(1002,998),(1002,999),(1002,1000),(1002,1001),(1015,1003),(1015,1004),(1015,1005),(1015,1006),(1015,1007),(1015,1008),(1015,1009),(1015,1010),(1015,1011),(1015,1012),(1015,1013),(1015,1014),(1028,1016),(1028,1017),(1028,1018),(1028,1019),(1028,1020),(1028,1021),(1028,1022),(1028,1023),(1028,1024),(1028,1025),(1028,1026),(1028,1027),(1044,1029),(1044,1030),(1044,1031),(1044,1032),(1044,1033),(1044,1034),(1044,1035),(1044,1036),(1044,1037),(1044,1038),(1044,1039),(1044,1040),(1044,1041),(1044,1042),(1044,1043),(1060,1045),(1060,1046),(1060,1047),(1060,1048),(1060,1049),(1060,1050),(1060,1051),(1060,1052),(1060,1053),(1060,1054),(1060,1055),(1060,1056),(1060,1057),(1060,1058),(1060,1059),(1076,1061),(1076,1062),(1076,1063),(1076,1064),(1076,1065),(1076,1066),(1076,1067),(1076,1068),(1076,1069),(1076,1070),(1076,1071),(1076,1072),(1076,1073),(1076,1074),(1076,1075),(1092,1077),(1092,1078),(1092,1079),(1092,1080),(1092,1081),(1092,1082),(1092,1083),(1092,1084),(1092,1085),(1092,1086),(1092,1087),(1092,1088),(1092,1089),(1092,1090),(1092,1091),(1108,1093),(1108,1094),(1108,1095),(1108,1096),(1108,1097),(1108,1098),(1108,1099),(1108,1100),(1108,1101),(1108,1102),(1108,1103),(1108,1104),(1108,1105),(1108,1106),(1108,1107),(1114,1109),(1114,1110),(1114,1111),(1114,1112),(1114,1113),(1130,1115),(1130,1116),(1130,1117),(1130,1118),(1130,1119),(1130,1120),(1130,1121),(1130,1122),(1130,1123),(1130,1124),(1130,1125),(1130,1126),(1130,1127),(1130,1128),(1130,1129),(1146,1131),(1146,1132),(1146,1133),(1146,1134),(1146,1135),(1146,1136),(1146,1137),(1146,1138),(1146,1139),(1146,1140),(1146,1141),(1146,1142),(1146,1143),(1146,1144),(1146,1145),(1162,1147),(1162,1148),(1162,1149),(1162,1150),(1162,1151),(1162,1152),(1162,1153),(1162,1154),(1162,1155),(1162,1156),(1162,1157),(1162,1158),(1162,1159),(1162,1160),(1162,1161),(1178,1163),(1178,1164),(1178,1165),(1178,1166),(1178,1167),(1178,1168),(1178,1169),(1178,1170),(1178,1171),(1178,1172),(1178,1173),(1178,1174),(1178,1175),(1178,1176),(1178,1177),(1194,1179),(1194,1180),(1194,1181),(1194,1182),(1194,1183),(1194,1184),(1194,1185),(1194,1186),(1194,1187),(1194,1188),(1194,1189),(1194,1190),(1194,1191),(1194,1192),(1194,1193),(1210,1195),(1210,1196),(1210,1197),(1210,1198),(1210,1199),(1210,1200),(1210,1201),(1210,1202),(1210,1203),(1210,1204),(1210,1205),(1210,1206),(1210,1207),(1210,1208),(1210,1209),(1220,1211),(1220,1212),(1220,1213),(1220,1214),(1220,1215),(1220,1216),(1220,1217),(1220,1218),(1220,1219),(1236,1221),(1236,1222),(1236,1223),(1236,1224),(1236,1225),(1236,1226),(1236,1227),(1236,1228),(1236,1229),(1236,1230),(1236,1231),(1236,1232),(1236,1233),(1236,1234),(1236,1235),(1252,1237),(1252,1238),(1252,1239),(1252,1240),(1252,1241),(1252,1242),(1252,1243),(1252,1244),(1252,1245),(1252,1246),(1252,1247),(1252,1248),(1252,1249),(1252,1250),(1252,1251),(1268,1253),(1268,1254),(1268,1255),(1268,1256),(1268,1257),(1268,1258),(1268,1259),(1268,1260),(1268,1261),(1268,1262),(1268,1263),(1268,1264),(1268,1265),(1268,1266),(1268,1267),(1284,1269),(1284,1270),(1284,1271),(1284,1272),(1284,1273),(1284,1274),(1284,1275),(1284,1276),(1284,1277),(1284,1278),(1284,1279),(1284,1280),(1284,1281),(1284,1282),(1284,1283),(1300,1285),(1300,1286),(1300,1287),(1300,1288),(1300,1289),(1300,1290),(1300,1291),(1300,1292),(1300,1293),(1300,1294),(1300,1295),(1300,1296),(1300,1297),(1300,1298),(1300,1299),(1316,1301),(1316,1302),(1316,1303),(1316,1304),(1316,1305),(1316,1306),(1316,1307),(1316,1308),(1316,1309),(1316,1310),(1316,1311),(1316,1312),(1316,1313),(1316,1314),(1316,1315),(1332,1317),(1332,1318),(1332,1319),(1332,1320),(1332,1321),(1332,1322),(1332,1323),(1332,1324),(1332,1325),(1332,1326),(1332,1327),(1332,1328),(1332,1329),(1332,1330),(1332,1331),(1348,1333),(1348,1334),(1348,1335),(1348,1336),(1348,1337),(1348,1338),(1348,1339),(1348,1340),(1348,1341),(1348,1342),(1348,1343),(1348,1344),(1348,1345),(1348,1346),(1348,1347),(1364,1349),(1364,1350),(1364,1351),(1364,1352),(1364,1353),(1364,1354),(1364,1355),(1364,1356),(1364,1357),(1364,1358),(1364,1359),(1364,1360),(1364,1361),(1364,1362),(1364,1363),(1380,1365),(1380,1366),(1380,1367),(1380,1368),(1380,1369),(1380,1370),(1380,1371),(1380,1372),(1380,1373),(1380,1374),(1380,1375),(1380,1376),(1380,1377),(1380,1378),(1380,1379),(1396,1381),(1396,1382),(1396,1383),(1396,1384),(1396,1385),(1396,1386),(1396,1387),(1396,1388),(1396,1389),(1396,1390),(1396,1391),(1396,1392),(1396,1393),(1396,1394),(1396,1395),(1412,1397),(1412,1398),(1412,1399),(1412,1400),(1412,1401),(1412,1402),(1412,1403),(1412,1404),(1412,1405),(1412,1406),(1412,1407),(1412,1408),(1412,1409),(1412,1410),(1412,1411),(1428,1413),(1428,1414),(1428,1415),(1428,1416),(1428,1417),(1428,1418),(1428,1419),(1428,1420),(1428,1421),(1428,1422),(1428,1423),(1428,1424),(1428,1425),(1428,1426),(1428,1427),(1444,1429),(1444,1430),(1444,1431),(1444,1432),(1444,1433),(1444,1434),(1444,1435),(1444,1436),(1444,1437),(1444,1438),(1444,1439),(1444,1440),(1444,1441),(1444,1442),(1444,1443),(1460,1445),(1460,1446),(1460,1447),(1460,1448),(1460,1449),(1460,1450),(1460,1451),(1460,1452),(1460,1453),(1460,1454),(1460,1455),(1460,1456),(1460,1457),(1460,1458),(1460,1459),(1476,1461),(1476,1462),(1476,1463),(1476,1464),(1476,1465),(1476,1466),(1476,1467),(1476,1468),(1476,1469),(1476,1470),(1476,1471),(1476,1472),(1476,1473),(1476,1474),(1476,1475),(1492,1477),(1492,1478),(1492,1479),(1492,1480),(1492,1481),(1492,1482),(1492,1483),(1492,1484),(1492,1485),(1492,1486),(1492,1487),(1492,1488),(1492,1489),(1492,1490),(1492,1491),(1508,1493),(1508,1494),(1508,1495),(1508,1496),(1508,1497),(1508,1498),(1508,1499),(1508,1500),(1508,1501),(1508,1502),(1508,1503),(1508,1504),(1508,1505),(1508,1506),(1508,1507),(1524,1509),(1524,1510),(1524,1511),(1524,1512),(1524,1513),(1524,1514),(1524,1515),(1524,1516),(1524,1517),(1524,1518),(1524,1519),(1524,1520),(1524,1521),(1524,1522),(1524,1523),(1540,1525),(1540,1526),(1540,1527),(1540,1528),(1540,1529),(1540,1530),(1540,1531),(1540,1532),(1540,1533),(1540,1534),(1540,1535),(1540,1536),(1540,1537),(1540,1538),(1540,1539),(1556,1541),(1556,1542),(1556,1543),(1556,1544),(1556,1545),(1556,1546),(1556,1547),(1556,1548),(1556,1549),(1556,1550),(1556,1551),(1556,1552),(1556,1553),(1556,1554),(1556,1555),(1572,1557),(1572,1558),(1572,1559),(1572,1560),(1572,1561),(1572,1562),(1572,1563),(1572,1564),(1572,1565),(1572,1566),(1572,1567),(1572,1568),(1572,1569),(1572,1570),(1572,1571),(1588,1573),(1588,1574),(1588,1575),(1588,1576),(1588,1577),(1588,1578),(1588,1579),(1588,1580),(1588,1581),(1588,1582),(1588,1583),(1588,1584),(1588,1585),(1588,1586),(1588,1587),(1604,1589),(1604,1590),(1604,1591),(1604,1592),(1604,1593),(1604,1594),(1604,1595),(1604,1596),(1604,1597),(1604,1598),(1604,1599),(1604,1600),(1604,1601),(1604,1602),(1604,1603),(1620,1605),(1620,1606),(1620,1607),(1620,1608),(1620,1609),(1620,1610),(1620,1611),(1620,1612),(1620,1613),(1620,1614),(1620,1615),(1620,1616),(1620,1617),(1620,1618),(1620,1619),(1636,1621),(1636,1622),(1636,1623),(1636,1624),(1636,1625),(1636,1626),(1636,1627),(1636,1628),(1636,1629),(1636,1630),(1636,1631),(1636,1632),(1636,1633),(1636,1634),(1636,1635),(1652,1637),(1652,1638),(1652,1639),(1652,1640),(1652,1641),(1652,1642),(1652,1643),(1652,1644),(1652,1645),(1652,1646),(1652,1647),(1652,1648),(1652,1649),(1652,1650),(1652,1651),(1668,1653),(1668,1654),(1668,1655),(1668,1656),(1668,1657),(1668,1658),(1668,1659),(1668,1660),(1668,1661),(1668,1662),(1668,1663),(1668,1664),(1668,1665),(1668,1666),(1668,1667),(1684,1669),(1684,1670),(1684,1671),(1684,1672),(1684,1673),(1684,1674),(1684,1675),(1684,1676),(1684,1677),(1684,1678),(1684,1679),(1684,1680),(1684,1681),(1684,1682),(1684,1683),(1700,1685),(1700,1686),(1700,1687),(1700,1688),(1700,1689),(1700,1690),(1700,1691),(1700,1692),(1700,1693),(1700,1694),(1700,1695),(1700,1696),(1700,1697),(1700,1698),(1700,1699),(1716,1701),(1716,1702),(1716,1703),(1716,1704),(1716,1705),(1716,1706),(1716,1707),(1716,1708),(1716,1709),(1716,1710),(1716,1711),(1716,1712),(1716,1713),(1716,1714),(1716,1715),(1732,1717),(1732,1718),(1732,1719),(1732,1720),(1732,1721),(1732,1722),(1732,1723),(1732,1724),(1732,1725),(1732,1726),(1732,1727),(1732,1728),(1732,1729),(1732,1730),(1732,1731),(1748,1733),(1748,1734),(1748,1735),(1748,1736),(1748,1737),(1748,1738),(1748,1739),(1748,1740),(1748,1741),(1748,1742),(1748,1743),(1748,1744),(1748,1745),(1748,1746),(1748,1747),(1764,1749),(1764,1750),(1764,1751),(1764,1752),(1764,1753),(1764,1754),(1764,1755),(1764,1756),(1764,1757),(1764,1758),(1764,1759),(1764,1760),(1764,1761),(1764,1762),(1764,1763),(1780,1765),(1780,1766),(1780,1767),(1780,1768),(1780,1769),(1780,1770),(1780,1771),(1780,1772),(1780,1773),(1780,1774),(1780,1775),(1780,1776),(1780,1777),(1780,1778),(1780,1779),(1796,1781),(1796,1782),(1796,1783),(1796,1784),(1796,1785),(1796,1786),(1796,1787),(1796,1788),(1796,1789),(1796,1790),(1796,1791),(1796,1792),(1796,1793),(1796,1794),(1796,1795),(1812,1797),(1812,1798),(1812,1799),(1812,1800),(1812,1801),(1812,1802),(1812,1803),(1812,1804),(1812,1805),(1812,1806),(1812,1807),(1812,1808),(1812,1809),(1812,1810),(1812,1811),(1819,1813),(1819,1814),(1819,1815),(1819,1816),(1819,1817),(1819,1818),(1826,1820),(1826,1821),(1826,1822),(1826,1823),(1826,1824),(1826,1825),(1833,1827),(1833,1828),(1833,1829),(1833,1830),(1833,1831),(1833,1832),(1840,1834),(1840,1835),(1840,1836),(1840,1837),(1840,1838),(1840,1839),(1847,1841),(1847,1842),(1847,1843),(1847,1844),(1847,1845),(1847,1846),(1854,1848),(1854,1849),(1854,1850),(1854,1851),(1854,1852),(1854,1853),(1861,1855),(1861,1856),(1861,1857),(1861,1858),(1861,1859),(1861,1860),(1868,1862),(1868,1863),(1868,1864),(1868,1865),(1868,1866),(1868,1867),(1875,1869),(1875,1870),(1875,1871),(1875,1872),(1875,1873),(1875,1874),(1882,1876),(1882,1877),(1882,1878),(1882,1879),(1882,1880),(1882,1881),(1889,1883),(1889,1884),(1889,1885),(1889,1886),(1889,1887),(1889,1888),(1896,1890),(1896,1891),(1896,1892),(1896,1893),(1896,1894),(1896,1895),(1903,1897),(1903,1898),(1903,1899),(1903,1900),(1903,1901),(1903,1902),(1919,1904),(1919,1905),(1919,1906),(1919,1907),(1919,1908),(1919,1909),(1919,1910),(1919,1911),(1919,1912),(1919,1913),(1919,1914),(1919,1915),(1919,1916),(1919,1917),(1919,1918),(1935,1920),(1935,1921),(1935,1922),(1935,1923),(1935,1924),(1935,1925),(1935,1926),(1935,1927),(1935,1928),(1935,1929),(1935,1930),(1935,1931),(1935,1932),(1935,1933),(1935,1934),(1951,1936),(1951,1937),(1951,1938),(1951,1939),(1951,1940),(1951,1941),(1951,1942),(1951,1943),(1951,1944),(1951,1945),(1951,1946),(1951,1947),(1951,1948),(1951,1949),(1951,1950),(1967,1952),(1967,1953),(1967,1954),(1967,1955),(1967,1956),(1967,1957),(1967,1958),(1967,1959),(1967,1960),(1967,1961),(1967,1962),(1967,1963),(1967,1964),(1967,1965),(1967,1966),(1983,1968),(1983,1969),(1983,1970),(1983,1971),(1983,1972),(1983,1973),(1983,1974),(1983,1975),(1983,1976),(1983,1977),(1983,1978),(1983,1979),(1983,1980),(1983,1981),(1983,1982),(1990,1984),(1990,1985),(1990,1986),(1990,1987),(1990,1988),(1990,1989),(1997,1991),(1997,1992),(1997,1993),(1997,1994),(1997,1995),(1997,1996),(2003,1998),(2003,1999),(2003,2000),(2003,2001),(2003,2002),(2010,2004),(2010,2005),(2010,2006),(2010,2007),(2010,2008),(2010,2009),(2017,2011),(2017,2012),(2017,2013),(2017,2014),(2017,2015),(2017,2016),(2024,2018),(2024,2019),(2024,2020),(2024,2021),(2024,2022),(2024,2023),(2040,2025),(2040,2026),(2040,2027),(2040,2028),(2040,2029),(2040,2030),(2040,2031),(2040,2032),(2040,2033),(2040,2034),(2040,2035),(2040,2036),(2040,2037),(2040,2038),(2040,2039);

--
-- Table structure for table `catalog_product_super_attribute`
--

CREATE TABLE `catalog_product_super_attribute` (
  `product_super_attribute_id` int unsigned NOT NULL AUTO_INCREMENT COMMENT 'Product Super Attribute ID',
  `product_id` int unsigned NOT NULL DEFAULT '0' COMMENT 'Product ID',
  `attribute_id` smallint unsigned NOT NULL DEFAULT '0' COMMENT 'Attribute ID',
  `position` smallint unsigned NOT NULL DEFAULT '0' COMMENT 'Position',
  PRIMARY KEY (`product_super_attribute_id`),
  UNIQUE KEY `CATALOG_PRODUCT_SUPER_ATTRIBUTE_PRODUCT_ID_ATTRIBUTE_ID` (`product_id`,`attribute_id`),
  CONSTRAINT `CAT_PRD_SPR_ATTR_PRD_ID_CAT_PRD_ENTT_ENTT_ID` FOREIGN KEY (`product_id`) REFERENCES `catalog_product_entity` (`entity_id`) ON DELETE CASCADE
) ENGINE=InnoDB AUTO_INCREMENT=296 DEFAULT CHARSET=utf8mb3 COMMENT='Catalog Product Super Attribute Table';

--
-- Dumping data for table `catalog_product_super_attribute`
--

INSERT INTO `catalog_product_super_attribute` VALUES (2,62,144,0),(3,62,93,1),(4,78,144,0),(5,78,93,1),(6,94,144,0),(7,94,93,1),(8,110,144,0),(9,110,93,1),(10,126,144,0),(11,126,93,1),(12,142,144,0),(13,142,93,1),(14,158,144,0),(15,158,93,1),(16,174,144,0),(17,174,93,1),(18,190,144,0),(19,190,93,1),(20,206,144,0),(21,206,93,1),(22,222,144,0),(23,222,93,1),(24,238,144,0),(25,238,93,1),(26,254,144,0),(27,254,93,1),(28,270,144,0),(29,270,93,1),(30,286,144,0),(31,286,93,1),(32,302,144,0),(33,302,93,1),(34,318,144,0),(35,318,93,1),(36,334,144,0),(37,334,93,1),(38,350,144,0),(39,350,93,1),(40,366,144,0),(41,366,93,1),(42,382,144,0),(43,382,93,1),(44,398,144,0),(45,398,93,1),(46,414,144,0),(47,414,93,1),(48,430,144,0),(49,430,93,1),(50,446,144,0),(51,446,93,1),(52,462,144,0),(53,462,93,1),(54,478,144,0),(55,478,93,1),(56,494,144,0),(57,494,93,1),(58,510,144,0),(59,510,93,1),(60,526,144,0),(61,526,93,1),(62,542,144,0),(63,542,93,1),(64,558,144,0),(65,558,93,1),(66,574,144,0),(67,574,93,1),(68,590,144,0),(69,590,93,1),(70,606,144,0),(71,606,93,1),(72,622,144,0),(73,622,93,1),(74,638,144,0),(75,638,93,1),(76,654,144,0),(77,654,93,1),(78,670,144,0),(79,670,93,1),(80,676,144,0),(81,676,93,1),(82,682,144,0),(83,682,93,1),(84,688,144,0),(85,688,93,1),(86,694,144,0),(87,694,93,1),(88,700,144,0),(89,700,93,1),(90,706,144,0),(91,706,93,1),(92,712,144,0),(93,712,93,1),(94,718,144,0),(95,718,93,1),(96,724,144,0),(97,724,93,1),(98,737,144,0),(99,737,93,1),(100,750,144,0),(101,750,93,1),(102,763,144,0),(103,763,93,1),(104,776,144,0),(105,776,93,1),(106,789,144,0),(107,789,93,1),(108,802,144,0),(109,802,93,1),(110,815,144,0),(111,815,93,1),(112,828,144,0),(113,828,93,1),(114,841,144,0),(115,841,93,1),(116,854,144,0),(117,854,93,1),(118,867,144,0),(119,867,93,1),(120,880,144,0),(121,880,93,1),(122,893,144,0),(123,893,93,1),(124,898,144,0),(125,898,93,1),(126,911,144,0),(127,911,93,1),(128,924,144,0),(129,924,93,1),(130,937,144,0),(131,937,93,1),(132,950,144,0),(133,950,93,1),(134,963,144,0),(135,963,93,1),(136,976,144,0),(137,976,93,1),(138,989,144,0),(139,989,93,1),(140,1002,144,0),(141,1002,93,1),(142,1015,144,0),(143,1015,93,1),(144,1028,144,0),(145,1028,93,1),(146,1044,144,0),(147,1044,93,1),(148,1060,144,0),(149,1060,93,1),(150,1076,144,0),(151,1076,93,1),(152,1092,144,0),(153,1092,93,1),(154,1108,144,0),(155,1108,93,1),(156,1114,144,0),(157,1114,93,1),(158,1130,144,0),(159,1130,93,1),(160,1146,144,0),(161,1146,93,1),(162,1162,144,0),(163,1162,93,1),(164,1178,144,0),(165,1178,93,1),(166,1194,144,0),(167,1194,93,1),(168,1210,144,0),(169,1210,93,1),(170,1220,144,0),(171,1220,93,1),(172,1236,144,0),(173,1236,93,1),(174,1252,144,0),(175,1252,93,1),(176,1268,144,0),(177,1268,93,1),(178,1284,144,0),(179,1284,93,1),(180,1300,144,0),(181,1300,93,1),(182,1316,144,0),(183,1316,93,1),(184,1332,144,0),(185,1332,93,1),(186,1348,144,0),(187,1348,93,1),(188,1364,144,0),(189,1364,93,1),(190,1380,144,0),(191,1380,93,1),(192,1396,144,0),(193,1396,93,1),(194,1412,144,0),(195,1412,93,1),(196,1428,144,0),(197,1428,93,1),(198,1444,144,0),(199,1444,93,1),(200,1460,144,0),(201,1460,93,1),(202,1476,144,0),(203,1476,93,1),(204,1492,144,0),(205,1492,93,1),(206,1508,144,0),(207,1508,93,1),(208,1524,144,0),(209,1524,93,1),(210,1540,144,0),(211,1540,93,1),(212,1556,144,0),(213,1556,93,1),(214,1572,144,0),(215,1572,93,1),(216,1588,144,0),(217,1588,93,1),(218,1604,144,0),(219,1604,93,1),(220,1620,144,0),(221,1620,93,1),(222,1636,144,0),(223,1636,93,1),(224,1652,144,0),(225,1652,93,1),(226,1668,144,0),(227,1668,93,1),(228,1684,144,0),(229,1684,93,1),(230,1700,144,0),(231,1700,93,1),(232,1716,144,0),(233,1716,93,1),(234,1732,144,0),(235,1732,93,1),(236,1748,144,0),(237,1748,93,1),(238,1764,144,0),(239,1764,93,1),(240,1780,144,0),(241,1780,93,1),(242,1796,144,0),(243,1796,93,1),(244,1812,144,0),(245,1812,93,1),(246,1819,144,0),(247,1819,93,1),(248,1826,144,0),(249,1826,93,1),(250,1833,144,0),(251,1833,93,1),(252,1840,144,0),(253,1840,93,1),(254,1847,144,0),(255,1847,93,1),(256,1854,144,0),(257,1854,93,1),(258,1861,144,0),(259,1861,93,1),(260,1868,144,0),(261,1868,93,1),(262,1875,144,0),(263,1875,93,1),(264,1882,144,0),(265,1882,93,1),(266,1889,144,0),(267,1889,93,1),(268,1896,144,0),(269,1896,93,1),(270,1903,144,0),(271,1903,93,1),(272,1919,144,0),(273,1919,93,1),(274,1935,144,0),(275,1935,93,1),(276,1951,144,0),(277,1951,93,1),(278,1967,144,0),(279,1967,93,1),(280,1983,144,0),(281,1983,93,1),(282,1990,144,0),(283,1990,93,1),(284,1997,144,0),(285,1997,93,1),(286,2003,144,0),(287,2003,93,1),(288,2010,144,0),(289,2010,93,1),(290,2017,144,0),(291,2017,93,1),(292,2024,144,0),(293,2024,93,1),(294,2040,144,0),(295,2040,93,1);

--
-- Table structure for table `catalog_product_super_attribute_label`
--

CREATE TABLE `catalog_product_super_attribute_label` (
  `value_id` int unsigned NOT NULL AUTO_INCREMENT COMMENT 'Value ID',
  `product_super_attribute_id` int unsigned NOT NULL DEFAULT '0' COMMENT 'Product Super Attribute ID',
  `store_id` smallint unsigned NOT NULL DEFAULT '0' COMMENT 'Store ID',
  `use_default` smallint unsigned DEFAULT '0' COMMENT 'Use Default Value',
  `value` varchar(255) DEFAULT NULL COMMENT 'Value',
  PRIMARY KEY (`value_id`),
  UNIQUE KEY `CAT_PRD_SPR_ATTR_LBL_PRD_SPR_ATTR_ID_STORE_ID` (`product_super_attribute_id`,`store_id`),
  KEY `CATALOG_PRODUCT_SUPER_ATTRIBUTE_LABEL_STORE_ID` (`store_id`),
  CONSTRAINT `CATALOG_PRODUCT_SUPER_ATTRIBUTE_LABEL_STORE_ID_STORE_STORE_ID` FOREIGN KEY (`store_id`) REFERENCES `store` (`store_id`) ON DELETE CASCADE,
  CONSTRAINT `FK_309442281DF7784210ED82B2CC51E5D5` FOREIGN KEY (`product_super_attribute_id`) REFERENCES `catalog_product_super_attribute` (`product_super_attribute_id`) ON DELETE CASCADE
) ENGINE=InnoDB AUTO_INCREMENT=295 DEFAULT CHARSET=utf8mb3 COMMENT='Catalog Product Super Attribute Label Table';

--
-- Dumping data for table `catalog_product_super_attribute_label`
--

INSERT INTO `catalog_product_super_attribute_label` VALUES (1,2,0,0,'Size'),(2,3,0,0,'Color'),(3,4,0,0,'Size'),(4,5,0,0,'Color'),(5,6,0,0,'Size'),(6,7,0,0,'Color'),(7,8,0,0,'Size'),(8,9,0,0,'Color'),(9,10,0,0,'Size'),(10,11,0,0,'Color'),(11,12,0,0,'Size'),(12,13,0,0,'Color'),(13,14,0,0,'Size'),(14,15,0,0,'Color'),(15,16,0,0,'Size'),(16,17,0,0,'Color'),(17,18,0,0,'Size'),(18,19,0,0,'Color'),(19,20,0,0,'Size'),(20,21,0,0,'Color'),(21,22,0,0,'Size'),(22,23,0,0,'Color'),(23,24,0,0,'Size'),(24,25,0,0,'Color'),(25,26,0,0,'Size'),(26,27,0,0,'Color'),(27,28,0,0,'Size'),(28,29,0,0,'Color'),(29,30,0,0,'Size'),(30,31,0,0,'Color'),(31,32,0,0,'Size'),(32,33,0,0,'Color'),(33,34,0,0,'Size'),(34,35,0,0,'Color'),(35,36,0,0,'Size'),(36,37,0,0,'Color'),(37,38,0,0,'Size'),(38,39,0,0,'Color'),(39,40,0,0,'Size'),(40,41,0,0,'Color'),(41,42,0,0,'Size'),(42,43,0,0,'Color'),(43,44,0,0,'Size'),(44,45,0,0,'Color'),(45,46,0,0,'Size'),(46,47,0,0,'Color'),(47,48,0,0,'Size'),(48,49,0,0,'Color'),(49,50,0,0,'Size'),(50,51,0,0,'Color'),(51,52,0,0,'Size'),(52,53,0,0,'Color'),(53,54,0,0,'Size'),(54,55,0,0,'Color'),(55,56,0,0,'Size'),(56,57,0,0,'Color'),(57,58,0,0,'Size'),(58,59,0,0,'Color'),(59,60,0,0,'Size'),(60,61,0,0,'Color'),(61,62,0,0,'Size'),(62,63,0,0,'Color'),(63,64,0,0,'Size'),(64,65,0,0,'Color'),(65,66,0,0,'Size'),(66,67,0,0,'Color'),(67,68,0,0,'Size'),(68,69,0,0,'Color'),(69,70,0,0,'Size'),(70,71,0,0,'Color'),(71,72,0,0,'Size'),(72,73,0,0,'Color'),(73,74,0,0,'Size'),(74,75,0,0,'Color'),(75,76,0,0,'Size'),(76,77,0,0,'Color'),(77,78,0,0,'Size'),(78,79,0,0,'Color'),(79,80,0,0,'Size'),(80,81,0,0,'Color'),(81,82,0,0,'Size'),(82,83,0,0,'Color'),(83,84,0,0,'Size'),(84,85,0,0,'Color'),(85,86,0,0,'Size'),(86,87,0,0,'Color'),(87,88,0,0,'Size'),(88,89,0,0,'Color'),(89,90,0,0,'Size'),(90,91,0,0,'Color'),(91,92,0,0,'Size'),(92,93,0,0,'Color'),(93,94,0,0,'Size'),(94,95,0,0,'Color'),(95,96,0,0,'Size'),(96,97,0,0,'Color'),(97,98,0,0,'Size'),(98,99,0,0,'Color'),(99,100,0,0,'Size'),(100,101,0,0,'Color'),(101,102,0,0,'Size'),(102,103,0,0,'Color'),(103,104,0,0,'Size'),(104,105,0,0,'Color'),(105,106,0,0,'Size'),(106,107,0,0,'Color'),(107,108,0,0,'Size'),(108,109,0,0,'Color'),(109,110,0,0,'Size'),(110,111,0,0,'Color'),(111,112,0,0,'Size'),(112,113,0,0,'Color'),(113,114,0,0,'Size'),(114,115,0,0,'Color'),(115,116,0,0,'Size'),(116,117,0,0,'Color'),(117,118,0,0,'Size'),(118,119,0,0,'Color'),(119,120,0,0,'Size'),(120,121,0,0,'Color'),(121,122,0,0,'Size'),(122,123,0,0,'Color'),(123,124,0,0,'Size'),(124,125,0,0,'Color'),(125,126,0,0,'Size'),(126,127,0,0,'Color'),(127,128,0,0,'Size'),(128,129,0,0,'Color'),(129,130,0,0,'Size'),(130,131,0,0,'Color'),(131,132,0,0,'Size'),(132,133,0,0,'Color'),(133,134,0,0,'Size'),(134,135,0,0,'Color'),(135,136,0,0,'Size'),(136,137,0,0,'Color'),(137,138,0,0,'Size'),(138,139,0,0,'Color'),(139,140,0,0,'Size'),(140,141,0,0,'Color'),(141,142,0,0,'Size'),(142,143,0,0,'Color'),(143,144,0,0,'Size'),(144,145,0,0,'Color'),(145,146,0,0,'Size'),(146,147,0,0,'Color'),(147,148,0,0,'Size'),(148,149,0,0,'Color'),(149,150,0,0,'Size'),(150,151,0,0,'Color'),(151,152,0,0,'Size'),(152,153,0,0,'Color'),(153,154,0,0,'Size'),(154,155,0,0,'Color'),(155,156,0,0,'Size'),(156,157,0,0,'Color'),(157,158,0,0,'Size'),(158,159,0,0,'Color'),(159,160,0,0,'Size'),(160,161,0,0,'Color'),(161,162,0,0,'Size'),(162,163,0,0,'Color'),(163,164,0,0,'Size'),(164,165,0,0,'Color'),(165,166,0,0,'Size'),(166,167,0,0,'Color'),(167,168,0,0,'Size'),(168,169,0,0,'Color'),(169,170,0,0,'Size'),(170,171,0,0,'Color'),(171,172,0,0,'Size'),(172,173,0,0,'Color'),(173,174,0,0,'Size'),(174,175,0,0,'Color'),(175,176,0,0,'Size'),(176,177,0,0,'Color'),(177,178,0,0,'Size'),(178,179,0,0,'Color'),(179,180,0,0,'Size'),(180,181,0,0,'Color'),(181,182,0,0,'Size'),(182,183,0,0,'Color'),(183,184,0,0,'Size'),(184,185,0,0,'Color'),(185,186,0,0,'Size'),(186,187,0,0,'Color'),(187,188,0,0,'Size'),(188,189,0,0,'Color'),(189,190,0,0,'Size'),(190,191,0,0,'Color'),(191,192,0,0,'Size'),(192,193,0,0,'Color'),(193,194,0,0,'Size'),(194,195,0,0,'Color'),(195,196,0,0,'Size'),(196,197,0,0,'Color'),(197,198,0,0,'Size'),(198,199,0,0,'Color'),(199,200,0,0,'Size'),(200,201,0,0,'Color'),(201,202,0,0,'Size'),(202,203,0,0,'Color'),(203,204,0,0,'Size'),(204,205,0,0,'Color'),(205,206,0,0,'Size'),(206,207,0,0,'Color'),(207,208,0,0,'Size'),(208,209,0,0,'Color'),(209,210,0,0,'Size'),(210,211,0,0,'Color'),(211,212,0,0,'Size'),(212,213,0,0,'Color'),(213,214,0,0,'Size'),(214,215,0,0,'Color'),(215,216,0,0,'Size'),(216,217,0,0,'Color'),(217,218,0,0,'Size'),(218,219,0,0,'Color'),(219,220,0,0,'Size'),(220,221,0,0,'Color'),(221,222,0,0,'Size'),(222,223,0,0,'Color'),(223,224,0,0,'Size'),(224,225,0,0,'Color'),(225,226,0,0,'Size'),(226,227,0,0,'Color'),(227,228,0,0,'Size'),(228,229,0,0,'Color'),(229,230,0,0,'Size'),(230,231,0,0,'Color'),(231,232,0,0,'Size'),(232,233,0,0,'Color'),(233,234,0,0,'Size'),(234,235,0,0,'Color'),(235,236,0,0,'Size'),(236,237,0,0,'Color'),(237,238,0,0,'Size'),(238,239,0,0,'Color'),(239,240,0,0,'Size'),(240,241,0,0,'Color'),(241,242,0,0,'Size'),(242,243,0,0,'Color'),(243,244,0,0,'Size'),(244,245,0,0,'Color'),(245,246,0,0,'Size'),(246,247,0,0,'Color'),(247,248,0,0,'Size'),(248,249,0,0,'Color'),(249,250,0,0,'Size'),(250,251,0,0,'Color'),(251,252,0,0,'Size'),(252,253,0,0,'Color'),(253,254,0,0,'Size'),(254,255,0,0,'Color'),(255,256,0,0,'Size'),(256,257,0,0,'Color'),(257,258,0,0,'Size'),(258,259,0,0,'Color'),(259,260,0,0,'Size'),(260,261,0,0,'Color'),(261,262,0,0,'Size'),(262,263,0,0,'Color'),(263,264,0,0,'Size'),(264,265,0,0,'Color'),(265,266,0,0,'Size'),(266,267,0,0,'Color'),(267,268,0,0,'Size'),(268,269,0,0,'Color'),(269,270,0,0,'Size'),(270,271,0,0,'Color'),(271,272,0,0,'Size'),(272,273,0,0,'Color'),(273,274,0,0,'Size'),(274,275,0,0,'Color'),(275,276,0,0,'Size'),(276,277,0,0,'Color'),(277,278,0,0,'Size'),(278,279,0,0,'Color'),(279,280,0,0,'Size'),(280,281,0,0,'Color'),(281,282,0,0,'Size'),(282,283,0,0,'Color'),(283,284,0,0,'Size'),(284,285,0,0,'Color'),(285,286,0,0,'Size'),(286,287,0,0,'Color'),(287,288,0,0,'Size'),(288,289,0,0,'Color'),(289,290,0,0,'Size'),(290,291,0,0,'Color'),(291,292,0,0,'Size'),(292,293,0,0,'Color'),(293,294,0,0,'Size'),(294,295,0,0,'Color');

--
-- Table structure for table `catalog_product_super_link`
--

CREATE TABLE `catalog_product_super_link` (
  `link_id` int unsigned NOT NULL AUTO_INCREMENT COMMENT 'Link ID',
  `product_id` int unsigned NOT NULL DEFAULT '0' COMMENT 'Product ID',
  `parent_id` int unsigned NOT NULL DEFAULT '0' COMMENT 'Parent ID',
  PRIMARY KEY (`link_id`),
  UNIQUE KEY `CATALOG_PRODUCT_SUPER_LINK_PRODUCT_ID_PARENT_ID` (`product_id`,`parent_id`),
  KEY `CATALOG_PRODUCT_SUPER_LINK_PARENT_ID` (`parent_id`),
  CONSTRAINT `CAT_PRD_SPR_LNK_PARENT_ID_CAT_PRD_ENTT_ENTT_ID` FOREIGN KEY (`parent_id`) REFERENCES `catalog_product_entity` (`entity_id`) ON DELETE CASCADE,
  CONSTRAINT `CAT_PRD_SPR_LNK_PRD_ID_CAT_PRD_ENTT_ENTT_ID` FOREIGN KEY (`product_id`) REFERENCES `catalog_product_entity` (`entity_id`) ON DELETE CASCADE
) ENGINE=InnoDB AUTO_INCREMENT=2100 DEFAULT CHARSET=utf8mb3 COMMENT='Catalog Product Super Link Table';

--
-- Dumping data for table `catalog_product_super_link`
--

INSERT INTO `catalog_product_super_link` VALUES (1,47,62),(2,48,62),(3,49,62),(4,50,62),(5,51,62),(6,52,62),(7,53,62),(8,54,62),(9,55,62),(10,56,62),(11,57,62),(12,58,62),(13,59,62),(14,60,62),(15,61,62),(16,63,78),(17,64,78),(18,65,78),(19,66,78),(20,67,78),(21,68,78),(22,69,78),(23,70,78),(24,71,78),(25,72,78),(26,73,78),(27,74,78),(28,75,78),(29,76,78),(30,77,78),(31,79,94),(32,80,94),(33,81,94),(34,82,94),(35,83,94),(36,84,94),(37,85,94),(38,86,94),(39,87,94),(40,88,94),(41,89,94),(42,90,94),(43,91,94),(44,92,94),(45,93,94),(46,95,110),(47,96,110),(48,97,110),(49,98,110),(50,99,110),(51,100,110),(52,101,110),(53,102,110),(54,103,110),(55,104,110),(56,105,110),(57,106,110),(58,107,110),(59,108,110),(60,109,110),(61,111,126),(62,112,126),(63,113,126),(64,114,126),(65,115,126),(66,116,126),(67,117,126),(68,118,126),(69,119,126),(70,120,126),(71,121,126),(72,122,126),(73,123,126),(74,124,126),(75,125,126),(76,127,142),(77,128,142),(78,129,142),(79,130,142),(80,131,142),(81,132,142),(82,133,142),(83,134,142),(84,135,142),(85,136,142),(86,137,142),(87,138,142),(88,139,142),(89,140,142),(90,141,142),(91,143,158),(92,144,158),(93,145,158),(94,146,158),(95,147,158),(96,148,158),(97,149,158),(98,150,158),(99,151,158),(100,152,158),(101,153,158),(102,154,158),(103,155,158),(104,156,158),(105,157,158),(106,159,174),(107,160,174),(108,161,174),(109,162,174),(110,163,174),(111,164,174),(112,165,174),(113,166,174),(114,167,174),(115,168,174),(116,169,174),(117,170,174),(118,171,174),(119,172,174),(120,173,174),(121,175,190),(122,176,190),(123,177,190),(124,178,190),(125,179,190),(126,180,190),(127,181,190),(128,182,190),(129,183,190),(130,184,190),(131,185,190),(132,186,190),(133,187,190),(134,188,190),(135,189,190),(136,191,206),(137,192,206),(138,193,206),(139,194,206),(140,195,206),(141,196,206),(142,197,206),(143,198,206),(144,199,206),(145,200,206),(146,201,206),(147,202,206),(148,203,206),(149,204,206),(150,205,206),(151,207,222),(152,208,222),(153,209,222),(154,210,222),(155,211,222),(156,212,222),(157,213,222),(158,214,222),(159,215,222),(160,216,222),(161,217,222),(162,218,222),(163,219,222),(164,220,222),(165,221,222),(166,223,238),(167,224,238),(168,225,238),(169,226,238),(170,227,238),(171,228,238),(172,229,238),(173,230,238),(174,231,238),(175,232,238),(176,233,238),(177,234,238),(178,235,238),(179,236,238),(180,237,238),(196,239,254),(197,240,254),(198,241,254),(199,242,254),(200,243,254),(201,244,254),(202,245,254),(203,246,254),(204,247,254),(205,248,254),(206,249,254),(207,250,254),(208,251,254),(209,252,254),(210,253,254),(211,255,270),(212,256,270),(213,257,270),(214,258,270),(215,259,270),(216,260,270),(217,261,270),(218,262,270),(219,263,270),(220,264,270),(221,265,270),(222,266,270),(223,267,270),(224,268,270),(225,269,270),(226,271,286),(227,272,286),(228,273,286),(229,274,286),(230,275,286),(231,276,286),(232,277,286),(233,278,286),(234,279,286),(235,280,286),(236,281,286),(237,282,286),(238,283,286),(239,284,286),(240,285,286),(241,287,302),(242,288,302),(243,289,302),(244,290,302),(245,291,302),(246,292,302),(247,293,302),(248,294,302),(249,295,302),(250,296,302),(251,297,302),(252,298,302),(253,299,302),(254,300,302),(255,301,302),(256,303,318),(257,304,318),(258,305,318),(259,306,318),(260,307,318),(261,308,318),(262,309,318),(263,310,318),(264,311,318),(265,312,318),(266,313,318),(267,314,318),(268,315,318),(269,316,318),(270,317,318),(271,319,334),(272,320,334),(273,321,334),(274,322,334),(275,323,334),(276,324,334),(277,325,334),(278,326,334),(279,327,334),(280,328,334),(281,329,334),(282,330,334),(283,331,334),(284,332,334),(285,333,334),(301,335,350),(302,336,350),(303,337,350),(304,338,350),(305,339,350),(306,340,350),(307,341,350),(308,342,350),(309,343,350),(310,344,350),(311,345,350),(312,346,350),(313,347,350),(314,348,350),(315,349,350),(316,351,366),(317,352,366),(318,353,366),(319,354,366),(320,355,366),(321,356,366),(322,357,366),(323,358,366),(324,359,366),(325,360,366),(326,361,366),(327,362,366),(328,363,366),(329,364,366),(330,365,366),(331,367,382),(332,368,382),(333,369,382),(334,370,382),(335,371,382),(336,372,382),(337,373,382),(338,374,382),(339,375,382),(340,376,382),(341,377,382),(342,378,382),(343,379,382),(344,380,382),(345,381,382),(346,383,398),(347,384,398),(348,385,398),(349,386,398),(350,387,398),(351,388,398),(352,389,398),(353,390,398),(354,391,398),(355,392,398),(356,393,398),(357,394,398),(358,395,398),(359,396,398),(360,397,398),(361,399,414),(362,400,414),(363,401,414),(364,402,414),(365,403,414),(366,404,414),(367,405,414),(368,406,414),(369,407,414),(370,408,414),(371,409,414),(372,410,414),(373,411,414),(374,412,414),(375,413,414),(376,415,430),(377,416,430),(378,417,430),(379,418,430),(380,419,430),(381,420,430),(382,421,430),(383,422,430),(384,423,430),(385,424,430),(386,425,430),(387,426,430),(388,427,430),(389,428,430),(390,429,430),(391,431,446),(392,432,446),(393,433,446),(394,434,446),(395,435,446),(396,436,446),(397,437,446),(398,438,446),(399,439,446),(400,440,446),(401,441,446),(402,442,446),(403,443,446),(404,444,446),(405,445,446),(421,447,462),(422,448,462),(423,449,462),(424,450,462),(425,451,462),(426,452,462),(427,453,462),(428,454,462),(429,455,462),(430,456,462),(431,457,462),(432,458,462),(433,459,462),(434,460,462),(435,461,462),(436,463,478),(437,464,478),(438,465,478),(439,466,478),(440,467,478),(441,468,478),(442,469,478),(443,470,478),(444,471,478),(445,472,478),(446,473,478),(447,474,478),(448,475,478),(449,476,478),(450,477,478),(451,479,494),(452,480,494),(453,481,494),(454,482,494),(455,483,494),(456,484,494),(457,485,494),(458,486,494),(459,487,494),(460,488,494),(461,489,494),(462,490,494),(463,491,494),(464,492,494),(465,493,494),(466,495,510),(467,496,510),(468,497,510),(469,498,510),(470,499,510),(471,500,510),(472,501,510),(473,502,510),(474,503,510),(475,504,510),(476,505,510),(477,506,510),(478,507,510),(479,508,510),(480,509,510),(481,511,526),(482,512,526),(483,513,526),(484,514,526),(485,515,526),(486,516,526),(487,517,526),(488,518,526),(489,519,526),(490,520,526),(491,521,526),(492,522,526),(493,523,526),(494,524,526),(495,525,526),(496,527,542),(497,528,542),(498,529,542),(499,530,542),(500,531,542),(501,532,542),(502,533,542),(503,534,542),(504,535,542),(505,536,542),(506,537,542),(507,538,542),(508,539,542),(509,540,542),(510,541,542),(526,543,558),(527,544,558),(528,545,558),(529,546,558),(530,547,558),(531,548,558),(532,549,558),(533,550,558),(534,551,558),(535,552,558),(536,553,558),(537,554,558),(538,555,558),(539,556,558),(540,557,558),(541,559,574),(542,560,574),(543,561,574),(544,562,574),(545,563,574),(546,564,574),(547,565,574),(548,566,574),(549,567,574),(550,568,574),(551,569,574),(552,570,574),(553,571,574),(554,572,574),(555,573,574),(556,575,590),(557,576,590),(558,577,590),(559,578,590),(560,579,590),(561,580,590),(562,581,590),(563,582,590),(564,583,590),(565,584,590),(566,585,590),(567,586,590),(568,587,590),(569,588,590),(570,589,590),(571,591,606),(572,592,606),(573,593,606),(574,594,606),(575,595,606),(576,596,606),(577,597,606),(578,598,606),(579,599,606),(580,600,606),(581,601,606),(582,602,606),(583,603,606),(584,604,606),(585,605,606),(586,607,622),(587,608,622),(588,609,622),(589,610,622),(590,611,622),(591,612,622),(592,613,622),(593,614,622),(594,615,622),(595,616,622),(596,617,622),(597,618,622),(598,619,622),(599,620,622),(600,621,622),(601,623,638),(602,624,638),(603,625,638),(604,626,638),(605,627,638),(606,628,638),(607,629,638),(608,630,638),(609,631,638),(610,632,638),(611,633,638),(612,634,638),(613,635,638),(614,636,638),(615,637,638),(631,639,654),(632,640,654),(633,641,654),(634,642,654),(635,643,654),(636,644,654),(637,645,654),(638,646,654),(639,647,654),(640,648,654),(641,649,654),(642,650,654),(643,651,654),(644,652,654),(645,653,654),(646,655,670),(647,656,670),(648,657,670),(649,658,670),(650,659,670),(651,660,670),(652,661,670),(653,662,670),(654,663,670),(655,664,670),(656,665,670),(657,666,670),(658,667,670),(659,668,670),(660,669,670),(661,671,676),(662,672,676),(663,673,676),(664,674,676),(665,675,676),(666,677,682),(667,678,682),(668,679,682),(669,680,682),(670,681,682),(671,683,688),(672,684,688),(673,685,688),(674,686,688),(675,687,688),(676,689,694),(677,690,694),(678,691,694),(679,692,694),(680,693,694),(681,695,700),(682,696,700),(683,697,700),(684,698,700),(685,699,700),(686,701,706),(687,702,706),(688,703,706),(689,704,706),(690,705,706),(691,707,712),(692,708,712),(693,709,712),(694,710,712),(695,711,712),(696,713,718),(697,714,718),(698,715,718),(699,716,718),(700,717,718),(701,719,724),(702,720,724),(703,721,724),(704,722,724),(705,723,724),(706,725,737),(707,726,737),(708,727,737),(709,728,737),(710,729,737),(711,730,737),(712,731,737),(713,732,737),(714,733,737),(715,734,737),(716,735,737),(717,736,737),(733,738,750),(734,739,750),(735,740,750),(736,741,750),(737,742,750),(738,743,750),(739,744,750),(740,745,750),(741,746,750),(742,747,750),(743,748,750),(744,749,750),(745,751,763),(746,752,763),(747,753,763),(748,754,763),(749,755,763),(750,756,763),(751,757,763),(752,758,763),(753,759,763),(754,760,763),(755,761,763),(756,762,763),(757,764,776),(758,765,776),(759,766,776),(760,767,776),(761,768,776),(762,769,776),(763,770,776),(764,771,776),(765,772,776),(766,773,776),(767,774,776),(768,775,776),(769,777,789),(770,778,789),(771,779,789),(772,780,789),(773,781,789),(774,782,789),(775,783,789),(776,784,789),(777,785,789),(778,786,789),(779,787,789),(780,788,789),(781,790,802),(782,791,802),(783,792,802),(784,793,802),(785,794,802),(786,795,802),(787,796,802),(788,797,802),(789,798,802),(790,799,802),(791,800,802),(792,801,802),(793,803,815),(794,804,815),(795,805,815),(796,806,815),(797,807,815),(798,808,815),(799,809,815),(800,810,815),(801,811,815),(802,812,815),(803,813,815),(804,814,815),(805,816,828),(806,817,828),(807,818,828),(808,819,828),(809,820,828),(810,821,828),(811,822,828),(812,823,828),(813,824,828),(814,825,828),(815,826,828),(816,827,828),(817,829,841),(818,830,841),(819,831,841),(820,832,841),(821,833,841),(822,834,841),(823,835,841),(824,836,841),(825,837,841),(826,838,841),(827,839,841),(828,840,841),(841,842,854),(842,843,854),(843,844,854),(844,845,854),(845,846,854),(846,847,854),(847,848,854),(848,849,854),(849,850,854),(850,851,854),(851,852,854),(852,853,854),(853,855,867),(854,856,867),(855,857,867),(856,858,867),(857,859,867),(858,860,867),(859,861,867),(860,862,867),(861,863,867),(862,864,867),(863,865,867),(864,866,867),(865,868,880),(866,869,880),(867,870,880),(868,871,880),(869,872,880),(870,873,880),(871,874,880),(872,875,880),(873,876,880),(874,877,880),(875,878,880),(876,879,880),(877,881,893),(878,882,893),(879,883,893),(880,884,893),(881,885,893),(882,886,893),(883,887,893),(884,888,893),(885,889,893),(886,890,893),(887,891,893),(888,892,893),(889,894,898),(890,895,898),(891,896,898),(892,897,898),(893,899,911),(894,900,911),(895,901,911),(896,902,911),(897,903,911),(898,904,911),(899,905,911),(900,906,911),(901,907,911),(902,908,911),(903,909,911),(904,910,911),(905,912,924),(906,913,924),(907,914,924),(908,915,924),(909,916,924),(910,917,924),(911,918,924),(912,919,924),(913,920,924),(914,921,924),(915,922,924),(916,923,924),(917,925,937),(918,926,937),(919,927,937),(920,928,937),(921,929,937),(922,930,937),(923,931,937),(924,932,937),(925,933,937),(926,934,937),(927,935,937),(928,936,937),(941,938,950),(942,939,950),(943,940,950),(944,941,950),(945,942,950),(946,943,950),(947,944,950),(948,945,950),(949,946,950),(950,947,950),(951,948,950),(952,949,950),(953,951,963),(954,952,963),(955,953,963),(956,954,963),(957,955,963),(958,956,963),(959,957,963),(960,958,963),(961,959,963),(962,960,963),(963,961,963),(964,962,963),(965,964,976),(966,965,976),(967,966,976),(968,967,976),(969,968,976),(970,969,976),(971,970,976),(972,971,976),(973,972,976),(974,973,976),(975,974,976),(976,975,976),(977,977,989),(978,978,989),(979,979,989),(980,980,989),(981,981,989),(982,982,989),(983,983,989),(984,984,989),(985,985,989),(986,986,989),(987,987,989),(988,988,989),(989,990,1002),(990,991,1002),(991,992,1002),(992,993,1002),(993,994,1002),(994,995,1002),(995,996,1002),(996,997,1002),(997,998,1002),(998,999,1002),(999,1000,1002),(1000,1001,1002),(1001,1003,1015),(1002,1004,1015),(1003,1005,1015),(1004,1006,1015),(1005,1007,1015),(1006,1008,1015),(1007,1009,1015),(1008,1010,1015),(1009,1011,1015),(1010,1012,1015),(1011,1013,1015),(1012,1014,1015),(1013,1016,1028),(1014,1017,1028),(1015,1018,1028),(1016,1019,1028),(1017,1020,1028),(1018,1021,1028),(1019,1022,1028),(1020,1023,1028),(1021,1024,1028),(1022,1025,1028),(1023,1026,1028),(1024,1027,1028),(1025,1029,1044),(1026,1030,1044),(1027,1031,1044),(1028,1032,1044),(1029,1033,1044),(1030,1034,1044),(1031,1035,1044),(1032,1036,1044),(1033,1037,1044),(1034,1038,1044),(1035,1039,1044),(1036,1040,1044),(1037,1041,1044),(1038,1042,1044),(1039,1043,1044),(1052,1045,1060),(1053,1046,1060),(1054,1047,1060),(1055,1048,1060),(1056,1049,1060),(1057,1050,1060),(1058,1051,1060),(1059,1052,1060),(1060,1053,1060),(1061,1054,1060),(1062,1055,1060),(1063,1056,1060),(1064,1057,1060),(1065,1058,1060),(1066,1059,1060),(1067,1061,1076),(1068,1062,1076),(1069,1063,1076),(1070,1064,1076),(1071,1065,1076),(1072,1066,1076),(1073,1067,1076),(1074,1068,1076),(1075,1069,1076),(1076,1070,1076),(1077,1071,1076),(1078,1072,1076),(1079,1073,1076),(1080,1074,1076),(1081,1075,1076),(1082,1077,1092),(1083,1078,1092),(1084,1079,1092),(1085,1080,1092),(1086,1081,1092),(1087,1082,1092),(1088,1083,1092),(1089,1084,1092),(1090,1085,1092),(1091,1086,1092),(1092,1087,1092),(1093,1088,1092),(1094,1089,1092),(1095,1090,1092),(1096,1091,1092),(1097,1093,1108),(1098,1094,1108),(1099,1095,1108),(1100,1096,1108),(1101,1097,1108),(1102,1098,1108),(1103,1099,1108),(1104,1100,1108),(1105,1101,1108),(1106,1102,1108),(1107,1103,1108),(1108,1104,1108),(1109,1105,1108),(1110,1106,1108),(1111,1107,1108),(1112,1109,1114),(1113,1110,1114),(1114,1111,1114),(1115,1112,1114),(1116,1113,1114),(1117,1115,1130),(1118,1116,1130),(1119,1117,1130),(1120,1118,1130),(1121,1119,1130),(1122,1120,1130),(1123,1121,1130),(1124,1122,1130),(1125,1123,1130),(1126,1124,1130),(1127,1125,1130),(1128,1126,1130),(1129,1127,1130),(1130,1128,1130),(1131,1129,1130),(1132,1131,1146),(1133,1132,1146),(1134,1133,1146),(1135,1134,1146),(1136,1135,1146),(1137,1136,1146),(1138,1137,1146),(1139,1138,1146),(1140,1139,1146),(1141,1140,1146),(1142,1141,1146),(1143,1142,1146),(1144,1143,1146),(1145,1144,1146),(1146,1145,1146),(1162,1147,1162),(1163,1148,1162),(1164,1149,1162),(1165,1150,1162),(1166,1151,1162),(1167,1152,1162),(1168,1153,1162),(1169,1154,1162),(1170,1155,1162),(1171,1156,1162),(1172,1157,1162),(1173,1158,1162),(1174,1159,1162),(1175,1160,1162),(1176,1161,1162),(1177,1163,1178),(1178,1164,1178),(1179,1165,1178),(1180,1166,1178),(1181,1167,1178),(1182,1168,1178),(1183,1169,1178),(1184,1170,1178),(1185,1171,1178),(1186,1172,1178),(1187,1173,1178),(1188,1174,1178),(1189,1175,1178),(1190,1176,1178),(1191,1177,1178),(1192,1179,1194),(1193,1180,1194),(1194,1181,1194),(1195,1182,1194),(1196,1183,1194),(1197,1184,1194),(1198,1185,1194),(1199,1186,1194),(1200,1187,1194),(1201,1188,1194),(1202,1189,1194),(1203,1190,1194),(1204,1191,1194),(1205,1192,1194),(1206,1193,1194),(1207,1195,1210),(1208,1196,1210),(1209,1197,1210),(1210,1198,1210),(1211,1199,1210),(1212,1200,1210),(1213,1201,1210),(1214,1202,1210),(1215,1203,1210),(1216,1204,1210),(1217,1205,1210),(1218,1206,1210),(1219,1207,1210),(1220,1208,1210),(1221,1209,1210),(1222,1211,1220),(1223,1212,1220),(1224,1213,1220),(1225,1214,1220),(1226,1215,1220),(1227,1216,1220),(1228,1217,1220),(1229,1218,1220),(1230,1219,1220),(1231,1221,1236),(1232,1222,1236),(1233,1223,1236),(1234,1224,1236),(1235,1225,1236),(1236,1226,1236),(1237,1227,1236),(1238,1228,1236),(1239,1229,1236),(1240,1230,1236),(1241,1231,1236),(1242,1232,1236),(1243,1233,1236),(1244,1234,1236),(1245,1235,1236),(1261,1237,1252),(1262,1238,1252),(1263,1239,1252),(1264,1240,1252),(1265,1241,1252),(1266,1242,1252),(1267,1243,1252),(1268,1244,1252),(1269,1245,1252),(1270,1246,1252),(1271,1247,1252),(1272,1248,1252),(1273,1249,1252),(1274,1250,1252),(1275,1251,1252),(1276,1253,1268),(1277,1254,1268),(1278,1255,1268),(1279,1256,1268),(1280,1257,1268),(1281,1258,1268),(1282,1259,1268),(1283,1260,1268),(1284,1261,1268),(1285,1262,1268),(1286,1263,1268),(1287,1264,1268),(1288,1265,1268),(1289,1266,1268),(1290,1267,1268),(1291,1269,1284),(1292,1270,1284),(1293,1271,1284),(1294,1272,1284),(1295,1273,1284),(1296,1274,1284),(1297,1275,1284),(1298,1276,1284),(1299,1277,1284),(1300,1278,1284),(1301,1279,1284),(1302,1280,1284),(1303,1281,1284),(1304,1282,1284),(1305,1283,1284),(1306,1285,1300),(1307,1286,1300),(1308,1287,1300),(1309,1288,1300),(1310,1289,1300),(1311,1290,1300),(1312,1291,1300),(1313,1292,1300),(1314,1293,1300),(1315,1294,1300),(1316,1295,1300),(1317,1296,1300),(1318,1297,1300),(1319,1298,1300),(1320,1299,1300),(1321,1301,1316),(1322,1302,1316),(1323,1303,1316),(1324,1304,1316),(1325,1305,1316),(1326,1306,1316),(1327,1307,1316),(1328,1308,1316),(1329,1309,1316),(1330,1310,1316),(1331,1311,1316),(1332,1312,1316),(1333,1313,1316),(1334,1314,1316),(1335,1315,1316),(1336,1317,1332),(1337,1318,1332),(1338,1319,1332),(1339,1320,1332),(1340,1321,1332),(1341,1322,1332),(1342,1323,1332),(1343,1324,1332),(1344,1325,1332),(1345,1326,1332),(1346,1327,1332),(1347,1328,1332),(1348,1329,1332),(1349,1330,1332),(1350,1331,1332),(1366,1333,1348),(1367,1334,1348),(1368,1335,1348),(1369,1336,1348),(1370,1337,1348),(1371,1338,1348),(1372,1339,1348),(1373,1340,1348),(1374,1341,1348),(1375,1342,1348),(1376,1343,1348),(1377,1344,1348),(1378,1345,1348),(1379,1346,1348),(1380,1347,1348),(1381,1349,1364),(1382,1350,1364),(1383,1351,1364),(1384,1352,1364),(1385,1353,1364),(1386,1354,1364),(1387,1355,1364),(1388,1356,1364),(1389,1357,1364),(1390,1358,1364),(1391,1359,1364),(1392,1360,1364),(1393,1361,1364),(1394,1362,1364),(1395,1363,1364),(1396,1365,1380),(1397,1366,1380),(1398,1367,1380),(1399,1368,1380),(1400,1369,1380),(1401,1370,1380),(1402,1371,1380),(1403,1372,1380),(1404,1373,1380),(1405,1374,1380),(1406,1375,1380),(1407,1376,1380),(1408,1377,1380),(1409,1378,1380),(1410,1379,1380),(1411,1381,1396),(1412,1382,1396),(1413,1383,1396),(1414,1384,1396),(1415,1385,1396),(1416,1386,1396),(1417,1387,1396),(1418,1388,1396),(1419,1389,1396),(1420,1390,1396),(1421,1391,1396),(1422,1392,1396),(1423,1393,1396),(1424,1394,1396),(1425,1395,1396),(1426,1397,1412),(1427,1398,1412),(1428,1399,1412),(1429,1400,1412),(1430,1401,1412),(1431,1402,1412),(1432,1403,1412),(1433,1404,1412),(1434,1405,1412),(1435,1406,1412),(1436,1407,1412),(1437,1408,1412),(1438,1409,1412),(1439,1410,1412),(1440,1411,1412),(1441,1413,1428),(1442,1414,1428),(1443,1415,1428),(1444,1416,1428),(1445,1417,1428),(1446,1418,1428),(1447,1419,1428),(1448,1420,1428),(1449,1421,1428),(1450,1422,1428),(1451,1423,1428),(1452,1424,1428),(1453,1425,1428),(1454,1426,1428),(1455,1427,1428),(1456,1429,1444),(1457,1430,1444),(1458,1431,1444),(1459,1432,1444),(1460,1433,1444),(1461,1434,1444),(1462,1435,1444),(1463,1436,1444),(1464,1437,1444),(1465,1438,1444),(1466,1439,1444),(1467,1440,1444),(1468,1441,1444),(1469,1442,1444),(1470,1443,1444),(1486,1445,1460),(1487,1446,1460),(1488,1447,1460),(1489,1448,1460),(1490,1449,1460),(1491,1450,1460),(1492,1451,1460),(1493,1452,1460),(1494,1453,1460),(1495,1454,1460),(1496,1455,1460),(1497,1456,1460),(1498,1457,1460),(1499,1458,1460),(1500,1459,1460),(1501,1461,1476),(1502,1462,1476),(1503,1463,1476),(1504,1464,1476),(1505,1465,1476),(1506,1466,1476),(1507,1467,1476),(1508,1468,1476),(1509,1469,1476),(1510,1470,1476),(1511,1471,1476),(1512,1472,1476),(1513,1473,1476),(1514,1474,1476),(1515,1475,1476),(1516,1477,1492),(1517,1478,1492),(1518,1479,1492),(1519,1480,1492),(1520,1481,1492),(1521,1482,1492),(1522,1483,1492),(1523,1484,1492),(1524,1485,1492),(1525,1486,1492),(1526,1487,1492),(1527,1488,1492),(1528,1489,1492),(1529,1490,1492),(1530,1491,1492),(1531,1493,1508),(1532,1494,1508),(1533,1495,1508),(1534,1496,1508),(1535,1497,1508),(1536,1498,1508),(1537,1499,1508),(1538,1500,1508),(1539,1501,1508),(1540,1502,1508),(1541,1503,1508),(1542,1504,1508),(1543,1505,1508),(1544,1506,1508),(1545,1507,1508),(1546,1509,1524),(1547,1510,1524),(1548,1511,1524),(1549,1512,1524),(1550,1513,1524),(1551,1514,1524),(1552,1515,1524),(1553,1516,1524),(1554,1517,1524),(1555,1518,1524),(1556,1519,1524),(1557,1520,1524),(1558,1521,1524),(1559,1522,1524),(1560,1523,1524),(1561,1525,1540),(1562,1526,1540),(1563,1527,1540),(1564,1528,1540),(1565,1529,1540),(1566,1530,1540),(1567,1531,1540),(1568,1532,1540),(1569,1533,1540),(1570,1534,1540),(1571,1535,1540),(1572,1536,1540),(1573,1537,1540),(1574,1538,1540),(1575,1539,1540),(1591,1541,1556),(1592,1542,1556),(1593,1543,1556),(1594,1544,1556),(1595,1545,1556),(1596,1546,1556),(1597,1547,1556),(1598,1548,1556),(1599,1549,1556),(1600,1550,1556),(1601,1551,1556),(1602,1552,1556),(1603,1553,1556),(1604,1554,1556),(1605,1555,1556),(1606,1557,1572),(1607,1558,1572),(1608,1559,1572),(1609,1560,1572),(1610,1561,1572),(1611,1562,1572),(1612,1563,1572),(1613,1564,1572),(1614,1565,1572),(1615,1566,1572),(1616,1567,1572),(1617,1568,1572),(1618,1569,1572),(1619,1570,1572),(1620,1571,1572),(1621,1573,1588),(1622,1574,1588),(1623,1575,1588),(1624,1576,1588),(1625,1577,1588),(1626,1578,1588),(1627,1579,1588),(1628,1580,1588),(1629,1581,1588),(1630,1582,1588),(1631,1583,1588),(1632,1584,1588),(1633,1585,1588),(1634,1586,1588),(1635,1587,1588),(1636,1589,1604),(1637,1590,1604),(1638,1591,1604),(1639,1592,1604),(1640,1593,1604),(1641,1594,1604),(1642,1595,1604),(1643,1596,1604),(1644,1597,1604),(1645,1598,1604),(1646,1599,1604),(1647,1600,1604),(1648,1601,1604),(1649,1602,1604),(1650,1603,1604),(1651,1605,1620),(1652,1606,1620),(1653,1607,1620),(1654,1608,1620),(1655,1609,1620),(1656,1610,1620),(1657,1611,1620),(1658,1612,1620),(1659,1613,1620),(1660,1614,1620),(1661,1615,1620),(1662,1616,1620),(1663,1617,1620),(1664,1618,1620),(1665,1619,1620),(1666,1621,1636),(1667,1622,1636),(1668,1623,1636),(1669,1624,1636),(1670,1625,1636),(1671,1626,1636),(1672,1627,1636),(1673,1628,1636),(1674,1629,1636),(1675,1630,1636),(1676,1631,1636),(1677,1632,1636),(1678,1633,1636),(1679,1634,1636),(1680,1635,1636),(1696,1637,1652),(1697,1638,1652),(1698,1639,1652),(1699,1640,1652),(1700,1641,1652),(1701,1642,1652),(1702,1643,1652),(1703,1644,1652),(1704,1645,1652),(1705,1646,1652),(1706,1647,1652),(1707,1648,1652),(1708,1649,1652),(1709,1650,1652),(1710,1651,1652),(1711,1653,1668),(1712,1654,1668),(1713,1655,1668),(1714,1656,1668),(1715,1657,1668),(1716,1658,1668),(1717,1659,1668),(1718,1660,1668),(1719,1661,1668),(1720,1662,1668),(1721,1663,1668),(1722,1664,1668),(1723,1665,1668),(1724,1666,1668),(1725,1667,1668),(1726,1669,1684),(1727,1670,1684),(1728,1671,1684),(1729,1672,1684),(1730,1673,1684),(1731,1674,1684),(1732,1675,1684),(1733,1676,1684),(1734,1677,1684),(1735,1678,1684),(1736,1679,1684),(1737,1680,1684),(1738,1681,1684),(1739,1682,1684),(1740,1683,1684),(1741,1685,1700),(1742,1686,1700),(1743,1687,1700),(1744,1688,1700),(1745,1689,1700),(1746,1690,1700),(1747,1691,1700),(1748,1692,1700),(1749,1693,1700),(1750,1694,1700),(1751,1695,1700),(1752,1696,1700),(1753,1697,1700),(1754,1698,1700),(1755,1699,1700),(1756,1701,1716),(1757,1702,1716),(1758,1703,1716),(1759,1704,1716),(1760,1705,1716),(1761,1706,1716),(1762,1707,1716),(1763,1708,1716),(1764,1709,1716),(1765,1710,1716),(1766,1711,1716),(1767,1712,1716),(1768,1713,1716),(1769,1714,1716),(1770,1715,1716),(1771,1717,1732),(1772,1718,1732),(1773,1719,1732),(1774,1720,1732),(1775,1721,1732),(1776,1722,1732),(1777,1723,1732),(1778,1724,1732),(1779,1725,1732),(1780,1726,1732),(1781,1727,1732),(1782,1728,1732),(1783,1729,1732),(1784,1730,1732),(1785,1731,1732),(1801,1733,1748),(1802,1734,1748),(1803,1735,1748),(1804,1736,1748),(1805,1737,1748),(1806,1738,1748),(1807,1739,1748),(1808,1740,1748),(1809,1741,1748),(1810,1742,1748),(1811,1743,1748),(1812,1744,1748),(1813,1745,1748),(1814,1746,1748),(1815,1747,1748),(1816,1749,1764),(1817,1750,1764),(1818,1751,1764),(1819,1752,1764),(1820,1753,1764),(1821,1754,1764),(1822,1755,1764),(1823,1756,1764),(1824,1757,1764),(1825,1758,1764),(1826,1759,1764),(1827,1760,1764),(1828,1761,1764),(1829,1762,1764),(1830,1763,1764),(1831,1765,1780),(1832,1766,1780),(1833,1767,1780),(1834,1768,1780),(1835,1769,1780),(1836,1770,1780),(1837,1771,1780),(1838,1772,1780),(1839,1773,1780),(1840,1774,1780),(1841,1775,1780),(1842,1776,1780),(1843,1777,1780),(1844,1778,1780),(1845,1779,1780),(1846,1781,1796),(1847,1782,1796),(1848,1783,1796),(1849,1784,1796),(1850,1785,1796),(1851,1786,1796),(1852,1787,1796),(1853,1788,1796),(1854,1789,1796),(1855,1790,1796),(1856,1791,1796),(1857,1792,1796),(1858,1793,1796),(1859,1794,1796),(1860,1795,1796),(1861,1797,1812),(1862,1798,1812),(1863,1799,1812),(1864,1800,1812),(1865,1801,1812),(1866,1802,1812),(1867,1803,1812),(1868,1804,1812),(1869,1805,1812),(1870,1806,1812),(1871,1807,1812),(1872,1808,1812),(1873,1809,1812),(1874,1810,1812),(1875,1811,1812),(1876,1813,1819),(1877,1814,1819),(1878,1815,1819),(1879,1816,1819),(1880,1817,1819),(1881,1818,1819),(1882,1820,1826),(1883,1821,1826),(1884,1822,1826),(1885,1823,1826),(1886,1824,1826),(1887,1825,1826),(1888,1827,1833),(1889,1828,1833),(1890,1829,1833),(1891,1830,1833),(1892,1831,1833),(1893,1832,1833),(1894,1834,1840),(1895,1835,1840),(1896,1836,1840),(1897,1837,1840),(1898,1838,1840),(1899,1839,1840),(1915,1841,1847),(1916,1842,1847),(1917,1843,1847),(1918,1844,1847),(1919,1845,1847),(1920,1846,1847),(1921,1848,1854),(1922,1849,1854),(1923,1850,1854),(1924,1851,1854),(1925,1852,1854),(1926,1853,1854),(1927,1855,1861),(1928,1856,1861),(1929,1857,1861),(1930,1858,1861),(1931,1859,1861),(1932,1860,1861),(1933,1862,1868),(1934,1863,1868),(1935,1864,1868),(1936,1865,1868),(1937,1866,1868),(1938,1867,1868),(1939,1869,1875),(1940,1870,1875),(1941,1871,1875),(1942,1872,1875),(1943,1873,1875),(1944,1874,1875),(1945,1876,1882),(1946,1877,1882),(1947,1878,1882),(1948,1879,1882),(1949,1880,1882),(1950,1881,1882),(1951,1883,1889),(1952,1884,1889),(1953,1885,1889),(1954,1886,1889),(1955,1887,1889),(1956,1888,1889),(1957,1890,1896),(1958,1891,1896),(1959,1892,1896),(1960,1893,1896),(1961,1894,1896),(1962,1895,1896),(1963,1897,1903),(1964,1898,1903),(1965,1899,1903),(1966,1900,1903),(1967,1901,1903),(1968,1902,1903),(1969,1904,1919),(1970,1905,1919),(1971,1906,1919),(1972,1907,1919),(1973,1908,1919),(1974,1909,1919),(1975,1910,1919),(1976,1911,1919),(1977,1912,1919),(1978,1913,1919),(1979,1914,1919),(1980,1915,1919),(1981,1916,1919),(1982,1917,1919),(1983,1918,1919),(1984,1920,1935),(1985,1921,1935),(1986,1922,1935),(1987,1923,1935),(1988,1924,1935),(1989,1925,1935),(1990,1926,1935),(1991,1927,1935),(1992,1928,1935),(1993,1929,1935),(1994,1930,1935),(1995,1931,1935),(1996,1932,1935),(1997,1933,1935),(1998,1934,1935),(2005,1936,1951),(2006,1937,1951),(2007,1938,1951),(2008,1939,1951),(2009,1940,1951),(2010,1941,1951),(2011,1942,1951),(2012,1943,1951),(2013,1944,1951),(2014,1945,1951),(2015,1946,1951),(2016,1947,1951),(2017,1948,1951),(2018,1949,1951),(2019,1950,1951),(2020,1952,1967),(2021,1953,1967),(2022,1954,1967),(2023,1955,1967),(2024,1956,1967),(2025,1957,1967),(2026,1958,1967),(2027,1959,1967),(2028,1960,1967),(2029,1961,1967),(2030,1962,1967),(2031,1963,1967),(2032,1964,1967),(2033,1965,1967),(2034,1966,1967),(2035,1968,1983),(2036,1969,1983),(2037,1970,1983),(2038,1971,1983),(2039,1972,1983),(2040,1973,1983),(2041,1974,1983),(2042,1975,1983),(2043,1976,1983),(2044,1977,1983),(2045,1978,1983),(2046,1979,1983),(2047,1980,1983),(2048,1981,1983),(2049,1982,1983),(2050,1984,1990),(2051,1985,1990),(2052,1986,1990),(2053,1987,1990),(2054,1988,1990),(2055,1989,1990),(2056,1991,1997),(2057,1992,1997),(2058,1993,1997),(2059,1994,1997),(2060,1995,1997),(2061,1996,1997),(2062,1998,2003),(2063,1999,2003),(2064,2000,2003),(2065,2001,2003),(2066,2002,2003),(2067,2004,2010),(2068,2005,2010),(2069,2006,2010),(2070,2007,2010),(2071,2008,2010),(2072,2009,2010),(2073,2011,2017),(2074,2012,2017),(2075,2013,2017),(2076,2014,2017),(2077,2015,2017),(2078,2016,2017),(2079,2018,2024),(2080,2019,2024),(2081,2020,2024),(2082,2021,2024),(2083,2022,2024),(2084,2023,2024),(2085,2025,2040),(2086,2026,2040),(2087,2027,2040),(2088,2028,2040),(2089,2029,2040),(2090,2030,2040),(2091,2031,2040),(2092,2032,2040),(2093,2033,2040),(2094,2034,2040),(2095,2035,2040),(2096,2036,2040),(2097,2037,2040),(2098,2038,2040),(2099,2039,2040);
DELIMITER ;;
/*!50003 CREATE*/ /*!50017 DEFINER=`root`@`localhost`*/ /*!50003 TRIGGER `trg_catalog_product_super_link_after_insert` AFTER INSERT ON `catalog_product_super_link` FOR EACH ROW BEGIN
INSERT IGNORE INTO `catalogsearch_fulltext_cl` (`entity_id`) VALUES (NEW.`product_id`);
END */;;
DELIMITER ;
DELIMITER ;;
/*!50003 CREATE*/ /*!50017 DEFINER=`root`@`localhost`*/ /*!50003 TRIGGER `trg_catalog_product_super_link_after_update` AFTER UPDATE ON `catalog_product_super_link` FOR EACH ROW BEGIN
IF (NOT(NEW.`link_id` <=> OLD.`link_id`) OR NOT(NEW.`product_id` <=> OLD.`product_id`) OR NOT(NEW.`parent_id` <=> OLD.`parent_id`)) THEN INSERT IGNORE INTO `catalogsearch_fulltext_cl` (`entity_id`) VALUES (NEW.`product_id`); END IF;
END */;;
DELIMITER ;
DELIMITER ;;
/*!50003 CREATE*/ /*!50017 DEFINER=`root`@`localhost`*/ /*!50003 TRIGGER `trg_catalog_product_super_link_after_delete` AFTER DELETE ON `catalog_product_super_link` FOR EACH ROW BEGIN
INSERT IGNORE INTO `catalogsearch_fulltext_cl` (`entity_id`) VALUES (OLD.`product_id`);
END */;;
DELIMITER ;

--
-- Table structure for table `catalog_product_website`
--

CREATE TABLE `catalog_product_website` (
  `product_id` int unsigned NOT NULL COMMENT 'Product ID',
  `website_id` smallint unsigned NOT NULL COMMENT 'Website ID',
  PRIMARY KEY (`product_id`,`website_id`),
  KEY `CATALOG_PRODUCT_WEBSITE_WEBSITE_ID` (`website_id`),
  CONSTRAINT `CAT_PRD_WS_PRD_ID_CAT_PRD_ENTT_ENTT_ID` FOREIGN KEY (`product_id`) REFERENCES `catalog_product_entity` (`entity_id`) ON DELETE CASCADE,
  CONSTRAINT `CATALOG_PRODUCT_WEBSITE_WEBSITE_ID_STORE_WEBSITE_WEBSITE_ID` FOREIGN KEY (`website_id`) REFERENCES `store_website` (`website_id`) ON DELETE CASCADE
) ENGINE=InnoDB DEFAULT CHARSET=utf8mb3 COMMENT='Catalog Product To Website Linkage Table';

--
-- Dumping data for table `catalog_product_website`
--

INSERT INTO `catalog_product_website` VALUES (1,1),(2,1),(3,1),(4,1),(5,1),(6,1),(7,1),(8,1),(9,1),(10,1),(11,1),(12,1),(13,1),(14,1),(15,1),(16,1),(17,1),(18,1),(19,1),(20,1),(21,1),(22,1),(23,1),(24,1),(25,1),(26,1),(27,1),(28,1),(29,1),(30,1),(31,1),(32,1),(33,1),(34,1),(35,1),(36,1),(37,1),(38,1),(39,1),(40,1),(41,1),(42,1),(43,1),(44,1),(45,1),(46,1),(47,1),(48,1),(49,1),(50,1),(51,1),(52,1),(53,1),(54,1),(55,1),(56,1),(57,1),(58,1),(59,1),(60,1),(61,1),(62,1),(63,1),(64,1),(65,1),(66,1),(67,1),(68,1),(69,1),(70,1),(71,1),(72,1),(73,1),(74,1),(75,1),(76,1),(77,1),(78,1),(79,1),(80,1),(81,1),(82,1),(83,1),(84,1),(85,1),(86,1),(87,1),(88,1),(89,1),(90,1),(91,1),(92,1),(93,1),(94,1),(95,1),(96,1),(97,1),(98,1),(99,1),(100,1),(101,1),(102,1),(103,1),(104,1),(105,1),(106,1),(107,1),(108,1),(109,1),(110,1),(111,1),(112,1),(113,1),(114,1),(115,1),(116,1),(117,1),(118,1),(119,1),(120,1),(121,1),(122,1),(123,1),(124,1),(125,1),(126,1),(127,1),(128,1),(129,1),(130,1),(131,1),(132,1),(133,1),(134,1),(135,1),(136,1),(137,1),(138,1),(139,1),(140,1),(141,1),(142,1),(143,1),(144,1),(145,1),(146,1),(147,1),(148,1),(149,1),(150,1),(151,1),(152,1),(153,1),(154,1),(155,1),(156,1),(157,1),(158,1),(159,1),(160,1),(161,1),(162,1),(163,1),(164,1),(165,1),(166,1),(167,1),(168,1),(169,1),(170,1),(171,1),(172,1),(173,1),(174,1),(175,1),(176,1),(177,1),(178,1),(179,1),(180,1),(181,1),(182,1),(183,1),(184,1),(185,1),(186,1),(187,1),(188,1),(189,1),(190,1),(191,1),(192,1),(193,1),(194,1),(195,1),(196,1),(197,1),(198,1),(199,1),(200,1),(201,1),(202,1),(203,1),(204,1),(205,1),(206,1),(207,1),(208,1),(209,1),(210,1),(211,1),(212,1),(213,1),(214,1),(215,1),(216,1),(217,1),(218,1),(219,1),(220,1),(221,1),(222,1),(223,1),(224,1),(225,1),(226,1),(227,1),(228,1),(229,1),(230,1),(231,1),(232,1),(233,1),(234,1),(235,1),(236,1),(237,1),(238,1),(239,1),(240,1),(241,1),(242,1),(243,1),(244,1),(245,1),(246,1),(247,1),(248,1),(249,1),(250,1),(251,1),(252,1),(253,1),(254,1),(255,1),(256,1),(257,1),(258,1),(259,1),(260,1),(261,1),(262,1),(263,1),(264,1),(265,1),(266,1),(267,1),(268,1),(269,1),(270,1),(271,1),(272,1),(273,1),(274,1),(275,1),(276,1),(277,1),(278,1),(279,1),(280,1),(281,1),(282,1),(283,1),(284,1),(285,1),(286,1),(287,1),(288,1),(289,1),(290,1),(291,1),(292,1),(293,1),(294,1),(295,1),(296,1),(297,1),(298,1),(299,1),(300,1),(301,1),(302,1),(303,1),(304,1),(305,1),(306,1),(307,1),(308,1),(309,1),(310,1),(311,1),(312,1),(313,1),(314,1),(315,1),(316,1),(317,1),(318,1),(319,1),(320,1),(321,1),(322,1),(323,1),(324,1),(325,1),(326,1),(327,1),(328,1),(329,1),(330,1),(331,1),(332,1),(333,1),(334,1),(335,1),(336,1),(337,1),(338,1),(339,1),(340,1),(341,1),(342,1),(343,1),(344,1),(345,1),(346,1),(347,1),(348,1),(349,1),(350,1),(351,1),(352,1),(353,1),(354,1),(355,1),(356,1),(357,1),(358,1),(359,1),(360,1),(361,1),(362,1),(363,1),(364,1),(365,1),(366,1),(367,1),(368,1),(369,1),(370,1),(371,1),(372,1),(373,1),(374,1),(375,1),(376,1),(377,1),(378,1),(379,1),(380,1),(381,1),(382,1),(383,1),(384,1),(385,1),(386,1),(387,1),(388,1),(389,1),(390,1),(391,1),(392,1),(393,1),(394,1),(395,1),(396,1),(397,1),(398,1),(399,1),(400,1),(401,1),(402,1),(403,1),(404,1),(405,1),(406,1),(407,1),(408,1),(409,1),(410,1),(411,1),(412,1),(413,1),(414,1),(415,1),(416,1),(417,1),(418,1),(419,1),(420,1),(421,1),(422,1),(423,1),(424,1),(425,1),(426,1),(427,1),(428,1),(429,1),(430,1),(431,1),(432,1),(433,1),(434,1),(435,1),(436,1),(437,1),(438,1),(439,1),(440,1),(441,1),(442,1),(443,1),(444,1),(445,1),(446,1),(447,1),(448,1),(449,1),(450,1),(451,1),(452,1),(453,1),(454,1),(455,1),(456,1),(457,1),(458,1),(459,1),(460,1),(461,1),(462,1),(463,1),(464,1),(465,1),(466,1),(467,1),(468,1),(469,1),(470,1),(471,1),(472,1),(473,1),(474,1),(475,1),(476,1),(477,1),(478,1),(479,1),(480,1),(481,1),(482,1),(483,1),(484,1),(485,1),(486,1),(487,1),(488,1),(489,1),(490,1),(491,1),(492,1),(493,1),(494,1),(495,1),(496,1),(497,1),(498,1),(499,1),(500,1),(501,1),(502,1),(503,1),(504,1),(505,1),(506,1),(507,1),(508,1),(509,1),(510,1),(511,1),(512,1),(513,1),(514,1),(515,1),(516,1),(517,1),(518,1),(519,1),(520,1),(521,1),(522,1),(523,1),(524,1),(525,1),(526,1),(527,1),(528,1),(529,1),(530,1),(531,1),(532,1),(533,1),(534,1),(535,1),(536,1),(537,1),(538,1),(539,1),(540,1),(541,1),(542,1),(543,1),(544,1),(545,1),(546,1),(547,1),(548,1),(549,1),(550,1),(551,1),(552,1),(553,1),(554,1),(555,1),(556,1),(557,1),(558,1),(559,1),(560,1),(561,1),(562,1),(563,1),(564,1),(565,1),(566,1),(567,1),(568,1),(569,1),(570,1),(571,1),(572,1),(573,1),(574,1),(575,1),(576,1),(577,1),(578,1),(579,1),(580,1),(581,1),(582,1),(583,1),(584,1),(585,1),(586,1),(587,1),(588,1),(589,1),(590,1),(591,1),(592,1),(593,1),(594,1),(595,1),(596,1),(597,1),(598,1),(599,1),(600,1),(601,1),(602,1),(603,1),(604,1),(605,1),(606,1),(607,1),(608,1),(609,1),(610,1),(611,1),(612,1),(613,1),(614,1),(615,1),(616,1),(617,1),(618,1),(619,1),(620,1),(621,1),(622,1),(623,1),(624,1),(625,1),(626,1),(627,1),(628,1),(629,1),(630,1),(631,1),(632,1),(633,1),(634,1),(635,1),(636,1),(637,1),(638,1),(639,1),(640,1),(641,1),(642,1),(643,1),(644,1),(645,1),(646,1),(647,1),(648,1),(649,1),(650,1),(651,1),(652,1),(653,1),(654,1),(655,1),(656,1),(657,1),(658,1),(659,1),(660,1),(661,1),(662,1),(663,1),(664,1),(665,1),(666,1),(667,1),(668,1),(669,1),(670,1),(671,1),(672,1),(673,1),(674,1),(675,1),(676,1),(677,1),(678,1),(679,1),(680,1),(681,1),(682,1),(683,1),(684,1),(685,1),(686,1),(687,1),(688,1),(689,1),(690,1),(691,1),(692,1),(693,1),(694,1),(695,1),(696,1),(697,1),(698,1),(699,1),(700,1),(701,1),(702,1),(703,1),(704,1),(705,1),(706,1),(707,1),(708,1),(709,1),(710,1),(711,1),(712,1),(713,1),(714,1),(715,1),(716,1),(717,1),(718,1),(719,1),(720,1),(721,1),(722,1),(723,1),(724,1),(725,1),(726,1),(727,1),(728,1),(729,1),(730,1),(731,1),(732,1),(733,1),(734,1),(735,1),(736,1),(737,1),(738,1),(739,1),(740,1),(741,1),(742,1),(743,1),(744,1),(745,1),(746,1),(747,1),(748,1),(749,1),(750,1),(751,1),(752,1),(753,1),(754,1),(755,1),(756,1),(757,1),(758,1),(759,1),(760,1),(761,1),(762,1),(763,1),(764,1),(765,1),(766,1),(767,1),(768,1),(769,1),(770,1),(771,1),(772,1),(773,1),(774,1),(775,1),(776,1),(777,1),(778,1),(779,1),(780,1),(781,1),(782,1),(783,1),(784,1),(785,1),(786,1),(787,1),(788,1),(789,1),(790,1),(791,1),(792,1),(793,1),(794,1),(795,1),(796,1),(797,1),(798,1),(799,1),(800,1),(801,1),(802,1),(803,1),(804,1),(805,1),(806,1),(807,1),(808,1),(809,1),(810,1),(811,1),(812,1),(813,1),(814,1),(815,1),(816,1),(817,1),(818,1),(819,1),(820,1),(821,1),(822,1),(823,1),(824,1),(825,1),(826,1),(827,1),(828,1),(829,1),(830,1),(831,1),(832,1),(833,1),(834,1),(835,1),(836,1),(837,1),(838,1),(839,1),(840,1),(841,1),(842,1),(843,1),(844,1),(845,1),(846,1),(847,1),(848,1),(849,1),(850,1),(851,1),(852,1),(853,1),(854,1),(855,1),(856,1),(857,1),(858,1),(859,1),(860,1),(861,1),(862,1),(863,1),(864,1),(865,1),(866,1),(867,1),(868,1),(869,1),(870,1),(871,1),(872,1),(873,1),(874,1),(875,1),(876,1),(877,1),(878,1),(879,1),(880,1),(881,1),(882,1),(883,1),(884,1),(885,1),(886,1),(887,1),(888,1),(889,1),(890,1),(891,1),(892,1),(893,1),(894,1),(895,1),(896,1),(897,1),(898,1),(899,1),(900,1),(901,1),(902,1),(903,1),(904,1),(905,1),(906,1),(907,1),(908,1),(909,1),(910,1),(911,1),(912,1),(913,1),(914,1),(915,1),(916,1),(917,1),(918,1),(919,1),(920,1),(921,1),(922,1),(923,1),(924,1),(925,1),(926,1),(927,1),(928,1),(929,1),(930,1),(931,1),(932,1),(933,1),(934,1),(935,1),(936,1),(937,1),(938,1),(939,1),(940,1),(941,1),(942,1),(943,1),(944,1),(945,1),(946,1),(947,1),(948,1),(949,1),(950,1),(951,1),(952,1),(953,1),(954,1),(955,1),(956,1),(957,1),(958,1),(959,1),(960,1),(961,1),(962,1),(963,1),(964,1),(965,1),(966,1),(967,1),(968,1),(969,1),(970,1),(971,1),(972,1),(973,1),(974,1),(975,1),(976,1),(977,1),(978,1),(979,1),(980,1),(981,1),(982,1),(983,1),(984,1),(985,1),(986,1),(987,1),(988,1),(989,1),(990,1),(991,1),(992,1),(993,1),(994,1),(995,1),(996,1),(997,1),(998,1),(999,1),(1000,1),(1001,1),(1002,1),(1003,1),(1004,1),(1005,1),(1006,1),(1007,1),(1008,1),(1009,1),(1010,1),(1011,1),(1012,1),(1013,1),(1014,1),(1015,1),(1016,1),(1017,1),(1018,1),(1019,1),(1020,1),(1021,1),(1022,1),(1023,1),(1024,1),(1025,1),(1026,1),(1027,1),(1028,1),(1029,1),(1030,1),(1031,1),(1032,1),(1033,1),(1034,1),(1035,1),(1036,1),(1037,1),(1038,1),(1039,1),(1040,1),(1041,1),(1042,1),(1043,1),(1044,1),(1045,1),(1046,1),(1047,1),(1048,1),(1049,1),(1050,1),(1051,1),(1052,1),(1053,1),(1054,1),(1055,1),(1056,1),(1057,1),(1058,1),(1059,1),(1060,1),(1061,1),(1062,1),(1063,1),(1064,1),(1065,1),(1066,1),(1067,1),(1068,1),(1069,1),(1070,1),(1071,1),(1072,1),(1073,1),(1074,1),(1075,1),(1076,1),(1077,1),(1078,1),(1079,1),(1080,1),(1081,1),(1082,1),(1083,1),(1084,1),(1085,1),(1086,1),(1087,1),(1088,1),(1089,1),(1090,1),(1091,1),(1092,1),(1093,1),(1094,1),(1095,1),(1096,1),(1097,1),(1098,1),(1099,1),(1100,1),(1101,1),(1102,1),(1103,1),(1104,1),(1105,1),(1106,1),(1107,1),(1108,1),(1109,1),(1110,1),(1111,1),(1112,1),(1113,1),(1114,1),(1115,1),(1116,1),(1117,1),(1118,1),(1119,1),(1120,1),(1121,1),(1122,1),(1123,1),(1124,1),(1125,1),(1126,1),(1127,1),(1128,1),(1129,1),(1130,1),(1131,1),(1132,1),(1133,1),(1134,1),(1135,1),(1136,1),(1137,1),(1138,1),(1139,1),(1140,1),(1141,1),(1142,1),(1143,1),(1144,1),(1145,1),(1146,1),(1147,1),(1148,1),(1149,1),(1150,1),(1151,1),(1152,1),(1153,1),(1154,1),(1155,1),(1156,1),(1157,1),(1158,1),(1159,1),(1160,1),(1161,1),(1162,1),(1163,1),(1164,1),(1165,1),(1166,1),(1167,1),(1168,1),(1169,1),(1170,1),(1171,1),(1172,1),(1173,1),(1174,1),(1175,1),(1176,1),(1177,1),(1178,1),(1179,1),(1180,1),(1181,1),(1182,1),(1183,1),(1184,1),(1185,1),(1186,1),(1187,1),(1188,1),(1189,1),(1190,1),(1191,1),(1192,1),(1193,1),(1194,1),(1195,1),(1196,1),(1197,1),(1198,1),(1199,1),(1200,1),(1201,1),(1202,1),(1203,1),(1204,1),(1205,1),(1206,1),(1207,1),(1208,1),(1209,1),(1210,1),(1211,1),(1212,1),(1213,1),(1214,1),(1215,1),(1216,1),(1217,1),(1218,1),(1219,1),(1220,1),(1221,1),(1222,1),(1223,1),(1224,1),(1225,1),(1226,1),(1227,1),(1228,1),(1229,1),(1230,1),(1231,1),(1232,1),(1233,1),(1234,1),(1235,1),(1236,1),(1237,1),(1238,1),(1239,1),(1240,1),(1241,1),(1242,1),(1243,1),(1244,1),(1245,1),(1246,1),(1247,1),(1248,1),(1249,1),(1250,1),(1251,1),(1252,1),(1253,1),(1254,1),(1255,1),(1256,1),(1257,1),(1258,1),(1259,1),(1260,1),(1261,1),(1262,1),(1263,1),(1264,1),(1265,1),(1266,1),(1267,1),(1268,1),(1269,1),(1270,1),(1271,1),(1272,1),(1273,1),(1274,1),(1275,1),(1276,1),(1277,1),(1278,1),(1279,1),(1280,1),(1281,1),(1282,1),(1283,1),(1284,1),(1285,1),(1286,1),(1287,1),(1288,1),(1289,1),(1290,1),(1291,1),(1292,1),(1293,1),(1294,1),(1295,1),(1296,1),(1297,1),(1298,1),(1299,1),(1300,1),(1301,1),(1302,1),(1303,1),(1304,1),(1305,1),(1306,1),(1307,1),(1308,1),(1309,1),(1310,1),(1311,1),(1312,1),(1313,1),(1314,1),(1315,1),(1316,1),(1317,1),(1318,1),(1319,1),(1320,1),(1321,1),(1322,1),(1323,1),(1324,1),(1325,1),(1326,1),(1327,1),(1328,1),(1329,1),(1330,1),(1331,1),(1332,1),(1333,1),(1334,1),(1335,1),(1336,1),(1337,1),(1338,1),(1339,1),(1340,1),(1341,1),(1342,1),(1343,1),(1344,1),(1345,1),(1346,1),(1347,1),(1348,1),(1349,1),(1350,1),(1351,1),(1352,1),(1353,1),(1354,1),(1355,1),(1356,1),(1357,1),(1358,1),(1359,1),(1360,1),(1361,1),(1362,1),(1363,1),(1364,1),(1365,1),(1366,1),(1367,1),(1368,1),(1369,1),(1370,1),(1371,1),(1372,1),(1373,1),(1374,1),(1375,1),(1376,1),(1377,1),(1378,1),(1379,1),(1380,1),(1381,1),(1382,1),(1383,1),(1384,1),(1385,1),(1386,1),(1387,1),(1388,1),(1389,1),(1390,1),(1391,1),(1392,1),(1393,1),(1394,1),(1395,1),(1396,1),(1397,1),(1398,1),(1399,1),(1400,1),(1401,1),(1402,1),(1403,1),(1404,1),(1405,1),(1406,1),(1407,1),(1408,1),(1409,1),(1410,1),(1411,1),(1412,1),(1413,1),(1414,1),(1415,1),(1416,1),(1417,1),(1418,1),(1419,1),(1420,1),(1421,1),(1422,1),(1423,1),(1424,1),(1425,1),(1426,1),(1427,1),(1428,1),(1429,1),(1430,1),(1431,1),(1432,1),(1433,1),(1434,1),(1435,1),(1436,1),(1437,1),(1438,1),(1439,1),(1440,1),(1441,1),(1442,1),(1443,1),(1444,1),(1445,1),(1446,1),(1447,1),(1448,1),(1449,1),(1450,1),(1451,1),(1452,1),(1453,1),(1454,1),(1455,1),(1456,1),(1457,1),(1458,1),(1459,1),(1460,1),(1461,1),(1462,1),(1463,1),(1464,1),(1465,1),(1466,1),(1467,1),(1468,1),(1469,1),(1470,1),(1471,1),(1472,1),(1473,1),(1474,1),(1475,1),(1476,1),(1477,1),(1478,1),(1479,1),(1480,1),(1481,1),(1482,1),(1483,1),(1484,1),(1485,1),(1486,1),(1487,1),(1488,1),(1489,1),(1490,1),(1491,1),(1492,1),(1493,1),(1494,1),(1495,1),(1496,1),(1497,1),(1498,1),(1499,1),(1500,1),(1501,1),(1502,1),(1503,1),(1504,1),(1505,1),(1506,1),(1507,1),(1508,1),(1509,1),(1510,1),(1511,1),(1512,1),(1513,1),(1514,1),(1515,1),(1516,1),(1517,1),(1518,1),(1519,1),(1520,1),(1521,1),(1522,1),(1523,1),(1524,1),(1525,1),(1526,1),(1527,1),(1528,1),(1529,1),(1530,1),(1531,1),(1532,1),(1533,1),(1534,1),(1535,1),(1536,1),(1537,1),(1538,1),(1539,1),(1540,1),(1541,1),(1542,1),(1543,1),(1544,1),(1545,1),(1546,1),(1547,1),(1548,1),(1549,1),(1550,1),(1551,1),(1552,1),(1553,1),(1554,1),(1555,1),(1556,1),(1557,1),(1558,1),(1559,1),(1560,1),(1561,1),(1562,1),(1563,1),(1564,1),(1565,1),(1566,1),(1567,1),(1568,1),(1569,1),(1570,1),(1571,1),(1572,1),(1573,1),(1574,1),(1575,1),(1576,1),(1577,1),(1578,1),(1579,1),(1580,1),(1581,1),(1582,1),(1583,1),(1584,1),(1585,1),(1586,1),(1587,1),(1588,1),(1589,1),(1590,1),(1591,1),(1592,1),(1593,1),(1594,1),(1595,1),(1596,1),(1597,1),(1598,1),(1599,1),(1600,1),(1601,1),(1602,1),(1603,1),(1604,1),(1605,1),(1606,1),(1607,1),(1608,1),(1609,1),(1610,1),(1611,1),(1612,1),(1613,1),(1614,1),(1615,1),(1616,1),(1617,1),(1618,1),(1619,1),(1620,1),(1621,1),(1622,1),(1623,1),(1624,1),(1625,1),(1626,1),(1627,1),(1628,1),(1629,1),(1630,1),(1631,1),(1632,1),(1633,1),(1634,1),(1635,1),(1636,1),(1637,1),(1638,1),(1639,1),(1640,1),(1641,1),(1642,1),(1643,1),(1644,1),(1645,1),(1646,1),(1647,1),(1648,1),(1649,1),(1650,1),(1651,1),(1652,1),(1653,1),(1654,1),(1655,1),(1656,1),(1657,1),(1658,1),(1659,1),(1660,1),(1661,1),(1662,1),(1663,1),(1664,1),(1665,1),(1666,1),(1667,1),(1668,1),(1669,1),(1670,1),(1671,1),(1672,1),(1673,1),(1674,1),(1675,1),(1676,1),(1677,1),(1678,1),(1679,1),(1680,1),(1681,1),(1682,1),(1683,1),(1684,1),(1685,1),(1686,1),(1687,1),(1688,1),(1689,1),(1690,1),(1691,1),(1692,1),(1693,1),(1694,1),(1695,1),(1696,1),(1697,1),(1698,1),(1699,1),(1700,1),(1701,1),(1702,1),(1703,1),(1704,1),(1705,1),(1706,1),(1707,1),(1708,1),(1709,1),(1710,1),(1711,1),(1712,1),(1713,1),(1714,1),(1715,1),(1716,1),(1717,1),(1718,1),(1719,1),(1720,1),(1721,1),(1722,1),(1723,1),(1724,1),(1725,1),(1726,1),(1727,1),(1728,1),(1729,1),(1730,1),(1731,1),(1732,1),(1733,1),(1734,1),(1735,1),(1736,1),(1737,1),(1738,1),(1739,1),(1740,1),(1741,1),(1742,1),(1743,1),(1744,1),(1745,1),(1746,1),(1747,1),(1748,1),(1749,1),(1750,1),(1751,1),(1752,1),(1753,1),(1754,1),(1755,1),(1756,1),(1757,1),(1758,1),(1759,1),(1760,1),(1761,1),(1762,1),(1763,1),(1764,1),(1765,1),(1766,1),(1767,1),(1768,1),(1769,1),(1770,1),(1771,1),(1772,1),(1773,1),(1774,1),(1775,1),(1776,1),(1777,1),(1778,1),(1779,1),(1780,1),(1781,1),(1782,1),(1783,1),(1784,1),(1785,1),(1786,1),(1787,1),(1788,1),(1789,1),(1790,1),(1791,1),(1792,1),(1793,1),(1794,1),(1795,1),(1796,1),(1797,1),(1798,1),(1799,1),(1800,1),(1801,1),(1802,1),(1803,1),(1804,1),(1805,1),(1806,1),(1807,1),(1808,1),(1809,1),(1810,1),(1811,1),(1812,1),(1813,1),(1814,1),(1815,1),(1816,1),(1817,1),(1818,1),(1819,1),(1820,1),(1821,1),(1822,1),(1823,1),(1824,1),(1825,1),(1826,1),(1827,1),(1828,1),(1829,1),(1830,1),(1831,1),(1832,1),(1833,1),(1834,1),(1835,1),(1836,1),(1837,1),(1838,1),(1839,1),(1840,1),(1841,1),(1842,1),(1843,1),(1844,1),(1845,1),(1846,1),(1847,1),(1848,1),(1849,1),(1850,1),(1851,1),(1852,1),(1853,1),(1854,1),(1855,1),(1856,1),(1857,1),(1858,1),(1859,1),(1860,1),(1861,1),(1862,1),(1863,1),(1864,1),(1865,1),(1866,1),(1867,1),(1868,1),(1869,1),(1870,1),(1871,1),(1872,1),(1873,1),(1874,1),(1875,1),(1876,1),(1877,1),(1878,1),(1879,1),(1880,1),(1881,1),(1882,1),(1883,1),(1884,1),(1885,1),(1886,1),(1887,1),(1888,1),(1889,1),(1890,1),(1891,1),(1892,1),(1893,1),(1894,1),(1895,1),(1896,1),(1897,1),(1898,1),(1899,1),(1900,1),(1901,1),(1902,1),(1903,1),(1904,1),(1905,1),(1906,1),(1907,1),(1908,1),(1909,1),(1910,1),(1911,1),(1912,1),(1913,1),(1914,1),(1915,1),(1916,1),(1917,1),(1918,1),(1919,1),(1920,1),(1921,1),(1922,1),(1923,1),(1924,1),(1925,1),(1926,1),(1927,1),(1928,1),(1929,1),(1930,1),(1931,1),(1932,1),(1933,1),(1934,1),(1935,1),(1936,1),(1937,1),(1938,1),(1939,1),(1940,1),(1941,1),(1942,1),(1943,1),(1944,1),(1945,1),(1946,1),(1947,1),(1948,1),(1949,1),(1950,1),(1951,1),(1952,1),(1953,1),(1954,1),(1955,1),(1956,1),(1957,1),(1958,1),(1959,1),(1960,1),(1961,1),(1962,1),(1963,1),(1964,1),(1965,1),(1966,1),(1967,1),(1968,1),(1969,1),(1970,1),(1971,1),(1972,1),(1973,1),(1974,1),(1975,1),(1976,1),(1977,1),(1978,1),(1979,1),(1980,1),(1981,1),(1982,1),(1983,1),(1984,1),(1985,1),(1986,1),(1987,1),(1988,1),(1989,1),(1990,1),(1991,1),(1992,1),(1993,1),(1994,1),(1995,1),(1996,1),(1997,1),(1998,1),(1999,1),(2000,1),(2001,1),(2002,1),(2003,1),(2004,1),(2005,1),(2006,1),(2007,1),(2008,1),(2009,1),(2010,1),(2011,1),(2012,1),(2013,1),(2014,1),(2015,1),(2016,1),(2017,1),(2018,1),(2019,1),(2020,1),(2021,1),(2022,1),(2023,1),(2024,1),(2025,1),(2026,1),(2027,1),(2028,1),(2029,1),(2030,1),(2031,1),(2032,1),(2033,1),(2034,1),(2035,1),(2036,1),(2037,1),(2038,1),(2039,1),(2040,1);
DELIMITER ;;
/*!50003 CREATE*/ /*!50017 DEFINER=`root`@`localhost`*/ /*!50003 TRIGGER `trg_catalog_product_website_after_insert` AFTER INSERT ON `catalog_product_website` FOR EACH ROW BEGIN
INSERT IGNORE INTO `catalogsearch_fulltext_cl` (`entity_id`) VALUES (NEW.`product_id`);
INSERT IGNORE INTO `catalog_product_category_cl` (`entity_id`) VALUES (NEW.`product_id`);
INSERT IGNORE INTO `catalog_product_price_cl` (`entity_id`) VALUES (NEW.`product_id`);
END */;;
DELIMITER ;
DELIMITER ;;
/*!50003 CREATE*/ /*!50017 DEFINER=`root`@`localhost`*/ /*!50003 TRIGGER `trg_catalog_product_website_after_update` AFTER UPDATE ON `catalog_product_website` FOR EACH ROW BEGIN
IF (NOT(NEW.`product_id` <=> OLD.`product_id`) OR NOT(NEW.`website_id` <=> OLD.`website_id`)) THEN INSERT IGNORE INTO `catalogsearch_fulltext_cl` (`entity_id`) VALUES (NEW.`product_id`); END IF;
IF (NOT(NEW.`product_id` <=> OLD.`product_id`) OR NOT(NEW.`website_id` <=> OLD.`website_id`)) THEN INSERT IGNORE INTO `catalog_product_category_cl` (`entity_id`) VALUES (NEW.`product_id`); END IF;
IF (NOT(NEW.`product_id` <=> OLD.`product_id`) OR NOT(NEW.`website_id` <=> OLD.`website_id`)) THEN INSERT IGNORE INTO `catalog_product_price_cl` (`entity_id`) VALUES (NEW.`product_id`); END IF;
END */;;
DELIMITER ;
DELIMITER ;;
/*!50003 CREATE*/ /*!50017 DEFINER=`root`@`localhost`*/ /*!50003 TRIGGER `trg_catalog_product_website_after_delete` AFTER DELETE ON `catalog_product_website` FOR EACH ROW BEGIN
INSERT IGNORE INTO `catalogsearch_fulltext_cl` (`entity_id`) VALUES (OLD.`product_id`);
INSERT IGNORE INTO `catalog_product_category_cl` (`entity_id`) VALUES (OLD.`product_id`);
INSERT IGNORE INTO `catalog_product_price_cl` (`entity_id`) VALUES (OLD.`product_id`);
END */;;
DELIMITER ;

--
-- Table structure for table `catalog_url_rewrite_product_category`
--

CREATE TABLE `catalog_url_rewrite_product_category` (
  `url_rewrite_id` int unsigned NOT NULL COMMENT 'url_rewrite_id',
  `category_id` int unsigned NOT NULL COMMENT 'category_id',
  `product_id` int unsigned NOT NULL COMMENT 'product_id',
  PRIMARY KEY (`url_rewrite_id`),
  KEY `CAT_URL_REWRITE_PRD_CTGR_PRD_ID_CAT_PRD_ENTT_ENTT_ID` (`product_id`),
  KEY `CATALOG_URL_REWRITE_PRODUCT_CATEGORY_CATEGORY_ID_PRODUCT_ID` (`category_id`,`product_id`),
  CONSTRAINT `CAT_URL_REWRITE_PRD_CTGR_CTGR_ID_CAT_CTGR_ENTT_ENTT_ID` FOREIGN KEY (`category_id`) REFERENCES `catalog_category_entity` (`entity_id`) ON DELETE CASCADE,
  CONSTRAINT `CAT_URL_REWRITE_PRD_CTGR_PRD_ID_CAT_PRD_ENTT_ENTT_ID` FOREIGN KEY (`product_id`) REFERENCES `catalog_product_entity` (`entity_id`) ON DELETE CASCADE,
  CONSTRAINT `FK_BB79E64705D7F17FE181F23144528FC8` FOREIGN KEY (`url_rewrite_id`) REFERENCES `url_rewrite` (`url_rewrite_id`) ON DELETE CASCADE
) ENGINE=InnoDB DEFAULT CHARSET=utf8mb3 COMMENT='url_rewrite_relation';

--
-- Dumping data for table `catalog_url_rewrite_product_category`
--


--
-- Table structure for table `cataloginventory_stock`
--

CREATE TABLE `cataloginventory_stock` (
  `stock_id` smallint unsigned NOT NULL AUTO_INCREMENT COMMENT 'Stock ID',
  `website_id` smallint unsigned NOT NULL COMMENT 'Website ID',
  `stock_name` varchar(255) DEFAULT NULL COMMENT 'Stock Name',
  PRIMARY KEY (`stock_id`),
  KEY `CATALOGINVENTORY_STOCK_WEBSITE_ID` (`website_id`)
) ENGINE=InnoDB AUTO_INCREMENT=2 DEFAULT CHARSET=utf8mb3 COMMENT='Cataloginventory Stock';

--
-- Dumping data for table `cataloginventory_stock`
--

INSERT INTO `cataloginventory_stock` VALUES (1,0,'Default');

--
-- Table structure for table `cataloginventory_stock_cl`
--

CREATE TABLE `cataloginventory_stock_cl` (
  `version_id` int unsigned NOT NULL AUTO_INCREMENT COMMENT 'Version ID',
  `entity_id` int unsigned NOT NULL DEFAULT '0' COMMENT 'Entity ID',
  PRIMARY KEY (`version_id`)
) ENGINE=InnoDB AUTO_INCREMENT=16 DEFAULT CHARSET=utf8mb3 COMMENT='cataloginventory_stock_cl';

--
-- Dumping data for table `cataloginventory_stock_cl`
--

INSERT INTO `cataloginventory_stock_cl` VALUES (1,2041),(2,2041),(3,2041),(4,2041),(5,2041),(11,2043),(12,2043),(13,2043),(14,2043),(15,2043);

--
-- Table structure for table `cataloginventory_stock_item`
--

CREATE TABLE `cataloginventory_stock_item` (
  `item_id` int unsigned NOT NULL AUTO_INCREMENT COMMENT 'Item ID',
  `product_id` int unsigned NOT NULL DEFAULT '0' COMMENT 'Product ID',
  `stock_id` smallint unsigned NOT NULL DEFAULT '0' COMMENT 'Stock ID',
  `qty` decimal(12,4) DEFAULT NULL COMMENT 'Qty',
  `min_qty` decimal(12,4) NOT NULL DEFAULT '0.0000' COMMENT 'Min Qty',
  `use_config_min_qty` smallint unsigned NOT NULL DEFAULT '1' COMMENT 'Use Config Min Qty',
  `is_qty_decimal` smallint unsigned NOT NULL DEFAULT '0' COMMENT 'Is Qty Decimal',
  `backorders` smallint unsigned NOT NULL DEFAULT '0' COMMENT 'Backorders',
  `use_config_backorders` smallint unsigned NOT NULL DEFAULT '1' COMMENT 'Use Config Backorders',
  `min_sale_qty` decimal(12,4) NOT NULL DEFAULT '1.0000' COMMENT 'Min Sale Qty',
  `use_config_min_sale_qty` smallint unsigned NOT NULL DEFAULT '1' COMMENT 'Use Config Min Sale Qty',
  `max_sale_qty` decimal(12,4) NOT NULL DEFAULT '0.0000' COMMENT 'Max Sale Qty',
  `use_config_max_sale_qty` smallint unsigned NOT NULL DEFAULT '1' COMMENT 'Use Config Max Sale Qty',
  `is_in_stock` smallint unsigned NOT NULL DEFAULT '0' COMMENT 'Is In Stock',
  `low_stock_date` timestamp NULL DEFAULT NULL COMMENT 'Low Stock Date',
  `notify_stock_qty` decimal(12,4) DEFAULT NULL COMMENT 'Notify Stock Qty',
  `use_config_notify_stock_qty` smallint unsigned NOT NULL DEFAULT '1' COMMENT 'Use Config Notify Stock Qty',
  `manage_stock` smallint unsigned NOT NULL DEFAULT '0' COMMENT 'Manage Stock',
  `use_config_manage_stock` smallint unsigned NOT NULL DEFAULT '1' COMMENT 'Use Config Manage Stock',
  `stock_status_changed_auto` smallint unsigned NOT NULL DEFAULT '0' COMMENT 'Stock Status Changed Automatically',
  `use_config_qty_increments` smallint unsigned NOT NULL DEFAULT '1' COMMENT 'Use Config Qty Increments',
  `qty_increments` decimal(12,4) NOT NULL DEFAULT '0.0000' COMMENT 'Qty Increments',
  `use_config_enable_qty_inc` smallint unsigned NOT NULL DEFAULT '1' COMMENT 'Use Config Enable Qty Increments',
  `enable_qty_increments` smallint unsigned NOT NULL DEFAULT '0' COMMENT 'Enable Qty Increments',
  `is_decimal_divided` smallint unsigned NOT NULL DEFAULT '0' COMMENT 'Is Divided into Multiple Boxes for Shipping',
  `website_id` smallint unsigned NOT NULL DEFAULT '0' COMMENT 'Website ID',
  PRIMARY KEY (`item_id`),
  UNIQUE KEY `CATALOGINVENTORY_STOCK_ITEM_PRODUCT_ID_STOCK_ID` (`product_id`,`stock_id`),
  KEY `CATALOGINVENTORY_STOCK_ITEM_WEBSITE_ID` (`website_id`),
  KEY `CATALOGINVENTORY_STOCK_ITEM_WEBSITE_ID_PRODUCT_ID` (`website_id`,`product_id`),
  KEY `CATALOGINVENTORY_STOCK_ITEM_STOCK_ID` (`stock_id`),
  CONSTRAINT `CATINV_STOCK_ITEM_PRD_ID_CAT_PRD_ENTT_ENTT_ID` FOREIGN KEY (`product_id`) REFERENCES `catalog_product_entity` (`entity_id`) ON DELETE CASCADE,
  CONSTRAINT `CATINV_STOCK_ITEM_STOCK_ID_CATINV_STOCK_STOCK_ID` FOREIGN KEY (`stock_id`) REFERENCES `cataloginventory_stock` (`stock_id`) ON DELETE CASCADE
) ENGINE=InnoDB AUTO_INCREMENT=2044 DEFAULT CHARSET=utf8mb3 COMMENT='Cataloginventory Stock Item';

--
-- Dumping data for table `cataloginventory_stock_item`
--

INSERT INTO `cataloginventory_stock_item` VALUES (1,1,1,100.0000,0.0000,1,0,0,1,1.0000,1,0.0000,1,1,NULL,NULL,1,0,1,0,1,0.0000,1,0,0,0),(2,2,1,100.0000,0.0000,1,0,0,1,1.0000,1,0.0000,1,1,NULL,NULL,1,0,1,0,1,0.0000,1,0,0,0),(3,3,1,100.0000,0.0000,1,0,0,1,1.0000,1,0.0000,1,1,NULL,NULL,1,0,1,0,1,0.0000,1,0,0,0),(4,4,1,100.0000,0.0000,1,0,0,1,1.0000,1,0.0000,1,1,NULL,NULL,1,0,1,0,1,0.0000,1,0,0,0),(5,5,1,100.0000,0.0000,1,0,0,1,1.0000,1,0.0000,1,1,NULL,NULL,1,0,1,0,1,0.0000,1,0,0,0),(6,6,1,100.0000,0.0000,1,0,0,1,1.0000,1,0.0000,1,1,NULL,NULL,1,0,1,0,1,0.0000,1,0,0,0),(7,7,1,100.0000,0.0000,1,0,0,1,1.0000,1,0.0000,1,1,NULL,NULL,1,0,1,0,1,0.0000,1,0,0,0),(8,8,1,100.0000,0.0000,1,0,0,1,1.0000,1,0.0000,1,1,NULL,NULL,1,0,1,0,1,0.0000,1,0,0,0),(9,9,1,100.0000,0.0000,1,0,0,1,1.0000,1,0.0000,1,1,NULL,NULL,1,0,1,0,1,0.0000,1,0,0,0),(10,10,1,100.0000,0.0000,1,0,0,1,1.0000,1,0.0000,1,1,NULL,NULL,1,0,1,0,1,0.0000,1,0,0,0),(11,11,1,100.0000,0.0000,1,0,0,1,1.0000,1,0.0000,1,1,NULL,NULL,1,0,1,0,1,0.0000,1,0,0,0),(12,12,1,100.0000,0.0000,1,0,0,1,1.0000,1,0.0000,1,1,NULL,NULL,1,0,1,0,1,0.0000,1,0,0,0),(13,13,1,100.0000,0.0000,1,0,0,1,1.0000,1,0.0000,1,1,NULL,NULL,1,0,1,0,1,0.0000,1,0,0,0),(14,14,1,100.0000,0.0000,1,0,0,1,1.0000,1,0.0000,1,1,NULL,NULL,1,0,1,0,1,0.0000,1,0,0,0),(15,15,1,100.0000,0.0000,1,0,0,1,1.0000,1,0.0000,1,1,NULL,NULL,1,0,1,0,1,0.0000,1,0,0,0),(16,16,1,100.0000,0.0000,1,0,0,1,1.0000,1,0.0000,1,1,NULL,NULL,1,0,1,0,1,0.0000,1,0,0,0),(17,17,1,100.0000,0.0000,1,0,0,1,1.0000,1,0.0000,1,1,NULL,NULL,1,0,1,0,1,0.0000,1,0,0,0),(18,18,1,100.0000,0.0000,1,0,0,1,1.0000,1,0.0000,1,1,NULL,NULL,1,0,1,0,1,0.0000,1,0,0,0),(19,19,1,100.0000,0.0000,1,0,0,1,1.0000,1,0.0000,1,1,NULL,NULL,1,0,1,0,1,0.0000,1,0,0,0),(20,20,1,100.0000,0.0000,1,0,0,1,1.0000,1,0.0000,1,1,NULL,NULL,1,0,1,0,1,0.0000,1,0,0,0),(21,21,1,100.0000,0.0000,1,0,0,1,1.0000,1,0.0000,1,1,NULL,NULL,1,0,1,0,1,0.0000,1,0,0,0),(22,22,1,100.0000,0.0000,1,0,0,1,1.0000,1,0.0000,1,1,NULL,NULL,1,0,1,0,1,0.0000,1,0,0,0),(23,23,1,100.0000,0.0000,1,0,0,1,1.0000,1,0.0000,1,1,NULL,NULL,1,0,1,0,1,0.0000,1,0,0,0),(24,24,1,100.0000,0.0000,1,0,0,1,1.0000,1,0.0000,1,1,NULL,NULL,1,0,1,0,1,0.0000,1,0,0,0),(25,25,1,100.0000,0.0000,1,0,0,1,1.0000,1,0.0000,1,1,NULL,NULL,1,0,1,0,1,0.0000,1,0,0,0),(26,26,1,100.0000,0.0000,1,0,0,1,1.0000,1,0.0000,1,1,NULL,NULL,1,0,1,0,1,0.0000,1,0,0,0),(27,27,1,100.0000,0.0000,1,0,0,1,1.0000,1,0.0000,1,1,NULL,NULL,1,0,1,0,1,0.0000,1,0,0,0),(28,28,1,100.0000,0.0000,1,0,0,1,1.0000,1,0.0000,1,1,NULL,NULL,1,0,1,0,1,0.0000,1,0,0,0),(29,29,1,100.0000,0.0000,1,0,0,1,1.0000,1,0.0000,1,1,NULL,NULL,1,0,1,0,1,0.0000,1,0,0,0),(30,30,1,100.0000,0.0000,1,0,0,1,1.0000,1,0.0000,1,1,NULL,NULL,1,0,1,0,1,0.0000,1,0,0,0),(31,31,1,100.0000,0.0000,1,0,0,1,1.0000,1,0.0000,1,1,NULL,NULL,1,0,1,0,1,0.0000,1,0,0,0),(32,32,1,100.0000,0.0000,1,0,0,1,1.0000,1,0.0000,1,1,NULL,NULL,1,0,1,0,1,0.0000,1,0,0,0),(33,33,1,100.0000,0.0000,1,0,0,1,1.0000,1,0.0000,1,1,NULL,NULL,1,0,1,0,1,0.0000,1,0,0,0),(34,34,1,100.0000,0.0000,1,0,0,1,1.0000,1,0.0000,1,1,NULL,NULL,1,0,1,0,1,0.0000,1,0,0,0),(35,35,1,100.0000,0.0000,1,0,0,1,1.0000,1,0.0000,1,1,NULL,NULL,1,0,1,0,1,0.0000,1,0,0,0),(36,36,1,100.0000,0.0000,1,0,0,1,1.0000,1,0.0000,1,1,NULL,NULL,1,0,1,0,1,0.0000,1,0,0,0),(37,37,1,100.0000,0.0000,1,0,0,1,1.0000,1,0.0000,1,1,NULL,NULL,1,0,1,0,1,0.0000,1,0,0,0),(38,38,1,100.0000,0.0000,1,0,0,1,1.0000,1,0.0000,1,1,NULL,NULL,1,0,1,0,1,0.0000,1,0,0,0),(39,39,1,100.0000,0.0000,1,0,0,1,1.0000,1,0.0000,1,1,NULL,NULL,1,0,1,0,1,0.0000,1,0,0,0),(40,40,1,100.0000,0.0000,1,0,0,1,1.0000,1,0.0000,1,1,NULL,NULL,1,0,1,0,1,0.0000,1,0,0,0),(41,41,1,100.0000,0.0000,1,0,0,1,1.0000,1,0.0000,1,1,NULL,NULL,1,0,1,0,1,0.0000,1,0,0,0),(42,42,1,100.0000,0.0000,1,0,0,1,1.0000,1,0.0000,1,1,NULL,NULL,1,0,1,0,1,0.0000,1,0,0,0),(43,43,1,100.0000,0.0000,1,0,0,1,1.0000,1,0.0000,1,1,NULL,NULL,1,0,1,0,1,0.0000,1,0,0,0),(44,44,1,100.0000,0.0000,1,0,0,1,1.0000,1,0.0000,1,1,NULL,NULL,1,0,1,0,1,0.0000,1,0,0,0),(45,45,1,0.0000,0.0000,1,0,0,1,1.0000,1,0.0000,1,1,NULL,NULL,1,0,1,0,1,0.0000,1,0,0,0),(46,46,1,0.0000,0.0000,1,0,0,1,1.0000,1,0.0000,1,1,NULL,NULL,1,0,1,0,1,0.0000,1,0,0,0),(47,47,1,100.0000,0.0000,1,0,0,1,1.0000,1,0.0000,1,1,NULL,NULL,1,0,1,0,1,0.0000,1,0,0,0),(48,48,1,100.0000,0.0000,1,0,0,1,1.0000,1,0.0000,1,1,NULL,NULL,1,0,1,0,1,0.0000,1,0,0,0),(49,49,1,100.0000,0.0000,1,0,0,1,1.0000,1,0.0000,1,1,NULL,NULL,1,0,1,0,1,0.0000,1,0,0,0),(50,50,1,100.0000,0.0000,1,0,0,1,1.0000,1,0.0000,1,1,NULL,NULL,1,0,1,0,1,0.0000,1,0,0,0),(51,51,1,100.0000,0.0000,1,0,0,1,1.0000,1,0.0000,1,1,NULL,NULL,1,0,1,0,1,0.0000,1,0,0,0),(52,52,1,100.0000,0.0000,1,0,0,1,1.0000,1,0.0000,1,1,NULL,NULL,1,0,1,0,1,0.0000,1,0,0,0),(53,53,1,100.0000,0.0000,1,0,0,1,1.0000,1,0.0000,1,1,NULL,NULL,1,0,1,0,1,0.0000,1,0,0,0),(54,54,1,100.0000,0.0000,1,0,0,1,1.0000,1,0.0000,1,1,NULL,NULL,1,0,1,0,1,0.0000,1,0,0,0),(55,55,1,100.0000,0.0000,1,0,0,1,1.0000,1,0.0000,1,1,NULL,NULL,1,0,1,0,1,0.0000,1,0,0,0),(56,56,1,100.0000,0.0000,1,0,0,1,1.0000,1,0.0000,1,1,NULL,NULL,1,0,1,0,1,0.0000,1,0,0,0),(57,57,1,100.0000,0.0000,1,0,0,1,1.0000,1,0.0000,1,1,NULL,NULL,1,0,1,0,1,0.0000,1,0,0,0),(58,58,1,100.0000,0.0000,1,0,0,1,1.0000,1,0.0000,1,1,NULL,NULL,1,0,1,0,1,0.0000,1,0,0,0),(59,59,1,100.0000,0.0000,1,0,0,1,1.0000,1,0.0000,1,1,NULL,NULL,1,0,1,0,1,0.0000,1,0,0,0),(60,60,1,100.0000,0.0000,1,0,0,1,1.0000,1,0.0000,1,1,NULL,NULL,1,0,1,0,1,0.0000,1,0,0,0),(61,61,1,100.0000,0.0000,1,0,0,1,1.0000,1,0.0000,1,1,NULL,NULL,1,0,1,0,1,0.0000,1,0,0,0),(62,62,1,0.0000,0.0000,1,0,0,1,1.0000,1,0.0000,1,1,NULL,NULL,1,0,1,0,1,0.0000,1,0,0,0),(63,63,1,100.0000,0.0000,1,0,0,1,1.0000,1,0.0000,1,1,NULL,NULL,1,0,1,0,1,0.0000,1,0,0,0),(64,64,1,100.0000,0.0000,1,0,0,1,1.0000,1,0.0000,1,1,NULL,NULL,1,0,1,0,1,0.0000,1,0,0,0),(65,65,1,100.0000,0.0000,1,0,0,1,1.0000,1,0.0000,1,1,NULL,NULL,1,0,1,0,1,0.0000,1,0,0,0),(66,66,1,100.0000,0.0000,1,0,0,1,1.0000,1,0.0000,1,1,NULL,NULL,1,0,1,0,1,0.0000,1,0,0,0),(67,67,1,100.0000,0.0000,1,0,0,1,1.0000,1,0.0000,1,1,NULL,NULL,1,0,1,0,1,0.0000,1,0,0,0),(68,68,1,100.0000,0.0000,1,0,0,1,1.0000,1,0.0000,1,1,NULL,NULL,1,0,1,0,1,0.0000,1,0,0,0),(69,69,1,100.0000,0.0000,1,0,0,1,1.0000,1,0.0000,1,1,NULL,NULL,1,0,1,0,1,0.0000,1,0,0,0),(70,70,1,100.0000,0.0000,1,0,0,1,1.0000,1,0.0000,1,1,NULL,NULL,1,0,1,0,1,0.0000,1,0,0,0),(71,71,1,100.0000,0.0000,1,0,0,1,1.0000,1,0.0000,1,1,NULL,NULL,1,0,1,0,1,0.0000,1,0,0,0),(72,72,1,100.0000,0.0000,1,0,0,1,1.0000,1,0.0000,1,1,NULL,NULL,1,0,1,0,1,0.0000,1,0,0,0),(73,73,1,100.0000,0.0000,1,0,0,1,1.0000,1,0.0000,1,1,NULL,NULL,1,0,1,0,1,0.0000,1,0,0,0),(74,74,1,100.0000,0.0000,1,0,0,1,1.0000,1,0.0000,1,1,NULL,NULL,1,0,1,0,1,0.0000,1,0,0,0),(75,75,1,100.0000,0.0000,1,0,0,1,1.0000,1,0.0000,1,1,NULL,NULL,1,0,1,0,1,0.0000,1,0,0,0),(76,76,1,100.0000,0.0000,1,0,0,1,1.0000,1,0.0000,1,1,NULL,NULL,1,0,1,0,1,0.0000,1,0,0,0),(77,77,1,100.0000,0.0000,1,0,0,1,1.0000,1,0.0000,1,1,NULL,NULL,1,0,1,0,1,0.0000,1,0,0,0),(78,78,1,0.0000,0.0000,1,0,0,1,1.0000,1,0.0000,1,1,NULL,NULL,1,0,1,0,1,0.0000,1,0,0,0),(79,79,1,100.0000,0.0000,1,0,0,1,1.0000,1,0.0000,1,1,NULL,NULL,1,0,1,0,1,0.0000,1,0,0,0),(80,80,1,100.0000,0.0000,1,0,0,1,1.0000,1,0.0000,1,1,NULL,NULL,1,0,1,0,1,0.0000,1,0,0,0),(81,81,1,100.0000,0.0000,1,0,0,1,1.0000,1,0.0000,1,1,NULL,NULL,1,0,1,0,1,0.0000,1,0,0,0),(82,82,1,100.0000,0.0000,1,0,0,1,1.0000,1,0.0000,1,1,NULL,NULL,1,0,1,0,1,0.0000,1,0,0,0),(83,83,1,100.0000,0.0000,1,0,0,1,1.0000,1,0.0000,1,1,NULL,NULL,1,0,1,0,1,0.0000,1,0,0,0),(84,84,1,100.0000,0.0000,1,0,0,1,1.0000,1,0.0000,1,1,NULL,NULL,1,0,1,0,1,0.0000,1,0,0,0),(85,85,1,100.0000,0.0000,1,0,0,1,1.0000,1,0.0000,1,1,NULL,NULL,1,0,1,0,1,0.0000,1,0,0,0),(86,86,1,100.0000,0.0000,1,0,0,1,1.0000,1,0.0000,1,1,NULL,NULL,1,0,1,0,1,0.0000,1,0,0,0),(87,87,1,100.0000,0.0000,1,0,0,1,1.0000,1,0.0000,1,1,NULL,NULL,1,0,1,0,1,0.0000,1,0,0,0),(88,88,1,100.0000,0.0000,1,0,0,1,1.0000,1,0.0000,1,1,NULL,NULL,1,0,1,0,1,0.0000,1,0,0,0),(89,89,1,100.0000,0.0000,1,0,0,1,1.0000,1,0.0000,1,1,NULL,NULL,1,0,1,0,1,0.0000,1,0,0,0),(90,90,1,100.0000,0.0000,1,0,0,1,1.0000,1,0.0000,1,1,NULL,NULL,1,0,1,0,1,0.0000,1,0,0,0),(91,91,1,100.0000,0.0000,1,0,0,1,1.0000,1,0.0000,1,1,NULL,NULL,1,0,1,0,1,0.0000,1,0,0,0),(92,92,1,100.0000,0.0000,1,0,0,1,1.0000,1,0.0000,1,1,NULL,NULL,1,0,1,0,1,0.0000,1,0,0,0),(93,93,1,100.0000,0.0000,1,0,0,1,1.0000,1,0.0000,1,1,NULL,NULL,1,0,1,0,1,0.0000,1,0,0,0),(94,94,1,0.0000,0.0000,1,0,0,1,1.0000,1,0.0000,1,1,NULL,NULL,1,0,1,0,1,0.0000,1,0,0,0),(95,95,1,100.0000,0.0000,1,0,0,1,1.0000,1,0.0000,1,1,NULL,NULL,1,0,1,0,1,0.0000,1,0,0,0),(96,96,1,100.0000,0.0000,1,0,0,1,1.0000,1,0.0000,1,1,NULL,NULL,1,0,1,0,1,0.0000,1,0,0,0),(97,97,1,100.0000,0.0000,1,0,0,1,1.0000,1,0.0000,1,1,NULL,NULL,1,0,1,0,1,0.0000,1,0,0,0),(98,98,1,100.0000,0.0000,1,0,0,1,1.0000,1,0.0000,1,1,NULL,NULL,1,0,1,0,1,0.0000,1,0,0,0),(99,99,1,100.0000,0.0000,1,0,0,1,1.0000,1,0.0000,1,1,NULL,NULL,1,0,1,0,1,0.0000,1,0,0,0),(100,100,1,100.0000,0.0000,1,0,0,1,1.0000,1,0.0000,1,1,NULL,NULL,1,0,1,0,1,0.0000,1,0,0,0),(101,101,1,100.0000,0.0000,1,0,0,1,1.0000,1,0.0000,1,1,NULL,NULL,1,0,1,0,1,0.0000,1,0,0,0),(102,102,1,100.0000,0.0000,1,0,0,1,1.0000,1,0.0000,1,1,NULL,NULL,1,0,1,0,1,0.0000,1,0,0,0),(103,103,1,100.0000,0.0000,1,0,0,1,1.0000,1,0.0000,1,1,NULL,NULL,1,0,1,0,1,0.0000,1,0,0,0),(104,104,1,100.0000,0.0000,1,0,0,1,1.0000,1,0.0000,1,1,NULL,NULL,1,0,1,0,1,0.0000,1,0,0,0),(105,105,1,100.0000,0.0000,1,0,0,1,1.0000,1,0.0000,1,1,NULL,NULL,1,0,1,0,1,0.0000,1,0,0,0),(106,106,1,100.0000,0.0000,1,0,0,1,1.0000,1,0.0000,1,1,NULL,NULL,1,0,1,0,1,0.0000,1,0,0,0),(107,107,1,100.0000,0.0000,1,0,0,1,1.0000,1,0.0000,1,1,NULL,NULL,1,0,1,0,1,0.0000,1,0,0,0),(108,108,1,100.0000,0.0000,1,0,0,1,1.0000,1,0.0000,1,1,NULL,NULL,1,0,1,0,1,0.0000,1,0,0,0),(109,109,1,100.0000,0.0000,1,0,0,1,1.0000,1,0.0000,1,1,NULL,NULL,1,0,1,0,1,0.0000,1,0,0,0),(110,110,1,0.0000,0.0000,1,0,0,1,1.0000,1,0.0000,1,1,NULL,NULL,1,0,1,0,1,0.0000,1,0,0,0),(111,111,1,100.0000,0.0000,1,0,0,1,1.0000,1,0.0000,1,1,NULL,NULL,1,0,1,0,1,0.0000,1,0,0,0),(112,112,1,100.0000,0.0000,1,0,0,1,1.0000,1,0.0000,1,1,NULL,NULL,1,0,1,0,1,0.0000,1,0,0,0),(113,113,1,100.0000,0.0000,1,0,0,1,1.0000,1,0.0000,1,1,NULL,NULL,1,0,1,0,1,0.0000,1,0,0,0),(114,114,1,100.0000,0.0000,1,0,0,1,1.0000,1,0.0000,1,1,NULL,NULL,1,0,1,0,1,0.0000,1,0,0,0),(115,115,1,100.0000,0.0000,1,0,0,1,1.0000,1,0.0000,1,1,NULL,NULL,1,0,1,0,1,0.0000,1,0,0,0),(116,116,1,100.0000,0.0000,1,0,0,1,1.0000,1,0.0000,1,1,NULL,NULL,1,0,1,0,1,0.0000,1,0,0,0),(117,117,1,100.0000,0.0000,1,0,0,1,1.0000,1,0.0000,1,1,NULL,NULL,1,0,1,0,1,0.0000,1,0,0,0),(118,118,1,100.0000,0.0000,1,0,0,1,1.0000,1,0.0000,1,1,NULL,NULL,1,0,1,0,1,0.0000,1,0,0,0),(119,119,1,100.0000,0.0000,1,0,0,1,1.0000,1,0.0000,1,1,NULL,NULL,1,0,1,0,1,0.0000,1,0,0,0),(120,120,1,100.0000,0.0000,1,0,0,1,1.0000,1,0.0000,1,1,NULL,NULL,1,0,1,0,1,0.0000,1,0,0,0),(121,121,1,100.0000,0.0000,1,0,0,1,1.0000,1,0.0000,1,1,NULL,NULL,1,0,1,0,1,0.0000,1,0,0,0),(122,122,1,100.0000,0.0000,1,0,0,1,1.0000,1,0.0000,1,1,NULL,NULL,1,0,1,0,1,0.0000,1,0,0,0),(123,123,1,100.0000,0.0000,1,0,0,1,1.0000,1,0.0000,1,1,NULL,NULL,1,0,1,0,1,0.0000,1,0,0,0),(124,124,1,100.0000,0.0000,1,0,0,1,1.0000,1,0.0000,1,1,NULL,NULL,1,0,1,0,1,0.0000,1,0,0,0),(125,125,1,100.0000,0.0000,1,0,0,1,1.0000,1,0.0000,1,1,NULL,NULL,1,0,1,0,1,0.0000,1,0,0,0),(126,126,1,0.0000,0.0000,1,0,0,1,1.0000,1,0.0000,1,1,NULL,NULL,1,0,1,0,1,0.0000,1,0,0,0),(127,127,1,100.0000,0.0000,1,0,0,1,1.0000,1,0.0000,1,1,NULL,NULL,1,0,1,0,1,0.0000,1,0,0,0),(128,128,1,100.0000,0.0000,1,0,0,1,1.0000,1,0.0000,1,1,NULL,NULL,1,0,1,0,1,0.0000,1,0,0,0),(129,129,1,100.0000,0.0000,1,0,0,1,1.0000,1,0.0000,1,1,NULL,NULL,1,0,1,0,1,0.0000,1,0,0,0),(130,130,1,100.0000,0.0000,1,0,0,1,1.0000,1,0.0000,1,1,NULL,NULL,1,0,1,0,1,0.0000,1,0,0,0),(131,131,1,100.0000,0.0000,1,0,0,1,1.0000,1,0.0000,1,1,NULL,NULL,1,0,1,0,1,0.0000,1,0,0,0),(132,132,1,100.0000,0.0000,1,0,0,1,1.0000,1,0.0000,1,1,NULL,NULL,1,0,1,0,1,0.0000,1,0,0,0),(133,133,1,100.0000,0.0000,1,0,0,1,1.0000,1,0.0000,1,1,NULL,NULL,1,0,1,0,1,0.0000,1,0,0,0),(134,134,1,100.0000,0.0000,1,0,0,1,1.0000,1,0.0000,1,1,NULL,NULL,1,0,1,0,1,0.0000,1,0,0,0),(135,135,1,100.0000,0.0000,1,0,0,1,1.0000,1,0.0000,1,1,NULL,NULL,1,0,1,0,1,0.0000,1,0,0,0),(136,136,1,100.0000,0.0000,1,0,0,1,1.0000,1,0.0000,1,1,NULL,NULL,1,0,1,0,1,0.0000,1,0,0,0),(137,137,1,100.0000,0.0000,1,0,0,1,1.0000,1,0.0000,1,1,NULL,NULL,1,0,1,0,1,0.0000,1,0,0,0),(138,138,1,100.0000,0.0000,1,0,0,1,1.0000,1,0.0000,1,1,NULL,NULL,1,0,1,0,1,0.0000,1,0,0,0),(139,139,1,100.0000,0.0000,1,0,0,1,1.0000,1,0.0000,1,1,NULL,NULL,1,0,1,0,1,0.0000,1,0,0,0),(140,140,1,100.0000,0.0000,1,0,0,1,1.0000,1,0.0000,1,1,NULL,NULL,1,0,1,0,1,0.0000,1,0,0,0),(141,141,1,100.0000,0.0000,1,0,0,1,1.0000,1,0.0000,1,1,NULL,NULL,1,0,1,0,1,0.0000,1,0,0,0),(142,142,1,0.0000,0.0000,1,0,0,1,1.0000,1,0.0000,1,1,NULL,NULL,1,0,1,0,1,0.0000,1,0,0,0),(143,143,1,100.0000,0.0000,1,0,0,1,1.0000,1,0.0000,1,1,NULL,NULL,1,0,1,0,1,0.0000,1,0,0,0),(144,144,1,100.0000,0.0000,1,0,0,1,1.0000,1,0.0000,1,1,NULL,NULL,1,0,1,0,1,0.0000,1,0,0,0),(145,145,1,100.0000,0.0000,1,0,0,1,1.0000,1,0.0000,1,1,NULL,NULL,1,0,1,0,1,0.0000,1,0,0,0),(146,146,1,100.0000,0.0000,1,0,0,1,1.0000,1,0.0000,1,1,NULL,NULL,1,0,1,0,1,0.0000,1,0,0,0),(147,147,1,100.0000,0.0000,1,0,0,1,1.0000,1,0.0000,1,1,NULL,NULL,1,0,1,0,1,0.0000,1,0,0,0),(148,148,1,100.0000,0.0000,1,0,0,1,1.0000,1,0.0000,1,1,NULL,NULL,1,0,1,0,1,0.0000,1,0,0,0),(149,149,1,100.0000,0.0000,1,0,0,1,1.0000,1,0.0000,1,1,NULL,NULL,1,0,1,0,1,0.0000,1,0,0,0),(150,150,1,100.0000,0.0000,1,0,0,1,1.0000,1,0.0000,1,1,NULL,NULL,1,0,1,0,1,0.0000,1,0,0,0),(151,151,1,100.0000,0.0000,1,0,0,1,1.0000,1,0.0000,1,1,NULL,NULL,1,0,1,0,1,0.0000,1,0,0,0),(152,152,1,100.0000,0.0000,1,0,0,1,1.0000,1,0.0000,1,1,NULL,NULL,1,0,1,0,1,0.0000,1,0,0,0),(153,153,1,100.0000,0.0000,1,0,0,1,1.0000,1,0.0000,1,1,NULL,NULL,1,0,1,0,1,0.0000,1,0,0,0),(154,154,1,100.0000,0.0000,1,0,0,1,1.0000,1,0.0000,1,1,NULL,NULL,1,0,1,0,1,0.0000,1,0,0,0),(155,155,1,100.0000,0.0000,1,0,0,1,1.0000,1,0.0000,1,1,NULL,NULL,1,0,1,0,1,0.0000,1,0,0,0),(156,156,1,100.0000,0.0000,1,0,0,1,1.0000,1,0.0000,1,1,NULL,NULL,1,0,1,0,1,0.0000,1,0,0,0),(157,157,1,100.0000,0.0000,1,0,0,1,1.0000,1,0.0000,1,1,NULL,NULL,1,0,1,0,1,0.0000,1,0,0,0),(158,158,1,0.0000,0.0000,1,0,0,1,1.0000,1,0.0000,1,1,NULL,NULL,1,0,1,0,1,0.0000,1,0,0,0),(159,159,1,100.0000,0.0000,1,0,0,1,1.0000,1,0.0000,1,1,NULL,NULL,1,0,1,0,1,0.0000,1,0,0,0),(160,160,1,100.0000,0.0000,1,0,0,1,1.0000,1,0.0000,1,1,NULL,NULL,1,0,1,0,1,0.0000,1,0,0,0),(161,161,1,100.0000,0.0000,1,0,0,1,1.0000,1,0.0000,1,1,NULL,NULL,1,0,1,0,1,0.0000,1,0,0,0),(162,162,1,100.0000,0.0000,1,0,0,1,1.0000,1,0.0000,1,1,NULL,NULL,1,0,1,0,1,0.0000,1,0,0,0),(163,163,1,100.0000,0.0000,1,0,0,1,1.0000,1,0.0000,1,1,NULL,NULL,1,0,1,0,1,0.0000,1,0,0,0),(164,164,1,100.0000,0.0000,1,0,0,1,1.0000,1,0.0000,1,1,NULL,NULL,1,0,1,0,1,0.0000,1,0,0,0),(165,165,1,100.0000,0.0000,1,0,0,1,1.0000,1,0.0000,1,1,NULL,NULL,1,0,1,0,1,0.0000,1,0,0,0),(166,166,1,100.0000,0.0000,1,0,0,1,1.0000,1,0.0000,1,1,NULL,NULL,1,0,1,0,1,0.0000,1,0,0,0),(167,167,1,100.0000,0.0000,1,0,0,1,1.0000,1,0.0000,1,1,NULL,NULL,1,0,1,0,1,0.0000,1,0,0,0),(168,168,1,100.0000,0.0000,1,0,0,1,1.0000,1,0.0000,1,1,NULL,NULL,1,0,1,0,1,0.0000,1,0,0,0),(169,169,1,100.0000,0.0000,1,0,0,1,1.0000,1,0.0000,1,1,NULL,NULL,1,0,1,0,1,0.0000,1,0,0,0),(170,170,1,100.0000,0.0000,1,0,0,1,1.0000,1,0.0000,1,1,NULL,NULL,1,0,1,0,1,0.0000,1,0,0,0),(171,171,1,100.0000,0.0000,1,0,0,1,1.0000,1,0.0000,1,1,NULL,NULL,1,0,1,0,1,0.0000,1,0,0,0),(172,172,1,100.0000,0.0000,1,0,0,1,1.0000,1,0.0000,1,1,NULL,NULL,1,0,1,0,1,0.0000,1,0,0,0),(173,173,1,100.0000,0.0000,1,0,0,1,1.0000,1,0.0000,1,1,NULL,NULL,1,0,1,0,1,0.0000,1,0,0,0),(174,174,1,0.0000,0.0000,1,0,0,1,1.0000,1,0.0000,1,1,NULL,NULL,1,0,1,0,1,0.0000,1,0,0,0),(175,175,1,100.0000,0.0000,1,0,0,1,1.0000,1,0.0000,1,1,NULL,NULL,1,0,1,0,1,0.0000,1,0,0,0),(176,176,1,100.0000,0.0000,1,0,0,1,1.0000,1,0.0000,1,1,NULL,NULL,1,0,1,0,1,0.0000,1,0,0,0),(177,177,1,100.0000,0.0000,1,0,0,1,1.0000,1,0.0000,1,1,NULL,NULL,1,0,1,0,1,0.0000,1,0,0,0),(178,178,1,100.0000,0.0000,1,0,0,1,1.0000,1,0.0000,1,1,NULL,NULL,1,0,1,0,1,0.0000,1,0,0,0),(179,179,1,100.0000,0.0000,1,0,0,1,1.0000,1,0.0000,1,1,NULL,NULL,1,0,1,0,1,0.0000,1,0,0,0),(180,180,1,100.0000,0.0000,1,0,0,1,1.0000,1,0.0000,1,1,NULL,NULL,1,0,1,0,1,0.0000,1,0,0,0),(181,181,1,100.0000,0.0000,1,0,0,1,1.0000,1,0.0000,1,1,NULL,NULL,1,0,1,0,1,0.0000,1,0,0,0),(182,182,1,100.0000,0.0000,1,0,0,1,1.0000,1,0.0000,1,1,NULL,NULL,1,0,1,0,1,0.0000,1,0,0,0),(183,183,1,100.0000,0.0000,1,0,0,1,1.0000,1,0.0000,1,1,NULL,NULL,1,0,1,0,1,0.0000,1,0,0,0),(184,184,1,100.0000,0.0000,1,0,0,1,1.0000,1,0.0000,1,1,NULL,NULL,1,0,1,0,1,0.0000,1,0,0,0),(185,185,1,100.0000,0.0000,1,0,0,1,1.0000,1,0.0000,1,1,NULL,NULL,1,0,1,0,1,0.0000,1,0,0,0),(186,186,1,100.0000,0.0000,1,0,0,1,1.0000,1,0.0000,1,1,NULL,NULL,1,0,1,0,1,0.0000,1,0,0,0),(187,187,1,100.0000,0.0000,1,0,0,1,1.0000,1,0.0000,1,1,NULL,NULL,1,0,1,0,1,0.0000,1,0,0,0),(188,188,1,100.0000,0.0000,1,0,0,1,1.0000,1,0.0000,1,1,NULL,NULL,1,0,1,0,1,0.0000,1,0,0,0),(189,189,1,100.0000,0.0000,1,0,0,1,1.0000,1,0.0000,1,1,NULL,NULL,1,0,1,0,1,0.0000,1,0,0,0),(190,190,1,0.0000,0.0000,1,0,0,1,1.0000,1,0.0000,1,1,NULL,NULL,1,0,1,0,1,0.0000,1,0,0,0),(191,191,1,100.0000,0.0000,1,0,0,1,1.0000,1,0.0000,1,1,NULL,NULL,1,0,1,0,1,0.0000,1,0,0,0),(192,192,1,100.0000,0.0000,1,0,0,1,1.0000,1,0.0000,1,1,NULL,NULL,1,0,1,0,1,0.0000,1,0,0,0),(193,193,1,100.0000,0.0000,1,0,0,1,1.0000,1,0.0000,1,1,NULL,NULL,1,0,1,0,1,0.0000,1,0,0,0),(194,194,1,100.0000,0.0000,1,0,0,1,1.0000,1,0.0000,1,1,NULL,NULL,1,0,1,0,1,0.0000,1,0,0,0),(195,195,1,100.0000,0.0000,1,0,0,1,1.0000,1,0.0000,1,1,NULL,NULL,1,0,1,0,1,0.0000,1,0,0,0),(196,196,1,100.0000,0.0000,1,0,0,1,1.0000,1,0.0000,1,1,NULL,NULL,1,0,1,0,1,0.0000,1,0,0,0),(197,197,1,100.0000,0.0000,1,0,0,1,1.0000,1,0.0000,1,1,NULL,NULL,1,0,1,0,1,0.0000,1,0,0,0),(198,198,1,100.0000,0.0000,1,0,0,1,1.0000,1,0.0000,1,1,NULL,NULL,1,0,1,0,1,0.0000,1,0,0,0),(199,199,1,100.0000,0.0000,1,0,0,1,1.0000,1,0.0000,1,1,NULL,NULL,1,0,1,0,1,0.0000,1,0,0,0),(200,200,1,100.0000,0.0000,1,0,0,1,1.0000,1,0.0000,1,1,NULL,NULL,1,0,1,0,1,0.0000,1,0,0,0),(201,201,1,100.0000,0.0000,1,0,0,1,1.0000,1,0.0000,1,1,NULL,NULL,1,0,1,0,1,0.0000,1,0,0,0),(202,202,1,100.0000,0.0000,1,0,0,1,1.0000,1,0.0000,1,1,NULL,NULL,1,0,1,0,1,0.0000,1,0,0,0),(203,203,1,100.0000,0.0000,1,0,0,1,1.0000,1,0.0000,1,1,NULL,NULL,1,0,1,0,1,0.0000,1,0,0,0),(204,204,1,100.0000,0.0000,1,0,0,1,1.0000,1,0.0000,1,1,NULL,NULL,1,0,1,0,1,0.0000,1,0,0,0),(205,205,1,100.0000,0.0000,1,0,0,1,1.0000,1,0.0000,1,1,NULL,NULL,1,0,1,0,1,0.0000,1,0,0,0),(206,206,1,0.0000,0.0000,1,0,0,1,1.0000,1,0.0000,1,1,NULL,NULL,1,0,1,0,1,0.0000,1,0,0,0),(207,207,1,100.0000,0.0000,1,0,0,1,1.0000,1,0.0000,1,1,NULL,NULL,1,0,1,0,1,0.0000,1,0,0,0),(208,208,1,100.0000,0.0000,1,0,0,1,1.0000,1,0.0000,1,1,NULL,NULL,1,0,1,0,1,0.0000,1,0,0,0),(209,209,1,100.0000,0.0000,1,0,0,1,1.0000,1,0.0000,1,1,NULL,NULL,1,0,1,0,1,0.0000,1,0,0,0),(210,210,1,100.0000,0.0000,1,0,0,1,1.0000,1,0.0000,1,1,NULL,NULL,1,0,1,0,1,0.0000,1,0,0,0),(211,211,1,100.0000,0.0000,1,0,0,1,1.0000,1,0.0000,1,1,NULL,NULL,1,0,1,0,1,0.0000,1,0,0,0),(212,212,1,100.0000,0.0000,1,0,0,1,1.0000,1,0.0000,1,1,NULL,NULL,1,0,1,0,1,0.0000,1,0,0,0),(213,213,1,100.0000,0.0000,1,0,0,1,1.0000,1,0.0000,1,1,NULL,NULL,1,0,1,0,1,0.0000,1,0,0,0),(214,214,1,100.0000,0.0000,1,0,0,1,1.0000,1,0.0000,1,1,NULL,NULL,1,0,1,0,1,0.0000,1,0,0,0),(215,215,1,100.0000,0.0000,1,0,0,1,1.0000,1,0.0000,1,1,NULL,NULL,1,0,1,0,1,0.0000,1,0,0,0),(216,216,1,100.0000,0.0000,1,0,0,1,1.0000,1,0.0000,1,1,NULL,NULL,1,0,1,0,1,0.0000,1,0,0,0),(217,217,1,100.0000,0.0000,1,0,0,1,1.0000,1,0.0000,1,1,NULL,NULL,1,0,1,0,1,0.0000,1,0,0,0),(218,218,1,100.0000,0.0000,1,0,0,1,1.0000,1,0.0000,1,1,NULL,NULL,1,0,1,0,1,0.0000,1,0,0,0),(219,219,1,100.0000,0.0000,1,0,0,1,1.0000,1,0.0000,1,1,NULL,NULL,1,0,1,0,1,0.0000,1,0,0,0),(220,220,1,100.0000,0.0000,1,0,0,1,1.0000,1,0.0000,1,1,NULL,NULL,1,0,1,0,1,0.0000,1,0,0,0),(221,221,1,100.0000,0.0000,1,0,0,1,1.0000,1,0.0000,1,1,NULL,NULL,1,0,1,0,1,0.0000,1,0,0,0),(222,222,1,0.0000,0.0000,1,0,0,1,1.0000,1,0.0000,1,1,NULL,NULL,1,0,1,0,1,0.0000,1,0,0,0),(223,223,1,100.0000,0.0000,1,0,0,1,1.0000,1,0.0000,1,1,NULL,NULL,1,0,1,0,1,0.0000,1,0,0,0),(224,224,1,100.0000,0.0000,1,0,0,1,1.0000,1,0.0000,1,1,NULL,NULL,1,0,1,0,1,0.0000,1,0,0,0),(225,225,1,100.0000,0.0000,1,0,0,1,1.0000,1,0.0000,1,1,NULL,NULL,1,0,1,0,1,0.0000,1,0,0,0),(226,226,1,100.0000,0.0000,1,0,0,1,1.0000,1,0.0000,1,1,NULL,NULL,1,0,1,0,1,0.0000,1,0,0,0),(227,227,1,100.0000,0.0000,1,0,0,1,1.0000,1,0.0000,1,1,NULL,NULL,1,0,1,0,1,0.0000,1,0,0,0),(228,228,1,100.0000,0.0000,1,0,0,1,1.0000,1,0.0000,1,1,NULL,NULL,1,0,1,0,1,0.0000,1,0,0,0),(229,229,1,100.0000,0.0000,1,0,0,1,1.0000,1,0.0000,1,1,NULL,NULL,1,0,1,0,1,0.0000,1,0,0,0),(230,230,1,100.0000,0.0000,1,0,0,1,1.0000,1,0.0000,1,1,NULL,NULL,1,0,1,0,1,0.0000,1,0,0,0),(231,231,1,100.0000,0.0000,1,0,0,1,1.0000,1,0.0000,1,1,NULL,NULL,1,0,1,0,1,0.0000,1,0,0,0),(232,232,1,100.0000,0.0000,1,0,0,1,1.0000,1,0.0000,1,1,NULL,NULL,1,0,1,0,1,0.0000,1,0,0,0),(233,233,1,100.0000,0.0000,1,0,0,1,1.0000,1,0.0000,1,1,NULL,NULL,1,0,1,0,1,0.0000,1,0,0,0),(234,234,1,100.0000,0.0000,1,0,0,1,1.0000,1,0.0000,1,1,NULL,NULL,1,0,1,0,1,0.0000,1,0,0,0),(235,235,1,100.0000,0.0000,1,0,0,1,1.0000,1,0.0000,1,1,NULL,NULL,1,0,1,0,1,0.0000,1,0,0,0),(236,236,1,100.0000,0.0000,1,0,0,1,1.0000,1,0.0000,1,1,NULL,NULL,1,0,1,0,1,0.0000,1,0,0,0),(237,237,1,100.0000,0.0000,1,0,0,1,1.0000,1,0.0000,1,1,NULL,NULL,1,0,1,0,1,0.0000,1,0,0,0),(238,238,1,0.0000,0.0000,1,0,0,1,1.0000,1,0.0000,1,1,NULL,NULL,1,0,1,0,1,0.0000,1,0,0,0),(239,239,1,100.0000,0.0000,1,0,0,1,1.0000,1,0.0000,1,1,NULL,NULL,1,0,1,0,1,0.0000,1,0,0,0),(240,240,1,100.0000,0.0000,1,0,0,1,1.0000,1,0.0000,1,1,NULL,NULL,1,0,1,0,1,0.0000,1,0,0,0),(241,241,1,100.0000,0.0000,1,0,0,1,1.0000,1,0.0000,1,1,NULL,NULL,1,0,1,0,1,0.0000,1,0,0,0),(242,242,1,100.0000,0.0000,1,0,0,1,1.0000,1,0.0000,1,1,NULL,NULL,1,0,1,0,1,0.0000,1,0,0,0),(243,243,1,100.0000,0.0000,1,0,0,1,1.0000,1,0.0000,1,1,NULL,NULL,1,0,1,0,1,0.0000,1,0,0,0),(244,244,1,100.0000,0.0000,1,0,0,1,1.0000,1,0.0000,1,1,NULL,NULL,1,0,1,0,1,0.0000,1,0,0,0),(245,245,1,100.0000,0.0000,1,0,0,1,1.0000,1,0.0000,1,1,NULL,NULL,1,0,1,0,1,0.0000,1,0,0,0),(246,246,1,100.0000,0.0000,1,0,0,1,1.0000,1,0.0000,1,1,NULL,NULL,1,0,1,0,1,0.0000,1,0,0,0),(247,247,1,100.0000,0.0000,1,0,0,1,1.0000,1,0.0000,1,1,NULL,NULL,1,0,1,0,1,0.0000,1,0,0,0),(248,248,1,100.0000,0.0000,1,0,0,1,1.0000,1,0.0000,1,1,NULL,NULL,1,0,1,0,1,0.0000,1,0,0,0),(249,249,1,100.0000,0.0000,1,0,0,1,1.0000,1,0.0000,1,1,NULL,NULL,1,0,1,0,1,0.0000,1,0,0,0),(250,250,1,100.0000,0.0000,1,0,0,1,1.0000,1,0.0000,1,1,NULL,NULL,1,0,1,0,1,0.0000,1,0,0,0),(251,251,1,100.0000,0.0000,1,0,0,1,1.0000,1,0.0000,1,1,NULL,NULL,1,0,1,0,1,0.0000,1,0,0,0),(252,252,1,100.0000,0.0000,1,0,0,1,1.0000,1,0.0000,1,1,NULL,NULL,1,0,1,0,1,0.0000,1,0,0,0),(253,253,1,100.0000,0.0000,1,0,0,1,1.0000,1,0.0000,1,1,NULL,NULL,1,0,1,0,1,0.0000,1,0,0,0),(254,254,1,0.0000,0.0000,1,0,0,1,1.0000,1,0.0000,1,1,NULL,NULL,1,0,1,0,1,0.0000,1,0,0,0),(255,255,1,100.0000,0.0000,1,0,0,1,1.0000,1,0.0000,1,1,NULL,NULL,1,0,1,0,1,0.0000,1,0,0,0),(256,256,1,100.0000,0.0000,1,0,0,1,1.0000,1,0.0000,1,1,NULL,NULL,1,0,1,0,1,0.0000,1,0,0,0),(257,257,1,100.0000,0.0000,1,0,0,1,1.0000,1,0.0000,1,1,NULL,NULL,1,0,1,0,1,0.0000,1,0,0,0),(258,258,1,100.0000,0.0000,1,0,0,1,1.0000,1,0.0000,1,1,NULL,NULL,1,0,1,0,1,0.0000,1,0,0,0),(259,259,1,100.0000,0.0000,1,0,0,1,1.0000,1,0.0000,1,1,NULL,NULL,1,0,1,0,1,0.0000,1,0,0,0),(260,260,1,100.0000,0.0000,1,0,0,1,1.0000,1,0.0000,1,1,NULL,NULL,1,0,1,0,1,0.0000,1,0,0,0),(261,261,1,100.0000,0.0000,1,0,0,1,1.0000,1,0.0000,1,1,NULL,NULL,1,0,1,0,1,0.0000,1,0,0,0),(262,262,1,100.0000,0.0000,1,0,0,1,1.0000,1,0.0000,1,1,NULL,NULL,1,0,1,0,1,0.0000,1,0,0,0),(263,263,1,100.0000,0.0000,1,0,0,1,1.0000,1,0.0000,1,1,NULL,NULL,1,0,1,0,1,0.0000,1,0,0,0),(264,264,1,100.0000,0.0000,1,0,0,1,1.0000,1,0.0000,1,1,NULL,NULL,1,0,1,0,1,0.0000,1,0,0,0),(265,265,1,100.0000,0.0000,1,0,0,1,1.0000,1,0.0000,1,1,NULL,NULL,1,0,1,0,1,0.0000,1,0,0,0),(266,266,1,100.0000,0.0000,1,0,0,1,1.0000,1,0.0000,1,1,NULL,NULL,1,0,1,0,1,0.0000,1,0,0,0),(267,267,1,100.0000,0.0000,1,0,0,1,1.0000,1,0.0000,1,1,NULL,NULL,1,0,1,0,1,0.0000,1,0,0,0),(268,268,1,100.0000,0.0000,1,0,0,1,1.0000,1,0.0000,1,1,NULL,NULL,1,0,1,0,1,0.0000,1,0,0,0),(269,269,1,100.0000,0.0000,1,0,0,1,1.0000,1,0.0000,1,1,NULL,NULL,1,0,1,0,1,0.0000,1,0,0,0),(270,270,1,0.0000,0.0000,1,0,0,1,1.0000,1,0.0000,1,1,NULL,NULL,1,0,1,0,1,0.0000,1,0,0,0),(271,271,1,100.0000,0.0000,1,0,0,1,1.0000,1,0.0000,1,1,NULL,NULL,1,0,1,0,1,0.0000,1,0,0,0),(272,272,1,100.0000,0.0000,1,0,0,1,1.0000,1,0.0000,1,1,NULL,NULL,1,0,1,0,1,0.0000,1,0,0,0),(273,273,1,100.0000,0.0000,1,0,0,1,1.0000,1,0.0000,1,1,NULL,NULL,1,0,1,0,1,0.0000,1,0,0,0),(274,274,1,100.0000,0.0000,1,0,0,1,1.0000,1,0.0000,1,1,NULL,NULL,1,0,1,0,1,0.0000,1,0,0,0),(275,275,1,100.0000,0.0000,1,0,0,1,1.0000,1,0.0000,1,1,NULL,NULL,1,0,1,0,1,0.0000,1,0,0,0),(276,276,1,100.0000,0.0000,1,0,0,1,1.0000,1,0.0000,1,1,NULL,NULL,1,0,1,0,1,0.0000,1,0,0,0),(277,277,1,100.0000,0.0000,1,0,0,1,1.0000,1,0.0000,1,1,NULL,NULL,1,0,1,0,1,0.0000,1,0,0,0),(278,278,1,100.0000,0.0000,1,0,0,1,1.0000,1,0.0000,1,1,NULL,NULL,1,0,1,0,1,0.0000,1,0,0,0),(279,279,1,100.0000,0.0000,1,0,0,1,1.0000,1,0.0000,1,1,NULL,NULL,1,0,1,0,1,0.0000,1,0,0,0),(280,280,1,100.0000,0.0000,1,0,0,1,1.0000,1,0.0000,1,1,NULL,NULL,1,0,1,0,1,0.0000,1,0,0,0),(281,281,1,100.0000,0.0000,1,0,0,1,1.0000,1,0.0000,1,1,NULL,NULL,1,0,1,0,1,0.0000,1,0,0,0),(282,282,1,100.0000,0.0000,1,0,0,1,1.0000,1,0.0000,1,1,NULL,NULL,1,0,1,0,1,0.0000,1,0,0,0),(283,283,1,100.0000,0.0000,1,0,0,1,1.0000,1,0.0000,1,1,NULL,NULL,1,0,1,0,1,0.0000,1,0,0,0),(284,284,1,100.0000,0.0000,1,0,0,1,1.0000,1,0.0000,1,1,NULL,NULL,1,0,1,0,1,0.0000,1,0,0,0),(285,285,1,100.0000,0.0000,1,0,0,1,1.0000,1,0.0000,1,1,NULL,NULL,1,0,1,0,1,0.0000,1,0,0,0),(286,286,1,0.0000,0.0000,1,0,0,1,1.0000,1,0.0000,1,1,NULL,NULL,1,0,1,0,1,0.0000,1,0,0,0),(287,287,1,100.0000,0.0000,1,0,0,1,1.0000,1,0.0000,1,1,NULL,NULL,1,0,1,0,1,0.0000,1,0,0,0),(288,288,1,100.0000,0.0000,1,0,0,1,1.0000,1,0.0000,1,1,NULL,NULL,1,0,1,0,1,0.0000,1,0,0,0),(289,289,1,100.0000,0.0000,1,0,0,1,1.0000,1,0.0000,1,1,NULL,NULL,1,0,1,0,1,0.0000,1,0,0,0),(290,290,1,100.0000,0.0000,1,0,0,1,1.0000,1,0.0000,1,1,NULL,NULL,1,0,1,0,1,0.0000,1,0,0,0),(291,291,1,100.0000,0.0000,1,0,0,1,1.0000,1,0.0000,1,1,NULL,NULL,1,0,1,0,1,0.0000,1,0,0,0),(292,292,1,100.0000,0.0000,1,0,0,1,1.0000,1,0.0000,1,1,NULL,NULL,1,0,1,0,1,0.0000,1,0,0,0),(293,293,1,100.0000,0.0000,1,0,0,1,1.0000,1,0.0000,1,1,NULL,NULL,1,0,1,0,1,0.0000,1,0,0,0),(294,294,1,100.0000,0.0000,1,0,0,1,1.0000,1,0.0000,1,1,NULL,NULL,1,0,1,0,1,0.0000,1,0,0,0),(295,295,1,100.0000,0.0000,1,0,0,1,1.0000,1,0.0000,1,1,NULL,NULL,1,0,1,0,1,0.0000,1,0,0,0),(296,296,1,100.0000,0.0000,1,0,0,1,1.0000,1,0.0000,1,1,NULL,NULL,1,0,1,0,1,0.0000,1,0,0,0),(297,297,1,100.0000,0.0000,1,0,0,1,1.0000,1,0.0000,1,1,NULL,NULL,1,0,1,0,1,0.0000,1,0,0,0),(298,298,1,100.0000,0.0000,1,0,0,1,1.0000,1,0.0000,1,1,NULL,NULL,1,0,1,0,1,0.0000,1,0,0,0),(299,299,1,100.0000,0.0000,1,0,0,1,1.0000,1,0.0000,1,1,NULL,NULL,1,0,1,0,1,0.0000,1,0,0,0),(300,300,1,100.0000,0.0000,1,0,0,1,1.0000,1,0.0000,1,1,NULL,NULL,1,0,1,0,1,0.0000,1,0,0,0),(301,301,1,100.0000,0.0000,1,0,0,1,1.0000,1,0.0000,1,1,NULL,NULL,1,0,1,0,1,0.0000,1,0,0,0),(302,302,1,0.0000,0.0000,1,0,0,1,1.0000,1,0.0000,1,1,NULL,NULL,1,0,1,0,1,0.0000,1,0,0,0),(303,303,1,100.0000,0.0000,1,0,0,1,1.0000,1,0.0000,1,1,NULL,NULL,1,0,1,0,1,0.0000,1,0,0,0),(304,304,1,100.0000,0.0000,1,0,0,1,1.0000,1,0.0000,1,1,NULL,NULL,1,0,1,0,1,0.0000,1,0,0,0),(305,305,1,100.0000,0.0000,1,0,0,1,1.0000,1,0.0000,1,1,NULL,NULL,1,0,1,0,1,0.0000,1,0,0,0),(306,306,1,100.0000,0.0000,1,0,0,1,1.0000,1,0.0000,1,1,NULL,NULL,1,0,1,0,1,0.0000,1,0,0,0),(307,307,1,100.0000,0.0000,1,0,0,1,1.0000,1,0.0000,1,1,NULL,NULL,1,0,1,0,1,0.0000,1,0,0,0),(308,308,1,100.0000,0.0000,1,0,0,1,1.0000,1,0.0000,1,1,NULL,NULL,1,0,1,0,1,0.0000,1,0,0,0),(309,309,1,100.0000,0.0000,1,0,0,1,1.0000,1,0.0000,1,1,NULL,NULL,1,0,1,0,1,0.0000,1,0,0,0),(310,310,1,100.0000,0.0000,1,0,0,1,1.0000,1,0.0000,1,1,NULL,NULL,1,0,1,0,1,0.0000,1,0,0,0),(311,311,1,100.0000,0.0000,1,0,0,1,1.0000,1,0.0000,1,1,NULL,NULL,1,0,1,0,1,0.0000,1,0,0,0),(312,312,1,100.0000,0.0000,1,0,0,1,1.0000,1,0.0000,1,1,NULL,NULL,1,0,1,0,1,0.0000,1,0,0,0),(313,313,1,100.0000,0.0000,1,0,0,1,1.0000,1,0.0000,1,1,NULL,NULL,1,0,1,0,1,0.0000,1,0,0,0),(314,314,1,100.0000,0.0000,1,0,0,1,1.0000,1,0.0000,1,1,NULL,NULL,1,0,1,0,1,0.0000,1,0,0,0),(315,315,1,100.0000,0.0000,1,0,0,1,1.0000,1,0.0000,1,1,NULL,NULL,1,0,1,0,1,0.0000,1,0,0,0),(316,316,1,100.0000,0.0000,1,0,0,1,1.0000,1,0.0000,1,1,NULL,NULL,1,0,1,0,1,0.0000,1,0,0,0),(317,317,1,100.0000,0.0000,1,0,0,1,1.0000,1,0.0000,1,1,NULL,NULL,1,0,1,0,1,0.0000,1,0,0,0),(318,318,1,0.0000,0.0000,1,0,0,1,1.0000,1,0.0000,1,1,NULL,NULL,1,0,1,0,1,0.0000,1,0,0,0),(319,319,1,100.0000,0.0000,1,0,0,1,1.0000,1,0.0000,1,1,NULL,NULL,1,0,1,0,1,0.0000,1,0,0,0),(320,320,1,100.0000,0.0000,1,0,0,1,1.0000,1,0.0000,1,1,NULL,NULL,1,0,1,0,1,0.0000,1,0,0,0),(321,321,1,100.0000,0.0000,1,0,0,1,1.0000,1,0.0000,1,1,NULL,NULL,1,0,1,0,1,0.0000,1,0,0,0),(322,322,1,100.0000,0.0000,1,0,0,1,1.0000,1,0.0000,1,1,NULL,NULL,1,0,1,0,1,0.0000,1,0,0,0),(323,323,1,100.0000,0.0000,1,0,0,1,1.0000,1,0.0000,1,1,NULL,NULL,1,0,1,0,1,0.0000,1,0,0,0),(324,324,1,100.0000,0.0000,1,0,0,1,1.0000,1,0.0000,1,1,NULL,NULL,1,0,1,0,1,0.0000,1,0,0,0),(325,325,1,100.0000,0.0000,1,0,0,1,1.0000,1,0.0000,1,1,NULL,NULL,1,0,1,0,1,0.0000,1,0,0,0),(326,326,1,100.0000,0.0000,1,0,0,1,1.0000,1,0.0000,1,1,NULL,NULL,1,0,1,0,1,0.0000,1,0,0,0),(327,327,1,100.0000,0.0000,1,0,0,1,1.0000,1,0.0000,1,1,NULL,NULL,1,0,1,0,1,0.0000,1,0,0,0),(328,328,1,100.0000,0.0000,1,0,0,1,1.0000,1,0.0000,1,1,NULL,NULL,1,0,1,0,1,0.0000,1,0,0,0),(329,329,1,100.0000,0.0000,1,0,0,1,1.0000,1,0.0000,1,1,NULL,NULL,1,0,1,0,1,0.0000,1,0,0,0),(330,330,1,100.0000,0.0000,1,0,0,1,1.0000,1,0.0000,1,1,NULL,NULL,1,0,1,0,1,0.0000,1,0,0,0),(331,331,1,100.0000,0.0000,1,0,0,1,1.0000,1,0.0000,1,1,NULL,NULL,1,0,1,0,1,0.0000,1,0,0,0),(332,332,1,100.0000,0.0000,1,0,0,1,1.0000,1,0.0000,1,1,NULL,NULL,1,0,1,0,1,0.0000,1,0,0,0),(333,333,1,100.0000,0.0000,1,0,0,1,1.0000,1,0.0000,1,1,NULL,NULL,1,0,1,0,1,0.0000,1,0,0,0),(334,334,1,0.0000,0.0000,1,0,0,1,1.0000,1,0.0000,1,1,NULL,NULL,1,0,1,0,1,0.0000,1,0,0,0),(335,335,1,100.0000,0.0000,1,0,0,1,1.0000,1,0.0000,1,1,NULL,NULL,1,0,1,0,1,0.0000,1,0,0,0),(336,336,1,100.0000,0.0000,1,0,0,1,1.0000,1,0.0000,1,1,NULL,NULL,1,0,1,0,1,0.0000,1,0,0,0),(337,337,1,100.0000,0.0000,1,0,0,1,1.0000,1,0.0000,1,1,NULL,NULL,1,0,1,0,1,0.0000,1,0,0,0),(338,338,1,100.0000,0.0000,1,0,0,1,1.0000,1,0.0000,1,1,NULL,NULL,1,0,1,0,1,0.0000,1,0,0,0),(339,339,1,100.0000,0.0000,1,0,0,1,1.0000,1,0.0000,1,1,NULL,NULL,1,0,1,0,1,0.0000,1,0,0,0),(340,340,1,100.0000,0.0000,1,0,0,1,1.0000,1,0.0000,1,1,NULL,NULL,1,0,1,0,1,0.0000,1,0,0,0),(341,341,1,100.0000,0.0000,1,0,0,1,1.0000,1,0.0000,1,1,NULL,NULL,1,0,1,0,1,0.0000,1,0,0,0),(342,342,1,100.0000,0.0000,1,0,0,1,1.0000,1,0.0000,1,1,NULL,NULL,1,0,1,0,1,0.0000,1,0,0,0),(343,343,1,100.0000,0.0000,1,0,0,1,1.0000,1,0.0000,1,1,NULL,NULL,1,0,1,0,1,0.0000,1,0,0,0),(344,344,1,100.0000,0.0000,1,0,0,1,1.0000,1,0.0000,1,1,NULL,NULL,1,0,1,0,1,0.0000,1,0,0,0),(345,345,1,100.0000,0.0000,1,0,0,1,1.0000,1,0.0000,1,1,NULL,NULL,1,0,1,0,1,0.0000,1,0,0,0),(346,346,1,100.0000,0.0000,1,0,0,1,1.0000,1,0.0000,1,1,NULL,NULL,1,0,1,0,1,0.0000,1,0,0,0),(347,347,1,100.0000,0.0000,1,0,0,1,1.0000,1,0.0000,1,1,NULL,NULL,1,0,1,0,1,0.0000,1,0,0,0),(348,348,1,100.0000,0.0000,1,0,0,1,1.0000,1,0.0000,1,1,NULL,NULL,1,0,1,0,1,0.0000,1,0,0,0),(349,349,1,100.0000,0.0000,1,0,0,1,1.0000,1,0.0000,1,1,NULL,NULL,1,0,1,0,1,0.0000,1,0,0,0),(350,350,1,0.0000,0.0000,1,0,0,1,1.0000,1,0.0000,1,1,NULL,NULL,1,0,1,0,1,0.0000,1,0,0,0),(351,351,1,100.0000,0.0000,1,0,0,1,1.0000,1,0.0000,1,1,NULL,NULL,1,0,1,0,1,0.0000,1,0,0,0),(352,352,1,100.0000,0.0000,1,0,0,1,1.0000,1,0.0000,1,1,NULL,NULL,1,0,1,0,1,0.0000,1,0,0,0),(353,353,1,100.0000,0.0000,1,0,0,1,1.0000,1,0.0000,1,1,NULL,NULL,1,0,1,0,1,0.0000,1,0,0,0),(354,354,1,100.0000,0.0000,1,0,0,1,1.0000,1,0.0000,1,1,NULL,NULL,1,0,1,0,1,0.0000,1,0,0,0),(355,355,1,100.0000,0.0000,1,0,0,1,1.0000,1,0.0000,1,1,NULL,NULL,1,0,1,0,1,0.0000,1,0,0,0),(356,356,1,100.0000,0.0000,1,0,0,1,1.0000,1,0.0000,1,1,NULL,NULL,1,0,1,0,1,0.0000,1,0,0,0),(357,357,1,100.0000,0.0000,1,0,0,1,1.0000,1,0.0000,1,1,NULL,NULL,1,0,1,0,1,0.0000,1,0,0,0),(358,358,1,100.0000,0.0000,1,0,0,1,1.0000,1,0.0000,1,1,NULL,NULL,1,0,1,0,1,0.0000,1,0,0,0),(359,359,1,100.0000,0.0000,1,0,0,1,1.0000,1,0.0000,1,1,NULL,NULL,1,0,1,0,1,0.0000,1,0,0,0),(360,360,1,100.0000,0.0000,1,0,0,1,1.0000,1,0.0000,1,1,NULL,NULL,1,0,1,0,1,0.0000,1,0,0,0),(361,361,1,100.0000,0.0000,1,0,0,1,1.0000,1,0.0000,1,1,NULL,NULL,1,0,1,0,1,0.0000,1,0,0,0),(362,362,1,100.0000,0.0000,1,0,0,1,1.0000,1,0.0000,1,1,NULL,NULL,1,0,1,0,1,0.0000,1,0,0,0),(363,363,1,100.0000,0.0000,1,0,0,1,1.0000,1,0.0000,1,1,NULL,NULL,1,0,1,0,1,0.0000,1,0,0,0),(364,364,1,100.0000,0.0000,1,0,0,1,1.0000,1,0.0000,1,1,NULL,NULL,1,0,1,0,1,0.0000,1,0,0,0),(365,365,1,100.0000,0.0000,1,0,0,1,1.0000,1,0.0000,1,1,NULL,NULL,1,0,1,0,1,0.0000,1,0,0,0),(366,366,1,0.0000,0.0000,1,0,0,1,1.0000,1,0.0000,1,1,NULL,NULL,1,0,1,0,1,0.0000,1,0,0,0),(367,367,1,100.0000,0.0000,1,0,0,1,1.0000,1,0.0000,1,1,NULL,NULL,1,0,1,0,1,0.0000,1,0,0,0),(368,368,1,100.0000,0.0000,1,0,0,1,1.0000,1,0.0000,1,1,NULL,NULL,1,0,1,0,1,0.0000,1,0,0,0),(369,369,1,100.0000,0.0000,1,0,0,1,1.0000,1,0.0000,1,1,NULL,NULL,1,0,1,0,1,0.0000,1,0,0,0),(370,370,1,100.0000,0.0000,1,0,0,1,1.0000,1,0.0000,1,1,NULL,NULL,1,0,1,0,1,0.0000,1,0,0,0),(371,371,1,100.0000,0.0000,1,0,0,1,1.0000,1,0.0000,1,1,NULL,NULL,1,0,1,0,1,0.0000,1,0,0,0),(372,372,1,100.0000,0.0000,1,0,0,1,1.0000,1,0.0000,1,1,NULL,NULL,1,0,1,0,1,0.0000,1,0,0,0),(373,373,1,100.0000,0.0000,1,0,0,1,1.0000,1,0.0000,1,1,NULL,NULL,1,0,1,0,1,0.0000,1,0,0,0),(374,374,1,100.0000,0.0000,1,0,0,1,1.0000,1,0.0000,1,1,NULL,NULL,1,0,1,0,1,0.0000,1,0,0,0),(375,375,1,100.0000,0.0000,1,0,0,1,1.0000,1,0.0000,1,1,NULL,NULL,1,0,1,0,1,0.0000,1,0,0,0),(376,376,1,100.0000,0.0000,1,0,0,1,1.0000,1,0.0000,1,1,NULL,NULL,1,0,1,0,1,0.0000,1,0,0,0),(377,377,1,100.0000,0.0000,1,0,0,1,1.0000,1,0.0000,1,1,NULL,NULL,1,0,1,0,1,0.0000,1,0,0,0),(378,378,1,100.0000,0.0000,1,0,0,1,1.0000,1,0.0000,1,1,NULL,NULL,1,0,1,0,1,0.0000,1,0,0,0),(379,379,1,100.0000,0.0000,1,0,0,1,1.0000,1,0.0000,1,1,NULL,NULL,1,0,1,0,1,0.0000,1,0,0,0),(380,380,1,100.0000,0.0000,1,0,0,1,1.0000,1,0.0000,1,1,NULL,NULL,1,0,1,0,1,0.0000,1,0,0,0),(381,381,1,100.0000,0.0000,1,0,0,1,1.0000,1,0.0000,1,1,NULL,NULL,1,0,1,0,1,0.0000,1,0,0,0),(382,382,1,0.0000,0.0000,1,0,0,1,1.0000,1,0.0000,1,1,NULL,NULL,1,0,1,0,1,0.0000,1,0,0,0),(383,383,1,100.0000,0.0000,1,0,0,1,1.0000,1,0.0000,1,1,NULL,NULL,1,0,1,0,1,0.0000,1,0,0,0),(384,384,1,100.0000,0.0000,1,0,0,1,1.0000,1,0.0000,1,1,NULL,NULL,1,0,1,0,1,0.0000,1,0,0,0),(385,385,1,100.0000,0.0000,1,0,0,1,1.0000,1,0.0000,1,1,NULL,NULL,1,0,1,0,1,0.0000,1,0,0,0),(386,386,1,100.0000,0.0000,1,0,0,1,1.0000,1,0.0000,1,1,NULL,NULL,1,0,1,0,1,0.0000,1,0,0,0),(387,387,1,100.0000,0.0000,1,0,0,1,1.0000,1,0.0000,1,1,NULL,NULL,1,0,1,0,1,0.0000,1,0,0,0),(388,388,1,100.0000,0.0000,1,0,0,1,1.0000,1,0.0000,1,1,NULL,NULL,1,0,1,0,1,0.0000,1,0,0,0),(389,389,1,100.0000,0.0000,1,0,0,1,1.0000,1,0.0000,1,1,NULL,NULL,1,0,1,0,1,0.0000,1,0,0,0),(390,390,1,100.0000,0.0000,1,0,0,1,1.0000,1,0.0000,1,1,NULL,NULL,1,0,1,0,1,0.0000,1,0,0,0),(391,391,1,100.0000,0.0000,1,0,0,1,1.0000,1,0.0000,1,1,NULL,NULL,1,0,1,0,1,0.0000,1,0,0,0),(392,392,1,100.0000,0.0000,1,0,0,1,1.0000,1,0.0000,1,1,NULL,NULL,1,0,1,0,1,0.0000,1,0,0,0),(393,393,1,100.0000,0.0000,1,0,0,1,1.0000,1,0.0000,1,1,NULL,NULL,1,0,1,0,1,0.0000,1,0,0,0),(394,394,1,100.0000,0.0000,1,0,0,1,1.0000,1,0.0000,1,1,NULL,NULL,1,0,1,0,1,0.0000,1,0,0,0),(395,395,1,100.0000,0.0000,1,0,0,1,1.0000,1,0.0000,1,1,NULL,NULL,1,0,1,0,1,0.0000,1,0,0,0),(396,396,1,100.0000,0.0000,1,0,0,1,1.0000,1,0.0000,1,1,NULL,NULL,1,0,1,0,1,0.0000,1,0,0,0),(397,397,1,100.0000,0.0000,1,0,0,1,1.0000,1,0.0000,1,1,NULL,NULL,1,0,1,0,1,0.0000,1,0,0,0),(398,398,1,0.0000,0.0000,1,0,0,1,1.0000,1,0.0000,1,1,NULL,NULL,1,0,1,0,1,0.0000,1,0,0,0),(399,399,1,100.0000,0.0000,1,0,0,1,1.0000,1,0.0000,1,1,NULL,NULL,1,0,1,0,1,0.0000,1,0,0,0),(400,400,1,100.0000,0.0000,1,0,0,1,1.0000,1,0.0000,1,1,NULL,NULL,1,0,1,0,1,0.0000,1,0,0,0),(401,401,1,100.0000,0.0000,1,0,0,1,1.0000,1,0.0000,1,1,NULL,NULL,1,0,1,0,1,0.0000,1,0,0,0),(402,402,1,100.0000,0.0000,1,0,0,1,1.0000,1,0.0000,1,1,NULL,NULL,1,0,1,0,1,0.0000,1,0,0,0),(403,403,1,100.0000,0.0000,1,0,0,1,1.0000,1,0.0000,1,1,NULL,NULL,1,0,1,0,1,0.0000,1,0,0,0),(404,404,1,100.0000,0.0000,1,0,0,1,1.0000,1,0.0000,1,1,NULL,NULL,1,0,1,0,1,0.0000,1,0,0,0),(405,405,1,100.0000,0.0000,1,0,0,1,1.0000,1,0.0000,1,1,NULL,NULL,1,0,1,0,1,0.0000,1,0,0,0),(406,406,1,100.0000,0.0000,1,0,0,1,1.0000,1,0.0000,1,1,NULL,NULL,1,0,1,0,1,0.0000,1,0,0,0),(407,407,1,100.0000,0.0000,1,0,0,1,1.0000,1,0.0000,1,1,NULL,NULL,1,0,1,0,1,0.0000,1,0,0,0),(408,408,1,100.0000,0.0000,1,0,0,1,1.0000,1,0.0000,1,1,NULL,NULL,1,0,1,0,1,0.0000,1,0,0,0),(409,409,1,100.0000,0.0000,1,0,0,1,1.0000,1,0.0000,1,1,NULL,NULL,1,0,1,0,1,0.0000,1,0,0,0),(410,410,1,100.0000,0.0000,1,0,0,1,1.0000,1,0.0000,1,1,NULL,NULL,1,0,1,0,1,0.0000,1,0,0,0),(411,411,1,100.0000,0.0000,1,0,0,1,1.0000,1,0.0000,1,1,NULL,NULL,1,0,1,0,1,0.0000,1,0,0,0),(412,412,1,100.0000,0.0000,1,0,0,1,1.0000,1,0.0000,1,1,NULL,NULL,1,0,1,0,1,0.0000,1,0,0,0),(413,413,1,100.0000,0.0000,1,0,0,1,1.0000,1,0.0000,1,1,NULL,NULL,1,0,1,0,1,0.0000,1,0,0,0),(414,414,1,0.0000,0.0000,1,0,0,1,1.0000,1,0.0000,1,1,NULL,NULL,1,0,1,0,1,0.0000,1,0,0,0),(415,415,1,100.0000,0.0000,1,0,0,1,1.0000,1,0.0000,1,1,NULL,NULL,1,0,1,0,1,0.0000,1,0,0,0),(416,416,1,100.0000,0.0000,1,0,0,1,1.0000,1,0.0000,1,1,NULL,NULL,1,0,1,0,1,0.0000,1,0,0,0),(417,417,1,100.0000,0.0000,1,0,0,1,1.0000,1,0.0000,1,1,NULL,NULL,1,0,1,0,1,0.0000,1,0,0,0),(418,418,1,100.0000,0.0000,1,0,0,1,1.0000,1,0.0000,1,1,NULL,NULL,1,0,1,0,1,0.0000,1,0,0,0),(419,419,1,100.0000,0.0000,1,0,0,1,1.0000,1,0.0000,1,1,NULL,NULL,1,0,1,0,1,0.0000,1,0,0,0),(420,420,1,100.0000,0.0000,1,0,0,1,1.0000,1,0.0000,1,1,NULL,NULL,1,0,1,0,1,0.0000,1,0,0,0),(421,421,1,100.0000,0.0000,1,0,0,1,1.0000,1,0.0000,1,1,NULL,NULL,1,0,1,0,1,0.0000,1,0,0,0),(422,422,1,100.0000,0.0000,1,0,0,1,1.0000,1,0.0000,1,1,NULL,NULL,1,0,1,0,1,0.0000,1,0,0,0),(423,423,1,100.0000,0.0000,1,0,0,1,1.0000,1,0.0000,1,1,NULL,NULL,1,0,1,0,1,0.0000,1,0,0,0),(424,424,1,100.0000,0.0000,1,0,0,1,1.0000,1,0.0000,1,1,NULL,NULL,1,0,1,0,1,0.0000,1,0,0,0),(425,425,1,100.0000,0.0000,1,0,0,1,1.0000,1,0.0000,1,1,NULL,NULL,1,0,1,0,1,0.0000,1,0,0,0),(426,426,1,100.0000,0.0000,1,0,0,1,1.0000,1,0.0000,1,1,NULL,NULL,1,0,1,0,1,0.0000,1,0,0,0),(427,427,1,100.0000,0.0000,1,0,0,1,1.0000,1,0.0000,1,1,NULL,NULL,1,0,1,0,1,0.0000,1,0,0,0),(428,428,1,100.0000,0.0000,1,0,0,1,1.0000,1,0.0000,1,1,NULL,NULL,1,0,1,0,1,0.0000,1,0,0,0),(429,429,1,100.0000,0.0000,1,0,0,1,1.0000,1,0.0000,1,1,NULL,NULL,1,0,1,0,1,0.0000,1,0,0,0),(430,430,1,0.0000,0.0000,1,0,0,1,1.0000,1,0.0000,1,1,NULL,NULL,1,0,1,0,1,0.0000,1,0,0,0),(431,431,1,100.0000,0.0000,1,0,0,1,1.0000,1,0.0000,1,1,NULL,NULL,1,0,1,0,1,0.0000,1,0,0,0),(432,432,1,100.0000,0.0000,1,0,0,1,1.0000,1,0.0000,1,1,NULL,NULL,1,0,1,0,1,0.0000,1,0,0,0),(433,433,1,100.0000,0.0000,1,0,0,1,1.0000,1,0.0000,1,1,NULL,NULL,1,0,1,0,1,0.0000,1,0,0,0),(434,434,1,100.0000,0.0000,1,0,0,1,1.0000,1,0.0000,1,1,NULL,NULL,1,0,1,0,1,0.0000,1,0,0,0),(435,435,1,100.0000,0.0000,1,0,0,1,1.0000,1,0.0000,1,1,NULL,NULL,1,0,1,0,1,0.0000,1,0,0,0),(436,436,1,100.0000,0.0000,1,0,0,1,1.0000,1,0.0000,1,1,NULL,NULL,1,0,1,0,1,0.0000,1,0,0,0),(437,437,1,100.0000,0.0000,1,0,0,1,1.0000,1,0.0000,1,1,NULL,NULL,1,0,1,0,1,0.0000,1,0,0,0),(438,438,1,100.0000,0.0000,1,0,0,1,1.0000,1,0.0000,1,1,NULL,NULL,1,0,1,0,1,0.0000,1,0,0,0),(439,439,1,100.0000,0.0000,1,0,0,1,1.0000,1,0.0000,1,1,NULL,NULL,1,0,1,0,1,0.0000,1,0,0,0),(440,440,1,100.0000,0.0000,1,0,0,1,1.0000,1,0.0000,1,1,NULL,NULL,1,0,1,0,1,0.0000,1,0,0,0),(441,441,1,100.0000,0.0000,1,0,0,1,1.0000,1,0.0000,1,1,NULL,NULL,1,0,1,0,1,0.0000,1,0,0,0),(442,442,1,100.0000,0.0000,1,0,0,1,1.0000,1,0.0000,1,1,NULL,NULL,1,0,1,0,1,0.0000,1,0,0,0),(443,443,1,100.0000,0.0000,1,0,0,1,1.0000,1,0.0000,1,1,NULL,NULL,1,0,1,0,1,0.0000,1,0,0,0),(444,444,1,100.0000,0.0000,1,0,0,1,1.0000,1,0.0000,1,1,NULL,NULL,1,0,1,0,1,0.0000,1,0,0,0),(445,445,1,100.0000,0.0000,1,0,0,1,1.0000,1,0.0000,1,1,NULL,NULL,1,0,1,0,1,0.0000,1,0,0,0),(446,446,1,0.0000,0.0000,1,0,0,1,1.0000,1,0.0000,1,1,NULL,NULL,1,0,1,0,1,0.0000,1,0,0,0),(447,447,1,100.0000,0.0000,1,0,0,1,1.0000,1,0.0000,1,1,NULL,NULL,1,0,1,0,1,0.0000,1,0,0,0),(448,448,1,100.0000,0.0000,1,0,0,1,1.0000,1,0.0000,1,1,NULL,NULL,1,0,1,0,1,0.0000,1,0,0,0),(449,449,1,100.0000,0.0000,1,0,0,1,1.0000,1,0.0000,1,1,NULL,NULL,1,0,1,0,1,0.0000,1,0,0,0),(450,450,1,100.0000,0.0000,1,0,0,1,1.0000,1,0.0000,1,1,NULL,NULL,1,0,1,0,1,0.0000,1,0,0,0),(451,451,1,100.0000,0.0000,1,0,0,1,1.0000,1,0.0000,1,1,NULL,NULL,1,0,1,0,1,0.0000,1,0,0,0),(452,452,1,100.0000,0.0000,1,0,0,1,1.0000,1,0.0000,1,1,NULL,NULL,1,0,1,0,1,0.0000,1,0,0,0),(453,453,1,100.0000,0.0000,1,0,0,1,1.0000,1,0.0000,1,1,NULL,NULL,1,0,1,0,1,0.0000,1,0,0,0),(454,454,1,100.0000,0.0000,1,0,0,1,1.0000,1,0.0000,1,1,NULL,NULL,1,0,1,0,1,0.0000,1,0,0,0),(455,455,1,100.0000,0.0000,1,0,0,1,1.0000,1,0.0000,1,1,NULL,NULL,1,0,1,0,1,0.0000,1,0,0,0),(456,456,1,100.0000,0.0000,1,0,0,1,1.0000,1,0.0000,1,1,NULL,NULL,1,0,1,0,1,0.0000,1,0,0,0),(457,457,1,100.0000,0.0000,1,0,0,1,1.0000,1,0.0000,1,1,NULL,NULL,1,0,1,0,1,0.0000,1,0,0,0),(458,458,1,100.0000,0.0000,1,0,0,1,1.0000,1,0.0000,1,1,NULL,NULL,1,0,1,0,1,0.0000,1,0,0,0),(459,459,1,100.0000,0.0000,1,0,0,1,1.0000,1,0.0000,1,1,NULL,NULL,1,0,1,0,1,0.0000,1,0,0,0),(460,460,1,100.0000,0.0000,1,0,0,1,1.0000,1,0.0000,1,1,NULL,NULL,1,0,1,0,1,0.0000,1,0,0,0),(461,461,1,100.0000,0.0000,1,0,0,1,1.0000,1,0.0000,1,1,NULL,NULL,1,0,1,0,1,0.0000,1,0,0,0),(462,462,1,0.0000,0.0000,1,0,0,1,1.0000,1,0.0000,1,1,NULL,NULL,1,0,1,0,1,0.0000,1,0,0,0),(463,463,1,100.0000,0.0000,1,0,0,1,1.0000,1,0.0000,1,1,NULL,NULL,1,0,1,0,1,0.0000,1,0,0,0),(464,464,1,100.0000,0.0000,1,0,0,1,1.0000,1,0.0000,1,1,NULL,NULL,1,0,1,0,1,0.0000,1,0,0,0),(465,465,1,100.0000,0.0000,1,0,0,1,1.0000,1,0.0000,1,1,NULL,NULL,1,0,1,0,1,0.0000,1,0,0,0),(466,466,1,100.0000,0.0000,1,0,0,1,1.0000,1,0.0000,1,1,NULL,NULL,1,0,1,0,1,0.0000,1,0,0,0),(467,467,1,100.0000,0.0000,1,0,0,1,1.0000,1,0.0000,1,1,NULL,NULL,1,0,1,0,1,0.0000,1,0,0,0),(468,468,1,100.0000,0.0000,1,0,0,1,1.0000,1,0.0000,1,1,NULL,NULL,1,0,1,0,1,0.0000,1,0,0,0),(469,469,1,100.0000,0.0000,1,0,0,1,1.0000,1,0.0000,1,1,NULL,NULL,1,0,1,0,1,0.0000,1,0,0,0),(470,470,1,100.0000,0.0000,1,0,0,1,1.0000,1,0.0000,1,1,NULL,NULL,1,0,1,0,1,0.0000,1,0,0,0),(471,471,1,100.0000,0.0000,1,0,0,1,1.0000,1,0.0000,1,1,NULL,NULL,1,0,1,0,1,0.0000,1,0,0,0),(472,472,1,100.0000,0.0000,1,0,0,1,1.0000,1,0.0000,1,1,NULL,NULL,1,0,1,0,1,0.0000,1,0,0,0),(473,473,1,100.0000,0.0000,1,0,0,1,1.0000,1,0.0000,1,1,NULL,NULL,1,0,1,0,1,0.0000,1,0,0,0),(474,474,1,100.0000,0.0000,1,0,0,1,1.0000,1,0.0000,1,1,NULL,NULL,1,0,1,0,1,0.0000,1,0,0,0),(475,475,1,100.0000,0.0000,1,0,0,1,1.0000,1,0.0000,1,1,NULL,NULL,1,0,1,0,1,0.0000,1,0,0,0),(476,476,1,100.0000,0.0000,1,0,0,1,1.0000,1,0.0000,1,1,NULL,NULL,1,0,1,0,1,0.0000,1,0,0,0),(477,477,1,100.0000,0.0000,1,0,0,1,1.0000,1,0.0000,1,1,NULL,NULL,1,0,1,0,1,0.0000,1,0,0,0),(478,478,1,0.0000,0.0000,1,0,0,1,1.0000,1,0.0000,1,1,NULL,NULL,1,0,1,0,1,0.0000,1,0,0,0),(479,479,1,100.0000,0.0000,1,0,0,1,1.0000,1,0.0000,1,1,NULL,NULL,1,0,1,0,1,0.0000,1,0,0,0),(480,480,1,100.0000,0.0000,1,0,0,1,1.0000,1,0.0000,1,1,NULL,NULL,1,0,1,0,1,0.0000,1,0,0,0),(481,481,1,100.0000,0.0000,1,0,0,1,1.0000,1,0.0000,1,1,NULL,NULL,1,0,1,0,1,0.0000,1,0,0,0),(482,482,1,100.0000,0.0000,1,0,0,1,1.0000,1,0.0000,1,1,NULL,NULL,1,0,1,0,1,0.0000,1,0,0,0),(483,483,1,100.0000,0.0000,1,0,0,1,1.0000,1,0.0000,1,1,NULL,NULL,1,0,1,0,1,0.0000,1,0,0,0),(484,484,1,100.0000,0.0000,1,0,0,1,1.0000,1,0.0000,1,1,NULL,NULL,1,0,1,0,1,0.0000,1,0,0,0),(485,485,1,100.0000,0.0000,1,0,0,1,1.0000,1,0.0000,1,1,NULL,NULL,1,0,1,0,1,0.0000,1,0,0,0),(486,486,1,100.0000,0.0000,1,0,0,1,1.0000,1,0.0000,1,1,NULL,NULL,1,0,1,0,1,0.0000,1,0,0,0),(487,487,1,100.0000,0.0000,1,0,0,1,1.0000,1,0.0000,1,1,NULL,NULL,1,0,1,0,1,0.0000,1,0,0,0),(488,488,1,100.0000,0.0000,1,0,0,1,1.0000,1,0.0000,1,1,NULL,NULL,1,0,1,0,1,0.0000,1,0,0,0),(489,489,1,100.0000,0.0000,1,0,0,1,1.0000,1,0.0000,1,1,NULL,NULL,1,0,1,0,1,0.0000,1,0,0,0),(490,490,1,100.0000,0.0000,1,0,0,1,1.0000,1,0.0000,1,1,NULL,NULL,1,0,1,0,1,0.0000,1,0,0,0),(491,491,1,100.0000,0.0000,1,0,0,1,1.0000,1,0.0000,1,1,NULL,NULL,1,0,1,0,1,0.0000,1,0,0,0),(492,492,1,100.0000,0.0000,1,0,0,1,1.0000,1,0.0000,1,1,NULL,NULL,1,0,1,0,1,0.0000,1,0,0,0),(493,493,1,100.0000,0.0000,1,0,0,1,1.0000,1,0.0000,1,1,NULL,NULL,1,0,1,0,1,0.0000,1,0,0,0),(494,494,1,0.0000,0.0000,1,0,0,1,1.0000,1,0.0000,1,1,NULL,NULL,1,0,1,0,1,0.0000,1,0,0,0),(495,495,1,100.0000,0.0000,1,0,0,1,1.0000,1,0.0000,1,1,NULL,NULL,1,0,1,0,1,0.0000,1,0,0,0),(496,496,1,100.0000,0.0000,1,0,0,1,1.0000,1,0.0000,1,1,NULL,NULL,1,0,1,0,1,0.0000,1,0,0,0),(497,497,1,100.0000,0.0000,1,0,0,1,1.0000,1,0.0000,1,1,NULL,NULL,1,0,1,0,1,0.0000,1,0,0,0),(498,498,1,100.0000,0.0000,1,0,0,1,1.0000,1,0.0000,1,1,NULL,NULL,1,0,1,0,1,0.0000,1,0,0,0),(499,499,1,100.0000,0.0000,1,0,0,1,1.0000,1,0.0000,1,1,NULL,NULL,1,0,1,0,1,0.0000,1,0,0,0),(500,500,1,100.0000,0.0000,1,0,0,1,1.0000,1,0.0000,1,1,NULL,NULL,1,0,1,0,1,0.0000,1,0,0,0),(501,501,1,100.0000,0.0000,1,0,0,1,1.0000,1,0.0000,1,1,NULL,NULL,1,0,1,0,1,0.0000,1,0,0,0),(502,502,1,100.0000,0.0000,1,0,0,1,1.0000,1,0.0000,1,1,NULL,NULL,1,0,1,0,1,0.0000,1,0,0,0),(503,503,1,100.0000,0.0000,1,0,0,1,1.0000,1,0.0000,1,1,NULL,NULL,1,0,1,0,1,0.0000,1,0,0,0),(504,504,1,100.0000,0.0000,1,0,0,1,1.0000,1,0.0000,1,1,NULL,NULL,1,0,1,0,1,0.0000,1,0,0,0),(505,505,1,100.0000,0.0000,1,0,0,1,1.0000,1,0.0000,1,1,NULL,NULL,1,0,1,0,1,0.0000,1,0,0,0),(506,506,1,100.0000,0.0000,1,0,0,1,1.0000,1,0.0000,1,1,NULL,NULL,1,0,1,0,1,0.0000,1,0,0,0),(507,507,1,100.0000,0.0000,1,0,0,1,1.0000,1,0.0000,1,1,NULL,NULL,1,0,1,0,1,0.0000,1,0,0,0),(508,508,1,100.0000,0.0000,1,0,0,1,1.0000,1,0.0000,1,1,NULL,NULL,1,0,1,0,1,0.0000,1,0,0,0),(509,509,1,100.0000,0.0000,1,0,0,1,1.0000,1,0.0000,1,1,NULL,NULL,1,0,1,0,1,0.0000,1,0,0,0),(510,510,1,0.0000,0.0000,1,0,0,1,1.0000,1,0.0000,1,1,NULL,NULL,1,0,1,0,1,0.0000,1,0,0,0),(511,511,1,100.0000,0.0000,1,0,0,1,1.0000,1,0.0000,1,1,NULL,NULL,1,0,1,0,1,0.0000,1,0,0,0),(512,512,1,100.0000,0.0000,1,0,0,1,1.0000,1,0.0000,1,1,NULL,NULL,1,0,1,0,1,0.0000,1,0,0,0),(513,513,1,100.0000,0.0000,1,0,0,1,1.0000,1,0.0000,1,1,NULL,NULL,1,0,1,0,1,0.0000,1,0,0,0),(514,514,1,100.0000,0.0000,1,0,0,1,1.0000,1,0.0000,1,1,NULL,NULL,1,0,1,0,1,0.0000,1,0,0,0),(515,515,1,100.0000,0.0000,1,0,0,1,1.0000,1,0.0000,1,1,NULL,NULL,1,0,1,0,1,0.0000,1,0,0,0),(516,516,1,100.0000,0.0000,1,0,0,1,1.0000,1,0.0000,1,1,NULL,NULL,1,0,1,0,1,0.0000,1,0,0,0),(517,517,1,100.0000,0.0000,1,0,0,1,1.0000,1,0.0000,1,1,NULL,NULL,1,0,1,0,1,0.0000,1,0,0,0),(518,518,1,100.0000,0.0000,1,0,0,1,1.0000,1,0.0000,1,1,NULL,NULL,1,0,1,0,1,0.0000,1,0,0,0),(519,519,1,100.0000,0.0000,1,0,0,1,1.0000,1,0.0000,1,1,NULL,NULL,1,0,1,0,1,0.0000,1,0,0,0),(520,520,1,100.0000,0.0000,1,0,0,1,1.0000,1,0.0000,1,1,NULL,NULL,1,0,1,0,1,0.0000,1,0,0,0),(521,521,1,100.0000,0.0000,1,0,0,1,1.0000,1,0.0000,1,1,NULL,NULL,1,0,1,0,1,0.0000,1,0,0,0),(522,522,1,100.0000,0.0000,1,0,0,1,1.0000,1,0.0000,1,1,NULL,NULL,1,0,1,0,1,0.0000,1,0,0,0),(523,523,1,100.0000,0.0000,1,0,0,1,1.0000,1,0.0000,1,1,NULL,NULL,1,0,1,0,1,0.0000,1,0,0,0),(524,524,1,100.0000,0.0000,1,0,0,1,1.0000,1,0.0000,1,1,NULL,NULL,1,0,1,0,1,0.0000,1,0,0,0),(525,525,1,100.0000,0.0000,1,0,0,1,1.0000,1,0.0000,1,1,NULL,NULL,1,0,1,0,1,0.0000,1,0,0,0),(526,526,1,0.0000,0.0000,1,0,0,1,1.0000,1,0.0000,1,1,NULL,NULL,1,0,1,0,1,0.0000,1,0,0,0),(527,527,1,100.0000,0.0000,1,0,0,1,1.0000,1,0.0000,1,1,NULL,NULL,1,0,1,0,1,0.0000,1,0,0,0),(528,528,1,100.0000,0.0000,1,0,0,1,1.0000,1,0.0000,1,1,NULL,NULL,1,0,1,0,1,0.0000,1,0,0,0),(529,529,1,100.0000,0.0000,1,0,0,1,1.0000,1,0.0000,1,1,NULL,NULL,1,0,1,0,1,0.0000,1,0,0,0),(530,530,1,100.0000,0.0000,1,0,0,1,1.0000,1,0.0000,1,1,NULL,NULL,1,0,1,0,1,0.0000,1,0,0,0),(531,531,1,100.0000,0.0000,1,0,0,1,1.0000,1,0.0000,1,1,NULL,NULL,1,0,1,0,1,0.0000,1,0,0,0),(532,532,1,100.0000,0.0000,1,0,0,1,1.0000,1,0.0000,1,1,NULL,NULL,1,0,1,0,1,0.0000,1,0,0,0),(533,533,1,100.0000,0.0000,1,0,0,1,1.0000,1,0.0000,1,1,NULL,NULL,1,0,1,0,1,0.0000,1,0,0,0),(534,534,1,100.0000,0.0000,1,0,0,1,1.0000,1,0.0000,1,1,NULL,NULL,1,0,1,0,1,0.0000,1,0,0,0),(535,535,1,100.0000,0.0000,1,0,0,1,1.0000,1,0.0000,1,1,NULL,NULL,1,0,1,0,1,0.0000,1,0,0,0),(536,536,1,100.0000,0.0000,1,0,0,1,1.0000,1,0.0000,1,1,NULL,NULL,1,0,1,0,1,0.0000,1,0,0,0),(537,537,1,100.0000,0.0000,1,0,0,1,1.0000,1,0.0000,1,1,NULL,NULL,1,0,1,0,1,0.0000,1,0,0,0),(538,538,1,100.0000,0.0000,1,0,0,1,1.0000,1,0.0000,1,1,NULL,NULL,1,0,1,0,1,0.0000,1,0,0,0),(539,539,1,100.0000,0.0000,1,0,0,1,1.0000,1,0.0000,1,1,NULL,NULL,1,0,1,0,1,0.0000,1,0,0,0),(540,540,1,100.0000,0.0000,1,0,0,1,1.0000,1,0.0000,1,1,NULL,NULL,1,0,1,0,1,0.0000,1,0,0,0),(541,541,1,100.0000,0.0000,1,0,0,1,1.0000,1,0.0000,1,1,NULL,NULL,1,0,1,0,1,0.0000,1,0,0,0),(542,542,1,0.0000,0.0000,1,0,0,1,1.0000,1,0.0000,1,1,NULL,NULL,1,0,1,0,1,0.0000,1,0,0,0),(543,543,1,100.0000,0.0000,1,0,0,1,1.0000,1,0.0000,1,1,NULL,NULL,1,0,1,0,1,0.0000,1,0,0,0),(544,544,1,100.0000,0.0000,1,0,0,1,1.0000,1,0.0000,1,1,NULL,NULL,1,0,1,0,1,0.0000,1,0,0,0),(545,545,1,100.0000,0.0000,1,0,0,1,1.0000,1,0.0000,1,1,NULL,NULL,1,0,1,0,1,0.0000,1,0,0,0),(546,546,1,100.0000,0.0000,1,0,0,1,1.0000,1,0.0000,1,1,NULL,NULL,1,0,1,0,1,0.0000,1,0,0,0),(547,547,1,100.0000,0.0000,1,0,0,1,1.0000,1,0.0000,1,1,NULL,NULL,1,0,1,0,1,0.0000,1,0,0,0),(548,548,1,100.0000,0.0000,1,0,0,1,1.0000,1,0.0000,1,1,NULL,NULL,1,0,1,0,1,0.0000,1,0,0,0),(549,549,1,100.0000,0.0000,1,0,0,1,1.0000,1,0.0000,1,1,NULL,NULL,1,0,1,0,1,0.0000,1,0,0,0),(550,550,1,100.0000,0.0000,1,0,0,1,1.0000,1,0.0000,1,1,NULL,NULL,1,0,1,0,1,0.0000,1,0,0,0),(551,551,1,100.0000,0.0000,1,0,0,1,1.0000,1,0.0000,1,1,NULL,NULL,1,0,1,0,1,0.0000,1,0,0,0),(552,552,1,100.0000,0.0000,1,0,0,1,1.0000,1,0.0000,1,1,NULL,NULL,1,0,1,0,1,0.0000,1,0,0,0),(553,553,1,100.0000,0.0000,1,0,0,1,1.0000,1,0.0000,1,1,NULL,NULL,1,0,1,0,1,0.0000,1,0,0,0),(554,554,1,100.0000,0.0000,1,0,0,1,1.0000,1,0.0000,1,1,NULL,NULL,1,0,1,0,1,0.0000,1,0,0,0),(555,555,1,100.0000,0.0000,1,0,0,1,1.0000,1,0.0000,1,1,NULL,NULL,1,0,1,0,1,0.0000,1,0,0,0),(556,556,1,100.0000,0.0000,1,0,0,1,1.0000,1,0.0000,1,1,NULL,NULL,1,0,1,0,1,0.0000,1,0,0,0),(557,557,1,100.0000,0.0000,1,0,0,1,1.0000,1,0.0000,1,1,NULL,NULL,1,0,1,0,1,0.0000,1,0,0,0),(558,558,1,0.0000,0.0000,1,0,0,1,1.0000,1,0.0000,1,1,NULL,NULL,1,0,1,0,1,0.0000,1,0,0,0),(559,559,1,100.0000,0.0000,1,0,0,1,1.0000,1,0.0000,1,1,NULL,NULL,1,0,1,0,1,0.0000,1,0,0,0),(560,560,1,100.0000,0.0000,1,0,0,1,1.0000,1,0.0000,1,1,NULL,NULL,1,0,1,0,1,0.0000,1,0,0,0),(561,561,1,100.0000,0.0000,1,0,0,1,1.0000,1,0.0000,1,1,NULL,NULL,1,0,1,0,1,0.0000,1,0,0,0),(562,562,1,100.0000,0.0000,1,0,0,1,1.0000,1,0.0000,1,1,NULL,NULL,1,0,1,0,1,0.0000,1,0,0,0),(563,563,1,100.0000,0.0000,1,0,0,1,1.0000,1,0.0000,1,1,NULL,NULL,1,0,1,0,1,0.0000,1,0,0,0),(564,564,1,100.0000,0.0000,1,0,0,1,1.0000,1,0.0000,1,1,NULL,NULL,1,0,1,0,1,0.0000,1,0,0,0),(565,565,1,100.0000,0.0000,1,0,0,1,1.0000,1,0.0000,1,1,NULL,NULL,1,0,1,0,1,0.0000,1,0,0,0),(566,566,1,100.0000,0.0000,1,0,0,1,1.0000,1,0.0000,1,1,NULL,NULL,1,0,1,0,1,0.0000,1,0,0,0),(567,567,1,100.0000,0.0000,1,0,0,1,1.0000,1,0.0000,1,1,NULL,NULL,1,0,1,0,1,0.0000,1,0,0,0),(568,568,1,100.0000,0.0000,1,0,0,1,1.0000,1,0.0000,1,1,NULL,NULL,1,0,1,0,1,0.0000,1,0,0,0),(569,569,1,100.0000,0.0000,1,0,0,1,1.0000,1,0.0000,1,1,NULL,NULL,1,0,1,0,1,0.0000,1,0,0,0),(570,570,1,100.0000,0.0000,1,0,0,1,1.0000,1,0.0000,1,1,NULL,NULL,1,0,1,0,1,0.0000,1,0,0,0),(571,571,1,100.0000,0.0000,1,0,0,1,1.0000,1,0.0000,1,1,NULL,NULL,1,0,1,0,1,0.0000,1,0,0,0),(572,572,1,100.0000,0.0000,1,0,0,1,1.0000,1,0.0000,1,1,NULL,NULL,1,0,1,0,1,0.0000,1,0,0,0),(573,573,1,100.0000,0.0000,1,0,0,1,1.0000,1,0.0000,1,1,NULL,NULL,1,0,1,0,1,0.0000,1,0,0,0),(574,574,1,0.0000,0.0000,1,0,0,1,1.0000,1,0.0000,1,1,NULL,NULL,1,0,1,0,1,0.0000,1,0,0,0),(575,575,1,100.0000,0.0000,1,0,0,1,1.0000,1,0.0000,1,1,NULL,NULL,1,0,1,0,1,0.0000,1,0,0,0),(576,576,1,100.0000,0.0000,1,0,0,1,1.0000,1,0.0000,1,1,NULL,NULL,1,0,1,0,1,0.0000,1,0,0,0),(577,577,1,100.0000,0.0000,1,0,0,1,1.0000,1,0.0000,1,1,NULL,NULL,1,0,1,0,1,0.0000,1,0,0,0),(578,578,1,100.0000,0.0000,1,0,0,1,1.0000,1,0.0000,1,1,NULL,NULL,1,0,1,0,1,0.0000,1,0,0,0),(579,579,1,100.0000,0.0000,1,0,0,1,1.0000,1,0.0000,1,1,NULL,NULL,1,0,1,0,1,0.0000,1,0,0,0),(580,580,1,100.0000,0.0000,1,0,0,1,1.0000,1,0.0000,1,1,NULL,NULL,1,0,1,0,1,0.0000,1,0,0,0),(581,581,1,100.0000,0.0000,1,0,0,1,1.0000,1,0.0000,1,1,NULL,NULL,1,0,1,0,1,0.0000,1,0,0,0),(582,582,1,100.0000,0.0000,1,0,0,1,1.0000,1,0.0000,1,1,NULL,NULL,1,0,1,0,1,0.0000,1,0,0,0),(583,583,1,100.0000,0.0000,1,0,0,1,1.0000,1,0.0000,1,1,NULL,NULL,1,0,1,0,1,0.0000,1,0,0,0),(584,584,1,100.0000,0.0000,1,0,0,1,1.0000,1,0.0000,1,1,NULL,NULL,1,0,1,0,1,0.0000,1,0,0,0),(585,585,1,100.0000,0.0000,1,0,0,1,1.0000,1,0.0000,1,1,NULL,NULL,1,0,1,0,1,0.0000,1,0,0,0),(586,586,1,100.0000,0.0000,1,0,0,1,1.0000,1,0.0000,1,1,NULL,NULL,1,0,1,0,1,0.0000,1,0,0,0),(587,587,1,100.0000,0.0000,1,0,0,1,1.0000,1,0.0000,1,1,NULL,NULL,1,0,1,0,1,0.0000,1,0,0,0),(588,588,1,100.0000,0.0000,1,0,0,1,1.0000,1,0.0000,1,1,NULL,NULL,1,0,1,0,1,0.0000,1,0,0,0),(589,589,1,100.0000,0.0000,1,0,0,1,1.0000,1,0.0000,1,1,NULL,NULL,1,0,1,0,1,0.0000,1,0,0,0),(590,590,1,0.0000,0.0000,1,0,0,1,1.0000,1,0.0000,1,1,NULL,NULL,1,0,1,0,1,0.0000,1,0,0,0),(591,591,1,100.0000,0.0000,1,0,0,1,1.0000,1,0.0000,1,1,NULL,NULL,1,0,1,0,1,0.0000,1,0,0,0),(592,592,1,100.0000,0.0000,1,0,0,1,1.0000,1,0.0000,1,1,NULL,NULL,1,0,1,0,1,0.0000,1,0,0,0),(593,593,1,100.0000,0.0000,1,0,0,1,1.0000,1,0.0000,1,1,NULL,NULL,1,0,1,0,1,0.0000,1,0,0,0),(594,594,1,100.0000,0.0000,1,0,0,1,1.0000,1,0.0000,1,1,NULL,NULL,1,0,1,0,1,0.0000,1,0,0,0),(595,595,1,100.0000,0.0000,1,0,0,1,1.0000,1,0.0000,1,1,NULL,NULL,1,0,1,0,1,0.0000,1,0,0,0),(596,596,1,100.0000,0.0000,1,0,0,1,1.0000,1,0.0000,1,1,NULL,NULL,1,0,1,0,1,0.0000,1,0,0,0),(597,597,1,100.0000,0.0000,1,0,0,1,1.0000,1,0.0000,1,1,NULL,NULL,1,0,1,0,1,0.0000,1,0,0,0),(598,598,1,100.0000,0.0000,1,0,0,1,1.0000,1,0.0000,1,1,NULL,NULL,1,0,1,0,1,0.0000,1,0,0,0),(599,599,1,100.0000,0.0000,1,0,0,1,1.0000,1,0.0000,1,1,NULL,NULL,1,0,1,0,1,0.0000,1,0,0,0),(600,600,1,100.0000,0.0000,1,0,0,1,1.0000,1,0.0000,1,1,NULL,NULL,1,0,1,0,1,0.0000,1,0,0,0),(601,601,1,100.0000,0.0000,1,0,0,1,1.0000,1,0.0000,1,1,NULL,NULL,1,0,1,0,1,0.0000,1,0,0,0),(602,602,1,100.0000,0.0000,1,0,0,1,1.0000,1,0.0000,1,1,NULL,NULL,1,0,1,0,1,0.0000,1,0,0,0),(603,603,1,100.0000,0.0000,1,0,0,1,1.0000,1,0.0000,1,1,NULL,NULL,1,0,1,0,1,0.0000,1,0,0,0),(604,604,1,100.0000,0.0000,1,0,0,1,1.0000,1,0.0000,1,1,NULL,NULL,1,0,1,0,1,0.0000,1,0,0,0),(605,605,1,100.0000,0.0000,1,0,0,1,1.0000,1,0.0000,1,1,NULL,NULL,1,0,1,0,1,0.0000,1,0,0,0),(606,606,1,0.0000,0.0000,1,0,0,1,1.0000,1,0.0000,1,1,NULL,NULL,1,0,1,0,1,0.0000,1,0,0,0),(607,607,1,100.0000,0.0000,1,0,0,1,1.0000,1,0.0000,1,1,NULL,NULL,1,0,1,0,1,0.0000,1,0,0,0),(608,608,1,100.0000,0.0000,1,0,0,1,1.0000,1,0.0000,1,1,NULL,NULL,1,0,1,0,1,0.0000,1,0,0,0),(609,609,1,100.0000,0.0000,1,0,0,1,1.0000,1,0.0000,1,1,NULL,NULL,1,0,1,0,1,0.0000,1,0,0,0),(610,610,1,100.0000,0.0000,1,0,0,1,1.0000,1,0.0000,1,1,NULL,NULL,1,0,1,0,1,0.0000,1,0,0,0),(611,611,1,100.0000,0.0000,1,0,0,1,1.0000,1,0.0000,1,1,NULL,NULL,1,0,1,0,1,0.0000,1,0,0,0),(612,612,1,100.0000,0.0000,1,0,0,1,1.0000,1,0.0000,1,1,NULL,NULL,1,0,1,0,1,0.0000,1,0,0,0),(613,613,1,100.0000,0.0000,1,0,0,1,1.0000,1,0.0000,1,1,NULL,NULL,1,0,1,0,1,0.0000,1,0,0,0),(614,614,1,100.0000,0.0000,1,0,0,1,1.0000,1,0.0000,1,1,NULL,NULL,1,0,1,0,1,0.0000,1,0,0,0),(615,615,1,100.0000,0.0000,1,0,0,1,1.0000,1,0.0000,1,1,NULL,NULL,1,0,1,0,1,0.0000,1,0,0,0),(616,616,1,100.0000,0.0000,1,0,0,1,1.0000,1,0.0000,1,1,NULL,NULL,1,0,1,0,1,0.0000,1,0,0,0),(617,617,1,100.0000,0.0000,1,0,0,1,1.0000,1,0.0000,1,1,NULL,NULL,1,0,1,0,1,0.0000,1,0,0,0),(618,618,1,100.0000,0.0000,1,0,0,1,1.0000,1,0.0000,1,1,NULL,NULL,1,0,1,0,1,0.0000,1,0,0,0),(619,619,1,100.0000,0.0000,1,0,0,1,1.0000,1,0.0000,1,1,NULL,NULL,1,0,1,0,1,0.0000,1,0,0,0),(620,620,1,100.0000,0.0000,1,0,0,1,1.0000,1,0.0000,1,1,NULL,NULL,1,0,1,0,1,0.0000,1,0,0,0),(621,621,1,100.0000,0.0000,1,0,0,1,1.0000,1,0.0000,1,1,NULL,NULL,1,0,1,0,1,0.0000,1,0,0,0),(622,622,1,0.0000,0.0000,1,0,0,1,1.0000,1,0.0000,1,1,NULL,NULL,1,0,1,0,1,0.0000,1,0,0,0),(623,623,1,100.0000,0.0000,1,0,0,1,1.0000,1,0.0000,1,1,NULL,NULL,1,0,1,0,1,0.0000,1,0,0,0),(624,624,1,100.0000,0.0000,1,0,0,1,1.0000,1,0.0000,1,1,NULL,NULL,1,0,1,0,1,0.0000,1,0,0,0),(625,625,1,100.0000,0.0000,1,0,0,1,1.0000,1,0.0000,1,1,NULL,NULL,1,0,1,0,1,0.0000,1,0,0,0),(626,626,1,100.0000,0.0000,1,0,0,1,1.0000,1,0.0000,1,1,NULL,NULL,1,0,1,0,1,0.0000,1,0,0,0),(627,627,1,100.0000,0.0000,1,0,0,1,1.0000,1,0.0000,1,1,NULL,NULL,1,0,1,0,1,0.0000,1,0,0,0),(628,628,1,100.0000,0.0000,1,0,0,1,1.0000,1,0.0000,1,1,NULL,NULL,1,0,1,0,1,0.0000,1,0,0,0),(629,629,1,100.0000,0.0000,1,0,0,1,1.0000,1,0.0000,1,1,NULL,NULL,1,0,1,0,1,0.0000,1,0,0,0),(630,630,1,100.0000,0.0000,1,0,0,1,1.0000,1,0.0000,1,1,NULL,NULL,1,0,1,0,1,0.0000,1,0,0,0),(631,631,1,100.0000,0.0000,1,0,0,1,1.0000,1,0.0000,1,1,NULL,NULL,1,0,1,0,1,0.0000,1,0,0,0),(632,632,1,100.0000,0.0000,1,0,0,1,1.0000,1,0.0000,1,1,NULL,NULL,1,0,1,0,1,0.0000,1,0,0,0),(633,633,1,100.0000,0.0000,1,0,0,1,1.0000,1,0.0000,1,1,NULL,NULL,1,0,1,0,1,0.0000,1,0,0,0),(634,634,1,100.0000,0.0000,1,0,0,1,1.0000,1,0.0000,1,1,NULL,NULL,1,0,1,0,1,0.0000,1,0,0,0),(635,635,1,100.0000,0.0000,1,0,0,1,1.0000,1,0.0000,1,1,NULL,NULL,1,0,1,0,1,0.0000,1,0,0,0),(636,636,1,100.0000,0.0000,1,0,0,1,1.0000,1,0.0000,1,1,NULL,NULL,1,0,1,0,1,0.0000,1,0,0,0),(637,637,1,100.0000,0.0000,1,0,0,1,1.0000,1,0.0000,1,1,NULL,NULL,1,0,1,0,1,0.0000,1,0,0,0),(638,638,1,0.0000,0.0000,1,0,0,1,1.0000,1,0.0000,1,1,NULL,NULL,1,0,1,0,1,0.0000,1,0,0,0),(639,639,1,100.0000,0.0000,1,0,0,1,1.0000,1,0.0000,1,1,NULL,NULL,1,0,1,0,1,0.0000,1,0,0,0),(640,640,1,100.0000,0.0000,1,0,0,1,1.0000,1,0.0000,1,1,NULL,NULL,1,0,1,0,1,0.0000,1,0,0,0),(641,641,1,100.0000,0.0000,1,0,0,1,1.0000,1,0.0000,1,1,NULL,NULL,1,0,1,0,1,0.0000,1,0,0,0),(642,642,1,100.0000,0.0000,1,0,0,1,1.0000,1,0.0000,1,1,NULL,NULL,1,0,1,0,1,0.0000,1,0,0,0),(643,643,1,100.0000,0.0000,1,0,0,1,1.0000,1,0.0000,1,1,NULL,NULL,1,0,1,0,1,0.0000,1,0,0,0),(644,644,1,100.0000,0.0000,1,0,0,1,1.0000,1,0.0000,1,1,NULL,NULL,1,0,1,0,1,0.0000,1,0,0,0),(645,645,1,100.0000,0.0000,1,0,0,1,1.0000,1,0.0000,1,1,NULL,NULL,1,0,1,0,1,0.0000,1,0,0,0),(646,646,1,100.0000,0.0000,1,0,0,1,1.0000,1,0.0000,1,1,NULL,NULL,1,0,1,0,1,0.0000,1,0,0,0),(647,647,1,100.0000,0.0000,1,0,0,1,1.0000,1,0.0000,1,1,NULL,NULL,1,0,1,0,1,0.0000,1,0,0,0),(648,648,1,100.0000,0.0000,1,0,0,1,1.0000,1,0.0000,1,1,NULL,NULL,1,0,1,0,1,0.0000,1,0,0,0),(649,649,1,100.0000,0.0000,1,0,0,1,1.0000,1,0.0000,1,1,NULL,NULL,1,0,1,0,1,0.0000,1,0,0,0),(650,650,1,100.0000,0.0000,1,0,0,1,1.0000,1,0.0000,1,1,NULL,NULL,1,0,1,0,1,0.0000,1,0,0,0),(651,651,1,100.0000,0.0000,1,0,0,1,1.0000,1,0.0000,1,1,NULL,NULL,1,0,1,0,1,0.0000,1,0,0,0),(652,652,1,100.0000,0.0000,1,0,0,1,1.0000,1,0.0000,1,1,NULL,NULL,1,0,1,0,1,0.0000,1,0,0,0),(653,653,1,100.0000,0.0000,1,0,0,1,1.0000,1,0.0000,1,1,NULL,NULL,1,0,1,0,1,0.0000,1,0,0,0),(654,654,1,0.0000,0.0000,1,0,0,1,1.0000,1,0.0000,1,1,NULL,NULL,1,0,1,0,1,0.0000,1,0,0,0),(655,655,1,100.0000,0.0000,1,0,0,1,1.0000,1,0.0000,1,1,NULL,NULL,1,0,1,0,1,0.0000,1,0,0,0),(656,656,1,100.0000,0.0000,1,0,0,1,1.0000,1,0.0000,1,1,NULL,NULL,1,0,1,0,1,0.0000,1,0,0,0),(657,657,1,100.0000,0.0000,1,0,0,1,1.0000,1,0.0000,1,1,NULL,NULL,1,0,1,0,1,0.0000,1,0,0,0),(658,658,1,100.0000,0.0000,1,0,0,1,1.0000,1,0.0000,1,1,NULL,NULL,1,0,1,0,1,0.0000,1,0,0,0),(659,659,1,100.0000,0.0000,1,0,0,1,1.0000,1,0.0000,1,1,NULL,NULL,1,0,1,0,1,0.0000,1,0,0,0),(660,660,1,100.0000,0.0000,1,0,0,1,1.0000,1,0.0000,1,1,NULL,NULL,1,0,1,0,1,0.0000,1,0,0,0),(661,661,1,100.0000,0.0000,1,0,0,1,1.0000,1,0.0000,1,1,NULL,NULL,1,0,1,0,1,0.0000,1,0,0,0),(662,662,1,100.0000,0.0000,1,0,0,1,1.0000,1,0.0000,1,1,NULL,NULL,1,0,1,0,1,0.0000,1,0,0,0),(663,663,1,100.0000,0.0000,1,0,0,1,1.0000,1,0.0000,1,1,NULL,NULL,1,0,1,0,1,0.0000,1,0,0,0),(664,664,1,100.0000,0.0000,1,0,0,1,1.0000,1,0.0000,1,1,NULL,NULL,1,0,1,0,1,0.0000,1,0,0,0),(665,665,1,100.0000,0.0000,1,0,0,1,1.0000,1,0.0000,1,1,NULL,NULL,1,0,1,0,1,0.0000,1,0,0,0),(666,666,1,100.0000,0.0000,1,0,0,1,1.0000,1,0.0000,1,1,NULL,NULL,1,0,1,0,1,0.0000,1,0,0,0),(667,667,1,100.0000,0.0000,1,0,0,1,1.0000,1,0.0000,1,1,NULL,NULL,1,0,1,0,1,0.0000,1,0,0,0),(668,668,1,100.0000,0.0000,1,0,0,1,1.0000,1,0.0000,1,1,NULL,NULL,1,0,1,0,1,0.0000,1,0,0,0),(669,669,1,100.0000,0.0000,1,0,0,1,1.0000,1,0.0000,1,1,NULL,NULL,1,0,1,0,1,0.0000,1,0,0,0),(670,670,1,0.0000,0.0000,1,0,0,1,1.0000,1,0.0000,1,1,NULL,NULL,1,0,1,0,1,0.0000,1,0,0,0),(671,671,1,100.0000,0.0000,1,0,0,1,1.0000,1,0.0000,1,1,NULL,NULL,1,0,1,0,1,0.0000,1,0,0,0),(672,672,1,100.0000,0.0000,1,0,0,1,1.0000,1,0.0000,1,1,NULL,NULL,1,0,1,0,1,0.0000,1,0,0,0),(673,673,1,100.0000,0.0000,1,0,0,1,1.0000,1,0.0000,1,1,NULL,NULL,1,0,1,0,1,0.0000,1,0,0,0),(674,674,1,100.0000,0.0000,1,0,0,1,1.0000,1,0.0000,1,1,NULL,NULL,1,0,1,0,1,0.0000,1,0,0,0),(675,675,1,100.0000,0.0000,1,0,0,1,1.0000,1,0.0000,1,1,NULL,NULL,1,0,1,0,1,0.0000,1,0,0,0),(676,676,1,0.0000,0.0000,1,0,0,1,1.0000,1,0.0000,1,1,NULL,NULL,1,0,1,0,1,0.0000,1,0,0,0),(677,677,1,100.0000,0.0000,1,0,0,1,1.0000,1,0.0000,1,1,NULL,NULL,1,0,1,0,1,0.0000,1,0,0,0),(678,678,1,100.0000,0.0000,1,0,0,1,1.0000,1,0.0000,1,1,NULL,NULL,1,0,1,0,1,0.0000,1,0,0,0),(679,679,1,100.0000,0.0000,1,0,0,1,1.0000,1,0.0000,1,1,NULL,NULL,1,0,1,0,1,0.0000,1,0,0,0),(680,680,1,100.0000,0.0000,1,0,0,1,1.0000,1,0.0000,1,1,NULL,NULL,1,0,1,0,1,0.0000,1,0,0,0),(681,681,1,100.0000,0.0000,1,0,0,1,1.0000,1,0.0000,1,1,NULL,NULL,1,0,1,0,1,0.0000,1,0,0,0),(682,682,1,0.0000,0.0000,1,0,0,1,1.0000,1,0.0000,1,1,NULL,NULL,1,0,1,0,1,0.0000,1,0,0,0),(683,683,1,100.0000,0.0000,1,0,0,1,1.0000,1,0.0000,1,1,NULL,NULL,1,0,1,0,1,0.0000,1,0,0,0),(684,684,1,100.0000,0.0000,1,0,0,1,1.0000,1,0.0000,1,1,NULL,NULL,1,0,1,0,1,0.0000,1,0,0,0),(685,685,1,100.0000,0.0000,1,0,0,1,1.0000,1,0.0000,1,1,NULL,NULL,1,0,1,0,1,0.0000,1,0,0,0),(686,686,1,100.0000,0.0000,1,0,0,1,1.0000,1,0.0000,1,1,NULL,NULL,1,0,1,0,1,0.0000,1,0,0,0),(687,687,1,100.0000,0.0000,1,0,0,1,1.0000,1,0.0000,1,1,NULL,NULL,1,0,1,0,1,0.0000,1,0,0,0),(688,688,1,0.0000,0.0000,1,0,0,1,1.0000,1,0.0000,1,1,NULL,NULL,1,0,1,0,1,0.0000,1,0,0,0),(689,689,1,100.0000,0.0000,1,0,0,1,1.0000,1,0.0000,1,1,NULL,NULL,1,0,1,0,1,0.0000,1,0,0,0),(690,690,1,100.0000,0.0000,1,0,0,1,1.0000,1,0.0000,1,1,NULL,NULL,1,0,1,0,1,0.0000,1,0,0,0),(691,691,1,100.0000,0.0000,1,0,0,1,1.0000,1,0.0000,1,1,NULL,NULL,1,0,1,0,1,0.0000,1,0,0,0),(692,692,1,100.0000,0.0000,1,0,0,1,1.0000,1,0.0000,1,1,NULL,NULL,1,0,1,0,1,0.0000,1,0,0,0),(693,693,1,100.0000,0.0000,1,0,0,1,1.0000,1,0.0000,1,1,NULL,NULL,1,0,1,0,1,0.0000,1,0,0,0),(694,694,1,0.0000,0.0000,1,0,0,1,1.0000,1,0.0000,1,1,NULL,NULL,1,0,1,0,1,0.0000,1,0,0,0),(695,695,1,100.0000,0.0000,1,0,0,1,1.0000,1,0.0000,1,1,NULL,NULL,1,0,1,0,1,0.0000,1,0,0,0),(696,696,1,100.0000,0.0000,1,0,0,1,1.0000,1,0.0000,1,1,NULL,NULL,1,0,1,0,1,0.0000,1,0,0,0),(697,697,1,100.0000,0.0000,1,0,0,1,1.0000,1,0.0000,1,1,NULL,NULL,1,0,1,0,1,0.0000,1,0,0,0),(698,698,1,100.0000,0.0000,1,0,0,1,1.0000,1,0.0000,1,1,NULL,NULL,1,0,1,0,1,0.0000,1,0,0,0),(699,699,1,100.0000,0.0000,1,0,0,1,1.0000,1,0.0000,1,1,NULL,NULL,1,0,1,0,1,0.0000,1,0,0,0),(700,700,1,0.0000,0.0000,1,0,0,1,1.0000,1,0.0000,1,1,NULL,NULL,1,0,1,0,1,0.0000,1,0,0,0),(701,701,1,100.0000,0.0000,1,0,0,1,1.0000,1,0.0000,1,1,NULL,NULL,1,0,1,0,1,0.0000,1,0,0,0),(702,702,1,100.0000,0.0000,1,0,0,1,1.0000,1,0.0000,1,1,NULL,NULL,1,0,1,0,1,0.0000,1,0,0,0),(703,703,1,100.0000,0.0000,1,0,0,1,1.0000,1,0.0000,1,1,NULL,NULL,1,0,1,0,1,0.0000,1,0,0,0),(704,704,1,100.0000,0.0000,1,0,0,1,1.0000,1,0.0000,1,1,NULL,NULL,1,0,1,0,1,0.0000,1,0,0,0),(705,705,1,100.0000,0.0000,1,0,0,1,1.0000,1,0.0000,1,1,NULL,NULL,1,0,1,0,1,0.0000,1,0,0,0),(706,706,1,0.0000,0.0000,1,0,0,1,1.0000,1,0.0000,1,1,NULL,NULL,1,0,1,0,1,0.0000,1,0,0,0),(707,707,1,100.0000,0.0000,1,0,0,1,1.0000,1,0.0000,1,1,NULL,NULL,1,0,1,0,1,0.0000,1,0,0,0),(708,708,1,100.0000,0.0000,1,0,0,1,1.0000,1,0.0000,1,1,NULL,NULL,1,0,1,0,1,0.0000,1,0,0,0),(709,709,1,100.0000,0.0000,1,0,0,1,1.0000,1,0.0000,1,1,NULL,NULL,1,0,1,0,1,0.0000,1,0,0,0),(710,710,1,100.0000,0.0000,1,0,0,1,1.0000,1,0.0000,1,1,NULL,NULL,1,0,1,0,1,0.0000,1,0,0,0),(711,711,1,100.0000,0.0000,1,0,0,1,1.0000,1,0.0000,1,1,NULL,NULL,1,0,1,0,1,0.0000,1,0,0,0),(712,712,1,0.0000,0.0000,1,0,0,1,1.0000,1,0.0000,1,1,NULL,NULL,1,0,1,0,1,0.0000,1,0,0,0),(713,713,1,100.0000,0.0000,1,0,0,1,1.0000,1,0.0000,1,1,NULL,NULL,1,0,1,0,1,0.0000,1,0,0,0),(714,714,1,100.0000,0.0000,1,0,0,1,1.0000,1,0.0000,1,1,NULL,NULL,1,0,1,0,1,0.0000,1,0,0,0),(715,715,1,100.0000,0.0000,1,0,0,1,1.0000,1,0.0000,1,1,NULL,NULL,1,0,1,0,1,0.0000,1,0,0,0),(716,716,1,100.0000,0.0000,1,0,0,1,1.0000,1,0.0000,1,1,NULL,NULL,1,0,1,0,1,0.0000,1,0,0,0),(717,717,1,100.0000,0.0000,1,0,0,1,1.0000,1,0.0000,1,1,NULL,NULL,1,0,1,0,1,0.0000,1,0,0,0),(718,718,1,0.0000,0.0000,1,0,0,1,1.0000,1,0.0000,1,1,NULL,NULL,1,0,1,0,1,0.0000,1,0,0,0),(719,719,1,100.0000,0.0000,1,0,0,1,1.0000,1,0.0000,1,1,NULL,NULL,1,0,1,0,1,0.0000,1,0,0,0),(720,720,1,100.0000,0.0000,1,0,0,1,1.0000,1,0.0000,1,1,NULL,NULL,1,0,1,0,1,0.0000,1,0,0,0),(721,721,1,100.0000,0.0000,1,0,0,1,1.0000,1,0.0000,1,1,NULL,NULL,1,0,1,0,1,0.0000,1,0,0,0),(722,722,1,100.0000,0.0000,1,0,0,1,1.0000,1,0.0000,1,1,NULL,NULL,1,0,1,0,1,0.0000,1,0,0,0),(723,723,1,100.0000,0.0000,1,0,0,1,1.0000,1,0.0000,1,1,NULL,NULL,1,0,1,0,1,0.0000,1,0,0,0),(724,724,1,0.0000,0.0000,1,0,0,1,1.0000,1,0.0000,1,1,NULL,NULL,1,0,1,0,1,0.0000,1,0,0,0),(725,725,1,100.0000,0.0000,1,0,0,1,1.0000,1,0.0000,1,1,NULL,NULL,1,0,1,0,1,0.0000,1,0,0,0),(726,726,1,100.0000,0.0000,1,0,0,1,1.0000,1,0.0000,1,1,NULL,NULL,1,0,1,0,1,0.0000,1,0,0,0),(727,727,1,100.0000,0.0000,1,0,0,1,1.0000,1,0.0000,1,1,NULL,NULL,1,0,1,0,1,0.0000,1,0,0,0),(728,728,1,100.0000,0.0000,1,0,0,1,1.0000,1,0.0000,1,1,NULL,NULL,1,0,1,0,1,0.0000,1,0,0,0),(729,729,1,100.0000,0.0000,1,0,0,1,1.0000,1,0.0000,1,1,NULL,NULL,1,0,1,0,1,0.0000,1,0,0,0),(730,730,1,100.0000,0.0000,1,0,0,1,1.0000,1,0.0000,1,1,NULL,NULL,1,0,1,0,1,0.0000,1,0,0,0),(731,731,1,100.0000,0.0000,1,0,0,1,1.0000,1,0.0000,1,1,NULL,NULL,1,0,1,0,1,0.0000,1,0,0,0),(732,732,1,100.0000,0.0000,1,0,0,1,1.0000,1,0.0000,1,1,NULL,NULL,1,0,1,0,1,0.0000,1,0,0,0),(733,733,1,100.0000,0.0000,1,0,0,1,1.0000,1,0.0000,1,1,NULL,NULL,1,0,1,0,1,0.0000,1,0,0,0),(734,734,1,100.0000,0.0000,1,0,0,1,1.0000,1,0.0000,1,1,NULL,NULL,1,0,1,0,1,0.0000,1,0,0,0),(735,735,1,100.0000,0.0000,1,0,0,1,1.0000,1,0.0000,1,1,NULL,NULL,1,0,1,0,1,0.0000,1,0,0,0),(736,736,1,100.0000,0.0000,1,0,0,1,1.0000,1,0.0000,1,1,NULL,NULL,1,0,1,0,1,0.0000,1,0,0,0),(737,737,1,0.0000,0.0000,1,0,0,1,1.0000,1,0.0000,1,1,NULL,NULL,1,0,1,0,1,0.0000,1,0,0,0),(738,738,1,100.0000,0.0000,1,0,0,1,1.0000,1,0.0000,1,1,NULL,NULL,1,0,1,0,1,0.0000,1,0,0,0),(739,739,1,100.0000,0.0000,1,0,0,1,1.0000,1,0.0000,1,1,NULL,NULL,1,0,1,0,1,0.0000,1,0,0,0),(740,740,1,100.0000,0.0000,1,0,0,1,1.0000,1,0.0000,1,1,NULL,NULL,1,0,1,0,1,0.0000,1,0,0,0),(741,741,1,100.0000,0.0000,1,0,0,1,1.0000,1,0.0000,1,1,NULL,NULL,1,0,1,0,1,0.0000,1,0,0,0),(742,742,1,100.0000,0.0000,1,0,0,1,1.0000,1,0.0000,1,1,NULL,NULL,1,0,1,0,1,0.0000,1,0,0,0),(743,743,1,100.0000,0.0000,1,0,0,1,1.0000,1,0.0000,1,1,NULL,NULL,1,0,1,0,1,0.0000,1,0,0,0),(744,744,1,100.0000,0.0000,1,0,0,1,1.0000,1,0.0000,1,1,NULL,NULL,1,0,1,0,1,0.0000,1,0,0,0),(745,745,1,100.0000,0.0000,1,0,0,1,1.0000,1,0.0000,1,1,NULL,NULL,1,0,1,0,1,0.0000,1,0,0,0),(746,746,1,100.0000,0.0000,1,0,0,1,1.0000,1,0.0000,1,1,NULL,NULL,1,0,1,0,1,0.0000,1,0,0,0),(747,747,1,100.0000,0.0000,1,0,0,1,1.0000,1,0.0000,1,1,NULL,NULL,1,0,1,0,1,0.0000,1,0,0,0),(748,748,1,100.0000,0.0000,1,0,0,1,1.0000,1,0.0000,1,1,NULL,NULL,1,0,1,0,1,0.0000,1,0,0,0),(749,749,1,100.0000,0.0000,1,0,0,1,1.0000,1,0.0000,1,1,NULL,NULL,1,0,1,0,1,0.0000,1,0,0,0),(750,750,1,0.0000,0.0000,1,0,0,1,1.0000,1,0.0000,1,1,NULL,NULL,1,0,1,0,1,0.0000,1,0,0,0),(751,751,1,100.0000,0.0000,1,0,0,1,1.0000,1,0.0000,1,1,NULL,NULL,1,0,1,0,1,0.0000,1,0,0,0),(752,752,1,100.0000,0.0000,1,0,0,1,1.0000,1,0.0000,1,1,NULL,NULL,1,0,1,0,1,0.0000,1,0,0,0),(753,753,1,100.0000,0.0000,1,0,0,1,1.0000,1,0.0000,1,1,NULL,NULL,1,0,1,0,1,0.0000,1,0,0,0),(754,754,1,100.0000,0.0000,1,0,0,1,1.0000,1,0.0000,1,1,NULL,NULL,1,0,1,0,1,0.0000,1,0,0,0),(755,755,1,100.0000,0.0000,1,0,0,1,1.0000,1,0.0000,1,1,NULL,NULL,1,0,1,0,1,0.0000,1,0,0,0),(756,756,1,100.0000,0.0000,1,0,0,1,1.0000,1,0.0000,1,1,NULL,NULL,1,0,1,0,1,0.0000,1,0,0,0),(757,757,1,100.0000,0.0000,1,0,0,1,1.0000,1,0.0000,1,1,NULL,NULL,1,0,1,0,1,0.0000,1,0,0,0),(758,758,1,100.0000,0.0000,1,0,0,1,1.0000,1,0.0000,1,1,NULL,NULL,1,0,1,0,1,0.0000,1,0,0,0),(759,759,1,100.0000,0.0000,1,0,0,1,1.0000,1,0.0000,1,1,NULL,NULL,1,0,1,0,1,0.0000,1,0,0,0),(760,760,1,100.0000,0.0000,1,0,0,1,1.0000,1,0.0000,1,1,NULL,NULL,1,0,1,0,1,0.0000,1,0,0,0),(761,761,1,100.0000,0.0000,1,0,0,1,1.0000,1,0.0000,1,1,NULL,NULL,1,0,1,0,1,0.0000,1,0,0,0),(762,762,1,100.0000,0.0000,1,0,0,1,1.0000,1,0.0000,1,1,NULL,NULL,1,0,1,0,1,0.0000,1,0,0,0),(763,763,1,0.0000,0.0000,1,0,0,1,1.0000,1,0.0000,1,1,NULL,NULL,1,0,1,0,1,0.0000,1,0,0,0),(764,764,1,100.0000,0.0000,1,0,0,1,1.0000,1,0.0000,1,1,NULL,NULL,1,0,1,0,1,0.0000,1,0,0,0),(765,765,1,100.0000,0.0000,1,0,0,1,1.0000,1,0.0000,1,1,NULL,NULL,1,0,1,0,1,0.0000,1,0,0,0),(766,766,1,100.0000,0.0000,1,0,0,1,1.0000,1,0.0000,1,1,NULL,NULL,1,0,1,0,1,0.0000,1,0,0,0),(767,767,1,100.0000,0.0000,1,0,0,1,1.0000,1,0.0000,1,1,NULL,NULL,1,0,1,0,1,0.0000,1,0,0,0),(768,768,1,100.0000,0.0000,1,0,0,1,1.0000,1,0.0000,1,1,NULL,NULL,1,0,1,0,1,0.0000,1,0,0,0),(769,769,1,100.0000,0.0000,1,0,0,1,1.0000,1,0.0000,1,1,NULL,NULL,1,0,1,0,1,0.0000,1,0,0,0),(770,770,1,100.0000,0.0000,1,0,0,1,1.0000,1,0.0000,1,1,NULL,NULL,1,0,1,0,1,0.0000,1,0,0,0),(771,771,1,100.0000,0.0000,1,0,0,1,1.0000,1,0.0000,1,1,NULL,NULL,1,0,1,0,1,0.0000,1,0,0,0),(772,772,1,100.0000,0.0000,1,0,0,1,1.0000,1,0.0000,1,1,NULL,NULL,1,0,1,0,1,0.0000,1,0,0,0),(773,773,1,100.0000,0.0000,1,0,0,1,1.0000,1,0.0000,1,1,NULL,NULL,1,0,1,0,1,0.0000,1,0,0,0),(774,774,1,100.0000,0.0000,1,0,0,1,1.0000,1,0.0000,1,1,NULL,NULL,1,0,1,0,1,0.0000,1,0,0,0),(775,775,1,100.0000,0.0000,1,0,0,1,1.0000,1,0.0000,1,1,NULL,NULL,1,0,1,0,1,0.0000,1,0,0,0),(776,776,1,0.0000,0.0000,1,0,0,1,1.0000,1,0.0000,1,1,NULL,NULL,1,0,1,0,1,0.0000,1,0,0,0),(777,777,1,100.0000,0.0000,1,0,0,1,1.0000,1,0.0000,1,1,NULL,NULL,1,0,1,0,1,0.0000,1,0,0,0),(778,778,1,100.0000,0.0000,1,0,0,1,1.0000,1,0.0000,1,1,NULL,NULL,1,0,1,0,1,0.0000,1,0,0,0),(779,779,1,100.0000,0.0000,1,0,0,1,1.0000,1,0.0000,1,1,NULL,NULL,1,0,1,0,1,0.0000,1,0,0,0),(780,780,1,100.0000,0.0000,1,0,0,1,1.0000,1,0.0000,1,1,NULL,NULL,1,0,1,0,1,0.0000,1,0,0,0),(781,781,1,100.0000,0.0000,1,0,0,1,1.0000,1,0.0000,1,1,NULL,NULL,1,0,1,0,1,0.0000,1,0,0,0),(782,782,1,100.0000,0.0000,1,0,0,1,1.0000,1,0.0000,1,1,NULL,NULL,1,0,1,0,1,0.0000,1,0,0,0),(783,783,1,100.0000,0.0000,1,0,0,1,1.0000,1,0.0000,1,1,NULL,NULL,1,0,1,0,1,0.0000,1,0,0,0),(784,784,1,100.0000,0.0000,1,0,0,1,1.0000,1,0.0000,1,1,NULL,NULL,1,0,1,0,1,0.0000,1,0,0,0),(785,785,1,100.0000,0.0000,1,0,0,1,1.0000,1,0.0000,1,1,NULL,NULL,1,0,1,0,1,0.0000,1,0,0,0),(786,786,1,100.0000,0.0000,1,0,0,1,1.0000,1,0.0000,1,1,NULL,NULL,1,0,1,0,1,0.0000,1,0,0,0),(787,787,1,100.0000,0.0000,1,0,0,1,1.0000,1,0.0000,1,1,NULL,NULL,1,0,1,0,1,0.0000,1,0,0,0),(788,788,1,100.0000,0.0000,1,0,0,1,1.0000,1,0.0000,1,1,NULL,NULL,1,0,1,0,1,0.0000,1,0,0,0),(789,789,1,0.0000,0.0000,1,0,0,1,1.0000,1,0.0000,1,1,NULL,NULL,1,0,1,0,1,0.0000,1,0,0,0),(790,790,1,100.0000,0.0000,1,0,0,1,1.0000,1,0.0000,1,1,NULL,NULL,1,0,1,0,1,0.0000,1,0,0,0),(791,791,1,100.0000,0.0000,1,0,0,1,1.0000,1,0.0000,1,1,NULL,NULL,1,0,1,0,1,0.0000,1,0,0,0),(792,792,1,100.0000,0.0000,1,0,0,1,1.0000,1,0.0000,1,1,NULL,NULL,1,0,1,0,1,0.0000,1,0,0,0),(793,793,1,100.0000,0.0000,1,0,0,1,1.0000,1,0.0000,1,1,NULL,NULL,1,0,1,0,1,0.0000,1,0,0,0),(794,794,1,100.0000,0.0000,1,0,0,1,1.0000,1,0.0000,1,1,NULL,NULL,1,0,1,0,1,0.0000,1,0,0,0),(795,795,1,100.0000,0.0000,1,0,0,1,1.0000,1,0.0000,1,1,NULL,NULL,1,0,1,0,1,0.0000,1,0,0,0),(796,796,1,100.0000,0.0000,1,0,0,1,1.0000,1,0.0000,1,1,NULL,NULL,1,0,1,0,1,0.0000,1,0,0,0),(797,797,1,100.0000,0.0000,1,0,0,1,1.0000,1,0.0000,1,1,NULL,NULL,1,0,1,0,1,0.0000,1,0,0,0),(798,798,1,100.0000,0.0000,1,0,0,1,1.0000,1,0.0000,1,1,NULL,NULL,1,0,1,0,1,0.0000,1,0,0,0),(799,799,1,100.0000,0.0000,1,0,0,1,1.0000,1,0.0000,1,1,NULL,NULL,1,0,1,0,1,0.0000,1,0,0,0),(800,800,1,100.0000,0.0000,1,0,0,1,1.0000,1,0.0000,1,1,NULL,NULL,1,0,1,0,1,0.0000,1,0,0,0),(801,801,1,100.0000,0.0000,1,0,0,1,1.0000,1,0.0000,1,1,NULL,NULL,1,0,1,0,1,0.0000,1,0,0,0),(802,802,1,0.0000,0.0000,1,0,0,1,1.0000,1,0.0000,1,1,NULL,NULL,1,0,1,0,1,0.0000,1,0,0,0),(803,803,1,100.0000,0.0000,1,0,0,1,1.0000,1,0.0000,1,1,NULL,NULL,1,0,1,0,1,0.0000,1,0,0,0),(804,804,1,100.0000,0.0000,1,0,0,1,1.0000,1,0.0000,1,1,NULL,NULL,1,0,1,0,1,0.0000,1,0,0,0),(805,805,1,100.0000,0.0000,1,0,0,1,1.0000,1,0.0000,1,1,NULL,NULL,1,0,1,0,1,0.0000,1,0,0,0),(806,806,1,100.0000,0.0000,1,0,0,1,1.0000,1,0.0000,1,1,NULL,NULL,1,0,1,0,1,0.0000,1,0,0,0),(807,807,1,100.0000,0.0000,1,0,0,1,1.0000,1,0.0000,1,1,NULL,NULL,1,0,1,0,1,0.0000,1,0,0,0),(808,808,1,100.0000,0.0000,1,0,0,1,1.0000,1,0.0000,1,1,NULL,NULL,1,0,1,0,1,0.0000,1,0,0,0),(809,809,1,100.0000,0.0000,1,0,0,1,1.0000,1,0.0000,1,1,NULL,NULL,1,0,1,0,1,0.0000,1,0,0,0),(810,810,1,100.0000,0.0000,1,0,0,1,1.0000,1,0.0000,1,1,NULL,NULL,1,0,1,0,1,0.0000,1,0,0,0),(811,811,1,100.0000,0.0000,1,0,0,1,1.0000,1,0.0000,1,1,NULL,NULL,1,0,1,0,1,0.0000,1,0,0,0),(812,812,1,100.0000,0.0000,1,0,0,1,1.0000,1,0.0000,1,1,NULL,NULL,1,0,1,0,1,0.0000,1,0,0,0),(813,813,1,100.0000,0.0000,1,0,0,1,1.0000,1,0.0000,1,1,NULL,NULL,1,0,1,0,1,0.0000,1,0,0,0),(814,814,1,100.0000,0.0000,1,0,0,1,1.0000,1,0.0000,1,1,NULL,NULL,1,0,1,0,1,0.0000,1,0,0,0),(815,815,1,0.0000,0.0000,1,0,0,1,1.0000,1,0.0000,1,1,NULL,NULL,1,0,1,0,1,0.0000,1,0,0,0),(816,816,1,100.0000,0.0000,1,0,0,1,1.0000,1,0.0000,1,1,NULL,NULL,1,0,1,0,1,0.0000,1,0,0,0),(817,817,1,100.0000,0.0000,1,0,0,1,1.0000,1,0.0000,1,1,NULL,NULL,1,0,1,0,1,0.0000,1,0,0,0),(818,818,1,100.0000,0.0000,1,0,0,1,1.0000,1,0.0000,1,1,NULL,NULL,1,0,1,0,1,0.0000,1,0,0,0),(819,819,1,100.0000,0.0000,1,0,0,1,1.0000,1,0.0000,1,1,NULL,NULL,1,0,1,0,1,0.0000,1,0,0,0),(820,820,1,100.0000,0.0000,1,0,0,1,1.0000,1,0.0000,1,1,NULL,NULL,1,0,1,0,1,0.0000,1,0,0,0),(821,821,1,100.0000,0.0000,1,0,0,1,1.0000,1,0.0000,1,1,NULL,NULL,1,0,1,0,1,0.0000,1,0,0,0),(822,822,1,100.0000,0.0000,1,0,0,1,1.0000,1,0.0000,1,1,NULL,NULL,1,0,1,0,1,0.0000,1,0,0,0),(823,823,1,100.0000,0.0000,1,0,0,1,1.0000,1,0.0000,1,1,NULL,NULL,1,0,1,0,1,0.0000,1,0,0,0),(824,824,1,100.0000,0.0000,1,0,0,1,1.0000,1,0.0000,1,1,NULL,NULL,1,0,1,0,1,0.0000,1,0,0,0),(825,825,1,100.0000,0.0000,1,0,0,1,1.0000,1,0.0000,1,1,NULL,NULL,1,0,1,0,1,0.0000,1,0,0,0),(826,826,1,100.0000,0.0000,1,0,0,1,1.0000,1,0.0000,1,1,NULL,NULL,1,0,1,0,1,0.0000,1,0,0,0),(827,827,1,100.0000,0.0000,1,0,0,1,1.0000,1,0.0000,1,1,NULL,NULL,1,0,1,0,1,0.0000,1,0,0,0),(828,828,1,0.0000,0.0000,1,0,0,1,1.0000,1,0.0000,1,1,NULL,NULL,1,0,1,0,1,0.0000,1,0,0,0),(829,829,1,100.0000,0.0000,1,0,0,1,1.0000,1,0.0000,1,1,NULL,NULL,1,0,1,0,1,0.0000,1,0,0,0),(830,830,1,100.0000,0.0000,1,0,0,1,1.0000,1,0.0000,1,1,NULL,NULL,1,0,1,0,1,0.0000,1,0,0,0),(831,831,1,100.0000,0.0000,1,0,0,1,1.0000,1,0.0000,1,1,NULL,NULL,1,0,1,0,1,0.0000,1,0,0,0),(832,832,1,100.0000,0.0000,1,0,0,1,1.0000,1,0.0000,1,1,NULL,NULL,1,0,1,0,1,0.0000,1,0,0,0),(833,833,1,100.0000,0.0000,1,0,0,1,1.0000,1,0.0000,1,1,NULL,NULL,1,0,1,0,1,0.0000,1,0,0,0),(834,834,1,100.0000,0.0000,1,0,0,1,1.0000,1,0.0000,1,1,NULL,NULL,1,0,1,0,1,0.0000,1,0,0,0),(835,835,1,100.0000,0.0000,1,0,0,1,1.0000,1,0.0000,1,1,NULL,NULL,1,0,1,0,1,0.0000,1,0,0,0),(836,836,1,100.0000,0.0000,1,0,0,1,1.0000,1,0.0000,1,1,NULL,NULL,1,0,1,0,1,0.0000,1,0,0,0),(837,837,1,100.0000,0.0000,1,0,0,1,1.0000,1,0.0000,1,1,NULL,NULL,1,0,1,0,1,0.0000,1,0,0,0),(838,838,1,100.0000,0.0000,1,0,0,1,1.0000,1,0.0000,1,1,NULL,NULL,1,0,1,0,1,0.0000,1,0,0,0),(839,839,1,100.0000,0.0000,1,0,0,1,1.0000,1,0.0000,1,1,NULL,NULL,1,0,1,0,1,0.0000,1,0,0,0),(840,840,1,100.0000,0.0000,1,0,0,1,1.0000,1,0.0000,1,1,NULL,NULL,1,0,1,0,1,0.0000,1,0,0,0),(841,841,1,0.0000,0.0000,1,0,0,1,1.0000,1,0.0000,1,1,NULL,NULL,1,0,1,0,1,0.0000,1,0,0,0),(842,842,1,100.0000,0.0000,1,0,0,1,1.0000,1,0.0000,1,1,NULL,NULL,1,0,1,0,1,0.0000,1,0,0,0),(843,843,1,100.0000,0.0000,1,0,0,1,1.0000,1,0.0000,1,1,NULL,NULL,1,0,1,0,1,0.0000,1,0,0,0),(844,844,1,100.0000,0.0000,1,0,0,1,1.0000,1,0.0000,1,1,NULL,NULL,1,0,1,0,1,0.0000,1,0,0,0),(845,845,1,100.0000,0.0000,1,0,0,1,1.0000,1,0.0000,1,1,NULL,NULL,1,0,1,0,1,0.0000,1,0,0,0),(846,846,1,100.0000,0.0000,1,0,0,1,1.0000,1,0.0000,1,1,NULL,NULL,1,0,1,0,1,0.0000,1,0,0,0),(847,847,1,100.0000,0.0000,1,0,0,1,1.0000,1,0.0000,1,1,NULL,NULL,1,0,1,0,1,0.0000,1,0,0,0),(848,848,1,100.0000,0.0000,1,0,0,1,1.0000,1,0.0000,1,1,NULL,NULL,1,0,1,0,1,0.0000,1,0,0,0),(849,849,1,100.0000,0.0000,1,0,0,1,1.0000,1,0.0000,1,1,NULL,NULL,1,0,1,0,1,0.0000,1,0,0,0),(850,850,1,100.0000,0.0000,1,0,0,1,1.0000,1,0.0000,1,1,NULL,NULL,1,0,1,0,1,0.0000,1,0,0,0),(851,851,1,100.0000,0.0000,1,0,0,1,1.0000,1,0.0000,1,1,NULL,NULL,1,0,1,0,1,0.0000,1,0,0,0),(852,852,1,100.0000,0.0000,1,0,0,1,1.0000,1,0.0000,1,1,NULL,NULL,1,0,1,0,1,0.0000,1,0,0,0),(853,853,1,100.0000,0.0000,1,0,0,1,1.0000,1,0.0000,1,1,NULL,NULL,1,0,1,0,1,0.0000,1,0,0,0),(854,854,1,0.0000,0.0000,1,0,0,1,1.0000,1,0.0000,1,1,NULL,NULL,1,0,1,0,1,0.0000,1,0,0,0),(855,855,1,100.0000,0.0000,1,0,0,1,1.0000,1,0.0000,1,1,NULL,NULL,1,0,1,0,1,0.0000,1,0,0,0),(856,856,1,100.0000,0.0000,1,0,0,1,1.0000,1,0.0000,1,1,NULL,NULL,1,0,1,0,1,0.0000,1,0,0,0),(857,857,1,100.0000,0.0000,1,0,0,1,1.0000,1,0.0000,1,1,NULL,NULL,1,0,1,0,1,0.0000,1,0,0,0),(858,858,1,100.0000,0.0000,1,0,0,1,1.0000,1,0.0000,1,1,NULL,NULL,1,0,1,0,1,0.0000,1,0,0,0),(859,859,1,100.0000,0.0000,1,0,0,1,1.0000,1,0.0000,1,1,NULL,NULL,1,0,1,0,1,0.0000,1,0,0,0),(860,860,1,100.0000,0.0000,1,0,0,1,1.0000,1,0.0000,1,1,NULL,NULL,1,0,1,0,1,0.0000,1,0,0,0),(861,861,1,100.0000,0.0000,1,0,0,1,1.0000,1,0.0000,1,1,NULL,NULL,1,0,1,0,1,0.0000,1,0,0,0),(862,862,1,100.0000,0.0000,1,0,0,1,1.0000,1,0.0000,1,1,NULL,NULL,1,0,1,0,1,0.0000,1,0,0,0),(863,863,1,100.0000,0.0000,1,0,0,1,1.0000,1,0.0000,1,1,NULL,NULL,1,0,1,0,1,0.0000,1,0,0,0),(864,864,1,100.0000,0.0000,1,0,0,1,1.0000,1,0.0000,1,1,NULL,NULL,1,0,1,0,1,0.0000,1,0,0,0),(865,865,1,100.0000,0.0000,1,0,0,1,1.0000,1,0.0000,1,1,NULL,NULL,1,0,1,0,1,0.0000,1,0,0,0),(866,866,1,100.0000,0.0000,1,0,0,1,1.0000,1,0.0000,1,1,NULL,NULL,1,0,1,0,1,0.0000,1,0,0,0),(867,867,1,0.0000,0.0000,1,0,0,1,1.0000,1,0.0000,1,1,NULL,NULL,1,0,1,0,1,0.0000,1,0,0,0),(868,868,1,100.0000,0.0000,1,0,0,1,1.0000,1,0.0000,1,1,NULL,NULL,1,0,1,0,1,0.0000,1,0,0,0),(869,869,1,100.0000,0.0000,1,0,0,1,1.0000,1,0.0000,1,1,NULL,NULL,1,0,1,0,1,0.0000,1,0,0,0),(870,870,1,100.0000,0.0000,1,0,0,1,1.0000,1,0.0000,1,1,NULL,NULL,1,0,1,0,1,0.0000,1,0,0,0),(871,871,1,100.0000,0.0000,1,0,0,1,1.0000,1,0.0000,1,1,NULL,NULL,1,0,1,0,1,0.0000,1,0,0,0),(872,872,1,100.0000,0.0000,1,0,0,1,1.0000,1,0.0000,1,1,NULL,NULL,1,0,1,0,1,0.0000,1,0,0,0),(873,873,1,100.0000,0.0000,1,0,0,1,1.0000,1,0.0000,1,1,NULL,NULL,1,0,1,0,1,0.0000,1,0,0,0),(874,874,1,100.0000,0.0000,1,0,0,1,1.0000,1,0.0000,1,1,NULL,NULL,1,0,1,0,1,0.0000,1,0,0,0),(875,875,1,100.0000,0.0000,1,0,0,1,1.0000,1,0.0000,1,1,NULL,NULL,1,0,1,0,1,0.0000,1,0,0,0),(876,876,1,100.0000,0.0000,1,0,0,1,1.0000,1,0.0000,1,1,NULL,NULL,1,0,1,0,1,0.0000,1,0,0,0),(877,877,1,100.0000,0.0000,1,0,0,1,1.0000,1,0.0000,1,1,NULL,NULL,1,0,1,0,1,0.0000,1,0,0,0),(878,878,1,100.0000,0.0000,1,0,0,1,1.0000,1,0.0000,1,1,NULL,NULL,1,0,1,0,1,0.0000,1,0,0,0),(879,879,1,100.0000,0.0000,1,0,0,1,1.0000,1,0.0000,1,1,NULL,NULL,1,0,1,0,1,0.0000,1,0,0,0),(880,880,1,0.0000,0.0000,1,0,0,1,1.0000,1,0.0000,1,1,NULL,NULL,1,0,1,0,1,0.0000,1,0,0,0),(881,881,1,100.0000,0.0000,1,0,0,1,1.0000,1,0.0000,1,1,NULL,NULL,1,0,1,0,1,0.0000,1,0,0,0),(882,882,1,100.0000,0.0000,1,0,0,1,1.0000,1,0.0000,1,1,NULL,NULL,1,0,1,0,1,0.0000,1,0,0,0),(883,883,1,100.0000,0.0000,1,0,0,1,1.0000,1,0.0000,1,1,NULL,NULL,1,0,1,0,1,0.0000,1,0,0,0),(884,884,1,100.0000,0.0000,1,0,0,1,1.0000,1,0.0000,1,1,NULL,NULL,1,0,1,0,1,0.0000,1,0,0,0),(885,885,1,100.0000,0.0000,1,0,0,1,1.0000,1,0.0000,1,1,NULL,NULL,1,0,1,0,1,0.0000,1,0,0,0),(886,886,1,100.0000,0.0000,1,0,0,1,1.0000,1,0.0000,1,1,NULL,NULL,1,0,1,0,1,0.0000,1,0,0,0),(887,887,1,100.0000,0.0000,1,0,0,1,1.0000,1,0.0000,1,1,NULL,NULL,1,0,1,0,1,0.0000,1,0,0,0),(888,888,1,100.0000,0.0000,1,0,0,1,1.0000,1,0.0000,1,1,NULL,NULL,1,0,1,0,1,0.0000,1,0,0,0),(889,889,1,100.0000,0.0000,1,0,0,1,1.0000,1,0.0000,1,1,NULL,NULL,1,0,1,0,1,0.0000,1,0,0,0),(890,890,1,100.0000,0.0000,1,0,0,1,1.0000,1,0.0000,1,1,NULL,NULL,1,0,1,0,1,0.0000,1,0,0,0),(891,891,1,100.0000,0.0000,1,0,0,1,1.0000,1,0.0000,1,1,NULL,NULL,1,0,1,0,1,0.0000,1,0,0,0),(892,892,1,100.0000,0.0000,1,0,0,1,1.0000,1,0.0000,1,1,NULL,NULL,1,0,1,0,1,0.0000,1,0,0,0),(893,893,1,0.0000,0.0000,1,0,0,1,1.0000,1,0.0000,1,1,NULL,NULL,1,0,1,0,1,0.0000,1,0,0,0),(894,894,1,100.0000,0.0000,1,0,0,1,1.0000,1,0.0000,1,1,NULL,NULL,1,0,1,0,1,0.0000,1,0,0,0),(895,895,1,100.0000,0.0000,1,0,0,1,1.0000,1,0.0000,1,1,NULL,NULL,1,0,1,0,1,0.0000,1,0,0,0),(896,896,1,100.0000,0.0000,1,0,0,1,1.0000,1,0.0000,1,1,NULL,NULL,1,0,1,0,1,0.0000,1,0,0,0),(897,897,1,100.0000,0.0000,1,0,0,1,1.0000,1,0.0000,1,1,NULL,NULL,1,0,1,0,1,0.0000,1,0,0,0),(898,898,1,0.0000,0.0000,1,0,0,1,1.0000,1,0.0000,1,1,NULL,NULL,1,0,1,0,1,0.0000,1,0,0,0),(899,899,1,100.0000,0.0000,1,0,0,1,1.0000,1,0.0000,1,1,NULL,NULL,1,0,1,0,1,0.0000,1,0,0,0),(900,900,1,100.0000,0.0000,1,0,0,1,1.0000,1,0.0000,1,1,NULL,NULL,1,0,1,0,1,0.0000,1,0,0,0),(901,901,1,100.0000,0.0000,1,0,0,1,1.0000,1,0.0000,1,1,NULL,NULL,1,0,1,0,1,0.0000,1,0,0,0),(902,902,1,100.0000,0.0000,1,0,0,1,1.0000,1,0.0000,1,1,NULL,NULL,1,0,1,0,1,0.0000,1,0,0,0),(903,903,1,100.0000,0.0000,1,0,0,1,1.0000,1,0.0000,1,1,NULL,NULL,1,0,1,0,1,0.0000,1,0,0,0),(904,904,1,100.0000,0.0000,1,0,0,1,1.0000,1,0.0000,1,1,NULL,NULL,1,0,1,0,1,0.0000,1,0,0,0),(905,905,1,100.0000,0.0000,1,0,0,1,1.0000,1,0.0000,1,1,NULL,NULL,1,0,1,0,1,0.0000,1,0,0,0),(906,906,1,100.0000,0.0000,1,0,0,1,1.0000,1,0.0000,1,1,NULL,NULL,1,0,1,0,1,0.0000,1,0,0,0),(907,907,1,100.0000,0.0000,1,0,0,1,1.0000,1,0.0000,1,1,NULL,NULL,1,0,1,0,1,0.0000,1,0,0,0),(908,908,1,100.0000,0.0000,1,0,0,1,1.0000,1,0.0000,1,1,NULL,NULL,1,0,1,0,1,0.0000,1,0,0,0),(909,909,1,100.0000,0.0000,1,0,0,1,1.0000,1,0.0000,1,1,NULL,NULL,1,0,1,0,1,0.0000,1,0,0,0),(910,910,1,100.0000,0.0000,1,0,0,1,1.0000,1,0.0000,1,1,NULL,NULL,1,0,1,0,1,0.0000,1,0,0,0),(911,911,1,0.0000,0.0000,1,0,0,1,1.0000,1,0.0000,1,1,NULL,NULL,1,0,1,0,1,0.0000,1,0,0,0),(912,912,1,100.0000,0.0000,1,0,0,1,1.0000,1,0.0000,1,1,NULL,NULL,1,0,1,0,1,0.0000,1,0,0,0),(913,913,1,100.0000,0.0000,1,0,0,1,1.0000,1,0.0000,1,1,NULL,NULL,1,0,1,0,1,0.0000,1,0,0,0),(914,914,1,100.0000,0.0000,1,0,0,1,1.0000,1,0.0000,1,1,NULL,NULL,1,0,1,0,1,0.0000,1,0,0,0),(915,915,1,100.0000,0.0000,1,0,0,1,1.0000,1,0.0000,1,1,NULL,NULL,1,0,1,0,1,0.0000,1,0,0,0),(916,916,1,100.0000,0.0000,1,0,0,1,1.0000,1,0.0000,1,1,NULL,NULL,1,0,1,0,1,0.0000,1,0,0,0),(917,917,1,100.0000,0.0000,1,0,0,1,1.0000,1,0.0000,1,1,NULL,NULL,1,0,1,0,1,0.0000,1,0,0,0),(918,918,1,100.0000,0.0000,1,0,0,1,1.0000,1,0.0000,1,1,NULL,NULL,1,0,1,0,1,0.0000,1,0,0,0),(919,919,1,100.0000,0.0000,1,0,0,1,1.0000,1,0.0000,1,1,NULL,NULL,1,0,1,0,1,0.0000,1,0,0,0),(920,920,1,100.0000,0.0000,1,0,0,1,1.0000,1,0.0000,1,1,NULL,NULL,1,0,1,0,1,0.0000,1,0,0,0),(921,921,1,100.0000,0.0000,1,0,0,1,1.0000,1,0.0000,1,1,NULL,NULL,1,0,1,0,1,0.0000,1,0,0,0),(922,922,1,100.0000,0.0000,1,0,0,1,1.0000,1,0.0000,1,1,NULL,NULL,1,0,1,0,1,0.0000,1,0,0,0),(923,923,1,100.0000,0.0000,1,0,0,1,1.0000,1,0.0000,1,1,NULL,NULL,1,0,1,0,1,0.0000,1,0,0,0),(924,924,1,0.0000,0.0000,1,0,0,1,1.0000,1,0.0000,1,1,NULL,NULL,1,0,1,0,1,0.0000,1,0,0,0),(925,925,1,100.0000,0.0000,1,0,0,1,1.0000,1,0.0000,1,1,NULL,NULL,1,0,1,0,1,0.0000,1,0,0,0),(926,926,1,100.0000,0.0000,1,0,0,1,1.0000,1,0.0000,1,1,NULL,NULL,1,0,1,0,1,0.0000,1,0,0,0),(927,927,1,100.0000,0.0000,1,0,0,1,1.0000,1,0.0000,1,1,NULL,NULL,1,0,1,0,1,0.0000,1,0,0,0),(928,928,1,100.0000,0.0000,1,0,0,1,1.0000,1,0.0000,1,1,NULL,NULL,1,0,1,0,1,0.0000,1,0,0,0),(929,929,1,100.0000,0.0000,1,0,0,1,1.0000,1,0.0000,1,1,NULL,NULL,1,0,1,0,1,0.0000,1,0,0,0),(930,930,1,100.0000,0.0000,1,0,0,1,1.0000,1,0.0000,1,1,NULL,NULL,1,0,1,0,1,0.0000,1,0,0,0),(931,931,1,100.0000,0.0000,1,0,0,1,1.0000,1,0.0000,1,1,NULL,NULL,1,0,1,0,1,0.0000,1,0,0,0),(932,932,1,100.0000,0.0000,1,0,0,1,1.0000,1,0.0000,1,1,NULL,NULL,1,0,1,0,1,0.0000,1,0,0,0),(933,933,1,100.0000,0.0000,1,0,0,1,1.0000,1,0.0000,1,1,NULL,NULL,1,0,1,0,1,0.0000,1,0,0,0),(934,934,1,100.0000,0.0000,1,0,0,1,1.0000,1,0.0000,1,1,NULL,NULL,1,0,1,0,1,0.0000,1,0,0,0),(935,935,1,100.0000,0.0000,1,0,0,1,1.0000,1,0.0000,1,1,NULL,NULL,1,0,1,0,1,0.0000,1,0,0,0),(936,936,1,100.0000,0.0000,1,0,0,1,1.0000,1,0.0000,1,1,NULL,NULL,1,0,1,0,1,0.0000,1,0,0,0),(937,937,1,0.0000,0.0000,1,0,0,1,1.0000,1,0.0000,1,1,NULL,NULL,1,0,1,0,1,0.0000,1,0,0,0),(938,938,1,100.0000,0.0000,1,0,0,1,1.0000,1,0.0000,1,1,NULL,NULL,1,0,1,0,1,0.0000,1,0,0,0),(939,939,1,100.0000,0.0000,1,0,0,1,1.0000,1,0.0000,1,1,NULL,NULL,1,0,1,0,1,0.0000,1,0,0,0),(940,940,1,100.0000,0.0000,1,0,0,1,1.0000,1,0.0000,1,1,NULL,NULL,1,0,1,0,1,0.0000,1,0,0,0),(941,941,1,100.0000,0.0000,1,0,0,1,1.0000,1,0.0000,1,1,NULL,NULL,1,0,1,0,1,0.0000,1,0,0,0),(942,942,1,100.0000,0.0000,1,0,0,1,1.0000,1,0.0000,1,1,NULL,NULL,1,0,1,0,1,0.0000,1,0,0,0),(943,943,1,100.0000,0.0000,1,0,0,1,1.0000,1,0.0000,1,1,NULL,NULL,1,0,1,0,1,0.0000,1,0,0,0),(944,944,1,100.0000,0.0000,1,0,0,1,1.0000,1,0.0000,1,1,NULL,NULL,1,0,1,0,1,0.0000,1,0,0,0),(945,945,1,100.0000,0.0000,1,0,0,1,1.0000,1,0.0000,1,1,NULL,NULL,1,0,1,0,1,0.0000,1,0,0,0),(946,946,1,100.0000,0.0000,1,0,0,1,1.0000,1,0.0000,1,1,NULL,NULL,1,0,1,0,1,0.0000,1,0,0,0),(947,947,1,100.0000,0.0000,1,0,0,1,1.0000,1,0.0000,1,1,NULL,NULL,1,0,1,0,1,0.0000,1,0,0,0),(948,948,1,100.0000,0.0000,1,0,0,1,1.0000,1,0.0000,1,1,NULL,NULL,1,0,1,0,1,0.0000,1,0,0,0),(949,949,1,100.0000,0.0000,1,0,0,1,1.0000,1,0.0000,1,1,NULL,NULL,1,0,1,0,1,0.0000,1,0,0,0),(950,950,1,0.0000,0.0000,1,0,0,1,1.0000,1,0.0000,1,1,NULL,NULL,1,0,1,0,1,0.0000,1,0,0,0),(951,951,1,100.0000,0.0000,1,0,0,1,1.0000,1,0.0000,1,1,NULL,NULL,1,0,1,0,1,0.0000,1,0,0,0),(952,952,1,100.0000,0.0000,1,0,0,1,1.0000,1,0.0000,1,1,NULL,NULL,1,0,1,0,1,0.0000,1,0,0,0),(953,953,1,100.0000,0.0000,1,0,0,1,1.0000,1,0.0000,1,1,NULL,NULL,1,0,1,0,1,0.0000,1,0,0,0),(954,954,1,100.0000,0.0000,1,0,0,1,1.0000,1,0.0000,1,1,NULL,NULL,1,0,1,0,1,0.0000,1,0,0,0),(955,955,1,100.0000,0.0000,1,0,0,1,1.0000,1,0.0000,1,1,NULL,NULL,1,0,1,0,1,0.0000,1,0,0,0),(956,956,1,100.0000,0.0000,1,0,0,1,1.0000,1,0.0000,1,1,NULL,NULL,1,0,1,0,1,0.0000,1,0,0,0),(957,957,1,100.0000,0.0000,1,0,0,1,1.0000,1,0.0000,1,1,NULL,NULL,1,0,1,0,1,0.0000,1,0,0,0),(958,958,1,100.0000,0.0000,1,0,0,1,1.0000,1,0.0000,1,1,NULL,NULL,1,0,1,0,1,0.0000,1,0,0,0),(959,959,1,100.0000,0.0000,1,0,0,1,1.0000,1,0.0000,1,1,NULL,NULL,1,0,1,0,1,0.0000,1,0,0,0),(960,960,1,100.0000,0.0000,1,0,0,1,1.0000,1,0.0000,1,1,NULL,NULL,1,0,1,0,1,0.0000,1,0,0,0),(961,961,1,100.0000,0.0000,1,0,0,1,1.0000,1,0.0000,1,1,NULL,NULL,1,0,1,0,1,0.0000,1,0,0,0),(962,962,1,100.0000,0.0000,1,0,0,1,1.0000,1,0.0000,1,1,NULL,NULL,1,0,1,0,1,0.0000,1,0,0,0),(963,963,1,0.0000,0.0000,1,0,0,1,1.0000,1,0.0000,1,1,NULL,NULL,1,0,1,0,1,0.0000,1,0,0,0),(964,964,1,100.0000,0.0000,1,0,0,1,1.0000,1,0.0000,1,1,NULL,NULL,1,0,1,0,1,0.0000,1,0,0,0),(965,965,1,100.0000,0.0000,1,0,0,1,1.0000,1,0.0000,1,1,NULL,NULL,1,0,1,0,1,0.0000,1,0,0,0),(966,966,1,100.0000,0.0000,1,0,0,1,1.0000,1,0.0000,1,1,NULL,NULL,1,0,1,0,1,0.0000,1,0,0,0),(967,967,1,100.0000,0.0000,1,0,0,1,1.0000,1,0.0000,1,1,NULL,NULL,1,0,1,0,1,0.0000,1,0,0,0),(968,968,1,100.0000,0.0000,1,0,0,1,1.0000,1,0.0000,1,1,NULL,NULL,1,0,1,0,1,0.0000,1,0,0,0),(969,969,1,100.0000,0.0000,1,0,0,1,1.0000,1,0.0000,1,1,NULL,NULL,1,0,1,0,1,0.0000,1,0,0,0),(970,970,1,100.0000,0.0000,1,0,0,1,1.0000,1,0.0000,1,1,NULL,NULL,1,0,1,0,1,0.0000,1,0,0,0),(971,971,1,100.0000,0.0000,1,0,0,1,1.0000,1,0.0000,1,1,NULL,NULL,1,0,1,0,1,0.0000,1,0,0,0),(972,972,1,100.0000,0.0000,1,0,0,1,1.0000,1,0.0000,1,1,NULL,NULL,1,0,1,0,1,0.0000,1,0,0,0),(973,973,1,100.0000,0.0000,1,0,0,1,1.0000,1,0.0000,1,1,NULL,NULL,1,0,1,0,1,0.0000,1,0,0,0),(974,974,1,100.0000,0.0000,1,0,0,1,1.0000,1,0.0000,1,1,NULL,NULL,1,0,1,0,1,0.0000,1,0,0,0),(975,975,1,100.0000,0.0000,1,0,0,1,1.0000,1,0.0000,1,1,NULL,NULL,1,0,1,0,1,0.0000,1,0,0,0),(976,976,1,0.0000,0.0000,1,0,0,1,1.0000,1,0.0000,1,1,NULL,NULL,1,0,1,0,1,0.0000,1,0,0,0),(977,977,1,100.0000,0.0000,1,0,0,1,1.0000,1,0.0000,1,1,NULL,NULL,1,0,1,0,1,0.0000,1,0,0,0),(978,978,1,100.0000,0.0000,1,0,0,1,1.0000,1,0.0000,1,1,NULL,NULL,1,0,1,0,1,0.0000,1,0,0,0),(979,979,1,100.0000,0.0000,1,0,0,1,1.0000,1,0.0000,1,1,NULL,NULL,1,0,1,0,1,0.0000,1,0,0,0),(980,980,1,100.0000,0.0000,1,0,0,1,1.0000,1,0.0000,1,1,NULL,NULL,1,0,1,0,1,0.0000,1,0,0,0),(981,981,1,100.0000,0.0000,1,0,0,1,1.0000,1,0.0000,1,1,NULL,NULL,1,0,1,0,1,0.0000,1,0,0,0),(982,982,1,100.0000,0.0000,1,0,0,1,1.0000,1,0.0000,1,1,NULL,NULL,1,0,1,0,1,0.0000,1,0,0,0),(983,983,1,100.0000,0.0000,1,0,0,1,1.0000,1,0.0000,1,1,NULL,NULL,1,0,1,0,1,0.0000,1,0,0,0),(984,984,1,100.0000,0.0000,1,0,0,1,1.0000,1,0.0000,1,1,NULL,NULL,1,0,1,0,1,0.0000,1,0,0,0),(985,985,1,100.0000,0.0000,1,0,0,1,1.0000,1,0.0000,1,1,NULL,NULL,1,0,1,0,1,0.0000,1,0,0,0),(986,986,1,100.0000,0.0000,1,0,0,1,1.0000,1,0.0000,1,1,NULL,NULL,1,0,1,0,1,0.0000,1,0,0,0),(987,987,1,100.0000,0.0000,1,0,0,1,1.0000,1,0.0000,1,1,NULL,NULL,1,0,1,0,1,0.0000,1,0,0,0),(988,988,1,100.0000,0.0000,1,0,0,1,1.0000,1,0.0000,1,1,NULL,NULL,1,0,1,0,1,0.0000,1,0,0,0),(989,989,1,0.0000,0.0000,1,0,0,1,1.0000,1,0.0000,1,1,NULL,NULL,1,0,1,0,1,0.0000,1,0,0,0),(990,990,1,100.0000,0.0000,1,0,0,1,1.0000,1,0.0000,1,1,NULL,NULL,1,0,1,0,1,0.0000,1,0,0,0),(991,991,1,100.0000,0.0000,1,0,0,1,1.0000,1,0.0000,1,1,NULL,NULL,1,0,1,0,1,0.0000,1,0,0,0),(992,992,1,100.0000,0.0000,1,0,0,1,1.0000,1,0.0000,1,1,NULL,NULL,1,0,1,0,1,0.0000,1,0,0,0),(993,993,1,100.0000,0.0000,1,0,0,1,1.0000,1,0.0000,1,1,NULL,NULL,1,0,1,0,1,0.0000,1,0,0,0),(994,994,1,100.0000,0.0000,1,0,0,1,1.0000,1,0.0000,1,1,NULL,NULL,1,0,1,0,1,0.0000,1,0,0,0),(995,995,1,100.0000,0.0000,1,0,0,1,1.0000,1,0.0000,1,1,NULL,NULL,1,0,1,0,1,0.0000,1,0,0,0),(996,996,1,100.0000,0.0000,1,0,0,1,1.0000,1,0.0000,1,1,NULL,NULL,1,0,1,0,1,0.0000,1,0,0,0),(997,997,1,100.0000,0.0000,1,0,0,1,1.0000,1,0.0000,1,1,NULL,NULL,1,0,1,0,1,0.0000,1,0,0,0),(998,998,1,100.0000,0.0000,1,0,0,1,1.0000,1,0.0000,1,1,NULL,NULL,1,0,1,0,1,0.0000,1,0,0,0),(999,999,1,100.0000,0.0000,1,0,0,1,1.0000,1,0.0000,1,1,NULL,NULL,1,0,1,0,1,0.0000,1,0,0,0),(1000,1000,1,100.0000,0.0000,1,0,0,1,1.0000,1,0.0000,1,1,NULL,NULL,1,0,1,0,1,0.0000,1,0,0,0),(1001,1001,1,100.0000,0.0000,1,0,0,1,1.0000,1,0.0000,1,1,NULL,NULL,1,0,1,0,1,0.0000,1,0,0,0),(1002,1002,1,0.0000,0.0000,1,0,0,1,1.0000,1,0.0000,1,1,NULL,NULL,1,0,1,0,1,0.0000,1,0,0,0),(1003,1003,1,100.0000,0.0000,1,0,0,1,1.0000,1,0.0000,1,1,NULL,NULL,1,0,1,0,1,0.0000,1,0,0,0),(1004,1004,1,100.0000,0.0000,1,0,0,1,1.0000,1,0.0000,1,1,NULL,NULL,1,0,1,0,1,0.0000,1,0,0,0),(1005,1005,1,100.0000,0.0000,1,0,0,1,1.0000,1,0.0000,1,1,NULL,NULL,1,0,1,0,1,0.0000,1,0,0,0),(1006,1006,1,100.0000,0.0000,1,0,0,1,1.0000,1,0.0000,1,1,NULL,NULL,1,0,1,0,1,0.0000,1,0,0,0),(1007,1007,1,100.0000,0.0000,1,0,0,1,1.0000,1,0.0000,1,1,NULL,NULL,1,0,1,0,1,0.0000,1,0,0,0),(1008,1008,1,100.0000,0.0000,1,0,0,1,1.0000,1,0.0000,1,1,NULL,NULL,1,0,1,0,1,0.0000,1,0,0,0),(1009,1009,1,100.0000,0.0000,1,0,0,1,1.0000,1,0.0000,1,1,NULL,NULL,1,0,1,0,1,0.0000,1,0,0,0),(1010,1010,1,100.0000,0.0000,1,0,0,1,1.0000,1,0.0000,1,1,NULL,NULL,1,0,1,0,1,0.0000,1,0,0,0),(1011,1011,1,100.0000,0.0000,1,0,0,1,1.0000,1,0.0000,1,1,NULL,NULL,1,0,1,0,1,0.0000,1,0,0,0),(1012,1012,1,100.0000,0.0000,1,0,0,1,1.0000,1,0.0000,1,1,NULL,NULL,1,0,1,0,1,0.0000,1,0,0,0),(1013,1013,1,100.0000,0.0000,1,0,0,1,1.0000,1,0.0000,1,1,NULL,NULL,1,0,1,0,1,0.0000,1,0,0,0),(1014,1014,1,100.0000,0.0000,1,0,0,1,1.0000,1,0.0000,1,1,NULL,NULL,1,0,1,0,1,0.0000,1,0,0,0),(1015,1015,1,0.0000,0.0000,1,0,0,1,1.0000,1,0.0000,1,1,NULL,NULL,1,0,1,0,1,0.0000,1,0,0,0),(1016,1016,1,100.0000,0.0000,1,0,0,1,1.0000,1,0.0000,1,1,NULL,NULL,1,0,1,0,1,0.0000,1,0,0,0),(1017,1017,1,100.0000,0.0000,1,0,0,1,1.0000,1,0.0000,1,1,NULL,NULL,1,0,1,0,1,0.0000,1,0,0,0),(1018,1018,1,100.0000,0.0000,1,0,0,1,1.0000,1,0.0000,1,1,NULL,NULL,1,0,1,0,1,0.0000,1,0,0,0),(1019,1019,1,100.0000,0.0000,1,0,0,1,1.0000,1,0.0000,1,1,NULL,NULL,1,0,1,0,1,0.0000,1,0,0,0),(1020,1020,1,100.0000,0.0000,1,0,0,1,1.0000,1,0.0000,1,1,NULL,NULL,1,0,1,0,1,0.0000,1,0,0,0),(1021,1021,1,100.0000,0.0000,1,0,0,1,1.0000,1,0.0000,1,1,NULL,NULL,1,0,1,0,1,0.0000,1,0,0,0),(1022,1022,1,100.0000,0.0000,1,0,0,1,1.0000,1,0.0000,1,1,NULL,NULL,1,0,1,0,1,0.0000,1,0,0,0),(1023,1023,1,100.0000,0.0000,1,0,0,1,1.0000,1,0.0000,1,1,NULL,NULL,1,0,1,0,1,0.0000,1,0,0,0),(1024,1024,1,100.0000,0.0000,1,0,0,1,1.0000,1,0.0000,1,1,NULL,NULL,1,0,1,0,1,0.0000,1,0,0,0),(1025,1025,1,100.0000,0.0000,1,0,0,1,1.0000,1,0.0000,1,1,NULL,NULL,1,0,1,0,1,0.0000,1,0,0,0),(1026,1026,1,100.0000,0.0000,1,0,0,1,1.0000,1,0.0000,1,1,NULL,NULL,1,0,1,0,1,0.0000,1,0,0,0),(1027,1027,1,100.0000,0.0000,1,0,0,1,1.0000,1,0.0000,1,1,NULL,NULL,1,0,1,0,1,0.0000,1,0,0,0),(1028,1028,1,0.0000,0.0000,1,0,0,1,1.0000,1,0.0000,1,1,NULL,NULL,1,0,1,0,1,0.0000,1,0,0,0),(1029,1029,1,100.0000,0.0000,1,0,0,1,1.0000,1,0.0000,1,1,NULL,NULL,1,0,1,0,1,0.0000,1,0,0,0),(1030,1030,1,100.0000,0.0000,1,0,0,1,1.0000,1,0.0000,1,1,NULL,NULL,1,0,1,0,1,0.0000,1,0,0,0),(1031,1031,1,100.0000,0.0000,1,0,0,1,1.0000,1,0.0000,1,1,NULL,NULL,1,0,1,0,1,0.0000,1,0,0,0),(1032,1032,1,100.0000,0.0000,1,0,0,1,1.0000,1,0.0000,1,1,NULL,NULL,1,0,1,0,1,0.0000,1,0,0,0),(1033,1033,1,100.0000,0.0000,1,0,0,1,1.0000,1,0.0000,1,1,NULL,NULL,1,0,1,0,1,0.0000,1,0,0,0),(1034,1034,1,100.0000,0.0000,1,0,0,1,1.0000,1,0.0000,1,1,NULL,NULL,1,0,1,0,1,0.0000,1,0,0,0),(1035,1035,1,100.0000,0.0000,1,0,0,1,1.0000,1,0.0000,1,1,NULL,NULL,1,0,1,0,1,0.0000,1,0,0,0),(1036,1036,1,100.0000,0.0000,1,0,0,1,1.0000,1,0.0000,1,1,NULL,NULL,1,0,1,0,1,0.0000,1,0,0,0),(1037,1037,1,100.0000,0.0000,1,0,0,1,1.0000,1,0.0000,1,1,NULL,NULL,1,0,1,0,1,0.0000,1,0,0,0),(1038,1038,1,100.0000,0.0000,1,0,0,1,1.0000,1,0.0000,1,1,NULL,NULL,1,0,1,0,1,0.0000,1,0,0,0),(1039,1039,1,100.0000,0.0000,1,0,0,1,1.0000,1,0.0000,1,1,NULL,NULL,1,0,1,0,1,0.0000,1,0,0,0),(1040,1040,1,100.0000,0.0000,1,0,0,1,1.0000,1,0.0000,1,1,NULL,NULL,1,0,1,0,1,0.0000,1,0,0,0),(1041,1041,1,100.0000,0.0000,1,0,0,1,1.0000,1,0.0000,1,1,NULL,NULL,1,0,1,0,1,0.0000,1,0,0,0),(1042,1042,1,100.0000,0.0000,1,0,0,1,1.0000,1,0.0000,1,1,NULL,NULL,1,0,1,0,1,0.0000,1,0,0,0),(1043,1043,1,100.0000,0.0000,1,0,0,1,1.0000,1,0.0000,1,1,NULL,NULL,1,0,1,0,1,0.0000,1,0,0,0),(1044,1044,1,0.0000,0.0000,1,0,0,1,1.0000,1,0.0000,1,1,NULL,NULL,1,0,1,0,1,0.0000,1,0,0,0),(1045,1045,1,100.0000,0.0000,1,0,0,1,1.0000,1,0.0000,1,1,NULL,NULL,1,0,1,0,1,0.0000,1,0,0,0),(1046,1046,1,100.0000,0.0000,1,0,0,1,1.0000,1,0.0000,1,1,NULL,NULL,1,0,1,0,1,0.0000,1,0,0,0),(1047,1047,1,100.0000,0.0000,1,0,0,1,1.0000,1,0.0000,1,1,NULL,NULL,1,0,1,0,1,0.0000,1,0,0,0),(1048,1048,1,100.0000,0.0000,1,0,0,1,1.0000,1,0.0000,1,1,NULL,NULL,1,0,1,0,1,0.0000,1,0,0,0),(1049,1049,1,100.0000,0.0000,1,0,0,1,1.0000,1,0.0000,1,1,NULL,NULL,1,0,1,0,1,0.0000,1,0,0,0),(1050,1050,1,100.0000,0.0000,1,0,0,1,1.0000,1,0.0000,1,1,NULL,NULL,1,0,1,0,1,0.0000,1,0,0,0),(1051,1051,1,100.0000,0.0000,1,0,0,1,1.0000,1,0.0000,1,1,NULL,NULL,1,0,1,0,1,0.0000,1,0,0,0),(1052,1052,1,100.0000,0.0000,1,0,0,1,1.0000,1,0.0000,1,1,NULL,NULL,1,0,1,0,1,0.0000,1,0,0,0),(1053,1053,1,100.0000,0.0000,1,0,0,1,1.0000,1,0.0000,1,1,NULL,NULL,1,0,1,0,1,0.0000,1,0,0,0),(1054,1054,1,100.0000,0.0000,1,0,0,1,1.0000,1,0.0000,1,1,NULL,NULL,1,0,1,0,1,0.0000,1,0,0,0),(1055,1055,1,100.0000,0.0000,1,0,0,1,1.0000,1,0.0000,1,1,NULL,NULL,1,0,1,0,1,0.0000,1,0,0,0),(1056,1056,1,100.0000,0.0000,1,0,0,1,1.0000,1,0.0000,1,1,NULL,NULL,1,0,1,0,1,0.0000,1,0,0,0),(1057,1057,1,100.0000,0.0000,1,0,0,1,1.0000,1,0.0000,1,1,NULL,NULL,1,0,1,0,1,0.0000,1,0,0,0),(1058,1058,1,100.0000,0.0000,1,0,0,1,1.0000,1,0.0000,1,1,NULL,NULL,1,0,1,0,1,0.0000,1,0,0,0),(1059,1059,1,100.0000,0.0000,1,0,0,1,1.0000,1,0.0000,1,1,NULL,NULL,1,0,1,0,1,0.0000,1,0,0,0),(1060,1060,1,0.0000,0.0000,1,0,0,1,1.0000,1,0.0000,1,1,NULL,NULL,1,0,1,0,1,0.0000,1,0,0,0),(1061,1061,1,100.0000,0.0000,1,0,0,1,1.0000,1,0.0000,1,1,NULL,NULL,1,0,1,0,1,0.0000,1,0,0,0),(1062,1062,1,100.0000,0.0000,1,0,0,1,1.0000,1,0.0000,1,1,NULL,NULL,1,0,1,0,1,0.0000,1,0,0,0),(1063,1063,1,100.0000,0.0000,1,0,0,1,1.0000,1,0.0000,1,1,NULL,NULL,1,0,1,0,1,0.0000,1,0,0,0),(1064,1064,1,100.0000,0.0000,1,0,0,1,1.0000,1,0.0000,1,1,NULL,NULL,1,0,1,0,1,0.0000,1,0,0,0),(1065,1065,1,100.0000,0.0000,1,0,0,1,1.0000,1,0.0000,1,1,NULL,NULL,1,0,1,0,1,0.0000,1,0,0,0),(1066,1066,1,100.0000,0.0000,1,0,0,1,1.0000,1,0.0000,1,1,NULL,NULL,1,0,1,0,1,0.0000,1,0,0,0),(1067,1067,1,100.0000,0.0000,1,0,0,1,1.0000,1,0.0000,1,1,NULL,NULL,1,0,1,0,1,0.0000,1,0,0,0),(1068,1068,1,100.0000,0.0000,1,0,0,1,1.0000,1,0.0000,1,1,NULL,NULL,1,0,1,0,1,0.0000,1,0,0,0),(1069,1069,1,100.0000,0.0000,1,0,0,1,1.0000,1,0.0000,1,1,NULL,NULL,1,0,1,0,1,0.0000,1,0,0,0),(1070,1070,1,100.0000,0.0000,1,0,0,1,1.0000,1,0.0000,1,1,NULL,NULL,1,0,1,0,1,0.0000,1,0,0,0),(1071,1071,1,100.0000,0.0000,1,0,0,1,1.0000,1,0.0000,1,1,NULL,NULL,1,0,1,0,1,0.0000,1,0,0,0),(1072,1072,1,100.0000,0.0000,1,0,0,1,1.0000,1,0.0000,1,1,NULL,NULL,1,0,1,0,1,0.0000,1,0,0,0),(1073,1073,1,100.0000,0.0000,1,0,0,1,1.0000,1,0.0000,1,1,NULL,NULL,1,0,1,0,1,0.0000,1,0,0,0),(1074,1074,1,100.0000,0.0000,1,0,0,1,1.0000,1,0.0000,1,1,NULL,NULL,1,0,1,0,1,0.0000,1,0,0,0),(1075,1075,1,100.0000,0.0000,1,0,0,1,1.0000,1,0.0000,1,1,NULL,NULL,1,0,1,0,1,0.0000,1,0,0,0),(1076,1076,1,0.0000,0.0000,1,0,0,1,1.0000,1,0.0000,1,1,NULL,NULL,1,0,1,0,1,0.0000,1,0,0,0),(1077,1077,1,100.0000,0.0000,1,0,0,1,1.0000,1,0.0000,1,1,NULL,NULL,1,0,1,0,1,0.0000,1,0,0,0),(1078,1078,1,100.0000,0.0000,1,0,0,1,1.0000,1,0.0000,1,1,NULL,NULL,1,0,1,0,1,0.0000,1,0,0,0),(1079,1079,1,100.0000,0.0000,1,0,0,1,1.0000,1,0.0000,1,1,NULL,NULL,1,0,1,0,1,0.0000,1,0,0,0),(1080,1080,1,100.0000,0.0000,1,0,0,1,1.0000,1,0.0000,1,1,NULL,NULL,1,0,1,0,1,0.0000,1,0,0,0),(1081,1081,1,100.0000,0.0000,1,0,0,1,1.0000,1,0.0000,1,1,NULL,NULL,1,0,1,0,1,0.0000,1,0,0,0),(1082,1082,1,100.0000,0.0000,1,0,0,1,1.0000,1,0.0000,1,1,NULL,NULL,1,0,1,0,1,0.0000,1,0,0,0),(1083,1083,1,100.0000,0.0000,1,0,0,1,1.0000,1,0.0000,1,1,NULL,NULL,1,0,1,0,1,0.0000,1,0,0,0),(1084,1084,1,100.0000,0.0000,1,0,0,1,1.0000,1,0.0000,1,1,NULL,NULL,1,0,1,0,1,0.0000,1,0,0,0),(1085,1085,1,100.0000,0.0000,1,0,0,1,1.0000,1,0.0000,1,1,NULL,NULL,1,0,1,0,1,0.0000,1,0,0,0),(1086,1086,1,100.0000,0.0000,1,0,0,1,1.0000,1,0.0000,1,1,NULL,NULL,1,0,1,0,1,0.0000,1,0,0,0),(1087,1087,1,100.0000,0.0000,1,0,0,1,1.0000,1,0.0000,1,1,NULL,NULL,1,0,1,0,1,0.0000,1,0,0,0),(1088,1088,1,100.0000,0.0000,1,0,0,1,1.0000,1,0.0000,1,1,NULL,NULL,1,0,1,0,1,0.0000,1,0,0,0),(1089,1089,1,100.0000,0.0000,1,0,0,1,1.0000,1,0.0000,1,1,NULL,NULL,1,0,1,0,1,0.0000,1,0,0,0),(1090,1090,1,100.0000,0.0000,1,0,0,1,1.0000,1,0.0000,1,1,NULL,NULL,1,0,1,0,1,0.0000,1,0,0,0),(1091,1091,1,100.0000,0.0000,1,0,0,1,1.0000,1,0.0000,1,1,NULL,NULL,1,0,1,0,1,0.0000,1,0,0,0),(1092,1092,1,0.0000,0.0000,1,0,0,1,1.0000,1,0.0000,1,1,NULL,NULL,1,0,1,0,1,0.0000,1,0,0,0),(1093,1093,1,100.0000,0.0000,1,0,0,1,1.0000,1,0.0000,1,1,NULL,NULL,1,0,1,0,1,0.0000,1,0,0,0),(1094,1094,1,100.0000,0.0000,1,0,0,1,1.0000,1,0.0000,1,1,NULL,NULL,1,0,1,0,1,0.0000,1,0,0,0),(1095,1095,1,100.0000,0.0000,1,0,0,1,1.0000,1,0.0000,1,1,NULL,NULL,1,0,1,0,1,0.0000,1,0,0,0),(1096,1096,1,100.0000,0.0000,1,0,0,1,1.0000,1,0.0000,1,1,NULL,NULL,1,0,1,0,1,0.0000,1,0,0,0),(1097,1097,1,100.0000,0.0000,1,0,0,1,1.0000,1,0.0000,1,1,NULL,NULL,1,0,1,0,1,0.0000,1,0,0,0),(1098,1098,1,100.0000,0.0000,1,0,0,1,1.0000,1,0.0000,1,1,NULL,NULL,1,0,1,0,1,0.0000,1,0,0,0),(1099,1099,1,100.0000,0.0000,1,0,0,1,1.0000,1,0.0000,1,1,NULL,NULL,1,0,1,0,1,0.0000,1,0,0,0),(1100,1100,1,100.0000,0.0000,1,0,0,1,1.0000,1,0.0000,1,1,NULL,NULL,1,0,1,0,1,0.0000,1,0,0,0),(1101,1101,1,100.0000,0.0000,1,0,0,1,1.0000,1,0.0000,1,1,NULL,NULL,1,0,1,0,1,0.0000,1,0,0,0),(1102,1102,1,100.0000,0.0000,1,0,0,1,1.0000,1,0.0000,1,1,NULL,NULL,1,0,1,0,1,0.0000,1,0,0,0),(1103,1103,1,100.0000,0.0000,1,0,0,1,1.0000,1,0.0000,1,1,NULL,NULL,1,0,1,0,1,0.0000,1,0,0,0),(1104,1104,1,100.0000,0.0000,1,0,0,1,1.0000,1,0.0000,1,1,NULL,NULL,1,0,1,0,1,0.0000,1,0,0,0),(1105,1105,1,100.0000,0.0000,1,0,0,1,1.0000,1,0.0000,1,1,NULL,NULL,1,0,1,0,1,0.0000,1,0,0,0),(1106,1106,1,100.0000,0.0000,1,0,0,1,1.0000,1,0.0000,1,1,NULL,NULL,1,0,1,0,1,0.0000,1,0,0,0),(1107,1107,1,100.0000,0.0000,1,0,0,1,1.0000,1,0.0000,1,1,NULL,NULL,1,0,1,0,1,0.0000,1,0,0,0),(1108,1108,1,0.0000,0.0000,1,0,0,1,1.0000,1,0.0000,1,1,NULL,NULL,1,0,1,0,1,0.0000,1,0,0,0),(1109,1109,1,100.0000,0.0000,1,0,0,1,1.0000,1,0.0000,1,1,NULL,NULL,1,0,1,0,1,0.0000,1,0,0,0),(1110,1110,1,100.0000,0.0000,1,0,0,1,1.0000,1,0.0000,1,1,NULL,NULL,1,0,1,0,1,0.0000,1,0,0,0),(1111,1111,1,100.0000,0.0000,1,0,0,1,1.0000,1,0.0000,1,1,NULL,NULL,1,0,1,0,1,0.0000,1,0,0,0),(1112,1112,1,100.0000,0.0000,1,0,0,1,1.0000,1,0.0000,1,1,NULL,NULL,1,0,1,0,1,0.0000,1,0,0,0),(1113,1113,1,100.0000,0.0000,1,0,0,1,1.0000,1,0.0000,1,1,NULL,NULL,1,0,1,0,1,0.0000,1,0,0,0),(1114,1114,1,0.0000,0.0000,1,0,0,1,1.0000,1,0.0000,1,1,NULL,NULL,1,0,1,0,1,0.0000,1,0,0,0),(1115,1115,1,100.0000,0.0000,1,0,0,1,1.0000,1,0.0000,1,1,NULL,NULL,1,0,1,0,1,0.0000,1,0,0,0),(1116,1116,1,100.0000,0.0000,1,0,0,1,1.0000,1,0.0000,1,1,NULL,NULL,1,0,1,0,1,0.0000,1,0,0,0),(1117,1117,1,100.0000,0.0000,1,0,0,1,1.0000,1,0.0000,1,1,NULL,NULL,1,0,1,0,1,0.0000,1,0,0,0),(1118,1118,1,100.0000,0.0000,1,0,0,1,1.0000,1,0.0000,1,1,NULL,NULL,1,0,1,0,1,0.0000,1,0,0,0),(1119,1119,1,100.0000,0.0000,1,0,0,1,1.0000,1,0.0000,1,1,NULL,NULL,1,0,1,0,1,0.0000,1,0,0,0),(1120,1120,1,100.0000,0.0000,1,0,0,1,1.0000,1,0.0000,1,1,NULL,NULL,1,0,1,0,1,0.0000,1,0,0,0),(1121,1121,1,100.0000,0.0000,1,0,0,1,1.0000,1,0.0000,1,1,NULL,NULL,1,0,1,0,1,0.0000,1,0,0,0),(1122,1122,1,100.0000,0.0000,1,0,0,1,1.0000,1,0.0000,1,1,NULL,NULL,1,0,1,0,1,0.0000,1,0,0,0),(1123,1123,1,100.0000,0.0000,1,0,0,1,1.0000,1,0.0000,1,1,NULL,NULL,1,0,1,0,1,0.0000,1,0,0,0),(1124,1124,1,100.0000,0.0000,1,0,0,1,1.0000,1,0.0000,1,1,NULL,NULL,1,0,1,0,1,0.0000,1,0,0,0),(1125,1125,1,100.0000,0.0000,1,0,0,1,1.0000,1,0.0000,1,1,NULL,NULL,1,0,1,0,1,0.0000,1,0,0,0),(1126,1126,1,100.0000,0.0000,1,0,0,1,1.0000,1,0.0000,1,1,NULL,NULL,1,0,1,0,1,0.0000,1,0,0,0),(1127,1127,1,100.0000,0.0000,1,0,0,1,1.0000,1,0.0000,1,1,NULL,NULL,1,0,1,0,1,0.0000,1,0,0,0),(1128,1128,1,100.0000,0.0000,1,0,0,1,1.0000,1,0.0000,1,1,NULL,NULL,1,0,1,0,1,0.0000,1,0,0,0),(1129,1129,1,100.0000,0.0000,1,0,0,1,1.0000,1,0.0000,1,1,NULL,NULL,1,0,1,0,1,0.0000,1,0,0,0),(1130,1130,1,0.0000,0.0000,1,0,0,1,1.0000,1,0.0000,1,1,NULL,NULL,1,0,1,0,1,0.0000,1,0,0,0),(1131,1131,1,100.0000,0.0000,1,0,0,1,1.0000,1,0.0000,1,1,NULL,NULL,1,0,1,0,1,0.0000,1,0,0,0),(1132,1132,1,100.0000,0.0000,1,0,0,1,1.0000,1,0.0000,1,1,NULL,NULL,1,0,1,0,1,0.0000,1,0,0,0),(1133,1133,1,100.0000,0.0000,1,0,0,1,1.0000,1,0.0000,1,1,NULL,NULL,1,0,1,0,1,0.0000,1,0,0,0),(1134,1134,1,100.0000,0.0000,1,0,0,1,1.0000,1,0.0000,1,1,NULL,NULL,1,0,1,0,1,0.0000,1,0,0,0),(1135,1135,1,100.0000,0.0000,1,0,0,1,1.0000,1,0.0000,1,1,NULL,NULL,1,0,1,0,1,0.0000,1,0,0,0),(1136,1136,1,100.0000,0.0000,1,0,0,1,1.0000,1,0.0000,1,1,NULL,NULL,1,0,1,0,1,0.0000,1,0,0,0),(1137,1137,1,100.0000,0.0000,1,0,0,1,1.0000,1,0.0000,1,1,NULL,NULL,1,0,1,0,1,0.0000,1,0,0,0),(1138,1138,1,100.0000,0.0000,1,0,0,1,1.0000,1,0.0000,1,1,NULL,NULL,1,0,1,0,1,0.0000,1,0,0,0),(1139,1139,1,100.0000,0.0000,1,0,0,1,1.0000,1,0.0000,1,1,NULL,NULL,1,0,1,0,1,0.0000,1,0,0,0),(1140,1140,1,100.0000,0.0000,1,0,0,1,1.0000,1,0.0000,1,1,NULL,NULL,1,0,1,0,1,0.0000,1,0,0,0),(1141,1141,1,100.0000,0.0000,1,0,0,1,1.0000,1,0.0000,1,1,NULL,NULL,1,0,1,0,1,0.0000,1,0,0,0),(1142,1142,1,100.0000,0.0000,1,0,0,1,1.0000,1,0.0000,1,1,NULL,NULL,1,0,1,0,1,0.0000,1,0,0,0),(1143,1143,1,100.0000,0.0000,1,0,0,1,1.0000,1,0.0000,1,1,NULL,NULL,1,0,1,0,1,0.0000,1,0,0,0),(1144,1144,1,100.0000,0.0000,1,0,0,1,1.0000,1,0.0000,1,1,NULL,NULL,1,0,1,0,1,0.0000,1,0,0,0),(1145,1145,1,100.0000,0.0000,1,0,0,1,1.0000,1,0.0000,1,1,NULL,NULL,1,0,1,0,1,0.0000,1,0,0,0),(1146,1146,1,0.0000,0.0000,1,0,0,1,1.0000,1,0.0000,1,1,NULL,NULL,1,0,1,0,1,0.0000,1,0,0,0),(1147,1147,1,100.0000,0.0000,1,0,0,1,1.0000,1,0.0000,1,1,NULL,NULL,1,0,1,0,1,0.0000,1,0,0,0),(1148,1148,1,100.0000,0.0000,1,0,0,1,1.0000,1,0.0000,1,1,NULL,NULL,1,0,1,0,1,0.0000,1,0,0,0),(1149,1149,1,100.0000,0.0000,1,0,0,1,1.0000,1,0.0000,1,1,NULL,NULL,1,0,1,0,1,0.0000,1,0,0,0),(1150,1150,1,100.0000,0.0000,1,0,0,1,1.0000,1,0.0000,1,1,NULL,NULL,1,0,1,0,1,0.0000,1,0,0,0),(1151,1151,1,100.0000,0.0000,1,0,0,1,1.0000,1,0.0000,1,1,NULL,NULL,1,0,1,0,1,0.0000,1,0,0,0),(1152,1152,1,100.0000,0.0000,1,0,0,1,1.0000,1,0.0000,1,1,NULL,NULL,1,0,1,0,1,0.0000,1,0,0,0),(1153,1153,1,100.0000,0.0000,1,0,0,1,1.0000,1,0.0000,1,1,NULL,NULL,1,0,1,0,1,0.0000,1,0,0,0),(1154,1154,1,100.0000,0.0000,1,0,0,1,1.0000,1,0.0000,1,1,NULL,NULL,1,0,1,0,1,0.0000,1,0,0,0),(1155,1155,1,100.0000,0.0000,1,0,0,1,1.0000,1,0.0000,1,1,NULL,NULL,1,0,1,0,1,0.0000,1,0,0,0),(1156,1156,1,100.0000,0.0000,1,0,0,1,1.0000,1,0.0000,1,1,NULL,NULL,1,0,1,0,1,0.0000,1,0,0,0),(1157,1157,1,100.0000,0.0000,1,0,0,1,1.0000,1,0.0000,1,1,NULL,NULL,1,0,1,0,1,0.0000,1,0,0,0),(1158,1158,1,100.0000,0.0000,1,0,0,1,1.0000,1,0.0000,1,1,NULL,NULL,1,0,1,0,1,0.0000,1,0,0,0),(1159,1159,1,100.0000,0.0000,1,0,0,1,1.0000,1,0.0000,1,1,NULL,NULL,1,0,1,0,1,0.0000,1,0,0,0),(1160,1160,1,100.0000,0.0000,1,0,0,1,1.0000,1,0.0000,1,1,NULL,NULL,1,0,1,0,1,0.0000,1,0,0,0),(1161,1161,1,100.0000,0.0000,1,0,0,1,1.0000,1,0.0000,1,1,NULL,NULL,1,0,1,0,1,0.0000,1,0,0,0),(1162,1162,1,0.0000,0.0000,1,0,0,1,1.0000,1,0.0000,1,1,NULL,NULL,1,0,1,0,1,0.0000,1,0,0,0),(1163,1163,1,100.0000,0.0000,1,0,0,1,1.0000,1,0.0000,1,1,NULL,NULL,1,0,1,0,1,0.0000,1,0,0,0),(1164,1164,1,100.0000,0.0000,1,0,0,1,1.0000,1,0.0000,1,1,NULL,NULL,1,0,1,0,1,0.0000,1,0,0,0),(1165,1165,1,100.0000,0.0000,1,0,0,1,1.0000,1,0.0000,1,1,NULL,NULL,1,0,1,0,1,0.0000,1,0,0,0),(1166,1166,1,100.0000,0.0000,1,0,0,1,1.0000,1,0.0000,1,1,NULL,NULL,1,0,1,0,1,0.0000,1,0,0,0),(1167,1167,1,100.0000,0.0000,1,0,0,1,1.0000,1,0.0000,1,1,NULL,NULL,1,0,1,0,1,0.0000,1,0,0,0),(1168,1168,1,100.0000,0.0000,1,0,0,1,1.0000,1,0.0000,1,1,NULL,NULL,1,0,1,0,1,0.0000,1,0,0,0),(1169,1169,1,100.0000,0.0000,1,0,0,1,1.0000,1,0.0000,1,1,NULL,NULL,1,0,1,0,1,0.0000,1,0,0,0),(1170,1170,1,100.0000,0.0000,1,0,0,1,1.0000,1,0.0000,1,1,NULL,NULL,1,0,1,0,1,0.0000,1,0,0,0),(1171,1171,1,100.0000,0.0000,1,0,0,1,1.0000,1,0.0000,1,1,NULL,NULL,1,0,1,0,1,0.0000,1,0,0,0),(1172,1172,1,100.0000,0.0000,1,0,0,1,1.0000,1,0.0000,1,1,NULL,NULL,1,0,1,0,1,0.0000,1,0,0,0),(1173,1173,1,100.0000,0.0000,1,0,0,1,1.0000,1,0.0000,1,1,NULL,NULL,1,0,1,0,1,0.0000,1,0,0,0),(1174,1174,1,100.0000,0.0000,1,0,0,1,1.0000,1,0.0000,1,1,NULL,NULL,1,0,1,0,1,0.0000,1,0,0,0),(1175,1175,1,100.0000,0.0000,1,0,0,1,1.0000,1,0.0000,1,1,NULL,NULL,1,0,1,0,1,0.0000,1,0,0,0),(1176,1176,1,100.0000,0.0000,1,0,0,1,1.0000,1,0.0000,1,1,NULL,NULL,1,0,1,0,1,0.0000,1,0,0,0),(1177,1177,1,100.0000,0.0000,1,0,0,1,1.0000,1,0.0000,1,1,NULL,NULL,1,0,1,0,1,0.0000,1,0,0,0),(1178,1178,1,0.0000,0.0000,1,0,0,1,1.0000,1,0.0000,1,1,NULL,NULL,1,0,1,0,1,0.0000,1,0,0,0),(1179,1179,1,100.0000,0.0000,1,0,0,1,1.0000,1,0.0000,1,1,NULL,NULL,1,0,1,0,1,0.0000,1,0,0,0),(1180,1180,1,100.0000,0.0000,1,0,0,1,1.0000,1,0.0000,1,1,NULL,NULL,1,0,1,0,1,0.0000,1,0,0,0),(1181,1181,1,100.0000,0.0000,1,0,0,1,1.0000,1,0.0000,1,1,NULL,NULL,1,0,1,0,1,0.0000,1,0,0,0),(1182,1182,1,100.0000,0.0000,1,0,0,1,1.0000,1,0.0000,1,1,NULL,NULL,1,0,1,0,1,0.0000,1,0,0,0),(1183,1183,1,100.0000,0.0000,1,0,0,1,1.0000,1,0.0000,1,1,NULL,NULL,1,0,1,0,1,0.0000,1,0,0,0),(1184,1184,1,100.0000,0.0000,1,0,0,1,1.0000,1,0.0000,1,1,NULL,NULL,1,0,1,0,1,0.0000,1,0,0,0),(1185,1185,1,100.0000,0.0000,1,0,0,1,1.0000,1,0.0000,1,1,NULL,NULL,1,0,1,0,1,0.0000,1,0,0,0),(1186,1186,1,100.0000,0.0000,1,0,0,1,1.0000,1,0.0000,1,1,NULL,NULL,1,0,1,0,1,0.0000,1,0,0,0),(1187,1187,1,100.0000,0.0000,1,0,0,1,1.0000,1,0.0000,1,1,NULL,NULL,1,0,1,0,1,0.0000,1,0,0,0),(1188,1188,1,100.0000,0.0000,1,0,0,1,1.0000,1,0.0000,1,1,NULL,NULL,1,0,1,0,1,0.0000,1,0,0,0),(1189,1189,1,100.0000,0.0000,1,0,0,1,1.0000,1,0.0000,1,1,NULL,NULL,1,0,1,0,1,0.0000,1,0,0,0),(1190,1190,1,100.0000,0.0000,1,0,0,1,1.0000,1,0.0000,1,1,NULL,NULL,1,0,1,0,1,0.0000,1,0,0,0),(1191,1191,1,100.0000,0.0000,1,0,0,1,1.0000,1,0.0000,1,1,NULL,NULL,1,0,1,0,1,0.0000,1,0,0,0),(1192,1192,1,100.0000,0.0000,1,0,0,1,1.0000,1,0.0000,1,1,NULL,NULL,1,0,1,0,1,0.0000,1,0,0,0),(1193,1193,1,100.0000,0.0000,1,0,0,1,1.0000,1,0.0000,1,1,NULL,NULL,1,0,1,0,1,0.0000,1,0,0,0),(1194,1194,1,0.0000,0.0000,1,0,0,1,1.0000,1,0.0000,1,1,NULL,NULL,1,0,1,0,1,0.0000,1,0,0,0),(1195,1195,1,100.0000,0.0000,1,0,0,1,1.0000,1,0.0000,1,1,NULL,NULL,1,0,1,0,1,0.0000,1,0,0,0),(1196,1196,1,100.0000,0.0000,1,0,0,1,1.0000,1,0.0000,1,1,NULL,NULL,1,0,1,0,1,0.0000,1,0,0,0),(1197,1197,1,100.0000,0.0000,1,0,0,1,1.0000,1,0.0000,1,1,NULL,NULL,1,0,1,0,1,0.0000,1,0,0,0),(1198,1198,1,100.0000,0.0000,1,0,0,1,1.0000,1,0.0000,1,1,NULL,NULL,1,0,1,0,1,0.0000,1,0,0,0),(1199,1199,1,100.0000,0.0000,1,0,0,1,1.0000,1,0.0000,1,1,NULL,NULL,1,0,1,0,1,0.0000,1,0,0,0),(1200,1200,1,100.0000,0.0000,1,0,0,1,1.0000,1,0.0000,1,1,NULL,NULL,1,0,1,0,1,0.0000,1,0,0,0),(1201,1201,1,100.0000,0.0000,1,0,0,1,1.0000,1,0.0000,1,1,NULL,NULL,1,0,1,0,1,0.0000,1,0,0,0),(1202,1202,1,100.0000,0.0000,1,0,0,1,1.0000,1,0.0000,1,1,NULL,NULL,1,0,1,0,1,0.0000,1,0,0,0),(1203,1203,1,100.0000,0.0000,1,0,0,1,1.0000,1,0.0000,1,1,NULL,NULL,1,0,1,0,1,0.0000,1,0,0,0),(1204,1204,1,100.0000,0.0000,1,0,0,1,1.0000,1,0.0000,1,1,NULL,NULL,1,0,1,0,1,0.0000,1,0,0,0),(1205,1205,1,100.0000,0.0000,1,0,0,1,1.0000,1,0.0000,1,1,NULL,NULL,1,0,1,0,1,0.0000,1,0,0,0),(1206,1206,1,100.0000,0.0000,1,0,0,1,1.0000,1,0.0000,1,1,NULL,NULL,1,0,1,0,1,0.0000,1,0,0,0),(1207,1207,1,100.0000,0.0000,1,0,0,1,1.0000,1,0.0000,1,1,NULL,NULL,1,0,1,0,1,0.0000,1,0,0,0),(1208,1208,1,100.0000,0.0000,1,0,0,1,1.0000,1,0.0000,1,1,NULL,NULL,1,0,1,0,1,0.0000,1,0,0,0),(1209,1209,1,100.0000,0.0000,1,0,0,1,1.0000,1,0.0000,1,1,NULL,NULL,1,0,1,0,1,0.0000,1,0,0,0),(1210,1210,1,0.0000,0.0000,1,0,0,1,1.0000,1,0.0000,1,1,NULL,NULL,1,0,1,0,1,0.0000,1,0,0,0),(1211,1211,1,100.0000,0.0000,1,0,0,1,1.0000,1,0.0000,1,1,NULL,NULL,1,0,1,0,1,0.0000,1,0,0,0),(1212,1212,1,100.0000,0.0000,1,0,0,1,1.0000,1,0.0000,1,1,NULL,NULL,1,0,1,0,1,0.0000,1,0,0,0),(1213,1213,1,100.0000,0.0000,1,0,0,1,1.0000,1,0.0000,1,1,NULL,NULL,1,0,1,0,1,0.0000,1,0,0,0),(1214,1214,1,100.0000,0.0000,1,0,0,1,1.0000,1,0.0000,1,1,NULL,NULL,1,0,1,0,1,0.0000,1,0,0,0),(1215,1215,1,100.0000,0.0000,1,0,0,1,1.0000,1,0.0000,1,1,NULL,NULL,1,0,1,0,1,0.0000,1,0,0,0),(1216,1216,1,100.0000,0.0000,1,0,0,1,1.0000,1,0.0000,1,1,NULL,NULL,1,0,1,0,1,0.0000,1,0,0,0),(1217,1217,1,100.0000,0.0000,1,0,0,1,1.0000,1,0.0000,1,1,NULL,NULL,1,0,1,0,1,0.0000,1,0,0,0),(1218,1218,1,100.0000,0.0000,1,0,0,1,1.0000,1,0.0000,1,1,NULL,NULL,1,0,1,0,1,0.0000,1,0,0,0),(1219,1219,1,100.0000,0.0000,1,0,0,1,1.0000,1,0.0000,1,1,NULL,NULL,1,0,1,0,1,0.0000,1,0,0,0),(1220,1220,1,0.0000,0.0000,1,0,0,1,1.0000,1,0.0000,1,1,NULL,NULL,1,0,1,0,1,0.0000,1,0,0,0),(1221,1221,1,100.0000,0.0000,1,0,0,1,1.0000,1,0.0000,1,1,NULL,NULL,1,0,1,0,1,0.0000,1,0,0,0),(1222,1222,1,100.0000,0.0000,1,0,0,1,1.0000,1,0.0000,1,1,NULL,NULL,1,0,1,0,1,0.0000,1,0,0,0),(1223,1223,1,100.0000,0.0000,1,0,0,1,1.0000,1,0.0000,1,1,NULL,NULL,1,0,1,0,1,0.0000,1,0,0,0),(1224,1224,1,100.0000,0.0000,1,0,0,1,1.0000,1,0.0000,1,1,NULL,NULL,1,0,1,0,1,0.0000,1,0,0,0),(1225,1225,1,100.0000,0.0000,1,0,0,1,1.0000,1,0.0000,1,1,NULL,NULL,1,0,1,0,1,0.0000,1,0,0,0),(1226,1226,1,100.0000,0.0000,1,0,0,1,1.0000,1,0.0000,1,1,NULL,NULL,1,0,1,0,1,0.0000,1,0,0,0),(1227,1227,1,100.0000,0.0000,1,0,0,1,1.0000,1,0.0000,1,1,NULL,NULL,1,0,1,0,1,0.0000,1,0,0,0),(1228,1228,1,100.0000,0.0000,1,0,0,1,1.0000,1,0.0000,1,1,NULL,NULL,1,0,1,0,1,0.0000,1,0,0,0),(1229,1229,1,100.0000,0.0000,1,0,0,1,1.0000,1,0.0000,1,1,NULL,NULL,1,0,1,0,1,0.0000,1,0,0,0),(1230,1230,1,100.0000,0.0000,1,0,0,1,1.0000,1,0.0000,1,1,NULL,NULL,1,0,1,0,1,0.0000,1,0,0,0),(1231,1231,1,100.0000,0.0000,1,0,0,1,1.0000,1,0.0000,1,1,NULL,NULL,1,0,1,0,1,0.0000,1,0,0,0),(1232,1232,1,100.0000,0.0000,1,0,0,1,1.0000,1,0.0000,1,1,NULL,NULL,1,0,1,0,1,0.0000,1,0,0,0),(1233,1233,1,100.0000,0.0000,1,0,0,1,1.0000,1,0.0000,1,1,NULL,NULL,1,0,1,0,1,0.0000,1,0,0,0),(1234,1234,1,100.0000,0.0000,1,0,0,1,1.0000,1,0.0000,1,1,NULL,NULL,1,0,1,0,1,0.0000,1,0,0,0),(1235,1235,1,100.0000,0.0000,1,0,0,1,1.0000,1,0.0000,1,1,NULL,NULL,1,0,1,0,1,0.0000,1,0,0,0),(1236,1236,1,0.0000,0.0000,1,0,0,1,1.0000,1,0.0000,1,1,NULL,NULL,1,0,1,0,1,0.0000,1,0,0,0),(1237,1237,1,100.0000,0.0000,1,0,0,1,1.0000,1,0.0000,1,1,NULL,NULL,1,0,1,0,1,0.0000,1,0,0,0),(1238,1238,1,100.0000,0.0000,1,0,0,1,1.0000,1,0.0000,1,1,NULL,NULL,1,0,1,0,1,0.0000,1,0,0,0),(1239,1239,1,100.0000,0.0000,1,0,0,1,1.0000,1,0.0000,1,1,NULL,NULL,1,0,1,0,1,0.0000,1,0,0,0),(1240,1240,1,100.0000,0.0000,1,0,0,1,1.0000,1,0.0000,1,1,NULL,NULL,1,0,1,0,1,0.0000,1,0,0,0),(1241,1241,1,100.0000,0.0000,1,0,0,1,1.0000,1,0.0000,1,1,NULL,NULL,1,0,1,0,1,0.0000,1,0,0,0),(1242,1242,1,100.0000,0.0000,1,0,0,1,1.0000,1,0.0000,1,1,NULL,NULL,1,0,1,0,1,0.0000,1,0,0,0),(1243,1243,1,100.0000,0.0000,1,0,0,1,1.0000,1,0.0000,1,1,NULL,NULL,1,0,1,0,1,0.0000,1,0,0,0),(1244,1244,1,100.0000,0.0000,1,0,0,1,1.0000,1,0.0000,1,1,NULL,NULL,1,0,1,0,1,0.0000,1,0,0,0),(1245,1245,1,100.0000,0.0000,1,0,0,1,1.0000,1,0.0000,1,1,NULL,NULL,1,0,1,0,1,0.0000,1,0,0,0),(1246,1246,1,100.0000,0.0000,1,0,0,1,1.0000,1,0.0000,1,1,NULL,NULL,1,0,1,0,1,0.0000,1,0,0,0),(1247,1247,1,100.0000,0.0000,1,0,0,1,1.0000,1,0.0000,1,1,NULL,NULL,1,0,1,0,1,0.0000,1,0,0,0),(1248,1248,1,100.0000,0.0000,1,0,0,1,1.0000,1,0.0000,1,1,NULL,NULL,1,0,1,0,1,0.0000,1,0,0,0),(1249,1249,1,100.0000,0.0000,1,0,0,1,1.0000,1,0.0000,1,1,NULL,NULL,1,0,1,0,1,0.0000,1,0,0,0),(1250,1250,1,100.0000,0.0000,1,0,0,1,1.0000,1,0.0000,1,1,NULL,NULL,1,0,1,0,1,0.0000,1,0,0,0),(1251,1251,1,100.0000,0.0000,1,0,0,1,1.0000,1,0.0000,1,1,NULL,NULL,1,0,1,0,1,0.0000,1,0,0,0),(1252,1252,1,0.0000,0.0000,1,0,0,1,1.0000,1,0.0000,1,1,NULL,NULL,1,0,1,0,1,0.0000,1,0,0,0),(1253,1253,1,100.0000,0.0000,1,0,0,1,1.0000,1,0.0000,1,1,NULL,NULL,1,0,1,0,1,0.0000,1,0,0,0),(1254,1254,1,100.0000,0.0000,1,0,0,1,1.0000,1,0.0000,1,1,NULL,NULL,1,0,1,0,1,0.0000,1,0,0,0),(1255,1255,1,100.0000,0.0000,1,0,0,1,1.0000,1,0.0000,1,1,NULL,NULL,1,0,1,0,1,0.0000,1,0,0,0),(1256,1256,1,100.0000,0.0000,1,0,0,1,1.0000,1,0.0000,1,1,NULL,NULL,1,0,1,0,1,0.0000,1,0,0,0),(1257,1257,1,100.0000,0.0000,1,0,0,1,1.0000,1,0.0000,1,1,NULL,NULL,1,0,1,0,1,0.0000,1,0,0,0),(1258,1258,1,100.0000,0.0000,1,0,0,1,1.0000,1,0.0000,1,1,NULL,NULL,1,0,1,0,1,0.0000,1,0,0,0),(1259,1259,1,100.0000,0.0000,1,0,0,1,1.0000,1,0.0000,1,1,NULL,NULL,1,0,1,0,1,0.0000,1,0,0,0),(1260,1260,1,100.0000,0.0000,1,0,0,1,1.0000,1,0.0000,1,1,NULL,NULL,1,0,1,0,1,0.0000,1,0,0,0),(1261,1261,1,100.0000,0.0000,1,0,0,1,1.0000,1,0.0000,1,1,NULL,NULL,1,0,1,0,1,0.0000,1,0,0,0),(1262,1262,1,100.0000,0.0000,1,0,0,1,1.0000,1,0.0000,1,1,NULL,NULL,1,0,1,0,1,0.0000,1,0,0,0),(1263,1263,1,100.0000,0.0000,1,0,0,1,1.0000,1,0.0000,1,1,NULL,NULL,1,0,1,0,1,0.0000,1,0,0,0),(1264,1264,1,100.0000,0.0000,1,0,0,1,1.0000,1,0.0000,1,1,NULL,NULL,1,0,1,0,1,0.0000,1,0,0,0),(1265,1265,1,100.0000,0.0000,1,0,0,1,1.0000,1,0.0000,1,1,NULL,NULL,1,0,1,0,1,0.0000,1,0,0,0),(1266,1266,1,100.0000,0.0000,1,0,0,1,1.0000,1,0.0000,1,1,NULL,NULL,1,0,1,0,1,0.0000,1,0,0,0),(1267,1267,1,100.0000,0.0000,1,0,0,1,1.0000,1,0.0000,1,1,NULL,NULL,1,0,1,0,1,0.0000,1,0,0,0),(1268,1268,1,0.0000,0.0000,1,0,0,1,1.0000,1,0.0000,1,1,NULL,NULL,1,0,1,0,1,0.0000,1,0,0,0),(1269,1269,1,100.0000,0.0000,1,0,0,1,1.0000,1,0.0000,1,1,NULL,NULL,1,0,1,0,1,0.0000,1,0,0,0),(1270,1270,1,100.0000,0.0000,1,0,0,1,1.0000,1,0.0000,1,1,NULL,NULL,1,0,1,0,1,0.0000,1,0,0,0),(1271,1271,1,100.0000,0.0000,1,0,0,1,1.0000,1,0.0000,1,1,NULL,NULL,1,0,1,0,1,0.0000,1,0,0,0),(1272,1272,1,100.0000,0.0000,1,0,0,1,1.0000,1,0.0000,1,1,NULL,NULL,1,0,1,0,1,0.0000,1,0,0,0),(1273,1273,1,100.0000,0.0000,1,0,0,1,1.0000,1,0.0000,1,1,NULL,NULL,1,0,1,0,1,0.0000,1,0,0,0),(1274,1274,1,100.0000,0.0000,1,0,0,1,1.0000,1,0.0000,1,1,NULL,NULL,1,0,1,0,1,0.0000,1,0,0,0),(1275,1275,1,100.0000,0.0000,1,0,0,1,1.0000,1,0.0000,1,1,NULL,NULL,1,0,1,0,1,0.0000,1,0,0,0),(1276,1276,1,100.0000,0.0000,1,0,0,1,1.0000,1,0.0000,1,1,NULL,NULL,1,0,1,0,1,0.0000,1,0,0,0),(1277,1277,1,100.0000,0.0000,1,0,0,1,1.0000,1,0.0000,1,1,NULL,NULL,1,0,1,0,1,0.0000,1,0,0,0),(1278,1278,1,100.0000,0.0000,1,0,0,1,1.0000,1,0.0000,1,1,NULL,NULL,1,0,1,0,1,0.0000,1,0,0,0),(1279,1279,1,100.0000,0.0000,1,0,0,1,1.0000,1,0.0000,1,1,NULL,NULL,1,0,1,0,1,0.0000,1,0,0,0),(1280,1280,1,100.0000,0.0000,1,0,0,1,1.0000,1,0.0000,1,1,NULL,NULL,1,0,1,0,1,0.0000,1,0,0,0),(1281,1281,1,100.0000,0.0000,1,0,0,1,1.0000,1,0.0000,1,1,NULL,NULL,1,0,1,0,1,0.0000,1,0,0,0),(1282,1282,1,100.0000,0.0000,1,0,0,1,1.0000,1,0.0000,1,1,NULL,NULL,1,0,1,0,1,0.0000,1,0,0,0),(1283,1283,1,100.0000,0.0000,1,0,0,1,1.0000,1,0.0000,1,1,NULL,NULL,1,0,1,0,1,0.0000,1,0,0,0),(1284,1284,1,0.0000,0.0000,1,0,0,1,1.0000,1,0.0000,1,1,NULL,NULL,1,0,1,0,1,0.0000,1,0,0,0),(1285,1285,1,100.0000,0.0000,1,0,0,1,1.0000,1,0.0000,1,1,NULL,NULL,1,0,1,0,1,0.0000,1,0,0,0),(1286,1286,1,100.0000,0.0000,1,0,0,1,1.0000,1,0.0000,1,1,NULL,NULL,1,0,1,0,1,0.0000,1,0,0,0),(1287,1287,1,100.0000,0.0000,1,0,0,1,1.0000,1,0.0000,1,1,NULL,NULL,1,0,1,0,1,0.0000,1,0,0,0),(1288,1288,1,100.0000,0.0000,1,0,0,1,1.0000,1,0.0000,1,1,NULL,NULL,1,0,1,0,1,0.0000,1,0,0,0),(1289,1289,1,100.0000,0.0000,1,0,0,1,1.0000,1,0.0000,1,1,NULL,NULL,1,0,1,0,1,0.0000,1,0,0,0),(1290,1290,1,100.0000,0.0000,1,0,0,1,1.0000,1,0.0000,1,1,NULL,NULL,1,0,1,0,1,0.0000,1,0,0,0),(1291,1291,1,100.0000,0.0000,1,0,0,1,1.0000,1,0.0000,1,1,NULL,NULL,1,0,1,0,1,0.0000,1,0,0,0),(1292,1292,1,100.0000,0.0000,1,0,0,1,1.0000,1,0.0000,1,1,NULL,NULL,1,0,1,0,1,0.0000,1,0,0,0),(1293,1293,1,100.0000,0.0000,1,0,0,1,1.0000,1,0.0000,1,1,NULL,NULL,1,0,1,0,1,0.0000,1,0,0,0),(1294,1294,1,100.0000,0.0000,1,0,0,1,1.0000,1,0.0000,1,1,NULL,NULL,1,0,1,0,1,0.0000,1,0,0,0),(1295,1295,1,100.0000,0.0000,1,0,0,1,1.0000,1,0.0000,1,1,NULL,NULL,1,0,1,0,1,0.0000,1,0,0,0),(1296,1296,1,100.0000,0.0000,1,0,0,1,1.0000,1,0.0000,1,1,NULL,NULL,1,0,1,0,1,0.0000,1,0,0,0),(1297,1297,1,100.0000,0.0000,1,0,0,1,1.0000,1,0.0000,1,1,NULL,NULL,1,0,1,0,1,0.0000,1,0,0,0),(1298,1298,1,100.0000,0.0000,1,0,0,1,1.0000,1,0.0000,1,1,NULL,NULL,1,0,1,0,1,0.0000,1,0,0,0),(1299,1299,1,100.0000,0.0000,1,0,0,1,1.0000,1,0.0000,1,1,NULL,NULL,1,0,1,0,1,0.0000,1,0,0,0),(1300,1300,1,0.0000,0.0000,1,0,0,1,1.0000,1,0.0000,1,1,NULL,NULL,1,0,1,0,1,0.0000,1,0,0,0),(1301,1301,1,100.0000,0.0000,1,0,0,1,1.0000,1,0.0000,1,1,NULL,NULL,1,0,1,0,1,0.0000,1,0,0,0),(1302,1302,1,100.0000,0.0000,1,0,0,1,1.0000,1,0.0000,1,1,NULL,NULL,1,0,1,0,1,0.0000,1,0,0,0),(1303,1303,1,100.0000,0.0000,1,0,0,1,1.0000,1,0.0000,1,1,NULL,NULL,1,0,1,0,1,0.0000,1,0,0,0),(1304,1304,1,100.0000,0.0000,1,0,0,1,1.0000,1,0.0000,1,1,NULL,NULL,1,0,1,0,1,0.0000,1,0,0,0),(1305,1305,1,100.0000,0.0000,1,0,0,1,1.0000,1,0.0000,1,1,NULL,NULL,1,0,1,0,1,0.0000,1,0,0,0),(1306,1306,1,100.0000,0.0000,1,0,0,1,1.0000,1,0.0000,1,1,NULL,NULL,1,0,1,0,1,0.0000,1,0,0,0),(1307,1307,1,100.0000,0.0000,1,0,0,1,1.0000,1,0.0000,1,1,NULL,NULL,1,0,1,0,1,0.0000,1,0,0,0),(1308,1308,1,100.0000,0.0000,1,0,0,1,1.0000,1,0.0000,1,1,NULL,NULL,1,0,1,0,1,0.0000,1,0,0,0),(1309,1309,1,100.0000,0.0000,1,0,0,1,1.0000,1,0.0000,1,1,NULL,NULL,1,0,1,0,1,0.0000,1,0,0,0),(1310,1310,1,100.0000,0.0000,1,0,0,1,1.0000,1,0.0000,1,1,NULL,NULL,1,0,1,0,1,0.0000,1,0,0,0),(1311,1311,1,100.0000,0.0000,1,0,0,1,1.0000,1,0.0000,1,1,NULL,NULL,1,0,1,0,1,0.0000,1,0,0,0),(1312,1312,1,100.0000,0.0000,1,0,0,1,1.0000,1,0.0000,1,1,NULL,NULL,1,0,1,0,1,0.0000,1,0,0,0),(1313,1313,1,100.0000,0.0000,1,0,0,1,1.0000,1,0.0000,1,1,NULL,NULL,1,0,1,0,1,0.0000,1,0,0,0),(1314,1314,1,100.0000,0.0000,1,0,0,1,1.0000,1,0.0000,1,1,NULL,NULL,1,0,1,0,1,0.0000,1,0,0,0),(1315,1315,1,100.0000,0.0000,1,0,0,1,1.0000,1,0.0000,1,1,NULL,NULL,1,0,1,0,1,0.0000,1,0,0,0),(1316,1316,1,0.0000,0.0000,1,0,0,1,1.0000,1,0.0000,1,1,NULL,NULL,1,0,1,0,1,0.0000,1,0,0,0),(1317,1317,1,100.0000,0.0000,1,0,0,1,1.0000,1,0.0000,1,1,NULL,NULL,1,0,1,0,1,0.0000,1,0,0,0),(1318,1318,1,100.0000,0.0000,1,0,0,1,1.0000,1,0.0000,1,1,NULL,NULL,1,0,1,0,1,0.0000,1,0,0,0),(1319,1319,1,100.0000,0.0000,1,0,0,1,1.0000,1,0.0000,1,1,NULL,NULL,1,0,1,0,1,0.0000,1,0,0,0),(1320,1320,1,100.0000,0.0000,1,0,0,1,1.0000,1,0.0000,1,1,NULL,NULL,1,0,1,0,1,0.0000,1,0,0,0),(1321,1321,1,100.0000,0.0000,1,0,0,1,1.0000,1,0.0000,1,1,NULL,NULL,1,0,1,0,1,0.0000,1,0,0,0),(1322,1322,1,100.0000,0.0000,1,0,0,1,1.0000,1,0.0000,1,1,NULL,NULL,1,0,1,0,1,0.0000,1,0,0,0),(1323,1323,1,100.0000,0.0000,1,0,0,1,1.0000,1,0.0000,1,1,NULL,NULL,1,0,1,0,1,0.0000,1,0,0,0),(1324,1324,1,100.0000,0.0000,1,0,0,1,1.0000,1,0.0000,1,1,NULL,NULL,1,0,1,0,1,0.0000,1,0,0,0),(1325,1325,1,100.0000,0.0000,1,0,0,1,1.0000,1,0.0000,1,1,NULL,NULL,1,0,1,0,1,0.0000,1,0,0,0),(1326,1326,1,100.0000,0.0000,1,0,0,1,1.0000,1,0.0000,1,1,NULL,NULL,1,0,1,0,1,0.0000,1,0,0,0),(1327,1327,1,100.0000,0.0000,1,0,0,1,1.0000,1,0.0000,1,1,NULL,NULL,1,0,1,0,1,0.0000,1,0,0,0),(1328,1328,1,100.0000,0.0000,1,0,0,1,1.0000,1,0.0000,1,1,NULL,NULL,1,0,1,0,1,0.0000,1,0,0,0),(1329,1329,1,100.0000,0.0000,1,0,0,1,1.0000,1,0.0000,1,1,NULL,NULL,1,0,1,0,1,0.0000,1,0,0,0),(1330,1330,1,100.0000,0.0000,1,0,0,1,1.0000,1,0.0000,1,1,NULL,NULL,1,0,1,0,1,0.0000,1,0,0,0),(1331,1331,1,100.0000,0.0000,1,0,0,1,1.0000,1,0.0000,1,1,NULL,NULL,1,0,1,0,1,0.0000,1,0,0,0),(1332,1332,1,0.0000,0.0000,1,0,0,1,1.0000,1,0.0000,1,1,NULL,NULL,1,0,1,0,1,0.0000,1,0,0,0),(1333,1333,1,100.0000,0.0000,1,0,0,1,1.0000,1,0.0000,1,1,NULL,NULL,1,0,1,0,1,0.0000,1,0,0,0),(1334,1334,1,100.0000,0.0000,1,0,0,1,1.0000,1,0.0000,1,1,NULL,NULL,1,0,1,0,1,0.0000,1,0,0,0),(1335,1335,1,100.0000,0.0000,1,0,0,1,1.0000,1,0.0000,1,1,NULL,NULL,1,0,1,0,1,0.0000,1,0,0,0),(1336,1336,1,100.0000,0.0000,1,0,0,1,1.0000,1,0.0000,1,1,NULL,NULL,1,0,1,0,1,0.0000,1,0,0,0),(1337,1337,1,100.0000,0.0000,1,0,0,1,1.0000,1,0.0000,1,1,NULL,NULL,1,0,1,0,1,0.0000,1,0,0,0),(1338,1338,1,100.0000,0.0000,1,0,0,1,1.0000,1,0.0000,1,1,NULL,NULL,1,0,1,0,1,0.0000,1,0,0,0),(1339,1339,1,100.0000,0.0000,1,0,0,1,1.0000,1,0.0000,1,1,NULL,NULL,1,0,1,0,1,0.0000,1,0,0,0),(1340,1340,1,100.0000,0.0000,1,0,0,1,1.0000,1,0.0000,1,1,NULL,NULL,1,0,1,0,1,0.0000,1,0,0,0),(1341,1341,1,100.0000,0.0000,1,0,0,1,1.0000,1,0.0000,1,1,NULL,NULL,1,0,1,0,1,0.0000,1,0,0,0),(1342,1342,1,100.0000,0.0000,1,0,0,1,1.0000,1,0.0000,1,1,NULL,NULL,1,0,1,0,1,0.0000,1,0,0,0),(1343,1343,1,100.0000,0.0000,1,0,0,1,1.0000,1,0.0000,1,1,NULL,NULL,1,0,1,0,1,0.0000,1,0,0,0),(1344,1344,1,100.0000,0.0000,1,0,0,1,1.0000,1,0.0000,1,1,NULL,NULL,1,0,1,0,1,0.0000,1,0,0,0),(1345,1345,1,100.0000,0.0000,1,0,0,1,1.0000,1,0.0000,1,1,NULL,NULL,1,0,1,0,1,0.0000,1,0,0,0),(1346,1346,1,100.0000,0.0000,1,0,0,1,1.0000,1,0.0000,1,1,NULL,NULL,1,0,1,0,1,0.0000,1,0,0,0),(1347,1347,1,100.0000,0.0000,1,0,0,1,1.0000,1,0.0000,1,1,NULL,NULL,1,0,1,0,1,0.0000,1,0,0,0),(1348,1348,1,0.0000,0.0000,1,0,0,1,1.0000,1,0.0000,1,1,NULL,NULL,1,0,1,0,1,0.0000,1,0,0,0),(1349,1349,1,100.0000,0.0000,1,0,0,1,1.0000,1,0.0000,1,1,NULL,NULL,1,0,1,0,1,0.0000,1,0,0,0),(1350,1350,1,100.0000,0.0000,1,0,0,1,1.0000,1,0.0000,1,1,NULL,NULL,1,0,1,0,1,0.0000,1,0,0,0),(1351,1351,1,100.0000,0.0000,1,0,0,1,1.0000,1,0.0000,1,1,NULL,NULL,1,0,1,0,1,0.0000,1,0,0,0),(1352,1352,1,100.0000,0.0000,1,0,0,1,1.0000,1,0.0000,1,1,NULL,NULL,1,0,1,0,1,0.0000,1,0,0,0),(1353,1353,1,100.0000,0.0000,1,0,0,1,1.0000,1,0.0000,1,1,NULL,NULL,1,0,1,0,1,0.0000,1,0,0,0),(1354,1354,1,100.0000,0.0000,1,0,0,1,1.0000,1,0.0000,1,1,NULL,NULL,1,0,1,0,1,0.0000,1,0,0,0),(1355,1355,1,100.0000,0.0000,1,0,0,1,1.0000,1,0.0000,1,1,NULL,NULL,1,0,1,0,1,0.0000,1,0,0,0),(1356,1356,1,100.0000,0.0000,1,0,0,1,1.0000,1,0.0000,1,1,NULL,NULL,1,0,1,0,1,0.0000,1,0,0,0),(1357,1357,1,100.0000,0.0000,1,0,0,1,1.0000,1,0.0000,1,1,NULL,NULL,1,0,1,0,1,0.0000,1,0,0,0),(1358,1358,1,100.0000,0.0000,1,0,0,1,1.0000,1,0.0000,1,1,NULL,NULL,1,0,1,0,1,0.0000,1,0,0,0),(1359,1359,1,100.0000,0.0000,1,0,0,1,1.0000,1,0.0000,1,1,NULL,NULL,1,0,1,0,1,0.0000,1,0,0,0),(1360,1360,1,100.0000,0.0000,1,0,0,1,1.0000,1,0.0000,1,1,NULL,NULL,1,0,1,0,1,0.0000,1,0,0,0),(1361,1361,1,100.0000,0.0000,1,0,0,1,1.0000,1,0.0000,1,1,NULL,NULL,1,0,1,0,1,0.0000,1,0,0,0),(1362,1362,1,100.0000,0.0000,1,0,0,1,1.0000,1,0.0000,1,1,NULL,NULL,1,0,1,0,1,0.0000,1,0,0,0),(1363,1363,1,100.0000,0.0000,1,0,0,1,1.0000,1,0.0000,1,1,NULL,NULL,1,0,1,0,1,0.0000,1,0,0,0),(1364,1364,1,0.0000,0.0000,1,0,0,1,1.0000,1,0.0000,1,1,NULL,NULL,1,0,1,0,1,0.0000,1,0,0,0),(1365,1365,1,100.0000,0.0000,1,0,0,1,1.0000,1,0.0000,1,1,NULL,NULL,1,0,1,0,1,0.0000,1,0,0,0),(1366,1366,1,100.0000,0.0000,1,0,0,1,1.0000,1,0.0000,1,1,NULL,NULL,1,0,1,0,1,0.0000,1,0,0,0),(1367,1367,1,100.0000,0.0000,1,0,0,1,1.0000,1,0.0000,1,1,NULL,NULL,1,0,1,0,1,0.0000,1,0,0,0),(1368,1368,1,100.0000,0.0000,1,0,0,1,1.0000,1,0.0000,1,1,NULL,NULL,1,0,1,0,1,0.0000,1,0,0,0),(1369,1369,1,100.0000,0.0000,1,0,0,1,1.0000,1,0.0000,1,1,NULL,NULL,1,0,1,0,1,0.0000,1,0,0,0),(1370,1370,1,100.0000,0.0000,1,0,0,1,1.0000,1,0.0000,1,1,NULL,NULL,1,0,1,0,1,0.0000,1,0,0,0),(1371,1371,1,100.0000,0.0000,1,0,0,1,1.0000,1,0.0000,1,1,NULL,NULL,1,0,1,0,1,0.0000,1,0,0,0),(1372,1372,1,100.0000,0.0000,1,0,0,1,1.0000,1,0.0000,1,1,NULL,NULL,1,0,1,0,1,0.0000,1,0,0,0),(1373,1373,1,100.0000,0.0000,1,0,0,1,1.0000,1,0.0000,1,1,NULL,NULL,1,0,1,0,1,0.0000,1,0,0,0),(1374,1374,1,100.0000,0.0000,1,0,0,1,1.0000,1,0.0000,1,1,NULL,NULL,1,0,1,0,1,0.0000,1,0,0,0),(1375,1375,1,100.0000,0.0000,1,0,0,1,1.0000,1,0.0000,1,1,NULL,NULL,1,0,1,0,1,0.0000,1,0,0,0),(1376,1376,1,100.0000,0.0000,1,0,0,1,1.0000,1,0.0000,1,1,NULL,NULL,1,0,1,0,1,0.0000,1,0,0,0),(1377,1377,1,100.0000,0.0000,1,0,0,1,1.0000,1,0.0000,1,1,NULL,NULL,1,0,1,0,1,0.0000,1,0,0,0),(1378,1378,1,100.0000,0.0000,1,0,0,1,1.0000,1,0.0000,1,1,NULL,NULL,1,0,1,0,1,0.0000,1,0,0,0),(1379,1379,1,100.0000,0.0000,1,0,0,1,1.0000,1,0.0000,1,1,NULL,NULL,1,0,1,0,1,0.0000,1,0,0,0),(1380,1380,1,0.0000,0.0000,1,0,0,1,1.0000,1,0.0000,1,1,NULL,NULL,1,0,1,0,1,0.0000,1,0,0,0),(1381,1381,1,100.0000,0.0000,1,0,0,1,1.0000,1,0.0000,1,1,NULL,NULL,1,0,1,0,1,0.0000,1,0,0,0),(1382,1382,1,100.0000,0.0000,1,0,0,1,1.0000,1,0.0000,1,1,NULL,NULL,1,0,1,0,1,0.0000,1,0,0,0),(1383,1383,1,100.0000,0.0000,1,0,0,1,1.0000,1,0.0000,1,1,NULL,NULL,1,0,1,0,1,0.0000,1,0,0,0),(1384,1384,1,100.0000,0.0000,1,0,0,1,1.0000,1,0.0000,1,1,NULL,NULL,1,0,1,0,1,0.0000,1,0,0,0),(1385,1385,1,100.0000,0.0000,1,0,0,1,1.0000,1,0.0000,1,1,NULL,NULL,1,0,1,0,1,0.0000,1,0,0,0),(1386,1386,1,100.0000,0.0000,1,0,0,1,1.0000,1,0.0000,1,1,NULL,NULL,1,0,1,0,1,0.0000,1,0,0,0),(1387,1387,1,100.0000,0.0000,1,0,0,1,1.0000,1,0.0000,1,1,NULL,NULL,1,0,1,0,1,0.0000,1,0,0,0),(1388,1388,1,100.0000,0.0000,1,0,0,1,1.0000,1,0.0000,1,1,NULL,NULL,1,0,1,0,1,0.0000,1,0,0,0),(1389,1389,1,100.0000,0.0000,1,0,0,1,1.0000,1,0.0000,1,1,NULL,NULL,1,0,1,0,1,0.0000,1,0,0,0),(1390,1390,1,100.0000,0.0000,1,0,0,1,1.0000,1,0.0000,1,1,NULL,NULL,1,0,1,0,1,0.0000,1,0,0,0),(1391,1391,1,100.0000,0.0000,1,0,0,1,1.0000,1,0.0000,1,1,NULL,NULL,1,0,1,0,1,0.0000,1,0,0,0),(1392,1392,1,100.0000,0.0000,1,0,0,1,1.0000,1,0.0000,1,1,NULL,NULL,1,0,1,0,1,0.0000,1,0,0,0),(1393,1393,1,100.0000,0.0000,1,0,0,1,1.0000,1,0.0000,1,1,NULL,NULL,1,0,1,0,1,0.0000,1,0,0,0),(1394,1394,1,100.0000,0.0000,1,0,0,1,1.0000,1,0.0000,1,1,NULL,NULL,1,0,1,0,1,0.0000,1,0,0,0),(1395,1395,1,100.0000,0.0000,1,0,0,1,1.0000,1,0.0000,1,1,NULL,NULL,1,0,1,0,1,0.0000,1,0,0,0),(1396,1396,1,0.0000,0.0000,1,0,0,1,1.0000,1,0.0000,1,1,NULL,NULL,1,0,1,0,1,0.0000,1,0,0,0),(1397,1397,1,100.0000,0.0000,1,0,0,1,1.0000,1,0.0000,1,1,NULL,NULL,1,0,1,0,1,0.0000,1,0,0,0),(1398,1398,1,100.0000,0.0000,1,0,0,1,1.0000,1,0.0000,1,1,NULL,NULL,1,0,1,0,1,0.0000,1,0,0,0),(1399,1399,1,100.0000,0.0000,1,0,0,1,1.0000,1,0.0000,1,1,NULL,NULL,1,0,1,0,1,0.0000,1,0,0,0),(1400,1400,1,100.0000,0.0000,1,0,0,1,1.0000,1,0.0000,1,1,NULL,NULL,1,0,1,0,1,0.0000,1,0,0,0),(1401,1401,1,100.0000,0.0000,1,0,0,1,1.0000,1,0.0000,1,1,NULL,NULL,1,0,1,0,1,0.0000,1,0,0,0),(1402,1402,1,100.0000,0.0000,1,0,0,1,1.0000,1,0.0000,1,1,NULL,NULL,1,0,1,0,1,0.0000,1,0,0,0),(1403,1403,1,100.0000,0.0000,1,0,0,1,1.0000,1,0.0000,1,1,NULL,NULL,1,0,1,0,1,0.0000,1,0,0,0),(1404,1404,1,100.0000,0.0000,1,0,0,1,1.0000,1,0.0000,1,1,NULL,NULL,1,0,1,0,1,0.0000,1,0,0,0),(1405,1405,1,100.0000,0.0000,1,0,0,1,1.0000,1,0.0000,1,1,NULL,NULL,1,0,1,0,1,0.0000,1,0,0,0),(1406,1406,1,100.0000,0.0000,1,0,0,1,1.0000,1,0.0000,1,1,NULL,NULL,1,0,1,0,1,0.0000,1,0,0,0),(1407,1407,1,100.0000,0.0000,1,0,0,1,1.0000,1,0.0000,1,1,NULL,NULL,1,0,1,0,1,0.0000,1,0,0,0),(1408,1408,1,100.0000,0.0000,1,0,0,1,1.0000,1,0.0000,1,1,NULL,NULL,1,0,1,0,1,0.0000,1,0,0,0),(1409,1409,1,100.0000,0.0000,1,0,0,1,1.0000,1,0.0000,1,1,NULL,NULL,1,0,1,0,1,0.0000,1,0,0,0),(1410,1410,1,100.0000,0.0000,1,0,0,1,1.0000,1,0.0000,1,1,NULL,NULL,1,0,1,0,1,0.0000,1,0,0,0),(1411,1411,1,100.0000,0.0000,1,0,0,1,1.0000,1,0.0000,1,1,NULL,NULL,1,0,1,0,1,0.0000,1,0,0,0),(1412,1412,1,0.0000,0.0000,1,0,0,1,1.0000,1,0.0000,1,1,NULL,NULL,1,0,1,0,1,0.0000,1,0,0,0),(1413,1413,1,100.0000,0.0000,1,0,0,1,1.0000,1,0.0000,1,1,NULL,NULL,1,0,1,0,1,0.0000,1,0,0,0),(1414,1414,1,100.0000,0.0000,1,0,0,1,1.0000,1,0.0000,1,1,NULL,NULL,1,0,1,0,1,0.0000,1,0,0,0),(1415,1415,1,99.0000,0.0000,1,0,0,1,1.0000,1,0.0000,1,1,NULL,NULL,1,0,1,0,1,0.0000,1,0,0,0),(1416,1416,1,100.0000,0.0000,1,0,0,1,1.0000,1,0.0000,1,1,NULL,NULL,1,0,1,0,1,0.0000,1,0,0,0),(1417,1417,1,100.0000,0.0000,1,0,0,1,1.0000,1,0.0000,1,1,NULL,NULL,1,0,1,0,1,0.0000,1,0,0,0),(1418,1418,1,100.0000,0.0000,1,0,0,1,1.0000,1,0.0000,1,1,NULL,NULL,1,0,1,0,1,0.0000,1,0,0,0),(1419,1419,1,100.0000,0.0000,1,0,0,1,1.0000,1,0.0000,1,1,NULL,NULL,1,0,1,0,1,0.0000,1,0,0,0),(1420,1420,1,100.0000,0.0000,1,0,0,1,1.0000,1,0.0000,1,1,NULL,NULL,1,0,1,0,1,0.0000,1,0,0,0),(1421,1421,1,100.0000,0.0000,1,0,0,1,1.0000,1,0.0000,1,1,NULL,NULL,1,0,1,0,1,0.0000,1,0,0,0),(1422,1422,1,100.0000,0.0000,1,0,0,1,1.0000,1,0.0000,1,1,NULL,NULL,1,0,1,0,1,0.0000,1,0,0,0),(1423,1423,1,100.0000,0.0000,1,0,0,1,1.0000,1,0.0000,1,1,NULL,NULL,1,0,1,0,1,0.0000,1,0,0,0),(1424,1424,1,100.0000,0.0000,1,0,0,1,1.0000,1,0.0000,1,1,NULL,NULL,1,0,1,0,1,0.0000,1,0,0,0),(1425,1425,1,100.0000,0.0000,1,0,0,1,1.0000,1,0.0000,1,1,NULL,NULL,1,0,1,0,1,0.0000,1,0,0,0),(1426,1426,1,100.0000,0.0000,1,0,0,1,1.0000,1,0.0000,1,1,NULL,NULL,1,0,1,0,1,0.0000,1,0,0,0),(1427,1427,1,100.0000,0.0000,1,0,0,1,1.0000,1,0.0000,1,1,NULL,NULL,1,0,1,0,1,0.0000,1,0,0,0),(1428,1428,1,0.0000,0.0000,1,0,0,1,1.0000,1,0.0000,1,1,NULL,NULL,1,0,1,0,1,0.0000,1,0,0,0),(1429,1429,1,100.0000,0.0000,1,0,0,1,1.0000,1,0.0000,1,1,NULL,NULL,1,0,1,0,1,0.0000,1,0,0,0),(1430,1430,1,100.0000,0.0000,1,0,0,1,1.0000,1,0.0000,1,1,NULL,NULL,1,0,1,0,1,0.0000,1,0,0,0),(1431,1431,1,100.0000,0.0000,1,0,0,1,1.0000,1,0.0000,1,1,NULL,NULL,1,0,1,0,1,0.0000,1,0,0,0),(1432,1432,1,100.0000,0.0000,1,0,0,1,1.0000,1,0.0000,1,1,NULL,NULL,1,0,1,0,1,0.0000,1,0,0,0),(1433,1433,1,100.0000,0.0000,1,0,0,1,1.0000,1,0.0000,1,1,NULL,NULL,1,0,1,0,1,0.0000,1,0,0,0),(1434,1434,1,100.0000,0.0000,1,0,0,1,1.0000,1,0.0000,1,1,NULL,NULL,1,0,1,0,1,0.0000,1,0,0,0),(1435,1435,1,100.0000,0.0000,1,0,0,1,1.0000,1,0.0000,1,1,NULL,NULL,1,0,1,0,1,0.0000,1,0,0,0),(1436,1436,1,100.0000,0.0000,1,0,0,1,1.0000,1,0.0000,1,1,NULL,NULL,1,0,1,0,1,0.0000,1,0,0,0),(1437,1437,1,100.0000,0.0000,1,0,0,1,1.0000,1,0.0000,1,1,NULL,NULL,1,0,1,0,1,0.0000,1,0,0,0),(1438,1438,1,100.0000,0.0000,1,0,0,1,1.0000,1,0.0000,1,1,NULL,NULL,1,0,1,0,1,0.0000,1,0,0,0),(1439,1439,1,100.0000,0.0000,1,0,0,1,1.0000,1,0.0000,1,1,NULL,NULL,1,0,1,0,1,0.0000,1,0,0,0),(1440,1440,1,100.0000,0.0000,1,0,0,1,1.0000,1,0.0000,1,1,NULL,NULL,1,0,1,0,1,0.0000,1,0,0,0),(1441,1441,1,100.0000,0.0000,1,0,0,1,1.0000,1,0.0000,1,1,NULL,NULL,1,0,1,0,1,0.0000,1,0,0,0),(1442,1442,1,100.0000,0.0000,1,0,0,1,1.0000,1,0.0000,1,1,NULL,NULL,1,0,1,0,1,0.0000,1,0,0,0),(1443,1443,1,100.0000,0.0000,1,0,0,1,1.0000,1,0.0000,1,1,NULL,NULL,1,0,1,0,1,0.0000,1,0,0,0),(1444,1444,1,0.0000,0.0000,1,0,0,1,1.0000,1,0.0000,1,1,NULL,NULL,1,0,1,0,1,0.0000,1,0,0,0),(1445,1445,1,100.0000,0.0000,1,0,0,1,1.0000,1,0.0000,1,1,NULL,NULL,1,0,1,0,1,0.0000,1,0,0,0),(1446,1446,1,100.0000,0.0000,1,0,0,1,1.0000,1,0.0000,1,1,NULL,NULL,1,0,1,0,1,0.0000,1,0,0,0),(1447,1447,1,100.0000,0.0000,1,0,0,1,1.0000,1,0.0000,1,1,NULL,NULL,1,0,1,0,1,0.0000,1,0,0,0),(1448,1448,1,100.0000,0.0000,1,0,0,1,1.0000,1,0.0000,1,1,NULL,NULL,1,0,1,0,1,0.0000,1,0,0,0),(1449,1449,1,100.0000,0.0000,1,0,0,1,1.0000,1,0.0000,1,1,NULL,NULL,1,0,1,0,1,0.0000,1,0,0,0),(1450,1450,1,100.0000,0.0000,1,0,0,1,1.0000,1,0.0000,1,1,NULL,NULL,1,0,1,0,1,0.0000,1,0,0,0),(1451,1451,1,100.0000,0.0000,1,0,0,1,1.0000,1,0.0000,1,1,NULL,NULL,1,0,1,0,1,0.0000,1,0,0,0),(1452,1452,1,100.0000,0.0000,1,0,0,1,1.0000,1,0.0000,1,1,NULL,NULL,1,0,1,0,1,0.0000,1,0,0,0),(1453,1453,1,100.0000,0.0000,1,0,0,1,1.0000,1,0.0000,1,1,NULL,NULL,1,0,1,0,1,0.0000,1,0,0,0),(1454,1454,1,100.0000,0.0000,1,0,0,1,1.0000,1,0.0000,1,1,NULL,NULL,1,0,1,0,1,0.0000,1,0,0,0),(1455,1455,1,100.0000,0.0000,1,0,0,1,1.0000,1,0.0000,1,1,NULL,NULL,1,0,1,0,1,0.0000,1,0,0,0),(1456,1456,1,100.0000,0.0000,1,0,0,1,1.0000,1,0.0000,1,1,NULL,NULL,1,0,1,0,1,0.0000,1,0,0,0),(1457,1457,1,100.0000,0.0000,1,0,0,1,1.0000,1,0.0000,1,1,NULL,NULL,1,0,1,0,1,0.0000,1,0,0,0),(1458,1458,1,100.0000,0.0000,1,0,0,1,1.0000,1,0.0000,1,1,NULL,NULL,1,0,1,0,1,0.0000,1,0,0,0),(1459,1459,1,100.0000,0.0000,1,0,0,1,1.0000,1,0.0000,1,1,NULL,NULL,1,0,1,0,1,0.0000,1,0,0,0),(1460,1460,1,0.0000,0.0000,1,0,0,1,1.0000,1,0.0000,1,1,NULL,NULL,1,0,1,0,1,0.0000,1,0,0,0),(1461,1461,1,100.0000,0.0000,1,0,0,1,1.0000,1,0.0000,1,1,NULL,NULL,1,0,1,0,1,0.0000,1,0,0,0),(1462,1462,1,100.0000,0.0000,1,0,0,1,1.0000,1,0.0000,1,1,NULL,NULL,1,0,1,0,1,0.0000,1,0,0,0),(1463,1463,1,100.0000,0.0000,1,0,0,1,1.0000,1,0.0000,1,1,NULL,NULL,1,0,1,0,1,0.0000,1,0,0,0),(1464,1464,1,100.0000,0.0000,1,0,0,1,1.0000,1,0.0000,1,1,NULL,NULL,1,0,1,0,1,0.0000,1,0,0,0),(1465,1465,1,100.0000,0.0000,1,0,0,1,1.0000,1,0.0000,1,1,NULL,NULL,1,0,1,0,1,0.0000,1,0,0,0),(1466,1466,1,100.0000,0.0000,1,0,0,1,1.0000,1,0.0000,1,1,NULL,NULL,1,0,1,0,1,0.0000,1,0,0,0),(1467,1467,1,100.0000,0.0000,1,0,0,1,1.0000,1,0.0000,1,1,NULL,NULL,1,0,1,0,1,0.0000,1,0,0,0),(1468,1468,1,100.0000,0.0000,1,0,0,1,1.0000,1,0.0000,1,1,NULL,NULL,1,0,1,0,1,0.0000,1,0,0,0),(1469,1469,1,100.0000,0.0000,1,0,0,1,1.0000,1,0.0000,1,1,NULL,NULL,1,0,1,0,1,0.0000,1,0,0,0),(1470,1470,1,100.0000,0.0000,1,0,0,1,1.0000,1,0.0000,1,1,NULL,NULL,1,0,1,0,1,0.0000,1,0,0,0),(1471,1471,1,100.0000,0.0000,1,0,0,1,1.0000,1,0.0000,1,1,NULL,NULL,1,0,1,0,1,0.0000,1,0,0,0),(1472,1472,1,100.0000,0.0000,1,0,0,1,1.0000,1,0.0000,1,1,NULL,NULL,1,0,1,0,1,0.0000,1,0,0,0),(1473,1473,1,100.0000,0.0000,1,0,0,1,1.0000,1,0.0000,1,1,NULL,NULL,1,0,1,0,1,0.0000,1,0,0,0),(1474,1474,1,100.0000,0.0000,1,0,0,1,1.0000,1,0.0000,1,1,NULL,NULL,1,0,1,0,1,0.0000,1,0,0,0),(1475,1475,1,100.0000,0.0000,1,0,0,1,1.0000,1,0.0000,1,1,NULL,NULL,1,0,1,0,1,0.0000,1,0,0,0),(1476,1476,1,0.0000,0.0000,1,0,0,1,1.0000,1,0.0000,1,1,NULL,NULL,1,0,1,0,1,0.0000,1,0,0,0),(1477,1477,1,100.0000,0.0000,1,0,0,1,1.0000,1,0.0000,1,1,NULL,NULL,1,0,1,0,1,0.0000,1,0,0,0),(1478,1478,1,99.0000,0.0000,1,0,0,1,1.0000,1,0.0000,1,1,NULL,NULL,1,0,1,0,1,0.0000,1,0,0,0),(1479,1479,1,100.0000,0.0000,1,0,0,1,1.0000,1,0.0000,1,1,NULL,NULL,1,0,1,0,1,0.0000,1,0,0,0),(1480,1480,1,100.0000,0.0000,1,0,0,1,1.0000,1,0.0000,1,1,NULL,NULL,1,0,1,0,1,0.0000,1,0,0,0),(1481,1481,1,100.0000,0.0000,1,0,0,1,1.0000,1,0.0000,1,1,NULL,NULL,1,0,1,0,1,0.0000,1,0,0,0),(1482,1482,1,100.0000,0.0000,1,0,0,1,1.0000,1,0.0000,1,1,NULL,NULL,1,0,1,0,1,0.0000,1,0,0,0),(1483,1483,1,100.0000,0.0000,1,0,0,1,1.0000,1,0.0000,1,1,NULL,NULL,1,0,1,0,1,0.0000,1,0,0,0),(1484,1484,1,100.0000,0.0000,1,0,0,1,1.0000,1,0.0000,1,1,NULL,NULL,1,0,1,0,1,0.0000,1,0,0,0),(1485,1485,1,100.0000,0.0000,1,0,0,1,1.0000,1,0.0000,1,1,NULL,NULL,1,0,1,0,1,0.0000,1,0,0,0),(1486,1486,1,100.0000,0.0000,1,0,0,1,1.0000,1,0.0000,1,1,NULL,NULL,1,0,1,0,1,0.0000,1,0,0,0),(1487,1487,1,100.0000,0.0000,1,0,0,1,1.0000,1,0.0000,1,1,NULL,NULL,1,0,1,0,1,0.0000,1,0,0,0),(1488,1488,1,100.0000,0.0000,1,0,0,1,1.0000,1,0.0000,1,1,NULL,NULL,1,0,1,0,1,0.0000,1,0,0,0),(1489,1489,1,100.0000,0.0000,1,0,0,1,1.0000,1,0.0000,1,1,NULL,NULL,1,0,1,0,1,0.0000,1,0,0,0),(1490,1490,1,100.0000,0.0000,1,0,0,1,1.0000,1,0.0000,1,1,NULL,NULL,1,0,1,0,1,0.0000,1,0,0,0),(1491,1491,1,100.0000,0.0000,1,0,0,1,1.0000,1,0.0000,1,1,NULL,NULL,1,0,1,0,1,0.0000,1,0,0,0),(1492,1492,1,0.0000,0.0000,1,0,0,1,1.0000,1,0.0000,1,1,NULL,NULL,1,0,1,0,1,0.0000,1,0,0,0),(1493,1493,1,100.0000,0.0000,1,0,0,1,1.0000,1,0.0000,1,1,NULL,NULL,1,0,1,0,1,0.0000,1,0,0,0),(1494,1494,1,100.0000,0.0000,1,0,0,1,1.0000,1,0.0000,1,1,NULL,NULL,1,0,1,0,1,0.0000,1,0,0,0),(1495,1495,1,100.0000,0.0000,1,0,0,1,1.0000,1,0.0000,1,1,NULL,NULL,1,0,1,0,1,0.0000,1,0,0,0),(1496,1496,1,100.0000,0.0000,1,0,0,1,1.0000,1,0.0000,1,1,NULL,NULL,1,0,1,0,1,0.0000,1,0,0,0),(1497,1497,1,100.0000,0.0000,1,0,0,1,1.0000,1,0.0000,1,1,NULL,NULL,1,0,1,0,1,0.0000,1,0,0,0),(1498,1498,1,100.0000,0.0000,1,0,0,1,1.0000,1,0.0000,1,1,NULL,NULL,1,0,1,0,1,0.0000,1,0,0,0),(1499,1499,1,100.0000,0.0000,1,0,0,1,1.0000,1,0.0000,1,1,NULL,NULL,1,0,1,0,1,0.0000,1,0,0,0),(1500,1500,1,100.0000,0.0000,1,0,0,1,1.0000,1,0.0000,1,1,NULL,NULL,1,0,1,0,1,0.0000,1,0,0,0),(1501,1501,1,100.0000,0.0000,1,0,0,1,1.0000,1,0.0000,1,1,NULL,NULL,1,0,1,0,1,0.0000,1,0,0,0),(1502,1502,1,100.0000,0.0000,1,0,0,1,1.0000,1,0.0000,1,1,NULL,NULL,1,0,1,0,1,0.0000,1,0,0,0),(1503,1503,1,100.0000,0.0000,1,0,0,1,1.0000,1,0.0000,1,1,NULL,NULL,1,0,1,0,1,0.0000,1,0,0,0),(1504,1504,1,100.0000,0.0000,1,0,0,1,1.0000,1,0.0000,1,1,NULL,NULL,1,0,1,0,1,0.0000,1,0,0,0),(1505,1505,1,100.0000,0.0000,1,0,0,1,1.0000,1,0.0000,1,1,NULL,NULL,1,0,1,0,1,0.0000,1,0,0,0),(1506,1506,1,100.0000,0.0000,1,0,0,1,1.0000,1,0.0000,1,1,NULL,NULL,1,0,1,0,1,0.0000,1,0,0,0),(1507,1507,1,100.0000,0.0000,1,0,0,1,1.0000,1,0.0000,1,1,NULL,NULL,1,0,1,0,1,0.0000,1,0,0,0),(1508,1508,1,0.0000,0.0000,1,0,0,1,1.0000,1,0.0000,1,1,NULL,NULL,1,0,1,0,1,0.0000,1,0,0,0),(1509,1509,1,100.0000,0.0000,1,0,0,1,1.0000,1,0.0000,1,1,NULL,NULL,1,0,1,0,1,0.0000,1,0,0,0),(1510,1510,1,100.0000,0.0000,1,0,0,1,1.0000,1,0.0000,1,1,NULL,NULL,1,0,1,0,1,0.0000,1,0,0,0),(1511,1511,1,100.0000,0.0000,1,0,0,1,1.0000,1,0.0000,1,1,NULL,NULL,1,0,1,0,1,0.0000,1,0,0,0),(1512,1512,1,100.0000,0.0000,1,0,0,1,1.0000,1,0.0000,1,1,NULL,NULL,1,0,1,0,1,0.0000,1,0,0,0),(1513,1513,1,100.0000,0.0000,1,0,0,1,1.0000,1,0.0000,1,1,NULL,NULL,1,0,1,0,1,0.0000,1,0,0,0),(1514,1514,1,100.0000,0.0000,1,0,0,1,1.0000,1,0.0000,1,1,NULL,NULL,1,0,1,0,1,0.0000,1,0,0,0),(1515,1515,1,100.0000,0.0000,1,0,0,1,1.0000,1,0.0000,1,1,NULL,NULL,1,0,1,0,1,0.0000,1,0,0,0),(1516,1516,1,100.0000,0.0000,1,0,0,1,1.0000,1,0.0000,1,1,NULL,NULL,1,0,1,0,1,0.0000,1,0,0,0),(1517,1517,1,100.0000,0.0000,1,0,0,1,1.0000,1,0.0000,1,1,NULL,NULL,1,0,1,0,1,0.0000,1,0,0,0),(1518,1518,1,100.0000,0.0000,1,0,0,1,1.0000,1,0.0000,1,1,NULL,NULL,1,0,1,0,1,0.0000,1,0,0,0),(1519,1519,1,100.0000,0.0000,1,0,0,1,1.0000,1,0.0000,1,1,NULL,NULL,1,0,1,0,1,0.0000,1,0,0,0),(1520,1520,1,100.0000,0.0000,1,0,0,1,1.0000,1,0.0000,1,1,NULL,NULL,1,0,1,0,1,0.0000,1,0,0,0),(1521,1521,1,100.0000,0.0000,1,0,0,1,1.0000,1,0.0000,1,1,NULL,NULL,1,0,1,0,1,0.0000,1,0,0,0),(1522,1522,1,100.0000,0.0000,1,0,0,1,1.0000,1,0.0000,1,1,NULL,NULL,1,0,1,0,1,0.0000,1,0,0,0),(1523,1523,1,100.0000,0.0000,1,0,0,1,1.0000,1,0.0000,1,1,NULL,NULL,1,0,1,0,1,0.0000,1,0,0,0),(1524,1524,1,0.0000,0.0000,1,0,0,1,1.0000,1,0.0000,1,1,NULL,NULL,1,0,1,0,1,0.0000,1,0,0,0),(1525,1525,1,100.0000,0.0000,1,0,0,1,1.0000,1,0.0000,1,1,NULL,NULL,1,0,1,0,1,0.0000,1,0,0,0),(1526,1526,1,100.0000,0.0000,1,0,0,1,1.0000,1,0.0000,1,1,NULL,NULL,1,0,1,0,1,0.0000,1,0,0,0),(1527,1527,1,100.0000,0.0000,1,0,0,1,1.0000,1,0.0000,1,1,NULL,NULL,1,0,1,0,1,0.0000,1,0,0,0),(1528,1528,1,100.0000,0.0000,1,0,0,1,1.0000,1,0.0000,1,1,NULL,NULL,1,0,1,0,1,0.0000,1,0,0,0),(1529,1529,1,100.0000,0.0000,1,0,0,1,1.0000,1,0.0000,1,1,NULL,NULL,1,0,1,0,1,0.0000,1,0,0,0),(1530,1530,1,100.0000,0.0000,1,0,0,1,1.0000,1,0.0000,1,1,NULL,NULL,1,0,1,0,1,0.0000,1,0,0,0),(1531,1531,1,100.0000,0.0000,1,0,0,1,1.0000,1,0.0000,1,1,NULL,NULL,1,0,1,0,1,0.0000,1,0,0,0),(1532,1532,1,100.0000,0.0000,1,0,0,1,1.0000,1,0.0000,1,1,NULL,NULL,1,0,1,0,1,0.0000,1,0,0,0),(1533,1533,1,100.0000,0.0000,1,0,0,1,1.0000,1,0.0000,1,1,NULL,NULL,1,0,1,0,1,0.0000,1,0,0,0),(1534,1534,1,100.0000,0.0000,1,0,0,1,1.0000,1,0.0000,1,1,NULL,NULL,1,0,1,0,1,0.0000,1,0,0,0),(1535,1535,1,100.0000,0.0000,1,0,0,1,1.0000,1,0.0000,1,1,NULL,NULL,1,0,1,0,1,0.0000,1,0,0,0),(1536,1536,1,100.0000,0.0000,1,0,0,1,1.0000,1,0.0000,1,1,NULL,NULL,1,0,1,0,1,0.0000,1,0,0,0),(1537,1537,1,100.0000,0.0000,1,0,0,1,1.0000,1,0.0000,1,1,NULL,NULL,1,0,1,0,1,0.0000,1,0,0,0),(1538,1538,1,100.0000,0.0000,1,0,0,1,1.0000,1,0.0000,1,1,NULL,NULL,1,0,1,0,1,0.0000,1,0,0,0),(1539,1539,1,100.0000,0.0000,1,0,0,1,1.0000,1,0.0000,1,1,NULL,NULL,1,0,1,0,1,0.0000,1,0,0,0),(1540,1540,1,0.0000,0.0000,1,0,0,1,1.0000,1,0.0000,1,1,NULL,NULL,1,0,1,0,1,0.0000,1,0,0,0),(1541,1541,1,100.0000,0.0000,1,0,0,1,1.0000,1,0.0000,1,1,NULL,NULL,1,0,1,0,1,0.0000,1,0,0,0),(1542,1542,1,100.0000,0.0000,1,0,0,1,1.0000,1,0.0000,1,1,NULL,NULL,1,0,1,0,1,0.0000,1,0,0,0),(1543,1543,1,100.0000,0.0000,1,0,0,1,1.0000,1,0.0000,1,1,NULL,NULL,1,0,1,0,1,0.0000,1,0,0,0),(1544,1544,1,100.0000,0.0000,1,0,0,1,1.0000,1,0.0000,1,1,NULL,NULL,1,0,1,0,1,0.0000,1,0,0,0),(1545,1545,1,100.0000,0.0000,1,0,0,1,1.0000,1,0.0000,1,1,NULL,NULL,1,0,1,0,1,0.0000,1,0,0,0),(1546,1546,1,100.0000,0.0000,1,0,0,1,1.0000,1,0.0000,1,1,NULL,NULL,1,0,1,0,1,0.0000,1,0,0,0),(1547,1547,1,100.0000,0.0000,1,0,0,1,1.0000,1,0.0000,1,1,NULL,NULL,1,0,1,0,1,0.0000,1,0,0,0),(1548,1548,1,100.0000,0.0000,1,0,0,1,1.0000,1,0.0000,1,1,NULL,NULL,1,0,1,0,1,0.0000,1,0,0,0),(1549,1549,1,100.0000,0.0000,1,0,0,1,1.0000,1,0.0000,1,1,NULL,NULL,1,0,1,0,1,0.0000,1,0,0,0),(1550,1550,1,100.0000,0.0000,1,0,0,1,1.0000,1,0.0000,1,1,NULL,NULL,1,0,1,0,1,0.0000,1,0,0,0),(1551,1551,1,100.0000,0.0000,1,0,0,1,1.0000,1,0.0000,1,1,NULL,NULL,1,0,1,0,1,0.0000,1,0,0,0),(1552,1552,1,100.0000,0.0000,1,0,0,1,1.0000,1,0.0000,1,1,NULL,NULL,1,0,1,0,1,0.0000,1,0,0,0),(1553,1553,1,100.0000,0.0000,1,0,0,1,1.0000,1,0.0000,1,1,NULL,NULL,1,0,1,0,1,0.0000,1,0,0,0),(1554,1554,1,100.0000,0.0000,1,0,0,1,1.0000,1,0.0000,1,1,NULL,NULL,1,0,1,0,1,0.0000,1,0,0,0),(1555,1555,1,100.0000,0.0000,1,0,0,1,1.0000,1,0.0000,1,1,NULL,NULL,1,0,1,0,1,0.0000,1,0,0,0),(1556,1556,1,0.0000,0.0000,1,0,0,1,1.0000,1,0.0000,1,1,NULL,NULL,1,0,1,0,1,0.0000,1,0,0,0),(1557,1557,1,100.0000,0.0000,1,0,0,1,1.0000,1,0.0000,1,1,NULL,NULL,1,0,1,0,1,0.0000,1,0,0,0),(1558,1558,1,100.0000,0.0000,1,0,0,1,1.0000,1,0.0000,1,1,NULL,NULL,1,0,1,0,1,0.0000,1,0,0,0),(1559,1559,1,100.0000,0.0000,1,0,0,1,1.0000,1,0.0000,1,1,NULL,NULL,1,0,1,0,1,0.0000,1,0,0,0),(1560,1560,1,100.0000,0.0000,1,0,0,1,1.0000,1,0.0000,1,1,NULL,NULL,1,0,1,0,1,0.0000,1,0,0,0),(1561,1561,1,100.0000,0.0000,1,0,0,1,1.0000,1,0.0000,1,1,NULL,NULL,1,0,1,0,1,0.0000,1,0,0,0),(1562,1562,1,100.0000,0.0000,1,0,0,1,1.0000,1,0.0000,1,1,NULL,NULL,1,0,1,0,1,0.0000,1,0,0,0),(1563,1563,1,100.0000,0.0000,1,0,0,1,1.0000,1,0.0000,1,1,NULL,NULL,1,0,1,0,1,0.0000,1,0,0,0),(1564,1564,1,100.0000,0.0000,1,0,0,1,1.0000,1,0.0000,1,1,NULL,NULL,1,0,1,0,1,0.0000,1,0,0,0),(1565,1565,1,100.0000,0.0000,1,0,0,1,1.0000,1,0.0000,1,1,NULL,NULL,1,0,1,0,1,0.0000,1,0,0,0),(1566,1566,1,100.0000,0.0000,1,0,0,1,1.0000,1,0.0000,1,1,NULL,NULL,1,0,1,0,1,0.0000,1,0,0,0),(1567,1567,1,100.0000,0.0000,1,0,0,1,1.0000,1,0.0000,1,1,NULL,NULL,1,0,1,0,1,0.0000,1,0,0,0),(1568,1568,1,100.0000,0.0000,1,0,0,1,1.0000,1,0.0000,1,1,NULL,NULL,1,0,1,0,1,0.0000,1,0,0,0),(1569,1569,1,100.0000,0.0000,1,0,0,1,1.0000,1,0.0000,1,1,NULL,NULL,1,0,1,0,1,0.0000,1,0,0,0),(1570,1570,1,100.0000,0.0000,1,0,0,1,1.0000,1,0.0000,1,1,NULL,NULL,1,0,1,0,1,0.0000,1,0,0,0),(1571,1571,1,100.0000,0.0000,1,0,0,1,1.0000,1,0.0000,1,1,NULL,NULL,1,0,1,0,1,0.0000,1,0,0,0),(1572,1572,1,0.0000,0.0000,1,0,0,1,1.0000,1,0.0000,1,1,NULL,NULL,1,0,1,0,1,0.0000,1,0,0,0),(1573,1573,1,100.0000,0.0000,1,0,0,1,1.0000,1,0.0000,1,1,NULL,NULL,1,0,1,0,1,0.0000,1,0,0,0),(1574,1574,1,100.0000,0.0000,1,0,0,1,1.0000,1,0.0000,1,1,NULL,NULL,1,0,1,0,1,0.0000,1,0,0,0),(1575,1575,1,100.0000,0.0000,1,0,0,1,1.0000,1,0.0000,1,1,NULL,NULL,1,0,1,0,1,0.0000,1,0,0,0),(1576,1576,1,100.0000,0.0000,1,0,0,1,1.0000,1,0.0000,1,1,NULL,NULL,1,0,1,0,1,0.0000,1,0,0,0),(1577,1577,1,100.0000,0.0000,1,0,0,1,1.0000,1,0.0000,1,1,NULL,NULL,1,0,1,0,1,0.0000,1,0,0,0),(1578,1578,1,100.0000,0.0000,1,0,0,1,1.0000,1,0.0000,1,1,NULL,NULL,1,0,1,0,1,0.0000,1,0,0,0),(1579,1579,1,100.0000,0.0000,1,0,0,1,1.0000,1,0.0000,1,1,NULL,NULL,1,0,1,0,1,0.0000,1,0,0,0),(1580,1580,1,100.0000,0.0000,1,0,0,1,1.0000,1,0.0000,1,1,NULL,NULL,1,0,1,0,1,0.0000,1,0,0,0),(1581,1581,1,100.0000,0.0000,1,0,0,1,1.0000,1,0.0000,1,1,NULL,NULL,1,0,1,0,1,0.0000,1,0,0,0),(1582,1582,1,100.0000,0.0000,1,0,0,1,1.0000,1,0.0000,1,1,NULL,NULL,1,0,1,0,1,0.0000,1,0,0,0),(1583,1583,1,100.0000,0.0000,1,0,0,1,1.0000,1,0.0000,1,1,NULL,NULL,1,0,1,0,1,0.0000,1,0,0,0),(1584,1584,1,100.0000,0.0000,1,0,0,1,1.0000,1,0.0000,1,1,NULL,NULL,1,0,1,0,1,0.0000,1,0,0,0),(1585,1585,1,100.0000,0.0000,1,0,0,1,1.0000,1,0.0000,1,1,NULL,NULL,1,0,1,0,1,0.0000,1,0,0,0),(1586,1586,1,100.0000,0.0000,1,0,0,1,1.0000,1,0.0000,1,1,NULL,NULL,1,0,1,0,1,0.0000,1,0,0,0),(1587,1587,1,100.0000,0.0000,1,0,0,1,1.0000,1,0.0000,1,1,NULL,NULL,1,0,1,0,1,0.0000,1,0,0,0),(1588,1588,1,0.0000,0.0000,1,0,0,1,1.0000,1,0.0000,1,1,NULL,NULL,1,0,1,0,1,0.0000,1,0,0,0),(1589,1589,1,100.0000,0.0000,1,0,0,1,1.0000,1,0.0000,1,1,NULL,NULL,1,0,1,0,1,0.0000,1,0,0,0),(1590,1590,1,100.0000,0.0000,1,0,0,1,1.0000,1,0.0000,1,1,NULL,NULL,1,0,1,0,1,0.0000,1,0,0,0),(1591,1591,1,100.0000,0.0000,1,0,0,1,1.0000,1,0.0000,1,1,NULL,NULL,1,0,1,0,1,0.0000,1,0,0,0),(1592,1592,1,100.0000,0.0000,1,0,0,1,1.0000,1,0.0000,1,1,NULL,NULL,1,0,1,0,1,0.0000,1,0,0,0),(1593,1593,1,100.0000,0.0000,1,0,0,1,1.0000,1,0.0000,1,1,NULL,NULL,1,0,1,0,1,0.0000,1,0,0,0),(1594,1594,1,100.0000,0.0000,1,0,0,1,1.0000,1,0.0000,1,1,NULL,NULL,1,0,1,0,1,0.0000,1,0,0,0),(1595,1595,1,100.0000,0.0000,1,0,0,1,1.0000,1,0.0000,1,1,NULL,NULL,1,0,1,0,1,0.0000,1,0,0,0),(1596,1596,1,100.0000,0.0000,1,0,0,1,1.0000,1,0.0000,1,1,NULL,NULL,1,0,1,0,1,0.0000,1,0,0,0),(1597,1597,1,100.0000,0.0000,1,0,0,1,1.0000,1,0.0000,1,1,NULL,NULL,1,0,1,0,1,0.0000,1,0,0,0),(1598,1598,1,100.0000,0.0000,1,0,0,1,1.0000,1,0.0000,1,1,NULL,NULL,1,0,1,0,1,0.0000,1,0,0,0),(1599,1599,1,100.0000,0.0000,1,0,0,1,1.0000,1,0.0000,1,1,NULL,NULL,1,0,1,0,1,0.0000,1,0,0,0),(1600,1600,1,100.0000,0.0000,1,0,0,1,1.0000,1,0.0000,1,1,NULL,NULL,1,0,1,0,1,0.0000,1,0,0,0),(1601,1601,1,100.0000,0.0000,1,0,0,1,1.0000,1,0.0000,1,1,NULL,NULL,1,0,1,0,1,0.0000,1,0,0,0),(1602,1602,1,100.0000,0.0000,1,0,0,1,1.0000,1,0.0000,1,1,NULL,NULL,1,0,1,0,1,0.0000,1,0,0,0),(1603,1603,1,100.0000,0.0000,1,0,0,1,1.0000,1,0.0000,1,1,NULL,NULL,1,0,1,0,1,0.0000,1,0,0,0),(1604,1604,1,0.0000,0.0000,1,0,0,1,1.0000,1,0.0000,1,1,NULL,NULL,1,0,1,0,1,0.0000,1,0,0,0),(1605,1605,1,100.0000,0.0000,1,0,0,1,1.0000,1,0.0000,1,1,NULL,NULL,1,0,1,0,1,0.0000,1,0,0,0),(1606,1606,1,100.0000,0.0000,1,0,0,1,1.0000,1,0.0000,1,1,NULL,NULL,1,0,1,0,1,0.0000,1,0,0,0),(1607,1607,1,100.0000,0.0000,1,0,0,1,1.0000,1,0.0000,1,1,NULL,NULL,1,0,1,0,1,0.0000,1,0,0,0),(1608,1608,1,100.0000,0.0000,1,0,0,1,1.0000,1,0.0000,1,1,NULL,NULL,1,0,1,0,1,0.0000,1,0,0,0),(1609,1609,1,100.0000,0.0000,1,0,0,1,1.0000,1,0.0000,1,1,NULL,NULL,1,0,1,0,1,0.0000,1,0,0,0),(1610,1610,1,100.0000,0.0000,1,0,0,1,1.0000,1,0.0000,1,1,NULL,NULL,1,0,1,0,1,0.0000,1,0,0,0),(1611,1611,1,100.0000,0.0000,1,0,0,1,1.0000,1,0.0000,1,1,NULL,NULL,1,0,1,0,1,0.0000,1,0,0,0),(1612,1612,1,100.0000,0.0000,1,0,0,1,1.0000,1,0.0000,1,1,NULL,NULL,1,0,1,0,1,0.0000,1,0,0,0),(1613,1613,1,100.0000,0.0000,1,0,0,1,1.0000,1,0.0000,1,1,NULL,NULL,1,0,1,0,1,0.0000,1,0,0,0),(1614,1614,1,100.0000,0.0000,1,0,0,1,1.0000,1,0.0000,1,1,NULL,NULL,1,0,1,0,1,0.0000,1,0,0,0),(1615,1615,1,100.0000,0.0000,1,0,0,1,1.0000,1,0.0000,1,1,NULL,NULL,1,0,1,0,1,0.0000,1,0,0,0),(1616,1616,1,100.0000,0.0000,1,0,0,1,1.0000,1,0.0000,1,1,NULL,NULL,1,0,1,0,1,0.0000,1,0,0,0),(1617,1617,1,100.0000,0.0000,1,0,0,1,1.0000,1,0.0000,1,1,NULL,NULL,1,0,1,0,1,0.0000,1,0,0,0),(1618,1618,1,100.0000,0.0000,1,0,0,1,1.0000,1,0.0000,1,1,NULL,NULL,1,0,1,0,1,0.0000,1,0,0,0),(1619,1619,1,100.0000,0.0000,1,0,0,1,1.0000,1,0.0000,1,1,NULL,NULL,1,0,1,0,1,0.0000,1,0,0,0),(1620,1620,1,0.0000,0.0000,1,0,0,1,1.0000,1,0.0000,1,1,NULL,NULL,1,0,1,0,1,0.0000,1,0,0,0),(1621,1621,1,100.0000,0.0000,1,0,0,1,1.0000,1,0.0000,1,1,NULL,NULL,1,0,1,0,1,0.0000,1,0,0,0),(1622,1622,1,100.0000,0.0000,1,0,0,1,1.0000,1,0.0000,1,1,NULL,NULL,1,0,1,0,1,0.0000,1,0,0,0),(1623,1623,1,100.0000,0.0000,1,0,0,1,1.0000,1,0.0000,1,1,NULL,NULL,1,0,1,0,1,0.0000,1,0,0,0),(1624,1624,1,100.0000,0.0000,1,0,0,1,1.0000,1,0.0000,1,1,NULL,NULL,1,0,1,0,1,0.0000,1,0,0,0),(1625,1625,1,100.0000,0.0000,1,0,0,1,1.0000,1,0.0000,1,1,NULL,NULL,1,0,1,0,1,0.0000,1,0,0,0),(1626,1626,1,100.0000,0.0000,1,0,0,1,1.0000,1,0.0000,1,1,NULL,NULL,1,0,1,0,1,0.0000,1,0,0,0),(1627,1627,1,100.0000,0.0000,1,0,0,1,1.0000,1,0.0000,1,1,NULL,NULL,1,0,1,0,1,0.0000,1,0,0,0),(1628,1628,1,100.0000,0.0000,1,0,0,1,1.0000,1,0.0000,1,1,NULL,NULL,1,0,1,0,1,0.0000,1,0,0,0),(1629,1629,1,100.0000,0.0000,1,0,0,1,1.0000,1,0.0000,1,1,NULL,NULL,1,0,1,0,1,0.0000,1,0,0,0),(1630,1630,1,100.0000,0.0000,1,0,0,1,1.0000,1,0.0000,1,1,NULL,NULL,1,0,1,0,1,0.0000,1,0,0,0),(1631,1631,1,100.0000,0.0000,1,0,0,1,1.0000,1,0.0000,1,1,NULL,NULL,1,0,1,0,1,0.0000,1,0,0,0),(1632,1632,1,100.0000,0.0000,1,0,0,1,1.0000,1,0.0000,1,1,NULL,NULL,1,0,1,0,1,0.0000,1,0,0,0),(1633,1633,1,100.0000,0.0000,1,0,0,1,1.0000,1,0.0000,1,1,NULL,NULL,1,0,1,0,1,0.0000,1,0,0,0),(1634,1634,1,100.0000,0.0000,1,0,0,1,1.0000,1,0.0000,1,1,NULL,NULL,1,0,1,0,1,0.0000,1,0,0,0),(1635,1635,1,100.0000,0.0000,1,0,0,1,1.0000,1,0.0000,1,1,NULL,NULL,1,0,1,0,1,0.0000,1,0,0,0),(1636,1636,1,0.0000,0.0000,1,0,0,1,1.0000,1,0.0000,1,1,NULL,NULL,1,0,1,0,1,0.0000,1,0,0,0),(1637,1637,1,100.0000,0.0000,1,0,0,1,1.0000,1,0.0000,1,1,NULL,NULL,1,0,1,0,1,0.0000,1,0,0,0),(1638,1638,1,100.0000,0.0000,1,0,0,1,1.0000,1,0.0000,1,1,NULL,NULL,1,0,1,0,1,0.0000,1,0,0,0),(1639,1639,1,100.0000,0.0000,1,0,0,1,1.0000,1,0.0000,1,1,NULL,NULL,1,0,1,0,1,0.0000,1,0,0,0),(1640,1640,1,100.0000,0.0000,1,0,0,1,1.0000,1,0.0000,1,1,NULL,NULL,1,0,1,0,1,0.0000,1,0,0,0),(1641,1641,1,100.0000,0.0000,1,0,0,1,1.0000,1,0.0000,1,1,NULL,NULL,1,0,1,0,1,0.0000,1,0,0,0),(1642,1642,1,100.0000,0.0000,1,0,0,1,1.0000,1,0.0000,1,1,NULL,NULL,1,0,1,0,1,0.0000,1,0,0,0),(1643,1643,1,100.0000,0.0000,1,0,0,1,1.0000,1,0.0000,1,1,NULL,NULL,1,0,1,0,1,0.0000,1,0,0,0),(1644,1644,1,100.0000,0.0000,1,0,0,1,1.0000,1,0.0000,1,1,NULL,NULL,1,0,1,0,1,0.0000,1,0,0,0),(1645,1645,1,100.0000,0.0000,1,0,0,1,1.0000,1,0.0000,1,1,NULL,NULL,1,0,1,0,1,0.0000,1,0,0,0),(1646,1646,1,100.0000,0.0000,1,0,0,1,1.0000,1,0.0000,1,1,NULL,NULL,1,0,1,0,1,0.0000,1,0,0,0),(1647,1647,1,100.0000,0.0000,1,0,0,1,1.0000,1,0.0000,1,1,NULL,NULL,1,0,1,0,1,0.0000,1,0,0,0),(1648,1648,1,100.0000,0.0000,1,0,0,1,1.0000,1,0.0000,1,1,NULL,NULL,1,0,1,0,1,0.0000,1,0,0,0),(1649,1649,1,100.0000,0.0000,1,0,0,1,1.0000,1,0.0000,1,1,NULL,NULL,1,0,1,0,1,0.0000,1,0,0,0),(1650,1650,1,100.0000,0.0000,1,0,0,1,1.0000,1,0.0000,1,1,NULL,NULL,1,0,1,0,1,0.0000,1,0,0,0),(1651,1651,1,100.0000,0.0000,1,0,0,1,1.0000,1,0.0000,1,1,NULL,NULL,1,0,1,0,1,0.0000,1,0,0,0),(1652,1652,1,0.0000,0.0000,1,0,0,1,1.0000,1,0.0000,1,1,NULL,NULL,1,0,1,0,1,0.0000,1,0,0,0),(1653,1653,1,100.0000,0.0000,1,0,0,1,1.0000,1,0.0000,1,1,NULL,NULL,1,0,1,0,1,0.0000,1,0,0,0),(1654,1654,1,100.0000,0.0000,1,0,0,1,1.0000,1,0.0000,1,1,NULL,NULL,1,0,1,0,1,0.0000,1,0,0,0),(1655,1655,1,100.0000,0.0000,1,0,0,1,1.0000,1,0.0000,1,1,NULL,NULL,1,0,1,0,1,0.0000,1,0,0,0),(1656,1656,1,100.0000,0.0000,1,0,0,1,1.0000,1,0.0000,1,1,NULL,NULL,1,0,1,0,1,0.0000,1,0,0,0),(1657,1657,1,100.0000,0.0000,1,0,0,1,1.0000,1,0.0000,1,1,NULL,NULL,1,0,1,0,1,0.0000,1,0,0,0),(1658,1658,1,100.0000,0.0000,1,0,0,1,1.0000,1,0.0000,1,1,NULL,NULL,1,0,1,0,1,0.0000,1,0,0,0),(1659,1659,1,100.0000,0.0000,1,0,0,1,1.0000,1,0.0000,1,1,NULL,NULL,1,0,1,0,1,0.0000,1,0,0,0),(1660,1660,1,100.0000,0.0000,1,0,0,1,1.0000,1,0.0000,1,1,NULL,NULL,1,0,1,0,1,0.0000,1,0,0,0),(1661,1661,1,100.0000,0.0000,1,0,0,1,1.0000,1,0.0000,1,1,NULL,NULL,1,0,1,0,1,0.0000,1,0,0,0),(1662,1662,1,100.0000,0.0000,1,0,0,1,1.0000,1,0.0000,1,1,NULL,NULL,1,0,1,0,1,0.0000,1,0,0,0),(1663,1663,1,100.0000,0.0000,1,0,0,1,1.0000,1,0.0000,1,1,NULL,NULL,1,0,1,0,1,0.0000,1,0,0,0),(1664,1664,1,100.0000,0.0000,1,0,0,1,1.0000,1,0.0000,1,1,NULL,NULL,1,0,1,0,1,0.0000,1,0,0,0),(1665,1665,1,100.0000,0.0000,1,0,0,1,1.0000,1,0.0000,1,1,NULL,NULL,1,0,1,0,1,0.0000,1,0,0,0),(1666,1666,1,100.0000,0.0000,1,0,0,1,1.0000,1,0.0000,1,1,NULL,NULL,1,0,1,0,1,0.0000,1,0,0,0),(1667,1667,1,100.0000,0.0000,1,0,0,1,1.0000,1,0.0000,1,1,NULL,NULL,1,0,1,0,1,0.0000,1,0,0,0),(1668,1668,1,0.0000,0.0000,1,0,0,1,1.0000,1,0.0000,1,1,NULL,NULL,1,0,1,0,1,0.0000,1,0,0,0),(1669,1669,1,100.0000,0.0000,1,0,0,1,1.0000,1,0.0000,1,1,NULL,NULL,1,0,1,0,1,0.0000,1,0,0,0),(1670,1670,1,100.0000,0.0000,1,0,0,1,1.0000,1,0.0000,1,1,NULL,NULL,1,0,1,0,1,0.0000,1,0,0,0),(1671,1671,1,100.0000,0.0000,1,0,0,1,1.0000,1,0.0000,1,1,NULL,NULL,1,0,1,0,1,0.0000,1,0,0,0),(1672,1672,1,100.0000,0.0000,1,0,0,1,1.0000,1,0.0000,1,1,NULL,NULL,1,0,1,0,1,0.0000,1,0,0,0),(1673,1673,1,100.0000,0.0000,1,0,0,1,1.0000,1,0.0000,1,1,NULL,NULL,1,0,1,0,1,0.0000,1,0,0,0),(1674,1674,1,100.0000,0.0000,1,0,0,1,1.0000,1,0.0000,1,1,NULL,NULL,1,0,1,0,1,0.0000,1,0,0,0),(1675,1675,1,100.0000,0.0000,1,0,0,1,1.0000,1,0.0000,1,1,NULL,NULL,1,0,1,0,1,0.0000,1,0,0,0),(1676,1676,1,100.0000,0.0000,1,0,0,1,1.0000,1,0.0000,1,1,NULL,NULL,1,0,1,0,1,0.0000,1,0,0,0),(1677,1677,1,100.0000,0.0000,1,0,0,1,1.0000,1,0.0000,1,1,NULL,NULL,1,0,1,0,1,0.0000,1,0,0,0),(1678,1678,1,100.0000,0.0000,1,0,0,1,1.0000,1,0.0000,1,1,NULL,NULL,1,0,1,0,1,0.0000,1,0,0,0),(1679,1679,1,100.0000,0.0000,1,0,0,1,1.0000,1,0.0000,1,1,NULL,NULL,1,0,1,0,1,0.0000,1,0,0,0),(1680,1680,1,100.0000,0.0000,1,0,0,1,1.0000,1,0.0000,1,1,NULL,NULL,1,0,1,0,1,0.0000,1,0,0,0),(1681,1681,1,100.0000,0.0000,1,0,0,1,1.0000,1,0.0000,1,1,NULL,NULL,1,0,1,0,1,0.0000,1,0,0,0),(1682,1682,1,100.0000,0.0000,1,0,0,1,1.0000,1,0.0000,1,1,NULL,NULL,1,0,1,0,1,0.0000,1,0,0,0),(1683,1683,1,100.0000,0.0000,1,0,0,1,1.0000,1,0.0000,1,1,NULL,NULL,1,0,1,0,1,0.0000,1,0,0,0),(1684,1684,1,0.0000,0.0000,1,0,0,1,1.0000,1,0.0000,1,1,NULL,NULL,1,0,1,0,1,0.0000,1,0,0,0),(1685,1685,1,100.0000,0.0000,1,0,0,1,1.0000,1,0.0000,1,1,NULL,NULL,1,0,1,0,1,0.0000,1,0,0,0),(1686,1686,1,100.0000,0.0000,1,0,0,1,1.0000,1,0.0000,1,1,NULL,NULL,1,0,1,0,1,0.0000,1,0,0,0),(1687,1687,1,100.0000,0.0000,1,0,0,1,1.0000,1,0.0000,1,1,NULL,NULL,1,0,1,0,1,0.0000,1,0,0,0),(1688,1688,1,100.0000,0.0000,1,0,0,1,1.0000,1,0.0000,1,1,NULL,NULL,1,0,1,0,1,0.0000,1,0,0,0),(1689,1689,1,100.0000,0.0000,1,0,0,1,1.0000,1,0.0000,1,1,NULL,NULL,1,0,1,0,1,0.0000,1,0,0,0),(1690,1690,1,100.0000,0.0000,1,0,0,1,1.0000,1,0.0000,1,1,NULL,NULL,1,0,1,0,1,0.0000,1,0,0,0),(1691,1691,1,100.0000,0.0000,1,0,0,1,1.0000,1,0.0000,1,1,NULL,NULL,1,0,1,0,1,0.0000,1,0,0,0),(1692,1692,1,100.0000,0.0000,1,0,0,1,1.0000,1,0.0000,1,1,NULL,NULL,1,0,1,0,1,0.0000,1,0,0,0),(1693,1693,1,100.0000,0.0000,1,0,0,1,1.0000,1,0.0000,1,1,NULL,NULL,1,0,1,0,1,0.0000,1,0,0,0),(1694,1694,1,100.0000,0.0000,1,0,0,1,1.0000,1,0.0000,1,1,NULL,NULL,1,0,1,0,1,0.0000,1,0,0,0),(1695,1695,1,100.0000,0.0000,1,0,0,1,1.0000,1,0.0000,1,1,NULL,NULL,1,0,1,0,1,0.0000,1,0,0,0),(1696,1696,1,100.0000,0.0000,1,0,0,1,1.0000,1,0.0000,1,1,NULL,NULL,1,0,1,0,1,0.0000,1,0,0,0),(1697,1697,1,100.0000,0.0000,1,0,0,1,1.0000,1,0.0000,1,1,NULL,NULL,1,0,1,0,1,0.0000,1,0,0,0),(1698,1698,1,100.0000,0.0000,1,0,0,1,1.0000,1,0.0000,1,1,NULL,NULL,1,0,1,0,1,0.0000,1,0,0,0),(1699,1699,1,100.0000,0.0000,1,0,0,1,1.0000,1,0.0000,1,1,NULL,NULL,1,0,1,0,1,0.0000,1,0,0,0),(1700,1700,1,0.0000,0.0000,1,0,0,1,1.0000,1,0.0000,1,1,NULL,NULL,1,0,1,0,1,0.0000,1,0,0,0),(1701,1701,1,100.0000,0.0000,1,0,0,1,1.0000,1,0.0000,1,1,NULL,NULL,1,0,1,0,1,0.0000,1,0,0,0),(1702,1702,1,100.0000,0.0000,1,0,0,1,1.0000,1,0.0000,1,1,NULL,NULL,1,0,1,0,1,0.0000,1,0,0,0),(1703,1703,1,100.0000,0.0000,1,0,0,1,1.0000,1,0.0000,1,1,NULL,NULL,1,0,1,0,1,0.0000,1,0,0,0),(1704,1704,1,100.0000,0.0000,1,0,0,1,1.0000,1,0.0000,1,1,NULL,NULL,1,0,1,0,1,0.0000,1,0,0,0),(1705,1705,1,100.0000,0.0000,1,0,0,1,1.0000,1,0.0000,1,1,NULL,NULL,1,0,1,0,1,0.0000,1,0,0,0),(1706,1706,1,100.0000,0.0000,1,0,0,1,1.0000,1,0.0000,1,1,NULL,NULL,1,0,1,0,1,0.0000,1,0,0,0),(1707,1707,1,100.0000,0.0000,1,0,0,1,1.0000,1,0.0000,1,1,NULL,NULL,1,0,1,0,1,0.0000,1,0,0,0),(1708,1708,1,100.0000,0.0000,1,0,0,1,1.0000,1,0.0000,1,1,NULL,NULL,1,0,1,0,1,0.0000,1,0,0,0),(1709,1709,1,100.0000,0.0000,1,0,0,1,1.0000,1,0.0000,1,1,NULL,NULL,1,0,1,0,1,0.0000,1,0,0,0),(1710,1710,1,100.0000,0.0000,1,0,0,1,1.0000,1,0.0000,1,1,NULL,NULL,1,0,1,0,1,0.0000,1,0,0,0),(1711,1711,1,100.0000,0.0000,1,0,0,1,1.0000,1,0.0000,1,1,NULL,NULL,1,0,1,0,1,0.0000,1,0,0,0),(1712,1712,1,100.0000,0.0000,1,0,0,1,1.0000,1,0.0000,1,1,NULL,NULL,1,0,1,0,1,0.0000,1,0,0,0),(1713,1713,1,100.0000,0.0000,1,0,0,1,1.0000,1,0.0000,1,1,NULL,NULL,1,0,1,0,1,0.0000,1,0,0,0),(1714,1714,1,100.0000,0.0000,1,0,0,1,1.0000,1,0.0000,1,1,NULL,NULL,1,0,1,0,1,0.0000,1,0,0,0),(1715,1715,1,100.0000,0.0000,1,0,0,1,1.0000,1,0.0000,1,1,NULL,NULL,1,0,1,0,1,0.0000,1,0,0,0),(1716,1716,1,0.0000,0.0000,1,0,0,1,1.0000,1,0.0000,1,1,NULL,NULL,1,0,1,0,1,0.0000,1,0,0,0),(1717,1717,1,100.0000,0.0000,1,0,0,1,1.0000,1,0.0000,1,1,NULL,NULL,1,0,1,0,1,0.0000,1,0,0,0),(1718,1718,1,100.0000,0.0000,1,0,0,1,1.0000,1,0.0000,1,1,NULL,NULL,1,0,1,0,1,0.0000,1,0,0,0),(1719,1719,1,100.0000,0.0000,1,0,0,1,1.0000,1,0.0000,1,1,NULL,NULL,1,0,1,0,1,0.0000,1,0,0,0),(1720,1720,1,100.0000,0.0000,1,0,0,1,1.0000,1,0.0000,1,1,NULL,NULL,1,0,1,0,1,0.0000,1,0,0,0),(1721,1721,1,100.0000,0.0000,1,0,0,1,1.0000,1,0.0000,1,1,NULL,NULL,1,0,1,0,1,0.0000,1,0,0,0),(1722,1722,1,100.0000,0.0000,1,0,0,1,1.0000,1,0.0000,1,1,NULL,NULL,1,0,1,0,1,0.0000,1,0,0,0),(1723,1723,1,100.0000,0.0000,1,0,0,1,1.0000,1,0.0000,1,1,NULL,NULL,1,0,1,0,1,0.0000,1,0,0,0),(1724,1724,1,100.0000,0.0000,1,0,0,1,1.0000,1,0.0000,1,1,NULL,NULL,1,0,1,0,1,0.0000,1,0,0,0),(1725,1725,1,100.0000,0.0000,1,0,0,1,1.0000,1,0.0000,1,1,NULL,NULL,1,0,1,0,1,0.0000,1,0,0,0),(1726,1726,1,100.0000,0.0000,1,0,0,1,1.0000,1,0.0000,1,1,NULL,NULL,1,0,1,0,1,0.0000,1,0,0,0),(1727,1727,1,100.0000,0.0000,1,0,0,1,1.0000,1,0.0000,1,1,NULL,NULL,1,0,1,0,1,0.0000,1,0,0,0),(1728,1728,1,100.0000,0.0000,1,0,0,1,1.0000,1,0.0000,1,1,NULL,NULL,1,0,1,0,1,0.0000,1,0,0,0),(1729,1729,1,100.0000,0.0000,1,0,0,1,1.0000,1,0.0000,1,1,NULL,NULL,1,0,1,0,1,0.0000,1,0,0,0),(1730,1730,1,100.0000,0.0000,1,0,0,1,1.0000,1,0.0000,1,1,NULL,NULL,1,0,1,0,1,0.0000,1,0,0,0),(1731,1731,1,100.0000,0.0000,1,0,0,1,1.0000,1,0.0000,1,1,NULL,NULL,1,0,1,0,1,0.0000,1,0,0,0),(1732,1732,1,0.0000,0.0000,1,0,0,1,1.0000,1,0.0000,1,1,NULL,NULL,1,0,1,0,1,0.0000,1,0,0,0),(1733,1733,1,100.0000,0.0000,1,0,0,1,1.0000,1,0.0000,1,1,NULL,NULL,1,0,1,0,1,0.0000,1,0,0,0),(1734,1734,1,100.0000,0.0000,1,0,0,1,1.0000,1,0.0000,1,1,NULL,NULL,1,0,1,0,1,0.0000,1,0,0,0),(1735,1735,1,100.0000,0.0000,1,0,0,1,1.0000,1,0.0000,1,1,NULL,NULL,1,0,1,0,1,0.0000,1,0,0,0),(1736,1736,1,100.0000,0.0000,1,0,0,1,1.0000,1,0.0000,1,1,NULL,NULL,1,0,1,0,1,0.0000,1,0,0,0),(1737,1737,1,100.0000,0.0000,1,0,0,1,1.0000,1,0.0000,1,1,NULL,NULL,1,0,1,0,1,0.0000,1,0,0,0),(1738,1738,1,100.0000,0.0000,1,0,0,1,1.0000,1,0.0000,1,1,NULL,NULL,1,0,1,0,1,0.0000,1,0,0,0),(1739,1739,1,100.0000,0.0000,1,0,0,1,1.0000,1,0.0000,1,1,NULL,NULL,1,0,1,0,1,0.0000,1,0,0,0),(1740,1740,1,100.0000,0.0000,1,0,0,1,1.0000,1,0.0000,1,1,NULL,NULL,1,0,1,0,1,0.0000,1,0,0,0),(1741,1741,1,100.0000,0.0000,1,0,0,1,1.0000,1,0.0000,1,1,NULL,NULL,1,0,1,0,1,0.0000,1,0,0,0),(1742,1742,1,100.0000,0.0000,1,0,0,1,1.0000,1,0.0000,1,1,NULL,NULL,1,0,1,0,1,0.0000,1,0,0,0),(1743,1743,1,100.0000,0.0000,1,0,0,1,1.0000,1,0.0000,1,1,NULL,NULL,1,0,1,0,1,0.0000,1,0,0,0),(1744,1744,1,100.0000,0.0000,1,0,0,1,1.0000,1,0.0000,1,1,NULL,NULL,1,0,1,0,1,0.0000,1,0,0,0),(1745,1745,1,100.0000,0.0000,1,0,0,1,1.0000,1,0.0000,1,1,NULL,NULL,1,0,1,0,1,0.0000,1,0,0,0),(1746,1746,1,100.0000,0.0000,1,0,0,1,1.0000,1,0.0000,1,1,NULL,NULL,1,0,1,0,1,0.0000,1,0,0,0),(1747,1747,1,100.0000,0.0000,1,0,0,1,1.0000,1,0.0000,1,1,NULL,NULL,1,0,1,0,1,0.0000,1,0,0,0),(1748,1748,1,0.0000,0.0000,1,0,0,1,1.0000,1,0.0000,1,1,NULL,NULL,1,0,1,0,1,0.0000,1,0,0,0),(1749,1749,1,100.0000,0.0000,1,0,0,1,1.0000,1,0.0000,1,1,NULL,NULL,1,0,1,0,1,0.0000,1,0,0,0),(1750,1750,1,100.0000,0.0000,1,0,0,1,1.0000,1,0.0000,1,1,NULL,NULL,1,0,1,0,1,0.0000,1,0,0,0),(1751,1751,1,100.0000,0.0000,1,0,0,1,1.0000,1,0.0000,1,1,NULL,NULL,1,0,1,0,1,0.0000,1,0,0,0),(1752,1752,1,100.0000,0.0000,1,0,0,1,1.0000,1,0.0000,1,1,NULL,NULL,1,0,1,0,1,0.0000,1,0,0,0),(1753,1753,1,100.0000,0.0000,1,0,0,1,1.0000,1,0.0000,1,1,NULL,NULL,1,0,1,0,1,0.0000,1,0,0,0),(1754,1754,1,100.0000,0.0000,1,0,0,1,1.0000,1,0.0000,1,1,NULL,NULL,1,0,1,0,1,0.0000,1,0,0,0),(1755,1755,1,100.0000,0.0000,1,0,0,1,1.0000,1,0.0000,1,1,NULL,NULL,1,0,1,0,1,0.0000,1,0,0,0),(1756,1756,1,100.0000,0.0000,1,0,0,1,1.0000,1,0.0000,1,1,NULL,NULL,1,0,1,0,1,0.0000,1,0,0,0),(1757,1757,1,100.0000,0.0000,1,0,0,1,1.0000,1,0.0000,1,1,NULL,NULL,1,0,1,0,1,0.0000,1,0,0,0),(1758,1758,1,100.0000,0.0000,1,0,0,1,1.0000,1,0.0000,1,1,NULL,NULL,1,0,1,0,1,0.0000,1,0,0,0),(1759,1759,1,100.0000,0.0000,1,0,0,1,1.0000,1,0.0000,1,1,NULL,NULL,1,0,1,0,1,0.0000,1,0,0,0),(1760,1760,1,100.0000,0.0000,1,0,0,1,1.0000,1,0.0000,1,1,NULL,NULL,1,0,1,0,1,0.0000,1,0,0,0),(1761,1761,1,100.0000,0.0000,1,0,0,1,1.0000,1,0.0000,1,1,NULL,NULL,1,0,1,0,1,0.0000,1,0,0,0),(1762,1762,1,100.0000,0.0000,1,0,0,1,1.0000,1,0.0000,1,1,NULL,NULL,1,0,1,0,1,0.0000,1,0,0,0),(1763,1763,1,100.0000,0.0000,1,0,0,1,1.0000,1,0.0000,1,1,NULL,NULL,1,0,1,0,1,0.0000,1,0,0,0),(1764,1764,1,0.0000,0.0000,1,0,0,1,1.0000,1,0.0000,1,1,NULL,NULL,1,0,1,0,1,0.0000,1,0,0,0),(1765,1765,1,100.0000,0.0000,1,0,0,1,1.0000,1,0.0000,1,1,NULL,NULL,1,0,1,0,1,0.0000,1,0,0,0),(1766,1766,1,100.0000,0.0000,1,0,0,1,1.0000,1,0.0000,1,1,NULL,NULL,1,0,1,0,1,0.0000,1,0,0,0),(1767,1767,1,100.0000,0.0000,1,0,0,1,1.0000,1,0.0000,1,1,NULL,NULL,1,0,1,0,1,0.0000,1,0,0,0),(1768,1768,1,100.0000,0.0000,1,0,0,1,1.0000,1,0.0000,1,1,NULL,NULL,1,0,1,0,1,0.0000,1,0,0,0),(1769,1769,1,100.0000,0.0000,1,0,0,1,1.0000,1,0.0000,1,1,NULL,NULL,1,0,1,0,1,0.0000,1,0,0,0),(1770,1770,1,100.0000,0.0000,1,0,0,1,1.0000,1,0.0000,1,1,NULL,NULL,1,0,1,0,1,0.0000,1,0,0,0),(1771,1771,1,100.0000,0.0000,1,0,0,1,1.0000,1,0.0000,1,1,NULL,NULL,1,0,1,0,1,0.0000,1,0,0,0),(1772,1772,1,100.0000,0.0000,1,0,0,1,1.0000,1,0.0000,1,1,NULL,NULL,1,0,1,0,1,0.0000,1,0,0,0),(1773,1773,1,100.0000,0.0000,1,0,0,1,1.0000,1,0.0000,1,1,NULL,NULL,1,0,1,0,1,0.0000,1,0,0,0),(1774,1774,1,100.0000,0.0000,1,0,0,1,1.0000,1,0.0000,1,1,NULL,NULL,1,0,1,0,1,0.0000,1,0,0,0),(1775,1775,1,100.0000,0.0000,1,0,0,1,1.0000,1,0.0000,1,1,NULL,NULL,1,0,1,0,1,0.0000,1,0,0,0),(1776,1776,1,100.0000,0.0000,1,0,0,1,1.0000,1,0.0000,1,1,NULL,NULL,1,0,1,0,1,0.0000,1,0,0,0),(1777,1777,1,100.0000,0.0000,1,0,0,1,1.0000,1,0.0000,1,1,NULL,NULL,1,0,1,0,1,0.0000,1,0,0,0),(1778,1778,1,100.0000,0.0000,1,0,0,1,1.0000,1,0.0000,1,1,NULL,NULL,1,0,1,0,1,0.0000,1,0,0,0),(1779,1779,1,100.0000,0.0000,1,0,0,1,1.0000,1,0.0000,1,1,NULL,NULL,1,0,1,0,1,0.0000,1,0,0,0),(1780,1780,1,0.0000,0.0000,1,0,0,1,1.0000,1,0.0000,1,1,NULL,NULL,1,0,1,0,1,0.0000,1,0,0,0),(1781,1781,1,100.0000,0.0000,1,0,0,1,1.0000,1,0.0000,1,1,NULL,NULL,1,0,1,0,1,0.0000,1,0,0,0),(1782,1782,1,100.0000,0.0000,1,0,0,1,1.0000,1,0.0000,1,1,NULL,NULL,1,0,1,0,1,0.0000,1,0,0,0),(1783,1783,1,100.0000,0.0000,1,0,0,1,1.0000,1,0.0000,1,1,NULL,NULL,1,0,1,0,1,0.0000,1,0,0,0),(1784,1784,1,100.0000,0.0000,1,0,0,1,1.0000,1,0.0000,1,1,NULL,NULL,1,0,1,0,1,0.0000,1,0,0,0),(1785,1785,1,100.0000,0.0000,1,0,0,1,1.0000,1,0.0000,1,1,NULL,NULL,1,0,1,0,1,0.0000,1,0,0,0),(1786,1786,1,100.0000,0.0000,1,0,0,1,1.0000,1,0.0000,1,1,NULL,NULL,1,0,1,0,1,0.0000,1,0,0,0),(1787,1787,1,100.0000,0.0000,1,0,0,1,1.0000,1,0.0000,1,1,NULL,NULL,1,0,1,0,1,0.0000,1,0,0,0),(1788,1788,1,100.0000,0.0000,1,0,0,1,1.0000,1,0.0000,1,1,NULL,NULL,1,0,1,0,1,0.0000,1,0,0,0),(1789,1789,1,100.0000,0.0000,1,0,0,1,1.0000,1,0.0000,1,1,NULL,NULL,1,0,1,0,1,0.0000,1,0,0,0),(1790,1790,1,100.0000,0.0000,1,0,0,1,1.0000,1,0.0000,1,1,NULL,NULL,1,0,1,0,1,0.0000,1,0,0,0),(1791,1791,1,100.0000,0.0000,1,0,0,1,1.0000,1,0.0000,1,1,NULL,NULL,1,0,1,0,1,0.0000,1,0,0,0),(1792,1792,1,100.0000,0.0000,1,0,0,1,1.0000,1,0.0000,1,1,NULL,NULL,1,0,1,0,1,0.0000,1,0,0,0),(1793,1793,1,100.0000,0.0000,1,0,0,1,1.0000,1,0.0000,1,1,NULL,NULL,1,0,1,0,1,0.0000,1,0,0,0),(1794,1794,1,100.0000,0.0000,1,0,0,1,1.0000,1,0.0000,1,1,NULL,NULL,1,0,1,0,1,0.0000,1,0,0,0),(1795,1795,1,100.0000,0.0000,1,0,0,1,1.0000,1,0.0000,1,1,NULL,NULL,1,0,1,0,1,0.0000,1,0,0,0),(1796,1796,1,0.0000,0.0000,1,0,0,1,1.0000,1,0.0000,1,1,NULL,NULL,1,0,1,0,1,0.0000,1,0,0,0),(1797,1797,1,100.0000,0.0000,1,0,0,1,1.0000,1,0.0000,1,1,NULL,NULL,1,0,1,0,1,0.0000,1,0,0,0),(1798,1798,1,100.0000,0.0000,1,0,0,1,1.0000,1,0.0000,1,1,NULL,NULL,1,0,1,0,1,0.0000,1,0,0,0),(1799,1799,1,100.0000,0.0000,1,0,0,1,1.0000,1,0.0000,1,1,NULL,NULL,1,0,1,0,1,0.0000,1,0,0,0),(1800,1800,1,100.0000,0.0000,1,0,0,1,1.0000,1,0.0000,1,1,NULL,NULL,1,0,1,0,1,0.0000,1,0,0,0),(1801,1801,1,100.0000,0.0000,1,0,0,1,1.0000,1,0.0000,1,1,NULL,NULL,1,0,1,0,1,0.0000,1,0,0,0),(1802,1802,1,100.0000,0.0000,1,0,0,1,1.0000,1,0.0000,1,1,NULL,NULL,1,0,1,0,1,0.0000,1,0,0,0),(1803,1803,1,100.0000,0.0000,1,0,0,1,1.0000,1,0.0000,1,1,NULL,NULL,1,0,1,0,1,0.0000,1,0,0,0),(1804,1804,1,100.0000,0.0000,1,0,0,1,1.0000,1,0.0000,1,1,NULL,NULL,1,0,1,0,1,0.0000,1,0,0,0),(1805,1805,1,100.0000,0.0000,1,0,0,1,1.0000,1,0.0000,1,1,NULL,NULL,1,0,1,0,1,0.0000,1,0,0,0),(1806,1806,1,100.0000,0.0000,1,0,0,1,1.0000,1,0.0000,1,1,NULL,NULL,1,0,1,0,1,0.0000,1,0,0,0),(1807,1807,1,100.0000,0.0000,1,0,0,1,1.0000,1,0.0000,1,1,NULL,NULL,1,0,1,0,1,0.0000,1,0,0,0),(1808,1808,1,100.0000,0.0000,1,0,0,1,1.0000,1,0.0000,1,1,NULL,NULL,1,0,1,0,1,0.0000,1,0,0,0),(1809,1809,1,100.0000,0.0000,1,0,0,1,1.0000,1,0.0000,1,1,NULL,NULL,1,0,1,0,1,0.0000,1,0,0,0),(1810,1810,1,100.0000,0.0000,1,0,0,1,1.0000,1,0.0000,1,1,NULL,NULL,1,0,1,0,1,0.0000,1,0,0,0),(1811,1811,1,100.0000,0.0000,1,0,0,1,1.0000,1,0.0000,1,1,NULL,NULL,1,0,1,0,1,0.0000,1,0,0,0),(1812,1812,1,0.0000,0.0000,1,0,0,1,1.0000,1,0.0000,1,1,NULL,NULL,1,0,1,0,1,0.0000,1,0,0,0),(1813,1813,1,100.0000,0.0000,1,0,0,1,1.0000,1,0.0000,1,1,NULL,NULL,1,0,1,0,1,0.0000,1,0,0,0),(1814,1814,1,100.0000,0.0000,1,0,0,1,1.0000,1,0.0000,1,1,NULL,NULL,1,0,1,0,1,0.0000,1,0,0,0),(1815,1815,1,100.0000,0.0000,1,0,0,1,1.0000,1,0.0000,1,1,NULL,NULL,1,0,1,0,1,0.0000,1,0,0,0),(1816,1816,1,100.0000,0.0000,1,0,0,1,1.0000,1,0.0000,1,1,NULL,NULL,1,0,1,0,1,0.0000,1,0,0,0),(1817,1817,1,100.0000,0.0000,1,0,0,1,1.0000,1,0.0000,1,1,NULL,NULL,1,0,1,0,1,0.0000,1,0,0,0),(1818,1818,1,100.0000,0.0000,1,0,0,1,1.0000,1,0.0000,1,1,NULL,NULL,1,0,1,0,1,0.0000,1,0,0,0),(1819,1819,1,0.0000,0.0000,1,0,0,1,1.0000,1,0.0000,1,1,NULL,NULL,1,0,1,0,1,0.0000,1,0,0,0),(1820,1820,1,100.0000,0.0000,1,0,0,1,1.0000,1,0.0000,1,1,NULL,NULL,1,0,1,0,1,0.0000,1,0,0,0),(1821,1821,1,100.0000,0.0000,1,0,0,1,1.0000,1,0.0000,1,1,NULL,NULL,1,0,1,0,1,0.0000,1,0,0,0),(1822,1822,1,100.0000,0.0000,1,0,0,1,1.0000,1,0.0000,1,1,NULL,NULL,1,0,1,0,1,0.0000,1,0,0,0),(1823,1823,1,100.0000,0.0000,1,0,0,1,1.0000,1,0.0000,1,1,NULL,NULL,1,0,1,0,1,0.0000,1,0,0,0),(1824,1824,1,100.0000,0.0000,1,0,0,1,1.0000,1,0.0000,1,1,NULL,NULL,1,0,1,0,1,0.0000,1,0,0,0),(1825,1825,1,100.0000,0.0000,1,0,0,1,1.0000,1,0.0000,1,1,NULL,NULL,1,0,1,0,1,0.0000,1,0,0,0),(1826,1826,1,0.0000,0.0000,1,0,0,1,1.0000,1,0.0000,1,1,NULL,NULL,1,0,1,0,1,0.0000,1,0,0,0),(1827,1827,1,100.0000,0.0000,1,0,0,1,1.0000,1,0.0000,1,1,NULL,NULL,1,0,1,0,1,0.0000,1,0,0,0),(1828,1828,1,100.0000,0.0000,1,0,0,1,1.0000,1,0.0000,1,1,NULL,NULL,1,0,1,0,1,0.0000,1,0,0,0),(1829,1829,1,100.0000,0.0000,1,0,0,1,1.0000,1,0.0000,1,1,NULL,NULL,1,0,1,0,1,0.0000,1,0,0,0),(1830,1830,1,100.0000,0.0000,1,0,0,1,1.0000,1,0.0000,1,1,NULL,NULL,1,0,1,0,1,0.0000,1,0,0,0),(1831,1831,1,100.0000,0.0000,1,0,0,1,1.0000,1,0.0000,1,1,NULL,NULL,1,0,1,0,1,0.0000,1,0,0,0),(1832,1832,1,100.0000,0.0000,1,0,0,1,1.0000,1,0.0000,1,1,NULL,NULL,1,0,1,0,1,0.0000,1,0,0,0),(1833,1833,1,0.0000,0.0000,1,0,0,1,1.0000,1,0.0000,1,1,NULL,NULL,1,0,1,0,1,0.0000,1,0,0,0),(1834,1834,1,100.0000,0.0000,1,0,0,1,1.0000,1,0.0000,1,1,NULL,NULL,1,0,1,0,1,0.0000,1,0,0,0),(1835,1835,1,100.0000,0.0000,1,0,0,1,1.0000,1,0.0000,1,1,NULL,NULL,1,0,1,0,1,0.0000,1,0,0,0),(1836,1836,1,100.0000,0.0000,1,0,0,1,1.0000,1,0.0000,1,1,NULL,NULL,1,0,1,0,1,0.0000,1,0,0,0),(1837,1837,1,100.0000,0.0000,1,0,0,1,1.0000,1,0.0000,1,1,NULL,NULL,1,0,1,0,1,0.0000,1,0,0,0),(1838,1838,1,100.0000,0.0000,1,0,0,1,1.0000,1,0.0000,1,1,NULL,NULL,1,0,1,0,1,0.0000,1,0,0,0),(1839,1839,1,100.0000,0.0000,1,0,0,1,1.0000,1,0.0000,1,1,NULL,NULL,1,0,1,0,1,0.0000,1,0,0,0),(1840,1840,1,0.0000,0.0000,1,0,0,1,1.0000,1,0.0000,1,1,NULL,NULL,1,0,1,0,1,0.0000,1,0,0,0),(1841,1841,1,100.0000,0.0000,1,0,0,1,1.0000,1,0.0000,1,1,NULL,NULL,1,0,1,0,1,0.0000,1,0,0,0),(1842,1842,1,100.0000,0.0000,1,0,0,1,1.0000,1,0.0000,1,1,NULL,NULL,1,0,1,0,1,0.0000,1,0,0,0),(1843,1843,1,100.0000,0.0000,1,0,0,1,1.0000,1,0.0000,1,1,NULL,NULL,1,0,1,0,1,0.0000,1,0,0,0),(1844,1844,1,100.0000,0.0000,1,0,0,1,1.0000,1,0.0000,1,1,NULL,NULL,1,0,1,0,1,0.0000,1,0,0,0),(1845,1845,1,100.0000,0.0000,1,0,0,1,1.0000,1,0.0000,1,1,NULL,NULL,1,0,1,0,1,0.0000,1,0,0,0),(1846,1846,1,100.0000,0.0000,1,0,0,1,1.0000,1,0.0000,1,1,NULL,NULL,1,0,1,0,1,0.0000,1,0,0,0),(1847,1847,1,0.0000,0.0000,1,0,0,1,1.0000,1,0.0000,1,1,NULL,NULL,1,0,1,0,1,0.0000,1,0,0,0),(1848,1848,1,100.0000,0.0000,1,0,0,1,1.0000,1,0.0000,1,1,NULL,NULL,1,0,1,0,1,0.0000,1,0,0,0),(1849,1849,1,100.0000,0.0000,1,0,0,1,1.0000,1,0.0000,1,1,NULL,NULL,1,0,1,0,1,0.0000,1,0,0,0),(1850,1850,1,100.0000,0.0000,1,0,0,1,1.0000,1,0.0000,1,1,NULL,NULL,1,0,1,0,1,0.0000,1,0,0,0),(1851,1851,1,100.0000,0.0000,1,0,0,1,1.0000,1,0.0000,1,1,NULL,NULL,1,0,1,0,1,0.0000,1,0,0,0),(1852,1852,1,100.0000,0.0000,1,0,0,1,1.0000,1,0.0000,1,1,NULL,NULL,1,0,1,0,1,0.0000,1,0,0,0),(1853,1853,1,100.0000,0.0000,1,0,0,1,1.0000,1,0.0000,1,1,NULL,NULL,1,0,1,0,1,0.0000,1,0,0,0),(1854,1854,1,0.0000,0.0000,1,0,0,1,1.0000,1,0.0000,1,1,NULL,NULL,1,0,1,0,1,0.0000,1,0,0,0),(1855,1855,1,100.0000,0.0000,1,0,0,1,1.0000,1,0.0000,1,1,NULL,NULL,1,0,1,0,1,0.0000,1,0,0,0),(1856,1856,1,100.0000,0.0000,1,0,0,1,1.0000,1,0.0000,1,1,NULL,NULL,1,0,1,0,1,0.0000,1,0,0,0),(1857,1857,1,100.0000,0.0000,1,0,0,1,1.0000,1,0.0000,1,1,NULL,NULL,1,0,1,0,1,0.0000,1,0,0,0),(1858,1858,1,100.0000,0.0000,1,0,0,1,1.0000,1,0.0000,1,1,NULL,NULL,1,0,1,0,1,0.0000,1,0,0,0),(1859,1859,1,100.0000,0.0000,1,0,0,1,1.0000,1,0.0000,1,1,NULL,NULL,1,0,1,0,1,0.0000,1,0,0,0),(1860,1860,1,100.0000,0.0000,1,0,0,1,1.0000,1,0.0000,1,1,NULL,NULL,1,0,1,0,1,0.0000,1,0,0,0),(1861,1861,1,0.0000,0.0000,1,0,0,1,1.0000,1,0.0000,1,1,NULL,NULL,1,0,1,0,1,0.0000,1,0,0,0),(1862,1862,1,100.0000,0.0000,1,0,0,1,1.0000,1,0.0000,1,1,NULL,NULL,1,0,1,0,1,0.0000,1,0,0,0),(1863,1863,1,100.0000,0.0000,1,0,0,1,1.0000,1,0.0000,1,1,NULL,NULL,1,0,1,0,1,0.0000,1,0,0,0),(1864,1864,1,100.0000,0.0000,1,0,0,1,1.0000,1,0.0000,1,1,NULL,NULL,1,0,1,0,1,0.0000,1,0,0,0),(1865,1865,1,100.0000,0.0000,1,0,0,1,1.0000,1,0.0000,1,1,NULL,NULL,1,0,1,0,1,0.0000,1,0,0,0),(1866,1866,1,100.0000,0.0000,1,0,0,1,1.0000,1,0.0000,1,1,NULL,NULL,1,0,1,0,1,0.0000,1,0,0,0),(1867,1867,1,100.0000,0.0000,1,0,0,1,1.0000,1,0.0000,1,1,NULL,NULL,1,0,1,0,1,0.0000,1,0,0,0),(1868,1868,1,0.0000,0.0000,1,0,0,1,1.0000,1,0.0000,1,1,NULL,NULL,1,0,1,0,1,0.0000,1,0,0,0),(1869,1869,1,100.0000,0.0000,1,0,0,1,1.0000,1,0.0000,1,1,NULL,NULL,1,0,1,0,1,0.0000,1,0,0,0),(1870,1870,1,100.0000,0.0000,1,0,0,1,1.0000,1,0.0000,1,1,NULL,NULL,1,0,1,0,1,0.0000,1,0,0,0),(1871,1871,1,100.0000,0.0000,1,0,0,1,1.0000,1,0.0000,1,1,NULL,NULL,1,0,1,0,1,0.0000,1,0,0,0),(1872,1872,1,100.0000,0.0000,1,0,0,1,1.0000,1,0.0000,1,1,NULL,NULL,1,0,1,0,1,0.0000,1,0,0,0),(1873,1873,1,100.0000,0.0000,1,0,0,1,1.0000,1,0.0000,1,1,NULL,NULL,1,0,1,0,1,0.0000,1,0,0,0),(1874,1874,1,100.0000,0.0000,1,0,0,1,1.0000,1,0.0000,1,1,NULL,NULL,1,0,1,0,1,0.0000,1,0,0,0),(1875,1875,1,0.0000,0.0000,1,0,0,1,1.0000,1,0.0000,1,1,NULL,NULL,1,0,1,0,1,0.0000,1,0,0,0),(1876,1876,1,100.0000,0.0000,1,0,0,1,1.0000,1,0.0000,1,1,NULL,NULL,1,0,1,0,1,0.0000,1,0,0,0),(1877,1877,1,100.0000,0.0000,1,0,0,1,1.0000,1,0.0000,1,1,NULL,NULL,1,0,1,0,1,0.0000,1,0,0,0),(1878,1878,1,100.0000,0.0000,1,0,0,1,1.0000,1,0.0000,1,1,NULL,NULL,1,0,1,0,1,0.0000,1,0,0,0),(1879,1879,1,100.0000,0.0000,1,0,0,1,1.0000,1,0.0000,1,1,NULL,NULL,1,0,1,0,1,0.0000,1,0,0,0),(1880,1880,1,100.0000,0.0000,1,0,0,1,1.0000,1,0.0000,1,1,NULL,NULL,1,0,1,0,1,0.0000,1,0,0,0),(1881,1881,1,100.0000,0.0000,1,0,0,1,1.0000,1,0.0000,1,1,NULL,NULL,1,0,1,0,1,0.0000,1,0,0,0),(1882,1882,1,0.0000,0.0000,1,0,0,1,1.0000,1,0.0000,1,1,NULL,NULL,1,0,1,0,1,0.0000,1,0,0,0),(1883,1883,1,100.0000,0.0000,1,0,0,1,1.0000,1,0.0000,1,1,NULL,NULL,1,0,1,0,1,0.0000,1,0,0,0),(1884,1884,1,100.0000,0.0000,1,0,0,1,1.0000,1,0.0000,1,1,NULL,NULL,1,0,1,0,1,0.0000,1,0,0,0),(1885,1885,1,100.0000,0.0000,1,0,0,1,1.0000,1,0.0000,1,1,NULL,NULL,1,0,1,0,1,0.0000,1,0,0,0),(1886,1886,1,100.0000,0.0000,1,0,0,1,1.0000,1,0.0000,1,1,NULL,NULL,1,0,1,0,1,0.0000,1,0,0,0),(1887,1887,1,100.0000,0.0000,1,0,0,1,1.0000,1,0.0000,1,1,NULL,NULL,1,0,1,0,1,0.0000,1,0,0,0),(1888,1888,1,100.0000,0.0000,1,0,0,1,1.0000,1,0.0000,1,1,NULL,NULL,1,0,1,0,1,0.0000,1,0,0,0),(1889,1889,1,0.0000,0.0000,1,0,0,1,1.0000,1,0.0000,1,1,NULL,NULL,1,0,1,0,1,0.0000,1,0,0,0),(1890,1890,1,100.0000,0.0000,1,0,0,1,1.0000,1,0.0000,1,1,NULL,NULL,1,0,1,0,1,0.0000,1,0,0,0),(1891,1891,1,100.0000,0.0000,1,0,0,1,1.0000,1,0.0000,1,1,NULL,NULL,1,0,1,0,1,0.0000,1,0,0,0),(1892,1892,1,100.0000,0.0000,1,0,0,1,1.0000,1,0.0000,1,1,NULL,NULL,1,0,1,0,1,0.0000,1,0,0,0),(1893,1893,1,100.0000,0.0000,1,0,0,1,1.0000,1,0.0000,1,1,NULL,NULL,1,0,1,0,1,0.0000,1,0,0,0),(1894,1894,1,100.0000,0.0000,1,0,0,1,1.0000,1,0.0000,1,1,NULL,NULL,1,0,1,0,1,0.0000,1,0,0,0),(1895,1895,1,100.0000,0.0000,1,0,0,1,1.0000,1,0.0000,1,1,NULL,NULL,1,0,1,0,1,0.0000,1,0,0,0),(1896,1896,1,0.0000,0.0000,1,0,0,1,1.0000,1,0.0000,1,1,NULL,NULL,1,0,1,0,1,0.0000,1,0,0,0),(1897,1897,1,100.0000,0.0000,1,0,0,1,1.0000,1,0.0000,1,1,NULL,NULL,1,0,1,0,1,0.0000,1,0,0,0),(1898,1898,1,100.0000,0.0000,1,0,0,1,1.0000,1,0.0000,1,1,NULL,NULL,1,0,1,0,1,0.0000,1,0,0,0),(1899,1899,1,100.0000,0.0000,1,0,0,1,1.0000,1,0.0000,1,1,NULL,NULL,1,0,1,0,1,0.0000,1,0,0,0),(1900,1900,1,100.0000,0.0000,1,0,0,1,1.0000,1,0.0000,1,1,NULL,NULL,1,0,1,0,1,0.0000,1,0,0,0),(1901,1901,1,100.0000,0.0000,1,0,0,1,1.0000,1,0.0000,1,1,NULL,NULL,1,0,1,0,1,0.0000,1,0,0,0),(1902,1902,1,100.0000,0.0000,1,0,0,1,1.0000,1,0.0000,1,1,NULL,NULL,1,0,1,0,1,0.0000,1,0,0,0),(1903,1903,1,0.0000,0.0000,1,0,0,1,1.0000,1,0.0000,1,1,NULL,NULL,1,0,1,0,1,0.0000,1,0,0,0),(1904,1904,1,100.0000,0.0000,1,0,0,1,1.0000,1,0.0000,1,1,NULL,NULL,1,0,1,0,1,0.0000,1,0,0,0),(1905,1905,1,100.0000,0.0000,1,0,0,1,1.0000,1,0.0000,1,1,NULL,NULL,1,0,1,0,1,0.0000,1,0,0,0),(1906,1906,1,100.0000,0.0000,1,0,0,1,1.0000,1,0.0000,1,1,NULL,NULL,1,0,1,0,1,0.0000,1,0,0,0),(1907,1907,1,100.0000,0.0000,1,0,0,1,1.0000,1,0.0000,1,1,NULL,NULL,1,0,1,0,1,0.0000,1,0,0,0),(1908,1908,1,100.0000,0.0000,1,0,0,1,1.0000,1,0.0000,1,1,NULL,NULL,1,0,1,0,1,0.0000,1,0,0,0),(1909,1909,1,100.0000,0.0000,1,0,0,1,1.0000,1,0.0000,1,1,NULL,NULL,1,0,1,0,1,0.0000,1,0,0,0),(1910,1910,1,100.0000,0.0000,1,0,0,1,1.0000,1,0.0000,1,1,NULL,NULL,1,0,1,0,1,0.0000,1,0,0,0),(1911,1911,1,100.0000,0.0000,1,0,0,1,1.0000,1,0.0000,1,1,NULL,NULL,1,0,1,0,1,0.0000,1,0,0,0),(1912,1912,1,100.0000,0.0000,1,0,0,1,1.0000,1,0.0000,1,1,NULL,NULL,1,0,1,0,1,0.0000,1,0,0,0),(1913,1913,1,100.0000,0.0000,1,0,0,1,1.0000,1,0.0000,1,1,NULL,NULL,1,0,1,0,1,0.0000,1,0,0,0),(1914,1914,1,100.0000,0.0000,1,0,0,1,1.0000,1,0.0000,1,1,NULL,NULL,1,0,1,0,1,0.0000,1,0,0,0),(1915,1915,1,100.0000,0.0000,1,0,0,1,1.0000,1,0.0000,1,1,NULL,NULL,1,0,1,0,1,0.0000,1,0,0,0),(1916,1916,1,100.0000,0.0000,1,0,0,1,1.0000,1,0.0000,1,1,NULL,NULL,1,0,1,0,1,0.0000,1,0,0,0),(1917,1917,1,100.0000,0.0000,1,0,0,1,1.0000,1,0.0000,1,1,NULL,NULL,1,0,1,0,1,0.0000,1,0,0,0),(1918,1918,1,100.0000,0.0000,1,0,0,1,1.0000,1,0.0000,1,1,NULL,NULL,1,0,1,0,1,0.0000,1,0,0,0),(1919,1919,1,0.0000,0.0000,1,0,0,1,1.0000,1,0.0000,1,1,NULL,NULL,1,0,1,0,1,0.0000,1,0,0,0),(1920,1920,1,100.0000,0.0000,1,0,0,1,1.0000,1,0.0000,1,1,NULL,NULL,1,0,1,0,1,0.0000,1,0,0,0),(1921,1921,1,100.0000,0.0000,1,0,0,1,1.0000,1,0.0000,1,1,NULL,NULL,1,0,1,0,1,0.0000,1,0,0,0),(1922,1922,1,100.0000,0.0000,1,0,0,1,1.0000,1,0.0000,1,1,NULL,NULL,1,0,1,0,1,0.0000,1,0,0,0),(1923,1923,1,100.0000,0.0000,1,0,0,1,1.0000,1,0.0000,1,1,NULL,NULL,1,0,1,0,1,0.0000,1,0,0,0),(1924,1924,1,100.0000,0.0000,1,0,0,1,1.0000,1,0.0000,1,1,NULL,NULL,1,0,1,0,1,0.0000,1,0,0,0),(1925,1925,1,100.0000,0.0000,1,0,0,1,1.0000,1,0.0000,1,1,NULL,NULL,1,0,1,0,1,0.0000,1,0,0,0),(1926,1926,1,100.0000,0.0000,1,0,0,1,1.0000,1,0.0000,1,1,NULL,NULL,1,0,1,0,1,0.0000,1,0,0,0),(1927,1927,1,100.0000,0.0000,1,0,0,1,1.0000,1,0.0000,1,1,NULL,NULL,1,0,1,0,1,0.0000,1,0,0,0),(1928,1928,1,100.0000,0.0000,1,0,0,1,1.0000,1,0.0000,1,1,NULL,NULL,1,0,1,0,1,0.0000,1,0,0,0),(1929,1929,1,100.0000,0.0000,1,0,0,1,1.0000,1,0.0000,1,1,NULL,NULL,1,0,1,0,1,0.0000,1,0,0,0),(1930,1930,1,100.0000,0.0000,1,0,0,1,1.0000,1,0.0000,1,1,NULL,NULL,1,0,1,0,1,0.0000,1,0,0,0),(1931,1931,1,100.0000,0.0000,1,0,0,1,1.0000,1,0.0000,1,1,NULL,NULL,1,0,1,0,1,0.0000,1,0,0,0),(1932,1932,1,100.0000,0.0000,1,0,0,1,1.0000,1,0.0000,1,1,NULL,NULL,1,0,1,0,1,0.0000,1,0,0,0),(1933,1933,1,100.0000,0.0000,1,0,0,1,1.0000,1,0.0000,1,1,NULL,NULL,1,0,1,0,1,0.0000,1,0,0,0),(1934,1934,1,100.0000,0.0000,1,0,0,1,1.0000,1,0.0000,1,1,NULL,NULL,1,0,1,0,1,0.0000,1,0,0,0),(1935,1935,1,0.0000,0.0000,1,0,0,1,1.0000,1,0.0000,1,1,NULL,NULL,1,0,1,0,1,0.0000,1,0,0,0),(1936,1936,1,100.0000,0.0000,1,0,0,1,1.0000,1,0.0000,1,1,NULL,NULL,1,0,1,0,1,0.0000,1,0,0,0),(1937,1937,1,100.0000,0.0000,1,0,0,1,1.0000,1,0.0000,1,1,NULL,NULL,1,0,1,0,1,0.0000,1,0,0,0),(1938,1938,1,100.0000,0.0000,1,0,0,1,1.0000,1,0.0000,1,1,NULL,NULL,1,0,1,0,1,0.0000,1,0,0,0),(1939,1939,1,100.0000,0.0000,1,0,0,1,1.0000,1,0.0000,1,1,NULL,NULL,1,0,1,0,1,0.0000,1,0,0,0),(1940,1940,1,100.0000,0.0000,1,0,0,1,1.0000,1,0.0000,1,1,NULL,NULL,1,0,1,0,1,0.0000,1,0,0,0),(1941,1941,1,100.0000,0.0000,1,0,0,1,1.0000,1,0.0000,1,1,NULL,NULL,1,0,1,0,1,0.0000,1,0,0,0),(1942,1942,1,100.0000,0.0000,1,0,0,1,1.0000,1,0.0000,1,1,NULL,NULL,1,0,1,0,1,0.0000,1,0,0,0),(1943,1943,1,100.0000,0.0000,1,0,0,1,1.0000,1,0.0000,1,1,NULL,NULL,1,0,1,0,1,0.0000,1,0,0,0),(1944,1944,1,100.0000,0.0000,1,0,0,1,1.0000,1,0.0000,1,1,NULL,NULL,1,0,1,0,1,0.0000,1,0,0,0),(1945,1945,1,100.0000,0.0000,1,0,0,1,1.0000,1,0.0000,1,1,NULL,NULL,1,0,1,0,1,0.0000,1,0,0,0),(1946,1946,1,100.0000,0.0000,1,0,0,1,1.0000,1,0.0000,1,1,NULL,NULL,1,0,1,0,1,0.0000,1,0,0,0),(1947,1947,1,100.0000,0.0000,1,0,0,1,1.0000,1,0.0000,1,1,NULL,NULL,1,0,1,0,1,0.0000,1,0,0,0),(1948,1948,1,100.0000,0.0000,1,0,0,1,1.0000,1,0.0000,1,1,NULL,NULL,1,0,1,0,1,0.0000,1,0,0,0),(1949,1949,1,100.0000,0.0000,1,0,0,1,1.0000,1,0.0000,1,1,NULL,NULL,1,0,1,0,1,0.0000,1,0,0,0),(1950,1950,1,100.0000,0.0000,1,0,0,1,1.0000,1,0.0000,1,1,NULL,NULL,1,0,1,0,1,0.0000,1,0,0,0),(1951,1951,1,0.0000,0.0000,1,0,0,1,1.0000,1,0.0000,1,1,NULL,NULL,1,0,1,0,1,0.0000,1,0,0,0),(1952,1952,1,100.0000,0.0000,1,0,0,1,1.0000,1,0.0000,1,1,NULL,NULL,1,0,1,0,1,0.0000,1,0,0,0),(1953,1953,1,100.0000,0.0000,1,0,0,1,1.0000,1,0.0000,1,1,NULL,NULL,1,0,1,0,1,0.0000,1,0,0,0),(1954,1954,1,100.0000,0.0000,1,0,0,1,1.0000,1,0.0000,1,1,NULL,NULL,1,0,1,0,1,0.0000,1,0,0,0),(1955,1955,1,100.0000,0.0000,1,0,0,1,1.0000,1,0.0000,1,1,NULL,NULL,1,0,1,0,1,0.0000,1,0,0,0),(1956,1956,1,100.0000,0.0000,1,0,0,1,1.0000,1,0.0000,1,1,NULL,NULL,1,0,1,0,1,0.0000,1,0,0,0),(1957,1957,1,100.0000,0.0000,1,0,0,1,1.0000,1,0.0000,1,1,NULL,NULL,1,0,1,0,1,0.0000,1,0,0,0),(1958,1958,1,100.0000,0.0000,1,0,0,1,1.0000,1,0.0000,1,1,NULL,NULL,1,0,1,0,1,0.0000,1,0,0,0),(1959,1959,1,100.0000,0.0000,1,0,0,1,1.0000,1,0.0000,1,1,NULL,NULL,1,0,1,0,1,0.0000,1,0,0,0),(1960,1960,1,100.0000,0.0000,1,0,0,1,1.0000,1,0.0000,1,1,NULL,NULL,1,0,1,0,1,0.0000,1,0,0,0),(1961,1961,1,100.0000,0.0000,1,0,0,1,1.0000,1,0.0000,1,1,NULL,NULL,1,0,1,0,1,0.0000,1,0,0,0),(1962,1962,1,100.0000,0.0000,1,0,0,1,1.0000,1,0.0000,1,1,NULL,NULL,1,0,1,0,1,0.0000,1,0,0,0),(1963,1963,1,100.0000,0.0000,1,0,0,1,1.0000,1,0.0000,1,1,NULL,NULL,1,0,1,0,1,0.0000,1,0,0,0),(1964,1964,1,100.0000,0.0000,1,0,0,1,1.0000,1,0.0000,1,1,NULL,NULL,1,0,1,0,1,0.0000,1,0,0,0),(1965,1965,1,100.0000,0.0000,1,0,0,1,1.0000,1,0.0000,1,1,NULL,NULL,1,0,1,0,1,0.0000,1,0,0,0),(1966,1966,1,100.0000,0.0000,1,0,0,1,1.0000,1,0.0000,1,1,NULL,NULL,1,0,1,0,1,0.0000,1,0,0,0),(1967,1967,1,0.0000,0.0000,1,0,0,1,1.0000,1,0.0000,1,1,NULL,NULL,1,0,1,0,1,0.0000,1,0,0,0),(1968,1968,1,100.0000,0.0000,1,0,0,1,1.0000,1,0.0000,1,1,NULL,NULL,1,0,1,0,1,0.0000,1,0,0,0),(1969,1969,1,100.0000,0.0000,1,0,0,1,1.0000,1,0.0000,1,1,NULL,NULL,1,0,1,0,1,0.0000,1,0,0,0),(1970,1970,1,100.0000,0.0000,1,0,0,1,1.0000,1,0.0000,1,1,NULL,NULL,1,0,1,0,1,0.0000,1,0,0,0),(1971,1971,1,100.0000,0.0000,1,0,0,1,1.0000,1,0.0000,1,1,NULL,NULL,1,0,1,0,1,0.0000,1,0,0,0),(1972,1972,1,100.0000,0.0000,1,0,0,1,1.0000,1,0.0000,1,1,NULL,NULL,1,0,1,0,1,0.0000,1,0,0,0),(1973,1973,1,100.0000,0.0000,1,0,0,1,1.0000,1,0.0000,1,1,NULL,NULL,1,0,1,0,1,0.0000,1,0,0,0),(1974,1974,1,100.0000,0.0000,1,0,0,1,1.0000,1,0.0000,1,1,NULL,NULL,1,0,1,0,1,0.0000,1,0,0,0),(1975,1975,1,100.0000,0.0000,1,0,0,1,1.0000,1,0.0000,1,1,NULL,NULL,1,0,1,0,1,0.0000,1,0,0,0),(1976,1976,1,100.0000,0.0000,1,0,0,1,1.0000,1,0.0000,1,1,NULL,NULL,1,0,1,0,1,0.0000,1,0,0,0),(1977,1977,1,100.0000,0.0000,1,0,0,1,1.0000,1,0.0000,1,1,NULL,NULL,1,0,1,0,1,0.0000,1,0,0,0),(1978,1978,1,100.0000,0.0000,1,0,0,1,1.0000,1,0.0000,1,1,NULL,NULL,1,0,1,0,1,0.0000,1,0,0,0),(1979,1979,1,100.0000,0.0000,1,0,0,1,1.0000,1,0.0000,1,1,NULL,NULL,1,0,1,0,1,0.0000,1,0,0,0),(1980,1980,1,100.0000,0.0000,1,0,0,1,1.0000,1,0.0000,1,1,NULL,NULL,1,0,1,0,1,0.0000,1,0,0,0),(1981,1981,1,100.0000,0.0000,1,0,0,1,1.0000,1,0.0000,1,1,NULL,NULL,1,0,1,0,1,0.0000,1,0,0,0),(1982,1982,1,100.0000,0.0000,1,0,0,1,1.0000,1,0.0000,1,1,NULL,NULL,1,0,1,0,1,0.0000,1,0,0,0),(1983,1983,1,0.0000,0.0000,1,0,0,1,1.0000,1,0.0000,1,1,NULL,NULL,1,0,1,0,1,0.0000,1,0,0,0),(1984,1984,1,100.0000,0.0000,1,0,0,1,1.0000,1,0.0000,1,1,NULL,NULL,1,0,1,0,1,0.0000,1,0,0,0),(1985,1985,1,100.0000,0.0000,1,0,0,1,1.0000,1,0.0000,1,1,NULL,NULL,1,0,1,0,1,0.0000,1,0,0,0),(1986,1986,1,100.0000,0.0000,1,0,0,1,1.0000,1,0.0000,1,1,NULL,NULL,1,0,1,0,1,0.0000,1,0,0,0),(1987,1987,1,100.0000,0.0000,1,0,0,1,1.0000,1,0.0000,1,1,NULL,NULL,1,0,1,0,1,0.0000,1,0,0,0),(1988,1988,1,100.0000,0.0000,1,0,0,1,1.0000,1,0.0000,1,1,NULL,NULL,1,0,1,0,1,0.0000,1,0,0,0),(1989,1989,1,100.0000,0.0000,1,0,0,1,1.0000,1,0.0000,1,1,NULL,NULL,1,0,1,0,1,0.0000,1,0,0,0),(1990,1990,1,0.0000,0.0000,1,0,0,1,1.0000,1,0.0000,1,1,NULL,NULL,1,0,1,0,1,0.0000,1,0,0,0),(1991,1991,1,100.0000,0.0000,1,0,0,1,1.0000,1,0.0000,1,1,NULL,NULL,1,0,1,0,1,0.0000,1,0,0,0),(1992,1992,1,99.0000,0.0000,1,0,0,1,1.0000,1,0.0000,1,1,NULL,NULL,1,0,1,0,1,0.0000,1,0,0,0),(1993,1993,1,100.0000,0.0000,1,0,0,1,1.0000,1,0.0000,1,1,NULL,NULL,1,0,1,0,1,0.0000,1,0,0,0),(1994,1994,1,100.0000,0.0000,1,0,0,1,1.0000,1,0.0000,1,1,NULL,NULL,1,0,1,0,1,0.0000,1,0,0,0),(1995,1995,1,100.0000,0.0000,1,0,0,1,1.0000,1,0.0000,1,1,NULL,NULL,1,0,1,0,1,0.0000,1,0,0,0),(1996,1996,1,100.0000,0.0000,1,0,0,1,1.0000,1,0.0000,1,1,NULL,NULL,1,0,1,0,1,0.0000,1,0,0,0),(1997,1997,1,0.0000,0.0000,1,0,0,1,1.0000,1,0.0000,1,1,NULL,NULL,1,0,1,0,1,0.0000,1,0,0,0),(1998,1998,1,100.0000,0.0000,1,0,0,1,1.0000,1,0.0000,1,1,NULL,NULL,1,0,1,0,1,0.0000,1,0,0,0),(1999,1999,1,100.0000,0.0000,1,0,0,1,1.0000,1,0.0000,1,1,NULL,NULL,1,0,1,0,1,0.0000,1,0,0,0),(2000,2000,1,100.0000,0.0000,1,0,0,1,1.0000,1,0.0000,1,1,NULL,NULL,1,0,1,0,1,0.0000,1,0,0,0),(2001,2001,1,100.0000,0.0000,1,0,0,1,1.0000,1,0.0000,1,1,NULL,NULL,1,0,1,0,1,0.0000,1,0,0,0),(2002,2002,1,100.0000,0.0000,1,0,0,1,1.0000,1,0.0000,1,1,NULL,NULL,1,0,1,0,1,0.0000,1,0,0,0),(2003,2003,1,0.0000,0.0000,1,0,0,1,1.0000,1,0.0000,1,1,NULL,NULL,1,0,1,0,1,0.0000,1,0,0,0),(2004,2004,1,100.0000,0.0000,1,0,0,1,1.0000,1,0.0000,1,1,NULL,NULL,1,0,1,0,1,0.0000,1,0,0,0),(2005,2005,1,100.0000,0.0000,1,0,0,1,1.0000,1,0.0000,1,1,NULL,NULL,1,0,1,0,1,0.0000,1,0,0,0),(2006,2006,1,100.0000,0.0000,1,0,0,1,1.0000,1,0.0000,1,1,NULL,NULL,1,0,1,0,1,0.0000,1,0,0,0),(2007,2007,1,100.0000,0.0000,1,0,0,1,1.0000,1,0.0000,1,1,NULL,NULL,1,0,1,0,1,0.0000,1,0,0,0),(2008,2008,1,100.0000,0.0000,1,0,0,1,1.0000,1,0.0000,1,1,NULL,NULL,1,0,1,0,1,0.0000,1,0,0,0),(2009,2009,1,100.0000,0.0000,1,0,0,1,1.0000,1,0.0000,1,1,NULL,NULL,1,0,1,0,1,0.0000,1,0,0,0),(2010,2010,1,0.0000,0.0000,1,0,0,1,1.0000,1,0.0000,1,1,NULL,NULL,1,0,1,0,1,0.0000,1,0,0,0),(2011,2011,1,100.0000,0.0000,1,0,0,1,1.0000,1,0.0000,1,1,NULL,NULL,1,0,1,0,1,0.0000,1,0,0,0),(2012,2012,1,100.0000,0.0000,1,0,0,1,1.0000,1,0.0000,1,1,NULL,NULL,1,0,1,0,1,0.0000,1,0,0,0),(2013,2013,1,100.0000,0.0000,1,0,0,1,1.0000,1,0.0000,1,1,NULL,NULL,1,0,1,0,1,0.0000,1,0,0,0),(2014,2014,1,100.0000,0.0000,1,0,0,1,1.0000,1,0.0000,1,1,NULL,NULL,1,0,1,0,1,0.0000,1,0,0,0),(2015,2015,1,100.0000,0.0000,1,0,0,1,1.0000,1,0.0000,1,1,NULL,NULL,1,0,1,0,1,0.0000,1,0,0,0),(2016,2016,1,100.0000,0.0000,1,0,0,1,1.0000,1,0.0000,1,1,NULL,NULL,1,0,1,0,1,0.0000,1,0,0,0),(2017,2017,1,0.0000,0.0000,1,0,0,1,1.0000,1,0.0000,1,1,NULL,NULL,1,0,1,0,1,0.0000,1,0,0,0),(2018,2018,1,100.0000,0.0000,1,0,0,1,1.0000,1,0.0000,1,1,NULL,NULL,1,0,1,0,1,0.0000,1,0,0,0),(2019,2019,1,100.0000,0.0000,1,0,0,1,1.0000,1,0.0000,1,1,NULL,NULL,1,0,1,0,1,0.0000,1,0,0,0),(2020,2020,1,100.0000,0.0000,1,0,0,1,1.0000,1,0.0000,1,1,NULL,NULL,1,0,1,0,1,0.0000,1,0,0,0),(2021,2021,1,100.0000,0.0000,1,0,0,1,1.0000,1,0.0000,1,1,NULL,NULL,1,0,1,0,1,0.0000,1,0,0,0),(2022,2022,1,100.0000,0.0000,1,0,0,1,1.0000,1,0.0000,1,1,NULL,NULL,1,0,1,0,1,0.0000,1,0,0,0),(2023,2023,1,100.0000,0.0000,1,0,0,1,1.0000,1,0.0000,1,1,NULL,NULL,1,0,1,0,1,0.0000,1,0,0,0),(2024,2024,1,0.0000,0.0000,1,0,0,1,1.0000,1,0.0000,1,1,NULL,NULL,1,0,1,0,1,0.0000,1,0,0,0),(2025,2025,1,100.0000,0.0000,1,0,0,1,1.0000,1,0.0000,1,1,NULL,NULL,1,0,1,0,1,0.0000,1,0,0,0),(2026,2026,1,100.0000,0.0000,1,0,0,1,1.0000,1,0.0000,1,1,NULL,NULL,1,0,1,0,1,0.0000,1,0,0,0),(2027,2027,1,100.0000,0.0000,1,0,0,1,1.0000,1,0.0000,1,1,NULL,NULL,1,0,1,0,1,0.0000,1,0,0,0),(2028,2028,1,100.0000,0.0000,1,0,0,1,1.0000,1,0.0000,1,1,NULL,NULL,1,0,1,0,1,0.0000,1,0,0,0),(2029,2029,1,100.0000,0.0000,1,0,0,1,1.0000,1,0.0000,1,1,NULL,NULL,1,0,1,0,1,0.0000,1,0,0,0),(2030,2030,1,100.0000,0.0000,1,0,0,1,1.0000,1,0.0000,1,1,NULL,NULL,1,0,1,0,1,0.0000,1,0,0,0),(2031,2031,1,100.0000,0.0000,1,0,0,1,1.0000,1,0.0000,1,1,NULL,NULL,1,0,1,0,1,0.0000,1,0,0,0),(2032,2032,1,100.0000,0.0000,1,0,0,1,1.0000,1,0.0000,1,1,NULL,NULL,1,0,1,0,1,0.0000,1,0,0,0),(2033,2033,1,100.0000,0.0000,1,0,0,1,1.0000,1,0.0000,1,1,NULL,NULL,1,0,1,0,1,0.0000,1,0,0,0),(2034,2034,1,100.0000,0.0000,1,0,0,1,1.0000,1,0.0000,1,1,NULL,NULL,1,0,1,0,1,0.0000,1,0,0,0),(2035,2035,1,100.0000,0.0000,1,0,0,1,1.0000,1,0.0000,1,1,NULL,NULL,1,0,1,0,1,0.0000,1,0,0,0),(2036,2036,1,100.0000,0.0000,1,0,0,1,1.0000,1,0.0000,1,1,NULL,NULL,1,0,1,0,1,0.0000,1,0,0,0),(2037,2037,1,100.0000,0.0000,1,0,0,1,1.0000,1,0.0000,1,1,NULL,NULL,1,0,1,0,1,0.0000,1,0,0,0),(2038,2038,1,100.0000,0.0000,1,0,0,1,1.0000,1,0.0000,1,1,NULL,NULL,1,0,1,0,1,0.0000,1,0,0,0),(2039,2039,1,100.0000,0.0000,1,0,0,1,1.0000,1,0.0000,1,1,NULL,NULL,1,0,1,0,1,0.0000,1,0,0,0),(2040,2040,1,0.0000,0.0000,1,0,0,1,1.0000,1,0.0000,1,1,NULL,NULL,1,0,1,0,1,0.0000,1,0,0,0);
DELIMITER ;;
/*!50003 CREATE*/ /*!50017 DEFINER=`root`@`localhost`*/ /*!50003 TRIGGER `trg_cataloginventory_stock_item_after_insert` AFTER INSERT ON `cataloginventory_stock_item` FOR EACH ROW BEGIN
INSERT IGNORE INTO `cataloginventory_stock_cl` (`entity_id`) VALUES (NEW.`product_id`);
END */;;
DELIMITER ;
DELIMITER ;;
/*!50003 CREATE*/ /*!50017 DEFINER=`root`@`localhost`*/ /*!50003 TRIGGER `trg_cataloginventory_stock_item_after_update` AFTER UPDATE ON `cataloginventory_stock_item` FOR EACH ROW BEGIN
IF (NOT(NEW.`item_id` <=> OLD.`item_id`) OR NOT(NEW.`product_id` <=> OLD.`product_id`) OR NOT(NEW.`stock_id` <=> OLD.`stock_id`) OR NOT(NEW.`qty` <=> OLD.`qty`) OR NOT(NEW.`min_qty` <=> OLD.`min_qty`) OR NOT(NEW.`use_config_min_qty` <=> OLD.`use_config_min_qty`) OR NOT(NEW.`is_qty_decimal` <=> OLD.`is_qty_decimal`) OR NOT(NEW.`backorders` <=> OLD.`backorders`) OR NOT(NEW.`use_config_backorders` <=> OLD.`use_config_backorders`) OR NOT(NEW.`min_sale_qty` <=> OLD.`min_sale_qty`) OR NOT(NEW.`use_config_min_sale_qty` <=> OLD.`use_config_min_sale_qty`) OR NOT(NEW.`max_sale_qty` <=> OLD.`max_sale_qty`) OR NOT(NEW.`use_config_max_sale_qty` <=> OLD.`use_config_max_sale_qty`) OR NOT(NEW.`is_in_stock` <=> OLD.`is_in_stock`) OR NOT(NEW.`low_stock_date` <=> OLD.`low_stock_date`) OR NOT(NEW.`notify_stock_qty` <=> OLD.`notify_stock_qty`) OR NOT(NEW.`use_config_notify_stock_qty` <=> OLD.`use_config_notify_stock_qty`) OR NOT(NEW.`manage_stock` <=> OLD.`manage_stock`) OR NOT(NEW.`use_config_manage_stock` <=> OLD.`use_config_manage_stock`) OR NOT(NEW.`stock_status_changed_auto` <=> OLD.`stock_status_changed_auto`) OR NOT(NEW.`use_config_qty_increments` <=> OLD.`use_config_qty_increments`) OR NOT(NEW.`qty_increments` <=> OLD.`qty_increments`) OR NOT(NEW.`use_config_enable_qty_inc` <=> OLD.`use_config_enable_qty_inc`) OR NOT(NEW.`enable_qty_increments` <=> OLD.`enable_qty_increments`) OR NOT(NEW.`is_decimal_divided` <=> OLD.`is_decimal_divided`) OR NOT(NEW.`website_id` <=> OLD.`website_id`)) THEN INSERT IGNORE INTO `cataloginventory_stock_cl` (`entity_id`) VALUES (NEW.`product_id`); END IF;
END */;;
DELIMITER ;
DELIMITER ;;
/*!50003 CREATE*/ /*!50017 DEFINER=`root`@`localhost`*/ /*!50003 TRIGGER `trg_cataloginventory_stock_item_after_delete` AFTER DELETE ON `cataloginventory_stock_item` FOR EACH ROW BEGIN
INSERT IGNORE INTO `cataloginventory_stock_cl` (`entity_id`) VALUES (OLD.`product_id`);
END */;;
DELIMITER ;

--
